[INFO] cloning repository https://github.com/gabriel-araujjo/ad-hoc-parse-tables
[INFO] running `Command { std: "git" "-c" "credential.helper=" "-c" "credential.helper=/workspace/cargo-home/bin/git-credential-null" "clone" "--bare" "https://github.com/gabriel-araujjo/ad-hoc-parse-tables" "/workspace/cache/git-repos/https%3A%2F%2Fgithub.com%2Fgabriel-araujjo%2Fad-hoc-parse-tables", kill_on_drop: false }`
[INFO] [stderr] Cloning into bare repository '/workspace/cache/git-repos/https%3A%2F%2Fgithub.com%2Fgabriel-araujjo%2Fad-hoc-parse-tables'...
[INFO] running `Command { std: "git" "rev-parse" "HEAD", kill_on_drop: false }`
[INFO] [stdout] dc521976117a3ebbbcd3f44dee1e2a6ed747a213
[INFO] testing gabriel-araujjo/ad-hoc-parse-tables against beta-2023-04-20 for beta-1.70-1
[INFO] running `Command { std: "git" "clone" "/workspace/cache/git-repos/https%3A%2F%2Fgithub.com%2Fgabriel-araujjo%2Fad-hoc-parse-tables" "/workspace/builds/worker-3-tc2/source", kill_on_drop: false }`
[INFO] [stderr] Cloning into '/workspace/builds/worker-3-tc2/source'...
[INFO] [stderr] done.
[INFO] validating manifest of git repo https://github.com/gabriel-araujjo/ad-hoc-parse-tables on toolchain beta-2023-04-20
[INFO] running `Command { std: CARGO_HOME="/workspace/cargo-home" RUSTUP_HOME="/workspace/rustup-home" "/workspace/cargo-home/bin/cargo" "+beta-2023-04-20" "metadata" "--manifest-path" "Cargo.toml" "--no-deps", kill_on_drop: false }`
[INFO] started tweaking git repo https://github.com/gabriel-araujjo/ad-hoc-parse-tables
[INFO] finished tweaking git repo https://github.com/gabriel-araujjo/ad-hoc-parse-tables
[INFO] tweaked toml for git repo https://github.com/gabriel-araujjo/ad-hoc-parse-tables written to /workspace/builds/worker-3-tc2/source/Cargo.toml
[INFO] crate git repo https://github.com/gabriel-araujjo/ad-hoc-parse-tables already has a lockfile, it will not be regenerated
[INFO] running `Command { std: CARGO_HOME="/workspace/cargo-home" RUSTUP_HOME="/workspace/rustup-home" "/workspace/cargo-home/bin/cargo" "+beta-2023-04-20" "fetch" "--manifest-path" "Cargo.toml", kill_on_drop: false }`
[INFO] running `Command { std: "docker" "create" "-v" "/var/lib/crater-agent-workspace/builds/worker-3-tc2/target:/opt/rustwide/target:rw,Z" "-v" "/var/lib/crater-agent-workspace/builds/worker-3-tc2/source:/opt/rustwide/workdir:ro,Z" "-v" "/var/lib/crater-agent-workspace/cargo-home:/opt/rustwide/cargo-home:ro,Z" "-v" "/var/lib/crater-agent-workspace/rustup-home:/opt/rustwide/rustup-home:ro,Z" "-e" "SOURCE_DIR=/opt/rustwide/workdir" "-e" "CARGO_TARGET_DIR=/opt/rustwide/target" "-e" "CARGO_HOME=/opt/rustwide/cargo-home" "-e" "RUSTUP_HOME=/opt/rustwide/rustup-home" "-w" "/opt/rustwide/workdir" "-m" "1610612736" "--user" "0:0" "--network" "none" "ghcr.io/rust-lang/crates-build-env/linux@sha256:5ff2268d62e97bff2cde7d5815dd6ed5b47097566f13b8d0ca110b04b60e07ed" "/opt/rustwide/cargo-home/bin/cargo" "+beta-2023-04-20" "metadata" "--no-deps" "--format-version=1", kill_on_drop: false }`
[INFO] [stdout] bef29bc2a7e0bc3da47c174cb1fa8d88cb28102c568cdb4dc8ebb499114243e7
[INFO] running `Command { std: "docker" "start" "-a" "bef29bc2a7e0bc3da47c174cb1fa8d88cb28102c568cdb4dc8ebb499114243e7", kill_on_drop: false }`
[INFO] running `Command { std: "docker" "inspect" "bef29bc2a7e0bc3da47c174cb1fa8d88cb28102c568cdb4dc8ebb499114243e7", kill_on_drop: false }`
[INFO] running `Command { std: "docker" "rm" "-f" "bef29bc2a7e0bc3da47c174cb1fa8d88cb28102c568cdb4dc8ebb499114243e7", kill_on_drop: false }`
[INFO] [stdout] bef29bc2a7e0bc3da47c174cb1fa8d88cb28102c568cdb4dc8ebb499114243e7
[INFO] running `Command { std: "docker" "create" "-v" "/var/lib/crater-agent-workspace/builds/worker-3-tc2/target:/opt/rustwide/target:rw,Z" "-v" "/var/lib/crater-agent-workspace/builds/worker-3-tc2/source:/opt/rustwide/workdir:ro,Z" "-v" "/var/lib/crater-agent-workspace/cargo-home:/opt/rustwide/cargo-home:ro,Z" "-v" "/var/lib/crater-agent-workspace/rustup-home:/opt/rustwide/rustup-home:ro,Z" "-e" "SOURCE_DIR=/opt/rustwide/workdir" "-e" "CARGO_TARGET_DIR=/opt/rustwide/target" "-e" "CARGO_INCREMENTAL=0" "-e" "RUST_BACKTRACE=full" "-e" "RUSTFLAGS=--cap-lints=warn" "-e" "RUSTDOCFLAGS=--cap-lints=warn" "-e" "CARGO_HOME=/opt/rustwide/cargo-home" "-e" "RUSTUP_HOME=/opt/rustwide/rustup-home" "-w" "/opt/rustwide/workdir" "-m" "1610612736" "--user" "0:0" "--network" "none" "ghcr.io/rust-lang/crates-build-env/linux@sha256:5ff2268d62e97bff2cde7d5815dd6ed5b47097566f13b8d0ca110b04b60e07ed" "/opt/rustwide/cargo-home/bin/cargo" "+beta-2023-04-20" "build" "--frozen" "--message-format=json", kill_on_drop: false }`
[INFO] [stdout] 61a7862f0ec92d22e2f577e616e0048a4f18e26def4e118d75f7aceef0b7643c
[INFO] running `Command { std: "docker" "start" "-a" "61a7862f0ec92d22e2f577e616e0048a4f18e26def4e118d75f7aceef0b7643c", kill_on_drop: false }`
[INFO] [stderr]    Compiling autocfg v1.0.1
[INFO] [stderr]    Compiling proc-macro2 v1.0.28
[INFO] [stderr]    Compiling libc v0.2.98
[INFO] [stderr]    Compiling unicode-xid v0.2.2
[INFO] [stderr]    Compiling syn v1.0.74
[INFO] [stderr]    Compiling crc32fast v1.2.1
[INFO] [stderr]    Compiling memchr v2.4.0
[INFO] [stderr]    Compiling adler v1.0.2
[INFO] [stderr]    Compiling cfg-if v1.0.0
[INFO] [stderr]    Compiling regex-syntax v0.6.25
[INFO] [stderr]    Compiling byteorder v1.4.3
[INFO] [stderr]    Compiling lazy_static v1.4.0
[INFO] [stderr]    Compiling never v0.1.0
[INFO] [stderr]    Compiling xml-rs v0.8.4
[INFO] [stderr]    Compiling miniz_oxide v0.4.4
[INFO] [stderr]    Compiling num-traits v0.2.14
[INFO] [stderr]    Compiling num-integer v0.1.44
[INFO] [stderr]    Compiling quote v1.0.9
[INFO] [stderr]    Compiling aho-corasick v0.7.18
[INFO] [stderr]    Compiling time v0.1.44
[INFO] [stderr]    Compiling flate2 v1.0.20
[INFO] [stderr]    Compiling chrono v0.4.19
[INFO] [stderr]    Compiling regex v1.5.4
[INFO] [stderr]    Compiling thiserror-impl v1.0.26
[INFO] [stderr]    Compiling thiserror v1.0.26
[INFO] [stderr]    Compiling zip v0.5.13
[INFO] [stderr]    Compiling parse-tables v0.1.0 (/opt/rustwide/workdir)
[INFO] [stdout] warning: method `year` is never used
[INFO] [stdout]    --> src/data/ata.rs:216:12
[INFO] [stdout]     |
[INFO] [stdout] 215 | impl Ata {
[INFO] [stdout]     | -------- method in this implementation
[INFO] [stdout] 216 |     pub fn year(&self) -> i32 {
[INFO] [stdout]     |            ^^^^
[INFO] [stdout]     |
[INFO] [stdout]     = note: `#[warn(dead_code)]` on by default
[INFO] [stdout] 
[INFO] [stdout] 
[INFO] [stdout] warning: methods `present` and `take` are never used
[INFO] [stdout]    --> src/data/field.rs:152:12
[INFO] [stdout]     |
[INFO] [stdout] 150 | impl<T> Field<T> {
[INFO] [stdout]     | ---------------- methods in this implementation
[INFO] [stdout] 151 |     #[inline]
[INFO] [stdout] 152 |     pub fn present(self) -> Option<T> {
[INFO] [stdout]     |            ^^^^^^^
[INFO] [stdout] ...
[INFO] [stdout] 160 |     pub fn take(&mut self) -> Self {
[INFO] [stdout]     |            ^^^^
[INFO] [stdout] 
[INFO] [stdout] 
[INFO] [stdout] warning: for loop over an `Option`. This is more readably written as an `if let` statement
[INFO] [stdout]    --> src/data/document_type.rs:210:18
[INFO] [stdout]     |
[INFO] [stdout] 210 |         for t in iter.next() {
[INFO] [stdout]     |                  ^^^^^^^^^^^
[INFO] [stdout]     |
[INFO] [stdout]     = note: `#[warn(for_loops_over_fallibles)]` on by default
[INFO] [stdout] help: to iterate over `iter` remove the call to `next`
[INFO] [stdout]     |
[INFO] [stdout] 210 |         for t in iter.by_ref() {
[INFO] [stdout]     |                      ~~~~~~~~~
[INFO] [stdout] help: consider using `if let` to clear intent
[INFO] [stdout]     |
[INFO] [stdout] 210 |         if let Some(t) = iter.next() {
[INFO] [stdout]     |         ~~~~~~~~~~~~ ~~~
[INFO] [stdout] 
[INFO] [stdout] 
[INFO] [stdout] warning: 3 warnings emitted
[INFO] [stdout] 
[INFO] [stdout] 
[INFO] [stderr]     Finished dev [unoptimized + debuginfo] target(s) in 5.56s
[INFO] running `Command { std: "docker" "inspect" "61a7862f0ec92d22e2f577e616e0048a4f18e26def4e118d75f7aceef0b7643c", kill_on_drop: false }`
[INFO] running `Command { std: "docker" "rm" "-f" "61a7862f0ec92d22e2f577e616e0048a4f18e26def4e118d75f7aceef0b7643c", kill_on_drop: false }`
[INFO] [stdout] 61a7862f0ec92d22e2f577e616e0048a4f18e26def4e118d75f7aceef0b7643c
[INFO] running `Command { std: "docker" "create" "-v" "/var/lib/crater-agent-workspace/builds/worker-3-tc2/target:/opt/rustwide/target:rw,Z" "-v" "/var/lib/crater-agent-workspace/builds/worker-3-tc2/source:/opt/rustwide/workdir:ro,Z" "-v" "/var/lib/crater-agent-workspace/cargo-home:/opt/rustwide/cargo-home:ro,Z" "-v" "/var/lib/crater-agent-workspace/rustup-home:/opt/rustwide/rustup-home:ro,Z" "-e" "SOURCE_DIR=/opt/rustwide/workdir" "-e" "CARGO_TARGET_DIR=/opt/rustwide/target" "-e" "CARGO_INCREMENTAL=0" "-e" "RUST_BACKTRACE=full" "-e" "RUSTFLAGS=--cap-lints=warn" "-e" "RUSTDOCFLAGS=--cap-lints=warn" "-e" "CARGO_HOME=/opt/rustwide/cargo-home" "-e" "RUSTUP_HOME=/opt/rustwide/rustup-home" "-w" "/opt/rustwide/workdir" "-m" "1610612736" "--user" "0:0" "--network" "none" "ghcr.io/rust-lang/crates-build-env/linux@sha256:5ff2268d62e97bff2cde7d5815dd6ed5b47097566f13b8d0ca110b04b60e07ed" "/opt/rustwide/cargo-home/bin/cargo" "+beta-2023-04-20" "test" "--frozen" "--no-run" "--message-format=json", kill_on_drop: false }`
[INFO] [stdout] 6050c5e0a2ec60cf9b90fe094e9cb653e94303cc7d5cdaa64263371ac9320156
[INFO] running `Command { std: "docker" "start" "-a" "6050c5e0a2ec60cf9b90fe094e9cb653e94303cc7d5cdaa64263371ac9320156", kill_on_drop: false }`
[INFO] [stderr]    Compiling parse-tables v0.1.0 (/opt/rustwide/workdir)
[INFO] [stdout] warning: method `year` is never used
[INFO] [stdout]    --> src/data/ata.rs:216:12
[INFO] [stdout]     |
[INFO] [stdout] 215 | impl Ata {
[INFO] [stdout]     | -------- method in this implementation
[INFO] [stdout] 216 |     pub fn year(&self) -> i32 {
[INFO] [stdout]     |            ^^^^
[INFO] [stdout]     |
[INFO] [stdout]     = note: `#[warn(dead_code)]` on by default
[INFO] [stdout] 
[INFO] [stdout] 
[INFO] [stdout] warning: methods `present` and `take` are never used
[INFO] [stdout]    --> src/data/field.rs:152:12
[INFO] [stdout]     |
[INFO] [stdout] 150 | impl<T> Field<T> {
[INFO] [stdout]     | ---------------- methods in this implementation
[INFO] [stdout] 151 |     #[inline]
[INFO] [stdout] 152 |     pub fn present(self) -> Option<T> {
[INFO] [stdout]     |            ^^^^^^^
[INFO] [stdout] ...
[INFO] [stdout] 160 |     pub fn take(&mut self) -> Self {
[INFO] [stdout]     |            ^^^^
[INFO] [stdout] 
[INFO] [stdout] 
[INFO] [stdout] warning: for loop over an `Option`. This is more readably written as an `if let` statement
[INFO] [stdout]    --> src/data/document_type.rs:210:18
[INFO] [stdout]     |
[INFO] [stdout] 210 |         for t in iter.next() {
[INFO] [stdout]     |                  ^^^^^^^^^^^
[INFO] [stdout]     |
[INFO] [stdout]     = note: `#[warn(for_loops_over_fallibles)]` on by default
[INFO] [stdout] help: to iterate over `iter` remove the call to `next`
[INFO] [stdout]     |
[INFO] [stdout] 210 |         for t in iter.by_ref() {
[INFO] [stdout]     |                      ~~~~~~~~~
[INFO] [stdout] help: consider using `if let` to clear intent
[INFO] [stdout]     |
[INFO] [stdout] 210 |         if let Some(t) = iter.next() {
[INFO] [stdout]     |         ~~~~~~~~~~~~ ~~~
[INFO] [stdout] 
[INFO] [stdout] 
[INFO] [stdout] warning: 3 warnings emitted
[INFO] [stdout] 
[INFO] [stdout] 
[INFO] [stderr]     Finished test [unoptimized + debuginfo] target(s) in 0.99s
[INFO] running `Command { std: "docker" "inspect" "6050c5e0a2ec60cf9b90fe094e9cb653e94303cc7d5cdaa64263371ac9320156", kill_on_drop: false }`
[INFO] running `Command { std: "docker" "rm" "-f" "6050c5e0a2ec60cf9b90fe094e9cb653e94303cc7d5cdaa64263371ac9320156", kill_on_drop: false }`
[INFO] [stdout] 6050c5e0a2ec60cf9b90fe094e9cb653e94303cc7d5cdaa64263371ac9320156
[INFO] running `Command { std: "docker" "create" "-v" "/var/lib/crater-agent-workspace/builds/worker-3-tc2/target:/opt/rustwide/target:rw,Z" "-v" "/var/lib/crater-agent-workspace/builds/worker-3-tc2/source:/opt/rustwide/workdir:ro,Z" "-v" "/var/lib/crater-agent-workspace/cargo-home:/opt/rustwide/cargo-home:ro,Z" "-v" "/var/lib/crater-agent-workspace/rustup-home:/opt/rustwide/rustup-home:ro,Z" "-e" "SOURCE_DIR=/opt/rustwide/workdir" "-e" "CARGO_TARGET_DIR=/opt/rustwide/target" "-e" "CARGO_INCREMENTAL=0" "-e" "RUST_BACKTRACE=full" "-e" "RUSTFLAGS=--cap-lints=warn" "-e" "RUSTDOCFLAGS=--cap-lints=warn" "-e" "CARGO_HOME=/opt/rustwide/cargo-home" "-e" "RUSTUP_HOME=/opt/rustwide/rustup-home" "-w" "/opt/rustwide/workdir" "-m" "1610612736" "--user" "0:0" "--network" "none" "ghcr.io/rust-lang/crates-build-env/linux@sha256:5ff2268d62e97bff2cde7d5815dd6ed5b47097566f13b8d0ca110b04b60e07ed" "/opt/rustwide/cargo-home/bin/cargo" "+beta-2023-04-20" "test" "--frozen", kill_on_drop: false }`
[INFO] [stdout] c29034df1d1b6dce66dabe595a9a4b66627ef7b79e30c8a29b5135b31680db52
[INFO] running `Command { std: "docker" "start" "-a" "c29034df1d1b6dce66dabe595a9a4b66627ef7b79e30c8a29b5135b31680db52", kill_on_drop: false }`
[INFO] [stderr] warning: method `year` is never used
[INFO] [stderr]    --> src/data/ata.rs:216:12
[INFO] [stderr]     |
[INFO] [stderr] 215 | impl Ata {
[INFO] [stderr]     | -------- method in this implementation
[INFO] [stderr] 216 |     pub fn year(&self) -> i32 {
[INFO] [stderr]     |            ^^^^
[INFO] [stderr]     |
[INFO] [stderr]     = note: `#[warn(dead_code)]` on by default
[INFO] [stderr] 
[INFO] [stderr] warning: methods `present` and `take` are never used
[INFO] [stderr]    --> src/data/field.rs:152:12
[INFO] [stderr]     |
[INFO] [stderr] 150 | impl<T> Field<T> {
[INFO] [stderr]     | ---------------- methods in this implementation
[INFO] [stderr] 151 |     #[inline]
[INFO] [stderr] 152 |     pub fn present(self) -> Option<T> {
[INFO] [stderr]     |            ^^^^^^^
[INFO] [stderr] ...
[INFO] [stderr] 160 |     pub fn take(&mut self) -> Self {
[INFO] [stderr]     |            ^^^^
[INFO] [stderr] 
[INFO] [stderr] warning: for loop over an `Option`. This is more readably written as an `if let` statement
[INFO] [stderr]    --> src/data/document_type.rs:210:18
[INFO] [stderr]     |
[INFO] [stderr] 210 |         for t in iter.next() {
[INFO] [stderr]     |                  ^^^^^^^^^^^
[INFO] [stderr]     |
[INFO] [stderr]     = note: `#[warn(for_loops_over_fallibles)]` on by default
[INFO] [stderr] help: to iterate over `iter` remove the call to `next`
[INFO] [stderr]     |
[INFO] [stderr] 210 |         for t in iter.by_ref() {
[INFO] [stderr]     |                      ~~~~~~~~~
[INFO] [stderr] help: consider using `if let` to clear intent
[INFO] [stderr]     |
[INFO] [stderr] 210 |         if let Some(t) = iter.next() {
[INFO] [stderr]     |         ~~~~~~~~~~~~ ~~~
[INFO] [stderr] 
[INFO] [stderr] warning: `parse-tables` (bin "parse-tables" test) generated 3 warnings
[INFO] [stderr]     Finished test [unoptimized + debuginfo] target(s) in 0.03s
[INFO] [stderr]      Running unittests src/main.rs (/opt/rustwide/target/debug/deps/parse_tables-9fbf8229d4ae71ca)
[INFO] [stdout] 
[INFO] [stdout] running 6 tests
[INFO] [stdout] test data::ata::historical_date_order ... ok
[INFO] [stdout] test data::document_type::parse_string ... ok
[INFO] [stdout] test data::range::it_works ... ok
[INFO] [stdout] test data::number_volume::it_works ... ok
[INFO] [stdout] test data::page::it_works ... FAILED
[INFO] [stdout] test data::ata::it_works ... ok
[INFO] [stdout] 
[INFO] [stdout] failures:
[INFO] [stdout] 
[INFO] [stdout] ---- data::page::it_works stdout ----
[INFO] [stdout] thread 'data::page::it_works' panicked at 'assertion failed: `(left == right)`
[INFO] [stdout]   left: `Ok(p.~445)`,
[INFO] [stdout]  right: `Ok(p.~455)`', src/data/page.rs:215:9
[INFO] [stdout] stack backtrace:
[INFO] [stdout]    0:     0x561fa454b8ca - std::backtrace_rs::backtrace::libunwind::trace::h2f05d0192276a8f6
[INFO] [stdout]                                at /rustc/1b7dd2252b99671ce5d1cb9664c5f8636329436d/library/std/src/../../backtrace/src/backtrace/libunwind.rs:93:5
[INFO] [stdout]    1:     0x561fa454b8ca - std::backtrace_rs::backtrace::trace_unsynchronized::hedc23dff7a1af150
[INFO] [stdout]                                at /rustc/1b7dd2252b99671ce5d1cb9664c5f8636329436d/library/std/src/../../backtrace/src/backtrace/mod.rs:66:5
[INFO] [stdout]    2:     0x561fa454b8ca - std::sys_common::backtrace::_print_fmt::h17541ef7592f3ce2
[INFO] [stdout]                                at /rustc/1b7dd2252b99671ce5d1cb9664c5f8636329436d/library/std/src/sys_common/backtrace.rs:65:5
[INFO] [stdout]    3:     0x561fa454b8ca - <std::sys_common::backtrace::_print::DisplayBacktrace as core::fmt::Display>::fmt::h20f75df5ab0c0792
[INFO] [stdout]                                at /rustc/1b7dd2252b99671ce5d1cb9664c5f8636329436d/library/std/src/sys_common/backtrace.rs:44:22
[INFO] [stdout]    4:     0x561fa456faaf - core::fmt::write::h78109e6f466b3af6
[INFO] [stdout]                                at /rustc/1b7dd2252b99671ce5d1cb9664c5f8636329436d/library/core/src/fmt/mod.rs:1254:17
[INFO] [stdout]    5:     0x561fa4548c15 - std::io::Write::write_fmt::hd24bfb68a1b35a25
[INFO] [stdout]                                at /rustc/1b7dd2252b99671ce5d1cb9664c5f8636329436d/library/std/src/io/mod.rs:1698:15
[INFO] [stdout]    6:     0x561fa454b695 - std::sys_common::backtrace::_print::h8dac57a9f8fbf9a5
[INFO] [stdout]                                at /rustc/1b7dd2252b99671ce5d1cb9664c5f8636329436d/library/std/src/sys_common/backtrace.rs:47:5
[INFO] [stdout]    7:     0x561fa454b695 - std::sys_common::backtrace::print::hf9ecbf41d1aa712f
[INFO] [stdout]                                at /rustc/1b7dd2252b99671ce5d1cb9664c5f8636329436d/library/std/src/sys_common/backtrace.rs:34:9
[INFO] [stdout]    8:     0x561fa454d34e - std::panicking::default_hook::{{closure}}::h04c07acfc84ca028
[INFO] [stdout]                                at /rustc/1b7dd2252b99671ce5d1cb9664c5f8636329436d/library/std/src/panicking.rs:269:22
[INFO] [stdout]    9:     0x561fa454d081 - std::panicking::default_hook::h01f6bb23e1eceb2c
[INFO] [stdout]                                at /rustc/1b7dd2252b99671ce5d1cb9664c5f8636329436d/library/std/src/panicking.rs:285:9
[INFO] [stdout]   10:     0x561fa439e4bb - <alloc::boxed::Box<F,A> as core::ops::function::Fn<Args>>::call::h87fe9f7b2fd49e4c
[INFO] [stdout]                                at /rustc/1b7dd2252b99671ce5d1cb9664c5f8636329436d/library/alloc/src/boxed.rs:1987:9
[INFO] [stdout]   11:     0x561fa439e4bb - test::test_main::{{closure}}::he94d679243a7531b
[INFO] [stdout]                                at /rustc/1b7dd2252b99671ce5d1cb9664c5f8636329436d/library/test/src/lib.rs:134:21
[INFO] [stdout]   12:     0x561fa454da34 - <alloc::boxed::Box<F,A> as core::ops::function::Fn<Args>>::call::h3f2d6d8b14c4769f
[INFO] [stdout]                                at /rustc/1b7dd2252b99671ce5d1cb9664c5f8636329436d/library/alloc/src/boxed.rs:1987:9
[INFO] [stdout]   13:     0x561fa454da34 - std::panicking::rust_panic_with_hook::h2bb3722bbaf2f6df
[INFO] [stdout]                                at /rustc/1b7dd2252b99671ce5d1cb9664c5f8636329436d/library/std/src/panicking.rs:695:13
[INFO] [stdout]   14:     0x561fa454d7a9 - std::panicking::begin_panic_handler::{{closure}}::h91bc7f36a4be011b
[INFO] [stdout]                                at /rustc/1b7dd2252b99671ce5d1cb9664c5f8636329436d/library/std/src/panicking.rs:582:13
[INFO] [stdout]   15:     0x561fa454bd36 - std::sys_common::backtrace::__rust_end_short_backtrace::h8b3d3717114f9e59
[INFO] [stdout]                                at /rustc/1b7dd2252b99671ce5d1cb9664c5f8636329436d/library/std/src/sys_common/backtrace.rs:150:18
[INFO] [stdout]   16:     0x561fa454d502 - rust_begin_unwind
[INFO] [stdout]                                at /rustc/1b7dd2252b99671ce5d1cb9664c5f8636329436d/library/std/src/panicking.rs:578:5
[INFO] [stdout]   17:     0x561fa433e063 - core::panicking::panic_fmt::hfd368e3fbdabea26
[INFO] [stdout]                                at /rustc/1b7dd2252b99671ce5d1cb9664c5f8636329436d/library/core/src/panicking.rs:67:14
[INFO] [stdout]   18:     0x561fa433e48f - core::panicking::assert_failed_inner::haef49168e1798a91
[INFO] [stdout]   19:     0x561fa435b8ba - core::panicking::assert_failed::hd1d108fad7021dbf
[INFO] [stdout]                                at /rustc/1b7dd2252b99671ce5d1cb9664c5f8636329436d/library/core/src/panicking.rs:228:5
[INFO] [stdout]   20:     0x561fa4364d21 - parse_tables::data::page::it_works::h2144635160b2ff82
[INFO] [stdout]                                at /opt/rustwide/workdir/src/data/page.rs:215:9
[INFO] [stdout]   21:     0x561fa435c5a7 - parse_tables::data::page::it_works::{{closure}}::h53d8bee39a5337d5
[INFO] [stdout]                                at /opt/rustwide/workdir/src/data/page.rs:39:15
[INFO] [stdout]   22:     0x561fa4354e55 - core::ops::function::FnOnce::call_once::h6a3f132bfbe2323b
[INFO] [stdout]                                at /rustc/1b7dd2252b99671ce5d1cb9664c5f8636329436d/library/core/src/ops/function.rs:250:5
[INFO] [stdout]   23:     0x561fa43a338f - core::ops::function::FnOnce::call_once::ha6a70e79f7481a7e
[INFO] [stdout]                                at /rustc/1b7dd2252b99671ce5d1cb9664c5f8636329436d/library/core/src/ops/function.rs:250:5
[INFO] [stdout]   24:     0x561fa43a338f - test::__rust_begin_short_backtrace::hce33033019b61e69
[INFO] [stdout]                                at /rustc/1b7dd2252b99671ce5d1cb9664c5f8636329436d/library/test/src/lib.rs:655:18
[INFO] [stdout]   25:     0x561fa4370b7c - test::run_test::{{closure}}::h858d3528838ae3e5
[INFO] [stdout]                                at /rustc/1b7dd2252b99671ce5d1cb9664c5f8636329436d/library/test/src/lib.rs:646:30
[INFO] [stdout]   26:     0x561fa4370b7c - core::ops::function::FnOnce::call_once{{vtable.shim}}::he8ac2b00f01ae79e
[INFO] [stdout]                                at /rustc/1b7dd2252b99671ce5d1cb9664c5f8636329436d/library/core/src/ops/function.rs:250:5
[INFO] [stdout]   27:     0x561fa43a2466 - <alloc::boxed::Box<F,A> as core::ops::function::FnOnce<Args>>::call_once::h8093d25b522725ef
[INFO] [stdout]                                at /rustc/1b7dd2252b99671ce5d1cb9664c5f8636329436d/library/alloc/src/boxed.rs:1973:9
[INFO] [stdout]   28:     0x561fa43a2466 - <core::panic::unwind_safe::AssertUnwindSafe<F> as core::ops::function::FnOnce<()>>::call_once::h5c334c204e4a3913
[INFO] [stdout]                                at /rustc/1b7dd2252b99671ce5d1cb9664c5f8636329436d/library/core/src/panic/unwind_safe.rs:271:9
[INFO] [stdout]   29:     0x561fa43a2466 - std::panicking::try::do_call::ha8b740c7b9478074
[INFO] [stdout]                                at /rustc/1b7dd2252b99671ce5d1cb9664c5f8636329436d/library/std/src/panicking.rs:485:40
[INFO] [stdout]   30:     0x561fa43a2466 - std::panicking::try::h5d34f63d0e41b64e
[INFO] [stdout]                                at /rustc/1b7dd2252b99671ce5d1cb9664c5f8636329436d/library/std/src/panicking.rs:449:19
[INFO] [stdout]   31:     0x561fa43a2466 - std::panic::catch_unwind::hcfbb511e1aa7fc67
[INFO] [stdout]                                at /rustc/1b7dd2252b99671ce5d1cb9664c5f8636329436d/library/std/src/panic.rs:140:14
[INFO] [stdout]   32:     0x561fa43a2466 - test::run_test_in_process::h9abda90f802eaf21
[INFO] [stdout]                                at /rustc/1b7dd2252b99671ce5d1cb9664c5f8636329436d/library/test/src/lib.rs:678:27
[INFO] [stdout]   33:     0x561fa43a2466 - test::run_test::run_test_inner::{{closure}}::h0f058de91f6c6edf
[INFO] [stdout]                                at /rustc/1b7dd2252b99671ce5d1cb9664c5f8636329436d/library/test/src/lib.rs:572:39
[INFO] [stdout]   34:     0x561fa436b385 - test::run_test::run_test_inner::{{closure}}::h5ca48a4c59c6c1fb
[INFO] [stdout]                                at /rustc/1b7dd2252b99671ce5d1cb9664c5f8636329436d/library/test/src/lib.rs:599:37
[INFO] [stdout]   35:     0x561fa436b385 - std::sys_common::backtrace::__rust_begin_short_backtrace::h32bd51e1495d4a33
[INFO] [stdout]                                at /rustc/1b7dd2252b99671ce5d1cb9664c5f8636329436d/library/std/src/sys_common/backtrace.rs:134:18
[INFO] [stdout]   36:     0x561fa43708c1 - std::thread::Builder::spawn_unchecked_::{{closure}}::{{closure}}::hc086fae9b128b2db
[INFO] [stdout]                                at /rustc/1b7dd2252b99671ce5d1cb9664c5f8636329436d/library/std/src/thread/mod.rs:526:17
[INFO] [stdout]   37:     0x561fa43708c1 - <core::panic::unwind_safe::AssertUnwindSafe<F> as core::ops::function::FnOnce<()>>::call_once::hb66571888d270d43
[INFO] [stdout]                                at /rustc/1b7dd2252b99671ce5d1cb9664c5f8636329436d/library/core/src/panic/unwind_safe.rs:271:9
[INFO] [stdout]   38:     0x561fa43708c1 - std::panicking::try::do_call::h4fa2ef4f6e51fecf
[INFO] [stdout]                                at /rustc/1b7dd2252b99671ce5d1cb9664c5f8636329436d/library/std/src/panicking.rs:485:40
[INFO] [stdout]   39:     0x561fa43708c1 - std::panicking::try::h1e9e22b8584489b5
[INFO] [stdout]                                at /rustc/1b7dd2252b99671ce5d1cb9664c5f8636329436d/library/std/src/panicking.rs:449:19
[INFO] [stdout]   40:     0x561fa43708c1 - std::panic::catch_unwind::h44698a3de0e0769e
[INFO] [stdout]                                at /rustc/1b7dd2252b99671ce5d1cb9664c5f8636329436d/library/std/src/panic.rs:140:14
[INFO] [stdout]   41:     0x561fa43708c1 - std::thread::Builder::spawn_unchecked_::{{closure}}::h50153abde3fe239e
[INFO] [stdout]                                at /rustc/1b7dd2252b99671ce5d1cb9664c5f8636329436d/library/std/src/thread/mod.rs:525:30
[INFO] [stdout]   42:     0x561fa43708c1 - core::ops::function::FnOnce::call_once{{vtable.shim}}::hbe5bbf6f38394364
[INFO] [stdout]                                at /rustc/1b7dd2252b99671ce5d1cb9664c5f8636329436d/library/core/src/ops/function.rs:250:5
[INFO] [stdout]   43:     0x561fa4551f05 - <alloc::boxed::Box<F,A> as core::ops::function::FnOnce<Args>>::call_once::h0d83cb2920a49046
[INFO] [stdout]                                at /rustc/1b7dd2252b99671ce5d1cb9664c5f8636329436d/library/alloc/src/boxed.rs:1973:9
[INFO] [stdout]   44:     0x561fa4551f05 - <alloc::boxed::Box<F,A> as core::ops::function::FnOnce<Args>>::call_once::hbe0a008aa7d9ef59
[INFO] [stdout]                                at /rustc/1b7dd2252b99671ce5d1cb9664c5f8636329436d/library/alloc/src/boxed.rs:1973:9
[INFO] [stdout]   45:     0x561fa4551f05 - std::sys::unix::thread::Thread::new::thread_start::h3a466996bdf6b1f9
[INFO] [stdout]                                at /rustc/1b7dd2252b99671ce5d1cb9664c5f8636329436d/library/std/src/sys/unix/thread.rs:108:17
[INFO] [stdout]   46:     0x7f1e711b0b43 - <unknown>
[INFO] [stdout]   47:     0x7f1e71241bb4 - __clone
[INFO] [stdout]   48:                0x0 - <unknown>
[INFO] [stdout] 
[INFO] [stdout] 
[INFO] [stdout] failures:
[INFO] [stdout]     data::page::it_works
[INFO] [stdout] 
[INFO] [stdout] test result: FAILED. 5 passed; 1 failed; 0 ignored; 0 measured; 0 filtered out; finished in 0.05s
[INFO] [stdout] 
[INFO] [stderr] error: test failed, to rerun pass `--bin parse-tables`
[INFO] running `Command { std: "docker" "inspect" "c29034df1d1b6dce66dabe595a9a4b66627ef7b79e30c8a29b5135b31680db52", kill_on_drop: false }`
[INFO] running `Command { std: "docker" "rm" "-f" "c29034df1d1b6dce66dabe595a9a4b66627ef7b79e30c8a29b5135b31680db52", kill_on_drop: false }`
[INFO] [stdout] c29034df1d1b6dce66dabe595a9a4b66627ef7b79e30c8a29b5135b31680db52
