[INFO] cloning repository https://github.com/fullstaq-labs/activatecontaineruid
[INFO] running `Command { std: "git" "-c" "credential.helper=" "-c" "credential.helper=/workspace/cargo-home/bin/git-credential-null" "clone" "--bare" "https://github.com/fullstaq-labs/activatecontaineruid" "/workspace/cache/git-repos/https%3A%2F%2Fgithub.com%2Ffullstaq-labs%2Factivatecontaineruid", kill_on_drop: false }`
[INFO] [stderr] Cloning into bare repository '/workspace/cache/git-repos/https%3A%2F%2Fgithub.com%2Ffullstaq-labs%2Factivatecontaineruid'...
[INFO] running `Command { std: "git" "rev-parse" "HEAD", kill_on_drop: false }`
[INFO] [stdout] 878dfe80d22b87a9b2c44c3129a8c81c47a118f4
[INFO] testing fullstaq-labs/activatecontaineruid against 1.69.0 for beta-1.70-1
[INFO] running `Command { std: "git" "clone" "/workspace/cache/git-repos/https%3A%2F%2Fgithub.com%2Ffullstaq-labs%2Factivatecontaineruid" "/workspace/builds/worker-4-tc1/source", kill_on_drop: false }`
[INFO] [stderr] Cloning into '/workspace/builds/worker-4-tc1/source'...
[INFO] [stderr] done.
[INFO] validating manifest of git repo https://github.com/fullstaq-labs/activatecontaineruid on toolchain 1.69.0
[INFO] running `Command { std: CARGO_HOME="/workspace/cargo-home" RUSTUP_HOME="/workspace/rustup-home" "/workspace/cargo-home/bin/cargo" "+1.69.0" "metadata" "--manifest-path" "Cargo.toml" "--no-deps", kill_on_drop: false }`
[INFO] started tweaking git repo https://github.com/fullstaq-labs/activatecontaineruid
[INFO] finished tweaking git repo https://github.com/fullstaq-labs/activatecontaineruid
[INFO] tweaked toml for git repo https://github.com/fullstaq-labs/activatecontaineruid written to /workspace/builds/worker-4-tc1/source/Cargo.toml
[INFO] crate git repo https://github.com/fullstaq-labs/activatecontaineruid already has a lockfile, it will not be regenerated
[INFO] running `Command { std: CARGO_HOME="/workspace/cargo-home" RUSTUP_HOME="/workspace/rustup-home" "/workspace/cargo-home/bin/cargo" "+1.69.0" "fetch" "--manifest-path" "Cargo.toml", kill_on_drop: false }`
[INFO] [stderr]  Downloading crates ...
[INFO] [stderr]   Downloaded iana-time-zone v0.1.46
[INFO] running `Command { std: "docker" "create" "-v" "/var/lib/crater-agent-workspace/builds/worker-4-tc1/target:/opt/rustwide/target:rw,Z" "-v" "/var/lib/crater-agent-workspace/builds/worker-4-tc1/source:/opt/rustwide/workdir:ro,Z" "-v" "/var/lib/crater-agent-workspace/cargo-home:/opt/rustwide/cargo-home:ro,Z" "-v" "/var/lib/crater-agent-workspace/rustup-home:/opt/rustwide/rustup-home:ro,Z" "-e" "SOURCE_DIR=/opt/rustwide/workdir" "-e" "CARGO_TARGET_DIR=/opt/rustwide/target" "-e" "CARGO_HOME=/opt/rustwide/cargo-home" "-e" "RUSTUP_HOME=/opt/rustwide/rustup-home" "-w" "/opt/rustwide/workdir" "-m" "1610612736" "--user" "0:0" "--network" "none" "ghcr.io/rust-lang/crates-build-env/linux@sha256:5ff2268d62e97bff2cde7d5815dd6ed5b47097566f13b8d0ca110b04b60e07ed" "/opt/rustwide/cargo-home/bin/cargo" "+1.69.0" "metadata" "--no-deps" "--format-version=1", kill_on_drop: false }`
[INFO] [stdout] 8b298f32442af205a7f06a46a80b4536e2048b199e28fe51d2f73fc318d6d694
[INFO] running `Command { std: "docker" "start" "-a" "8b298f32442af205a7f06a46a80b4536e2048b199e28fe51d2f73fc318d6d694", kill_on_drop: false }`
[INFO] running `Command { std: "docker" "inspect" "8b298f32442af205a7f06a46a80b4536e2048b199e28fe51d2f73fc318d6d694", kill_on_drop: false }`
[INFO] running `Command { std: "docker" "rm" "-f" "8b298f32442af205a7f06a46a80b4536e2048b199e28fe51d2f73fc318d6d694", kill_on_drop: false }`
[INFO] [stdout] 8b298f32442af205a7f06a46a80b4536e2048b199e28fe51d2f73fc318d6d694
[INFO] running `Command { std: "docker" "create" "-v" "/var/lib/crater-agent-workspace/builds/worker-4-tc1/target:/opt/rustwide/target:rw,Z" "-v" "/var/lib/crater-agent-workspace/builds/worker-4-tc1/source:/opt/rustwide/workdir:ro,Z" "-v" "/var/lib/crater-agent-workspace/cargo-home:/opt/rustwide/cargo-home:ro,Z" "-v" "/var/lib/crater-agent-workspace/rustup-home:/opt/rustwide/rustup-home:ro,Z" "-e" "SOURCE_DIR=/opt/rustwide/workdir" "-e" "CARGO_TARGET_DIR=/opt/rustwide/target" "-e" "CARGO_INCREMENTAL=0" "-e" "RUST_BACKTRACE=full" "-e" "RUSTFLAGS=--cap-lints=warn" "-e" "RUSTDOCFLAGS=--cap-lints=warn" "-e" "CARGO_HOME=/opt/rustwide/cargo-home" "-e" "RUSTUP_HOME=/opt/rustwide/rustup-home" "-w" "/opt/rustwide/workdir" "-m" "1610612736" "--user" "0:0" "--network" "none" "ghcr.io/rust-lang/crates-build-env/linux@sha256:5ff2268d62e97bff2cde7d5815dd6ed5b47097566f13b8d0ca110b04b60e07ed" "/opt/rustwide/cargo-home/bin/cargo" "+1.69.0" "build" "--frozen" "--message-format=json", kill_on_drop: false }`
[INFO] [stdout] 381313dbdd393bca108b9073d42ad77615a248fe2a8b43d95315266d74b2d2a8
[INFO] running `Command { std: "docker" "start" "-a" "381313dbdd393bca108b9073d42ad77615a248fe2a8b43d95315266d74b2d2a8", kill_on_drop: false }`
[INFO] [stderr]    Compiling autocfg v1.1.0
[INFO] [stderr]    Compiling libc v0.2.132
[INFO] [stderr]    Compiling proc-macro2 v1.0.43
[INFO] [stderr]    Compiling quote v1.0.21
[INFO] [stderr]    Compiling unicode-ident v1.0.3
[INFO] [stderr]    Compiling syn v1.0.99
[INFO] [stderr]    Compiling cfg-if v1.0.0
[INFO] [stderr]    Compiling log v0.4.17
[INFO] [stderr]    Compiling bitflags v1.3.2
[INFO] [stderr]    Compiling iana-time-zone v0.1.46
[INFO] [stderr]    Compiling pin-utils v0.1.0
[INFO] [stderr]    Compiling linked-hash-map v0.5.6
[INFO] [stderr]    Compiling lazy_static v1.4.0
[INFO] [stderr]    Compiling shell-escape v0.1.5
[INFO] [stderr]    Compiling yaml-rust v0.4.5
[INFO] [stderr]    Compiling num-traits v0.2.15
[INFO] [stderr]    Compiling num-integer v0.1.45
[INFO] [stderr]    Compiling memoffset v0.6.5
[INFO] [stderr]    Compiling time v0.1.44
[INFO] [stderr]    Compiling atty v0.2.14
[INFO] [stderr]    Compiling nix v0.25.0
[INFO] [stderr]    Compiling colored v1.9.3
[INFO] [stderr]    Compiling chrono v0.4.22
[INFO] [stderr]    Compiling thiserror-impl v1.0.32
[INFO] [stderr]    Compiling thiserror v1.0.32
[INFO] [stderr]    Compiling matchhostfsowner v1.0.0 (/opt/rustwide/workdir)
[INFO] [stderr]     Finished dev [unoptimized + debuginfo] target(s) in 5.30s
[INFO] running `Command { std: "docker" "inspect" "381313dbdd393bca108b9073d42ad77615a248fe2a8b43d95315266d74b2d2a8", kill_on_drop: false }`
[INFO] running `Command { std: "docker" "rm" "-f" "381313dbdd393bca108b9073d42ad77615a248fe2a8b43d95315266d74b2d2a8", kill_on_drop: false }`
[INFO] [stdout] 381313dbdd393bca108b9073d42ad77615a248fe2a8b43d95315266d74b2d2a8
[INFO] running `Command { std: "docker" "create" "-v" "/var/lib/crater-agent-workspace/builds/worker-4-tc1/target:/opt/rustwide/target:rw,Z" "-v" "/var/lib/crater-agent-workspace/builds/worker-4-tc1/source:/opt/rustwide/workdir:ro,Z" "-v" "/var/lib/crater-agent-workspace/cargo-home:/opt/rustwide/cargo-home:ro,Z" "-v" "/var/lib/crater-agent-workspace/rustup-home:/opt/rustwide/rustup-home:ro,Z" "-e" "SOURCE_DIR=/opt/rustwide/workdir" "-e" "CARGO_TARGET_DIR=/opt/rustwide/target" "-e" "CARGO_INCREMENTAL=0" "-e" "RUST_BACKTRACE=full" "-e" "RUSTFLAGS=--cap-lints=warn" "-e" "RUSTDOCFLAGS=--cap-lints=warn" "-e" "CARGO_HOME=/opt/rustwide/cargo-home" "-e" "RUSTUP_HOME=/opt/rustwide/rustup-home" "-w" "/opt/rustwide/workdir" "-m" "1610612736" "--user" "0:0" "--network" "none" "ghcr.io/rust-lang/crates-build-env/linux@sha256:5ff2268d62e97bff2cde7d5815dd6ed5b47097566f13b8d0ca110b04b60e07ed" "/opt/rustwide/cargo-home/bin/cargo" "+1.69.0" "test" "--frozen" "--no-run" "--message-format=json", kill_on_drop: false }`
[INFO] [stdout] 212ad36d7f9f814398ba6f06dc1f421df9276677cc38477b5f244a45ae989df6
[INFO] running `Command { std: "docker" "start" "-a" "212ad36d7f9f814398ba6f06dc1f421df9276677cc38477b5f244a45ae989df6", kill_on_drop: false }`
[INFO] [stderr]    Compiling memchr v2.5.0
[INFO] [stderr]    Compiling fastrand v1.8.0
[INFO] [stderr]    Compiling regex-syntax v0.6.27
[INFO] [stderr]    Compiling remove_dir_all v0.5.3
[INFO] [stderr]    Compiling more-asserts v0.2.2
[INFO] [stderr]    Compiling tempfile v3.3.0
[INFO] [stderr]    Compiling aho-corasick v0.7.18
[INFO] [stderr]    Compiling regex v1.6.0
[INFO] [stderr]    Compiling matchhostfsowner v1.0.0 (/opt/rustwide/workdir)
[INFO] [stderr]     Finished test [unoptimized + debuginfo] target(s) in 3.92s
[INFO] running `Command { std: "docker" "inspect" "212ad36d7f9f814398ba6f06dc1f421df9276677cc38477b5f244a45ae989df6", kill_on_drop: false }`
[INFO] running `Command { std: "docker" "rm" "-f" "212ad36d7f9f814398ba6f06dc1f421df9276677cc38477b5f244a45ae989df6", kill_on_drop: false }`
[INFO] [stdout] 212ad36d7f9f814398ba6f06dc1f421df9276677cc38477b5f244a45ae989df6
[INFO] running `Command { std: "docker" "create" "-v" "/var/lib/crater-agent-workspace/builds/worker-4-tc1/target:/opt/rustwide/target:rw,Z" "-v" "/var/lib/crater-agent-workspace/builds/worker-4-tc1/source:/opt/rustwide/workdir:ro,Z" "-v" "/var/lib/crater-agent-workspace/cargo-home:/opt/rustwide/cargo-home:ro,Z" "-v" "/var/lib/crater-agent-workspace/rustup-home:/opt/rustwide/rustup-home:ro,Z" "-e" "SOURCE_DIR=/opt/rustwide/workdir" "-e" "CARGO_TARGET_DIR=/opt/rustwide/target" "-e" "CARGO_INCREMENTAL=0" "-e" "RUST_BACKTRACE=full" "-e" "RUSTFLAGS=--cap-lints=warn" "-e" "RUSTDOCFLAGS=--cap-lints=warn" "-e" "CARGO_HOME=/opt/rustwide/cargo-home" "-e" "RUSTUP_HOME=/opt/rustwide/rustup-home" "-w" "/opt/rustwide/workdir" "-m" "1610612736" "--user" "0:0" "--network" "none" "ghcr.io/rust-lang/crates-build-env/linux@sha256:5ff2268d62e97bff2cde7d5815dd6ed5b47097566f13b8d0ca110b04b60e07ed" "/opt/rustwide/cargo-home/bin/cargo" "+1.69.0" "test" "--frozen", kill_on_drop: false }`
[INFO] [stdout] e65ee23fd0afae892ff3f679b6eb14f2bf809f3190a589bf66d7e4b1aaa2d30d
[INFO] running `Command { std: "docker" "start" "-a" "e65ee23fd0afae892ff3f679b6eb14f2bf809f3190a589bf66d7e4b1aaa2d30d", kill_on_drop: false }`
[INFO] [stderr]     Finished test [unoptimized + debuginfo] target(s) in 0.02s
[INFO] [stderr]      Running unittests src/main.rs (/opt/rustwide/target/debug/deps/matchhostfsowner-b082e2e95d6a47a7)
[INFO] [stdout] 
[INFO] [stdout] running 14 tests
[INFO] [stdout] test utils::tests::get_self_exe_path ... ok
[INFO] [stdout] test utils::tests::modify_etc_passwd_contents ... ok
[INFO] [stdout] test utils::tests::modify_etc_group_contents ... ok
[INFO] [stdout] test utils::tests::list_executable_files_sorted ... ok
[INFO] [stdout] test utils::tests::lookup_group_details_by_uid ... ok
[INFO] [stdout] test utils::tests::lookup_user_details_by_uid ... ok
[INFO] [stdout] test utils::tests::find_unused_gid_error ... ok
[INFO] [stdout] test utils::tests::find_unused_uid_no_match ... ok
[INFO] [stdout] test utils::tests::find_unused_gid_has_match ... ok
[INFO] [stdout] test utils::tests::find_unused_uid_has_match ... ok
[INFO] [stdout] test utils::tests::find_unused_gid_no_match ... ok
[INFO] [stdout] test utils::tests::find_unused_uid_error ... ok
[INFO] [stderr] readlink: /tmp/.tmpTefMGD/link2: No such file or directory
[INFO] [stdout] test utils::tests::read_link_by_shelling_out ... ok
[INFO] [stdout] test utils::tests::chown_dir_recursively_no_fs_boundary_crossing ... ok
[INFO] [stdout] 
[INFO] [stdout] test result: ok. 14 passed; 0 failed; 0 ignored; 0 measured; 0 filtered out; finished in 0.02s
[INFO] [stdout] 
[INFO] [stderr]      Running tests/common.rs (/opt/rustwide/target/debug/deps/common-f6cc6574b84cef7d)
[INFO] [stdout] 
[INFO] [stdout] running 0 tests
[INFO] [stdout] 
[INFO] [stdout] test result: ok. 0 passed; 0 failed; 0 ignored; 0 measured; 0 filtered out; finished in 0.00s
[INFO] [stdout] 
[INFO] [stderr]      Running tests/integration_test.rs (/opt/rustwide/target/debug/deps/integration_test-c6872d9a1decda3f)
[INFO] [stdout] 
[INFO] [stdout] running 17 tests
[INFO] [stdout] test test_host_uid_not_given_host_gid_given ... FAILED
[INFO] [stdout] test test_match_user_root_group ... FAILED
[INFO] [stdout] test test_match_user_conflicting_group ... FAILED
[INFO] [stdout] test test_match_user_root_user ... FAILED
[INFO] [stdout] test test_running_allowed_when_having_normal_and_setuid_root_privileges ... FAILED
[INFO] [stdout] test test_match_user_conflicting_user ... FAILED
[INFO] [stdout] test test_match_user_non_root ... FAILED
[INFO] [stdout] test test_running_allowed_when_setuid_root_and_child_of_docker_init ... FAILED
[INFO] [stdout] test test_running_allowed_when_setuid_root_and_pid1 ... FAILED
[INFO] [stdout] test test_running_allowed_when_having_normal_root_privileges ... FAILED
[INFO] [stdout] test test_match_user_via_docker_cli_user_arg ... FAILED
[INFO] [stdout] test test_running_not_allowed_when_setuid_root_and_not_pid1_and_not_child_of_docker_init ... FAILED
[INFO] [stdout] test test_host_uid_given_host_gid_not_given ... FAILED
[INFO] [stdout] test test_drop_setuid_bit_on_own_exe ... FAILED
[INFO] [stdout] test test_running_not_allowed_when_no_root_privileges ... FAILED
[INFO] [stdout] test test_idempotent ... FAILED
[INFO] [stdout] test test_user_root_group_idempotent ... FAILED
[INFO] [stdout] 
[INFO] [stdout] failures:
[INFO] [stdout] 
[INFO] [stdout] ---- test_host_uid_not_given_host_gid_given stdout ----
[INFO] [stdout] Error: Error building test image: 'docker build' exited with code 1. Output:
[INFO] [stdout] -------- BEGIN OUTPUT --------
[INFO] [stdout] Cannot connect to the Docker daemon at unix:///var/run/docker.sock. Is the docker daemon running?
[INFO] [stdout] 
[INFO] [stdout] --------- END OUTPUT ---------
[INFO] [stdout] 
[INFO] [stdout] 
[INFO] [stdout] ---- test_match_user_root_group stdout ----
[INFO] [stdout] Error: Error building test image: 'docker build' exited with code 1. Output:
[INFO] [stdout] -------- BEGIN OUTPUT --------
[INFO] [stdout] Cannot connect to the Docker daemon at unix:///var/run/docker.sock. Is the docker daemon running?
[INFO] [stdout] 
[INFO] [stdout] --------- END OUTPUT ---------
[INFO] [stdout] 
[INFO] [stdout] 
[INFO] [stdout] ---- test_match_user_conflicting_group stdout ----
[INFO] [stdout] Error: Error building test image: 'docker build' exited with code 1. Output:
[INFO] [stdout] -------- BEGIN OUTPUT --------
[INFO] [stdout] Cannot connect to the Docker daemon at unix:///var/run/docker.sock. Is the docker daemon running?
[INFO] [stdout] 
[INFO] [stdout] --------- END OUTPUT ---------
[INFO] [stdout] 
[INFO] [stdout] 
[INFO] [stdout] ---- test_match_user_root_user stdout ----
[INFO] [stdout] Error: Error building test image: 'docker build' exited with code 1. Output:
[INFO] [stdout] -------- BEGIN OUTPUT --------
[INFO] [stdout] Cannot connect to the Docker daemon at unix:///var/run/docker.sock. Is the docker daemon running?
[INFO] [stdout] 
[INFO] [stdout] --------- END OUTPUT ---------
[INFO] [stdout] 
[INFO] [stdout] 
[INFO] [stdout] ---- test_running_allowed_when_having_normal_and_setuid_root_privileges stdout ----
[INFO] [stdout] Error: Error building test image: 'docker build' exited with code 1. Output:
[INFO] [stdout] -------- BEGIN OUTPUT --------
[INFO] [stdout] Cannot connect to the Docker daemon at unix:///var/run/docker.sock. Is the docker daemon running?
[INFO] [stdout] 
[INFO] [stdout] --------- END OUTPUT ---------
[INFO] [stdout] 
[INFO] [stdout] 
[INFO] [stdout] ---- test_match_user_conflicting_user stdout ----
[INFO] [stdout] Error: Error building test image: 'docker build' exited with code 1. Output:
[INFO] [stdout] -------- BEGIN OUTPUT --------
[INFO] [stdout] Cannot connect to the Docker daemon at unix:///var/run/docker.sock. Is the docker daemon running?
[INFO] [stdout] 
[INFO] [stdout] --------- END OUTPUT ---------
[INFO] [stdout] 
[INFO] [stdout] 
[INFO] [stdout] ---- test_match_user_non_root stdout ----
[INFO] [stdout] Error: Error building test image: 'docker build' exited with code 1. Output:
[INFO] [stdout] -------- BEGIN OUTPUT --------
[INFO] [stdout] Cannot connect to the Docker daemon at unix:///var/run/docker.sock. Is the docker daemon running?
[INFO] [stdout] 
[INFO] [stdout] --------- END OUTPUT ---------
[INFO] [stdout] 
[INFO] [stdout] 
[INFO] [stdout] ---- test_running_allowed_when_setuid_root_and_child_of_docker_init stdout ----
[INFO] [stdout] Error: Error building test image: 'docker build' exited with code 1. Output:
[INFO] [stdout] -------- BEGIN OUTPUT --------
[INFO] [stdout] Cannot connect to the Docker daemon at unix:///var/run/docker.sock. Is the docker daemon running?
[INFO] [stdout] 
[INFO] [stdout] --------- END OUTPUT ---------
[INFO] [stdout] 
[INFO] [stdout] 
[INFO] [stdout] ---- test_running_allowed_when_setuid_root_and_pid1 stdout ----
[INFO] [stdout] Error: Error building test image: 'docker build' exited with code 1. Output:
[INFO] [stdout] -------- BEGIN OUTPUT --------
[INFO] [stdout] Cannot connect to the Docker daemon at unix:///var/run/docker.sock. Is the docker daemon running?
[INFO] [stdout] 
[INFO] [stdout] --------- END OUTPUT ---------
[INFO] [stdout] 
[INFO] [stdout] 
[INFO] [stdout] ---- test_running_allowed_when_having_normal_root_privileges stdout ----
[INFO] [stdout] Error: Error building test image: 'docker build' exited with code 1. Output:
[INFO] [stdout] -------- BEGIN OUTPUT --------
[INFO] [stdout] Cannot connect to the Docker daemon at unix:///var/run/docker.sock. Is the docker daemon running?
[INFO] [stdout] 
[INFO] [stdout] --------- END OUTPUT ---------
[INFO] [stdout] 
[INFO] [stdout] 
[INFO] [stdout] ---- test_match_user_via_docker_cli_user_arg stdout ----
[INFO] [stdout] Error: Error building test image: 'docker build' exited with code 1. Output:
[INFO] [stdout] -------- BEGIN OUTPUT --------
[INFO] [stdout] Cannot connect to the Docker daemon at unix:///var/run/docker.sock. Is the docker daemon running?
[INFO] [stdout] 
[INFO] [stdout] --------- END OUTPUT ---------
[INFO] [stdout] 
[INFO] [stdout] 
[INFO] [stdout] ---- test_running_not_allowed_when_setuid_root_and_not_pid1_and_not_child_of_docker_init stdout ----
[INFO] [stdout] Error: Error building test image: 'docker build' exited with code 1. Output:
[INFO] [stdout] -------- BEGIN OUTPUT --------
[INFO] [stdout] Cannot connect to the Docker daemon at unix:///var/run/docker.sock. Is the docker daemon running?
[INFO] [stdout] 
[INFO] [stdout] --------- END OUTPUT ---------
[INFO] [stdout] 
[INFO] [stdout] 
[INFO] [stdout] ---- test_host_uid_given_host_gid_not_given stdout ----
[INFO] [stdout] Error: Error building test image: 'docker build' exited with code 1. Output:
[INFO] [stdout] -------- BEGIN OUTPUT --------
[INFO] [stdout] Cannot connect to the Docker daemon at unix:///var/run/docker.sock. Is the docker daemon running?
[INFO] [stdout] 
[INFO] [stdout] --------- END OUTPUT ---------
[INFO] [stdout] 
[INFO] [stdout] 
[INFO] [stdout] ---- test_drop_setuid_bit_on_own_exe stdout ----
[INFO] [stdout] Error: Error building test image: 'docker build' exited with code 1. Output:
[INFO] [stdout] -------- BEGIN OUTPUT --------
[INFO] [stdout] Cannot connect to the Docker daemon at unix:///var/run/docker.sock. Is the docker daemon running?
[INFO] [stdout] 
[INFO] [stdout] --------- END OUTPUT ---------
[INFO] [stdout] 
[INFO] [stdout] 
[INFO] [stdout] ---- test_running_not_allowed_when_no_root_privileges stdout ----
[INFO] [stdout] Error: Error building test image: 'docker build' exited with code 1. Output:
[INFO] [stdout] -------- BEGIN OUTPUT --------
[INFO] [stdout] Cannot connect to the Docker daemon at unix:///var/run/docker.sock. Is the docker daemon running?
[INFO] [stdout] 
[INFO] [stdout] --------- END OUTPUT ---------
[INFO] [stdout] 
[INFO] [stdout] 
[INFO] [stdout] ---- test_idempotent stdout ----
[INFO] [stdout] Error: Error building test image: 'docker build' exited with code 1. Output:
[INFO] [stdout] -------- BEGIN OUTPUT --------
[INFO] [stdout] Cannot connect to the Docker daemon at unix:///var/run/docker.sock. Is the docker daemon running?
[INFO] [stdout] 
[INFO] [stdout] --------- END OUTPUT ---------
[INFO] [stdout] 
[INFO] [stdout] 
[INFO] [stdout] ---- test_user_root_group_idempotent stdout ----
[INFO] [stdout] Error: Error building test image: 'docker build' exited with code 1. Output:
[INFO] [stdout] -------- BEGIN OUTPUT --------
[INFO] [stdout] Cannot connect to the Docker daemon at unix:///var/run/docker.sock. Is the docker daemon running?
[INFO] [stdout] 
[INFO] [stdout] --------- END OUTPUT ---------
[INFO] [stdout] 
[INFO] [stdout] 
[INFO] [stdout] 
[INFO] [stdout] failures:
[INFO] [stdout]     test_drop_setuid_bit_on_own_exe
[INFO] [stdout]     test_host_uid_given_host_gid_not_given
[INFO] [stdout]     test_host_uid_not_given_host_gid_given
[INFO] [stdout]     test_idempotent
[INFO] [stdout]     test_match_user_conflicting_group
[INFO] [stdout]     test_match_user_conflicting_user
[INFO] [stdout]     test_match_user_non_root
[INFO] [stdout]     test_match_user_root_group
[INFO] [stdout]     test_match_user_root_user
[INFO] [stdout]     test_match_user_via_docker_cli_user_arg
[INFO] [stdout]     test_running_allowed_when_having_normal_and_setuid_root_privileges
[INFO] [stdout]     test_running_allowed_when_having_normal_root_privileges
[INFO] [stdout]     test_running_allowed_when_setuid_root_and_child_of_docker_init
[INFO] [stdout]     test_running_allowed_when_setuid_root_and_pid1
[INFO] [stdout]     test_running_not_allowed_when_no_root_privileges
[INFO] [stdout]     test_running_not_allowed_when_setuid_root_and_not_pid1_and_not_child_of_docker_init
[INFO] [stdout]     test_user_root_group_idempotent
[INFO] [stdout] 
[INFO] [stdout] test result: FAILED. 0 passed; 17 failed; 0 ignored; 0 measured; 0 filtered out; finished in 0.24s
[INFO] [stdout] 
[INFO] [stderr] error: test failed, to rerun pass `--test integration_test`
[INFO] running `Command { std: "docker" "inspect" "e65ee23fd0afae892ff3f679b6eb14f2bf809f3190a589bf66d7e4b1aaa2d30d", kill_on_drop: false }`
[INFO] running `Command { std: "docker" "rm" "-f" "e65ee23fd0afae892ff3f679b6eb14f2bf809f3190a589bf66d7e4b1aaa2d30d", kill_on_drop: false }`
[INFO] [stdout] e65ee23fd0afae892ff3f679b6eb14f2bf809f3190a589bf66d7e4b1aaa2d30d
