[INFO] cloning repository https://github.com/fnuttens/todotxt-rs
[INFO] running `Command { std: "git" "-c" "credential.helper=" "-c" "credential.helper=/workspace/cargo-home/bin/git-credential-null" "clone" "--bare" "https://github.com/fnuttens/todotxt-rs" "/workspace/cache/git-repos/https%3A%2F%2Fgithub.com%2Ffnuttens%2Ftodotxt-rs", kill_on_drop: false }`
[INFO] [stderr] Cloning into bare repository '/workspace/cache/git-repos/https%3A%2F%2Fgithub.com%2Ffnuttens%2Ftodotxt-rs'...
[INFO] running `Command { std: "git" "rev-parse" "HEAD", kill_on_drop: false }`
[INFO] [stdout] 10390a37faeea55581bc492166e5e9916dd1dea7
[INFO] testing fnuttens/todotxt-rs against beta-2023-04-20 for beta-1.70-1
[INFO] running `Command { std: "git" "clone" "/workspace/cache/git-repos/https%3A%2F%2Fgithub.com%2Ffnuttens%2Ftodotxt-rs" "/workspace/builds/worker-7-tc2/source", kill_on_drop: false }`
[INFO] [stderr] Cloning into '/workspace/builds/worker-7-tc2/source'...
[INFO] [stderr] done.
[INFO] validating manifest of git repo https://github.com/fnuttens/todotxt-rs on toolchain beta-2023-04-20
[INFO] running `Command { std: CARGO_HOME="/workspace/cargo-home" RUSTUP_HOME="/workspace/rustup-home" "/workspace/cargo-home/bin/cargo" "+beta-2023-04-20" "metadata" "--manifest-path" "Cargo.toml" "--no-deps", kill_on_drop: false }`
[INFO] started tweaking git repo https://github.com/fnuttens/todotxt-rs
[INFO] finished tweaking git repo https://github.com/fnuttens/todotxt-rs
[INFO] tweaked toml for git repo https://github.com/fnuttens/todotxt-rs written to /workspace/builds/worker-7-tc2/source/Cargo.toml
[INFO] crate git repo https://github.com/fnuttens/todotxt-rs already has a lockfile, it will not be regenerated
[INFO] running `Command { std: CARGO_HOME="/workspace/cargo-home" RUSTUP_HOME="/workspace/rustup-home" "/workspace/cargo-home/bin/cargo" "+beta-2023-04-20" "fetch" "--manifest-path" "Cargo.toml", kill_on_drop: false }`
[INFO] [stderr]     Updating crates.io index
[INFO] [stderr]  Downloading crates ...
[INFO] [stderr]   Downloaded os_pipe v1.1.3
[INFO] [stderr]   Downloaded snapbox-macros v0.3.3
[INFO] [stderr]   Downloaded trycmd v0.14.15
[INFO] [stderr]   Downloaded snapbox v0.4.10
[INFO] running `Command { std: "docker" "create" "-v" "/var/lib/crater-agent-workspace/builds/worker-7-tc2/target:/opt/rustwide/target:rw,Z" "-v" "/var/lib/crater-agent-workspace/builds/worker-7-tc2/source:/opt/rustwide/workdir:ro,Z" "-v" "/var/lib/crater-agent-workspace/cargo-home:/opt/rustwide/cargo-home:ro,Z" "-v" "/var/lib/crater-agent-workspace/rustup-home:/opt/rustwide/rustup-home:ro,Z" "-e" "SOURCE_DIR=/opt/rustwide/workdir" "-e" "CARGO_TARGET_DIR=/opt/rustwide/target" "-e" "CARGO_HOME=/opt/rustwide/cargo-home" "-e" "RUSTUP_HOME=/opt/rustwide/rustup-home" "-w" "/opt/rustwide/workdir" "-m" "1610612736" "--user" "0:0" "--network" "none" "ghcr.io/rust-lang/crates-build-env/linux@sha256:5ff2268d62e97bff2cde7d5815dd6ed5b47097566f13b8d0ca110b04b60e07ed" "/opt/rustwide/cargo-home/bin/cargo" "+beta-2023-04-20" "metadata" "--no-deps" "--format-version=1", kill_on_drop: false }`
[INFO] [stdout] d91d311b09e46b5d51da12f0b25579a6f9ac0d3a06724f0bf043b590e50861c4
[INFO] running `Command { std: "docker" "start" "-a" "d91d311b09e46b5d51da12f0b25579a6f9ac0d3a06724f0bf043b590e50861c4", kill_on_drop: false }`
[INFO] running `Command { std: "docker" "inspect" "d91d311b09e46b5d51da12f0b25579a6f9ac0d3a06724f0bf043b590e50861c4", kill_on_drop: false }`
[INFO] running `Command { std: "docker" "rm" "-f" "d91d311b09e46b5d51da12f0b25579a6f9ac0d3a06724f0bf043b590e50861c4", kill_on_drop: false }`
[INFO] [stdout] d91d311b09e46b5d51da12f0b25579a6f9ac0d3a06724f0bf043b590e50861c4
[INFO] running `Command { std: "docker" "create" "-v" "/var/lib/crater-agent-workspace/builds/worker-7-tc2/target:/opt/rustwide/target:rw,Z" "-v" "/var/lib/crater-agent-workspace/builds/worker-7-tc2/source:/opt/rustwide/workdir:ro,Z" "-v" "/var/lib/crater-agent-workspace/cargo-home:/opt/rustwide/cargo-home:ro,Z" "-v" "/var/lib/crater-agent-workspace/rustup-home:/opt/rustwide/rustup-home:ro,Z" "-e" "SOURCE_DIR=/opt/rustwide/workdir" "-e" "CARGO_TARGET_DIR=/opt/rustwide/target" "-e" "CARGO_INCREMENTAL=0" "-e" "RUST_BACKTRACE=full" "-e" "RUSTFLAGS=--cap-lints=warn" "-e" "RUSTDOCFLAGS=--cap-lints=warn" "-e" "CARGO_HOME=/opt/rustwide/cargo-home" "-e" "RUSTUP_HOME=/opt/rustwide/rustup-home" "-w" "/opt/rustwide/workdir" "-m" "1610612736" "--user" "0:0" "--network" "none" "ghcr.io/rust-lang/crates-build-env/linux@sha256:5ff2268d62e97bff2cde7d5815dd6ed5b47097566f13b8d0ca110b04b60e07ed" "/opt/rustwide/cargo-home/bin/cargo" "+beta-2023-04-20" "build" "--frozen" "--message-format=json", kill_on_drop: false }`
[INFO] [stdout] db61b8090db9aef63afa068edfae3cce10a734eba07c0c7e336a0fcbbf290acb
[INFO] running `Command { std: "docker" "start" "-a" "db61b8090db9aef63afa068edfae3cce10a734eba07c0c7e336a0fcbbf290acb", kill_on_drop: false }`
[INFO] [stderr]    Compiling autocfg v1.1.0
[INFO] [stderr]    Compiling libc v0.2.140
[INFO] [stderr]    Compiling os_str_bytes v6.5.0
[INFO] [stderr]    Compiling iana-time-zone v0.1.54
[INFO] [stderr]    Compiling hashbrown v0.12.3
[INFO] [stderr]    Compiling textwrap v0.16.0
[INFO] [stderr]    Compiling termcolor v1.2.0
[INFO] [stderr]    Compiling lazy_static v1.4.0
[INFO] [stderr]    Compiling strsim v0.10.0
[INFO] [stderr]    Compiling once_cell v1.17.1
[INFO] [stderr]    Compiling bitflags v1.3.2
[INFO] [stderr]    Compiling clap_lex v0.2.4
[INFO] [stderr]    Compiling num-traits v0.2.15
[INFO] [stderr]    Compiling num-integer v0.1.45
[INFO] [stderr]    Compiling indexmap v1.9.3
[INFO] [stderr]    Compiling atty v0.2.14
[INFO] [stderr]    Compiling time v0.1.45
[INFO] [stderr]    Compiling colored v2.0.0
[INFO] [stderr]    Compiling clap v3.2.23
[INFO] [stderr]    Compiling chrono v0.4.24
[INFO] [stderr]    Compiling todotxt-lib v0.1.0 (/opt/rustwide/workdir/todotxt-lib)
[INFO] [stderr]    Compiling todotxt-cli v0.1.0 (/opt/rustwide/workdir/todotxt-cli)
[INFO] [stderr]     Finished dev [unoptimized + debuginfo] target(s) in 11.72s
[INFO] running `Command { std: "docker" "inspect" "db61b8090db9aef63afa068edfae3cce10a734eba07c0c7e336a0fcbbf290acb", kill_on_drop: false }`
[INFO] running `Command { std: "docker" "rm" "-f" "db61b8090db9aef63afa068edfae3cce10a734eba07c0c7e336a0fcbbf290acb", kill_on_drop: false }`
[INFO] [stdout] db61b8090db9aef63afa068edfae3cce10a734eba07c0c7e336a0fcbbf290acb
[INFO] running `Command { std: "docker" "create" "-v" "/var/lib/crater-agent-workspace/builds/worker-7-tc2/target:/opt/rustwide/target:rw,Z" "-v" "/var/lib/crater-agent-workspace/builds/worker-7-tc2/source:/opt/rustwide/workdir:ro,Z" "-v" "/var/lib/crater-agent-workspace/cargo-home:/opt/rustwide/cargo-home:ro,Z" "-v" "/var/lib/crater-agent-workspace/rustup-home:/opt/rustwide/rustup-home:ro,Z" "-e" "SOURCE_DIR=/opt/rustwide/workdir" "-e" "CARGO_TARGET_DIR=/opt/rustwide/target" "-e" "CARGO_INCREMENTAL=0" "-e" "RUST_BACKTRACE=full" "-e" "RUSTFLAGS=--cap-lints=warn" "-e" "RUSTDOCFLAGS=--cap-lints=warn" "-e" "CARGO_HOME=/opt/rustwide/cargo-home" "-e" "RUSTUP_HOME=/opt/rustwide/rustup-home" "-w" "/opt/rustwide/workdir" "-m" "1610612736" "--user" "0:0" "--network" "none" "ghcr.io/rust-lang/crates-build-env/linux@sha256:5ff2268d62e97bff2cde7d5815dd6ed5b47097566f13b8d0ca110b04b60e07ed" "/opt/rustwide/cargo-home/bin/cargo" "+beta-2023-04-20" "test" "--frozen" "--no-run" "--message-format=json", kill_on_drop: false }`
[INFO] [stdout] 7ab5f0bb92638b638382a593ed5a0331e8ef44acc72223f001fa37258035b225
[INFO] running `Command { std: "docker" "start" "-a" "7ab5f0bb92638b638382a593ed5a0331e8ef44acc72223f001fa37258035b225", kill_on_drop: false }`
[INFO] [stderr]    Compiling proc-macro2 v1.0.54
[INFO] [stderr]    Compiling cfg-if v1.0.0
[INFO] [stderr]    Compiling quote v1.0.26
[INFO] [stderr]    Compiling unicode-ident v1.0.8
[INFO] [stderr]    Compiling io-lifetimes v1.0.9
[INFO] [stderr]    Compiling serde_derive v1.0.159
[INFO] [stderr]    Compiling rustix v0.37.6
[INFO] [stderr]    Compiling crossbeam-utils v0.8.15
[INFO] [stderr]    Compiling memoffset v0.8.0
[INFO] [stderr]    Compiling serde v1.0.159
[INFO] [stderr]    Compiling linux-raw-sys v0.3.1
[INFO] [stderr]    Compiling crossbeam-epoch v0.9.14
[INFO] [stderr]    Compiling utf8parse v0.2.1
[INFO] [stderr]    Compiling scopeguard v1.1.0
[INFO] [stderr]    Compiling memchr v2.5.0
[INFO] [stderr]    Compiling concolor-query v0.3.3
[INFO] [stderr]    Compiling rayon-core v1.11.0
[INFO] [stderr]    Compiling concolor-override v1.0.0
[INFO] [stderr]    Compiling anstyle v0.3.5
[INFO] [stderr]    Compiling num_cpus v1.15.0
[INFO] [stderr]    Compiling anstyle-parse v0.1.1
[INFO] [stderr]    Compiling fastrand v1.9.0
[INFO] [stderr]    Compiling same-file v1.0.6
[INFO] [stderr]    Compiling walkdir v2.3.3
[INFO] [stderr]    Compiling filetime v0.2.20
[INFO] [stderr]    Compiling wait-timeout v0.2.0
[INFO] [stderr]    Compiling os_pipe v1.1.3
[INFO] [stderr]    Compiling similar v2.2.1
[INFO] [stderr]    Compiling normalize-line-endings v0.3.0
[INFO] [stderr]    Compiling winnow v0.4.1
[INFO] [stderr]    Compiling dunce v1.0.3
[INFO] [stderr]    Compiling crossbeam-channel v0.5.7
[INFO] [stderr]    Compiling either v1.8.1
[INFO] [stderr]    Compiling humantime v2.1.0
[INFO] [stderr]    Compiling shlex v1.1.0
[INFO] [stderr]    Compiling glob v0.3.1
[INFO] [stderr]    Compiling todotxt-lib v0.1.0 (/opt/rustwide/workdir/todotxt-lib)
[INFO] [stderr]    Compiling content_inspector v0.2.4
[INFO] [stderr]    Compiling crossbeam-deque v0.8.3
[INFO] [stderr]    Compiling syn v2.0.11
[INFO] [stderr]    Compiling rayon v1.7.0
[INFO] [stderr]    Compiling is-terminal v0.4.6
[INFO] [stderr]    Compiling tempfile v3.5.0
[INFO] [stderr]    Compiling anstream v0.2.6
[INFO] [stderr]    Compiling snapbox-macros v0.3.3
[INFO] [stderr]    Compiling snapbox v0.4.10
[INFO] [stderr]    Compiling toml_datetime v0.6.1
[INFO] [stderr]    Compiling serde_spanned v0.6.1
[INFO] [stderr]    Compiling humantime-serde v1.1.1
[INFO] [stderr]    Compiling toml_edit v0.19.8
[INFO] [stderr]    Compiling trycmd v0.14.15
[INFO] [stderr]    Compiling todotxt-cli v0.1.0 (/opt/rustwide/workdir/todotxt-cli)
[INFO] [stderr]     Finished test [unoptimized + debuginfo] target(s) in 16.29s
[INFO] running `Command { std: "docker" "inspect" "7ab5f0bb92638b638382a593ed5a0331e8ef44acc72223f001fa37258035b225", kill_on_drop: false }`
[INFO] running `Command { std: "docker" "rm" "-f" "7ab5f0bb92638b638382a593ed5a0331e8ef44acc72223f001fa37258035b225", kill_on_drop: false }`
[INFO] [stdout] 7ab5f0bb92638b638382a593ed5a0331e8ef44acc72223f001fa37258035b225
[INFO] running `Command { std: "docker" "create" "-v" "/var/lib/crater-agent-workspace/builds/worker-7-tc2/target:/opt/rustwide/target:rw,Z" "-v" "/var/lib/crater-agent-workspace/builds/worker-7-tc2/source:/opt/rustwide/workdir:ro,Z" "-v" "/var/lib/crater-agent-workspace/cargo-home:/opt/rustwide/cargo-home:ro,Z" "-v" "/var/lib/crater-agent-workspace/rustup-home:/opt/rustwide/rustup-home:ro,Z" "-e" "SOURCE_DIR=/opt/rustwide/workdir" "-e" "CARGO_TARGET_DIR=/opt/rustwide/target" "-e" "CARGO_INCREMENTAL=0" "-e" "RUST_BACKTRACE=full" "-e" "RUSTFLAGS=--cap-lints=warn" "-e" "RUSTDOCFLAGS=--cap-lints=warn" "-e" "CARGO_HOME=/opt/rustwide/cargo-home" "-e" "RUSTUP_HOME=/opt/rustwide/rustup-home" "-w" "/opt/rustwide/workdir" "-m" "1610612736" "--user" "0:0" "--network" "none" "ghcr.io/rust-lang/crates-build-env/linux@sha256:5ff2268d62e97bff2cde7d5815dd6ed5b47097566f13b8d0ca110b04b60e07ed" "/opt/rustwide/cargo-home/bin/cargo" "+beta-2023-04-20" "test" "--frozen", kill_on_drop: false }`
[INFO] [stdout] 1a48eeea37058bacae984b9da9437f933952ee9a6e73b5fc9dd269fbb6181527
[INFO] running `Command { std: "docker" "start" "-a" "1a48eeea37058bacae984b9da9437f933952ee9a6e73b5fc9dd269fbb6181527", kill_on_drop: false }`
[INFO] [stderr]     Finished test [unoptimized + debuginfo] target(s) in 0.06s
[INFO] [stderr]      Running unittests src/main.rs (/opt/rustwide/target/debug/deps/todotxt_cli-d73bfc0e332ad6dc)
[INFO] [stdout] 
[INFO] [stdout] running 5 tests
[INFO] [stdout] test should::accept_valid_priority ... ok
[INFO] [stdout] test should::accept_valid_date ... ok
[INFO] [stdout] test should::reject_invalid_date ... ok
[INFO] [stdout] test should::reject_invalid_priority ... ok
[INFO] [stdout] test should::verify_app ... ok
[INFO] [stdout] 
[INFO] [stdout] test result: ok. 5 passed; 0 failed; 0 ignored; 0 measured; 0 filtered out; finished in 0.00s
[INFO] [stdout] 
[INFO] [stderr]      Running tests/cli_tests.rs (/opt/rustwide/target/debug/deps/cli_tests-b5b0b2b28b856d2c)
[INFO] [stdout] 
[INFO] [stdout] running 1 test
[INFO] [stderr] [2mTesting[0m README.md:6 ... [32mok[0m
[INFO] [stderr] [2mTesting[0m README.md:28 ... [31mfailed[0m
[INFO] [stderr] Exit: [32msuccess[0m
[INFO] [stderr] 
[INFO] [stderr] [32m---- expected: stdout[0m
[INFO] [stderr] [31m++++ actual:   stdout[0m
[INFO] [stderr] [2m   1[0m [2m   1[0m [2m|[0m [2mtodotxt-cli[EXE]-add 
[INFO] [stderr] [0m[2m   2[0m [2m   2[0m [2m|[0m [2mAdd a new task to todo.txt
[INFO] [stderr] [0m[2m   3[0m [2m   3[0m [2m|[0m [2m
[INFO] [stderr] [0m[2m   4[0m [2m   4[0m [2m|[0m [2mUSAGE:
[INFO] [stderr] [0m[2m   5[0m      [32m-[0m [32m    [0m[4m[32mtodotxt-cli.exe[0m[32m add [OPTIONS] <todo>
[INFO] [stderr] [0m     [2m   5[0m [31m+[0m [31m    [0m[4m[31mtodotxt-cli[0m[31m add [OPTIONS] <todo>
[INFO] [stderr] [0m[2m   6[0m [2m   6[0m [2m|[0m [2m
[INFO] [stderr] [0m[2m   7[0m [2m   7[0m [2m|[0m [2mARGS:
[INFO] [stderr] [0m[2m   8[0m [2m   8[0m [2m|[0m [2m    <todo>    Description of your task
[INFO] [stderr] [0m[2m   9[0m [2m   9[0m [2m|[0m [2m
[INFO] [stderr] [0m[2m  10[0m [2m  10[0m [2m|[0m [2mOPTIONS:
[INFO] [stderr] [0m[2m  11[0m [2m  11[0m [2m|[0m [2m    -c, --creation-date <YYYY-MM-DD>    Creation date for this task
[INFO] [stderr] [0m[2m  12[0m [2m  12[0m [2m|[0m [2m    -h, --help                          Print help information
[INFO] [stderr] [0m[2m  13[0m [2m  13[0m [2m|[0m [2m        --no-creation-date              Disable creation date for this task
[INFO] [stderr] [0m[2m  14[0m [2m  14[0m [2m|[0m [2m    -p, --priority <A-Z>                Priority of your task
[INFO] [stderr] [0mstderr:
[INFO] [stderr] [32m[0m
[INFO] [stderr] [2mTesting[0m README.md:47 ... [31mfailed[0m
[INFO] [stderr] Exit: [32msuccess[0m
[INFO] [stderr] 
[INFO] [stderr] [32m---- expected: stdout[0m
[INFO] [stderr] [31m++++ actual:   stdout[0m
[INFO] [stderr] [2m   1[0m [2m   1[0m [2m|[0m [2mtodotxt-cli[EXE]-archive 
[INFO] [stderr] [0m[2m   2[0m [2m   2[0m [2m|[0m [2mMove all completed tasks to done.txt
[INFO] [stderr] [0m[2m   3[0m [2m   3[0m [2m|[0m [2m
[INFO] [stderr] [0m[2m   4[0m [2m   4[0m [2m|[0m [2mUSAGE:
[INFO] [stderr] [0m[2m   5[0m      [32m-[0m [32m    [0m[4m[32mtodotxt-cli.exe[0m[32m archive
[INFO] [stderr] [0m     [2m   5[0m [31m+[0m [31m    [0m[4m[31mtodotxt-cli[0m[31m archive
[INFO] [stderr] [0m[2m   6[0m [2m   6[0m [2m|[0m [2m
[INFO] [stderr] [0m[2m   7[0m [2m   7[0m [2m|[0m [2mOPTIONS:
[INFO] [stderr] [0m[2m   8[0m [2m   8[0m [2m|[0m [2m    -h, --help    Print help information
[INFO] [stderr] [0mstderr:
[INFO] [stderr] [32m[0m
[INFO] [stderr] [2mTesting[0m README.md:60 ... [31mfailed[0m
[INFO] [stderr] Exit: [32msuccess[0m
[INFO] [stderr] 
[INFO] [stderr] [32m---- expected: stdout[0m
[INFO] [stderr] [31m++++ actual:   stdout[0m
[INFO] [stderr] [2m   1[0m [2m   1[0m [2m|[0m [2mtodotxt-cli[EXE]-do 
[INFO] [stderr] [0m[2m   2[0m [2m   2[0m [2m|[0m [2mMark a task as done
[INFO] [stderr] [0m[2m   3[0m [2m   3[0m [2m|[0m [2m
[INFO] [stderr] [0m[2m   4[0m [2m   4[0m [2m|[0m [2mUSAGE:
[INFO] [stderr] [0m[2m   5[0m      [32m-[0m [32m    [0m[4m[32mtodotxt-cli.exe[0m[32m do <task-id>
[INFO] [stderr] [0m     [2m   5[0m [31m+[0m [31m    [0m[4m[31mtodotxt-cli[0m[31m do <task-id>
[INFO] [stderr] [0m[2m   6[0m [2m   6[0m [2m|[0m [2m
[INFO] [stderr] [0m[2m   7[0m [2m   7[0m [2m|[0m [2mARGS:
[INFO] [stderr] [0m[2m   8[0m [2m   8[0m [2m|[0m [2m    <task-id>    Identifying number for the accomplished task
[INFO] [stderr] [0m[2m   9[0m [2m   9[0m [2m|[0m [2m
[INFO] [stderr] [0m[2m  10[0m [2m  10[0m [2m|[0m [2mOPTIONS:
[INFO] [stderr] [0m[2m  11[0m [2m  11[0m [2m|[0m [2m    -h, --help    Print help information
[INFO] [stderr] [0mstderr:
[INFO] [stderr] [32m[0m
[INFO] [stderr] [2mTesting[0m README.md:76 ... [31mfailed[0m
[INFO] [stderr] Exit: [32msuccess[0m
[INFO] [stderr] 
[INFO] [stderr] [32m---- expected: stdout[0m
[INFO] [stderr] [31m++++ actual:   stdout[0m
[INFO] [stderr] [2m   1[0m [2m   1[0m [2m|[0m [2mtodotxt-cli[EXE]-rm 
[INFO] [stderr] [0m[2m   2[0m [2m   2[0m [2m|[0m [2mRemove a task
[INFO] [stderr] [0m[2m   3[0m [2m   3[0m [2m|[0m [2m
[INFO] [stderr] [0m[2m   4[0m [2m   4[0m [2m|[0m [2mUSAGE:
[INFO] [stderr] [0m[2m   5[0m      [32m-[0m [32m    [0m[4m[32mtodotxt-cli.exe[0m[32m rm <task-id>
[INFO] [stderr] [0m     [2m   5[0m [31m+[0m [31m    [0m[4m[31mtodotxt-cli[0m[31m rm <task-id>
[INFO] [stderr] [0m[2m   6[0m [2m   6[0m [2m|[0m [2m
[INFO] [stderr] [0m[2m   7[0m [2m   7[0m [2m|[0m [2mARGS:
[INFO] [stderr] [0m[2m   8[0m [2m   8[0m [2m|[0m [2m    <task-id>    Identifying number for the task to remove
[INFO] [stderr] [0m[2m   9[0m [2m   9[0m [2m|[0m [2m
[INFO] [stderr] [0m[2m  10[0m [2m  10[0m [2m|[0m [2mOPTIONS:
[INFO] [stderr] [0m[2m  11[0m [2m  11[0m [2m|[0m [2m    -h, --help    Print help information
[INFO] [stderr] [0mstderr:
[INFO] [stderr] [32m[0m
[INFO] [stderr] [2mUpdate snapshots with `TRYCMD=overwrite`[0m
[INFO] [stderr] [2mDebug output with `TRYCMD=dump`[0m
[INFO] [stdout] test cli_tests ... FAILED
[INFO] [stdout] 
[INFO] [stdout] failures:
[INFO] [stdout] 
[INFO] [stdout] ---- cli_tests stdout ----
[INFO] [stdout] thread 'cli_tests' panicked at '4 of 1 tests failed', /opt/rustwide/cargo-home/registry/src/index.crates.io-6f17d22bba15001f/trycmd-0.14.15/src/runner.rs:104:17
[INFO] [stdout] stack backtrace:
[INFO] [stdout]    0:     0x55b6976c59ea - std::backtrace_rs::backtrace::libunwind::trace::h2f05d0192276a8f6
[INFO] [stdout]                                at /rustc/1b7dd2252b99671ce5d1cb9664c5f8636329436d/library/std/src/../../backtrace/src/backtrace/libunwind.rs:93:5
[INFO] [stdout]    1:     0x55b6976c59ea - std::backtrace_rs::backtrace::trace_unsynchronized::hedc23dff7a1af150
[INFO] [stdout]                                at /rustc/1b7dd2252b99671ce5d1cb9664c5f8636329436d/library/std/src/../../backtrace/src/backtrace/mod.rs:66:5
[INFO] [stdout]    2:     0x55b6976c59ea - std::sys_common::backtrace::_print_fmt::h17541ef7592f3ce2
[INFO] [stdout]                                at /rustc/1b7dd2252b99671ce5d1cb9664c5f8636329436d/library/std/src/sys_common/backtrace.rs:65:5
[INFO] [stdout]    3:     0x55b6976c59ea - <std::sys_common::backtrace::_print::DisplayBacktrace as core::fmt::Display>::fmt::h20f75df5ab0c0792
[INFO] [stdout]                                at /rustc/1b7dd2252b99671ce5d1cb9664c5f8636329436d/library/std/src/sys_common/backtrace.rs:44:22
[INFO] [stdout]    4:     0x55b6976ed0ef - core::fmt::write::h78109e6f466b3af6
[INFO] [stdout]                                at /rustc/1b7dd2252b99671ce5d1cb9664c5f8636329436d/library/core/src/fmt/mod.rs:1254:17
[INFO] [stdout]    5:     0x55b6976c1b65 - std::io::Write::write_fmt::hd24bfb68a1b35a25
[INFO] [stdout]                                at /rustc/1b7dd2252b99671ce5d1cb9664c5f8636329436d/library/std/src/io/mod.rs:1698:15
[INFO] [stdout]    6:     0x55b6976c57b5 - std::sys_common::backtrace::_print::h8dac57a9f8fbf9a5
[INFO] [stdout]                                at /rustc/1b7dd2252b99671ce5d1cb9664c5f8636329436d/library/std/src/sys_common/backtrace.rs:47:5
[INFO] [stdout]    7:     0x55b6976c57b5 - std::sys_common::backtrace::print::hf9ecbf41d1aa712f
[INFO] [stdout]                                at /rustc/1b7dd2252b99671ce5d1cb9664c5f8636329436d/library/std/src/sys_common/backtrace.rs:34:9
[INFO] [stdout]    8:     0x55b6976c7ade - std::panicking::default_hook::{{closure}}::h04c07acfc84ca028
[INFO] [stdout]                                at /rustc/1b7dd2252b99671ce5d1cb9664c5f8636329436d/library/std/src/panicking.rs:269:22
[INFO] [stdout]    9:     0x55b6976c7811 - std::panicking::default_hook::h01f6bb23e1eceb2c
[INFO] [stdout]                                at /rustc/1b7dd2252b99671ce5d1cb9664c5f8636329436d/library/std/src/panicking.rs:285:9
[INFO] [stdout]   10:     0x55b697695acb - <alloc::boxed::Box<F,A> as core::ops::function::Fn<Args>>::call::h87fe9f7b2fd49e4c
[INFO] [stdout]                                at /rustc/1b7dd2252b99671ce5d1cb9664c5f8636329436d/library/alloc/src/boxed.rs:1987:9
[INFO] [stdout]   11:     0x55b697695acb - test::test_main::{{closure}}::he94d679243a7531b
[INFO] [stdout]                                at /rustc/1b7dd2252b99671ce5d1cb9664c5f8636329436d/library/test/src/lib.rs:134:21
[INFO] [stdout]   12:     0x55b6976c81c4 - <alloc::boxed::Box<F,A> as core::ops::function::Fn<Args>>::call::h3f2d6d8b14c4769f
[INFO] [stdout]                                at /rustc/1b7dd2252b99671ce5d1cb9664c5f8636329436d/library/alloc/src/boxed.rs:1987:9
[INFO] [stdout]   13:     0x55b6976c81c4 - std::panicking::rust_panic_with_hook::h2bb3722bbaf2f6df
[INFO] [stdout]                                at /rustc/1b7dd2252b99671ce5d1cb9664c5f8636329436d/library/std/src/panicking.rs:695:13
[INFO] [stdout]   14:     0x55b6976c7f39 - std::panicking::begin_panic_handler::{{closure}}::h91bc7f36a4be011b
[INFO] [stdout]                                at /rustc/1b7dd2252b99671ce5d1cb9664c5f8636329436d/library/std/src/panicking.rs:582:13
[INFO] [stdout]   15:     0x55b6976c5e56 - std::sys_common::backtrace::__rust_end_short_backtrace::h8b3d3717114f9e59
[INFO] [stdout]                                at /rustc/1b7dd2252b99671ce5d1cb9664c5f8636329436d/library/std/src/sys_common/backtrace.rs:150:18
[INFO] [stdout]   16:     0x55b6976c7c92 - rust_begin_unwind
[INFO] [stdout]                                at /rustc/1b7dd2252b99671ce5d1cb9664c5f8636329436d/library/std/src/panicking.rs:578:5
[INFO] [stdout]   17:     0x55b69733a743 - core::panicking::panic_fmt::hfd368e3fbdabea26
[INFO] [stdout]                                at /rustc/1b7dd2252b99671ce5d1cb9664c5f8636329436d/library/core/src/panicking.rs:67:14
[INFO] [stdout]   18:     0x55b6973ca8e9 - trycmd::runner::Runner::run::h479b1901c8fcfe65
[INFO] [stdout]                                at /opt/rustwide/cargo-home/registry/src/index.crates.io-6f17d22bba15001f/trycmd-0.14.15/src/runner.rs:104:17
[INFO] [stdout]   19:     0x55b697359427 - trycmd::cases::TestCases::run::ha60a58b42a74bc74
[INFO] [stdout]                                at /opt/rustwide/cargo-home/registry/src/index.crates.io-6f17d22bba15001f/trycmd-0.14.15/src/cases.rs:165:9
[INFO] [stdout]   20:     0x55b6973594ca - <trycmd::cases::TestCases as core::ops::drop::Drop>::drop::h1d3b29d34fa32b52
[INFO] [stdout]                                at /opt/rustwide/cargo-home/registry/src/index.crates.io-6f17d22bba15001f/trycmd-0.14.15/src/cases.rs:175:13
[INFO] [stdout]   21:     0x55b69736a337 - core::ptr::drop_in_place<trycmd::cases::TestCases>::h51a881240bf7ae00
[INFO] [stdout]                                at /rustc/1b7dd2252b99671ce5d1cb9664c5f8636329436d/library/core/src/ptr/mod.rs:490:1
[INFO] [stdout]   22:     0x55b69733b2d3 - cli_tests::cli_tests::hb3a0e1705692a3f0
[INFO] [stdout]                                at /opt/rustwide/workdir/todotxt-cli/tests/cli_tests.rs:8:18
[INFO] [stdout]   23:     0x55b69733b217 - cli_tests::cli_tests::{{closure}}::h03c0c68dc7164190
[INFO] [stdout]                                at /opt/rustwide/workdir/todotxt-cli/tests/cli_tests.rs:4:16
[INFO] [stdout]   24:     0x55b69733b695 - core::ops::function::FnOnce::call_once::h68d52d7863d920c8
[INFO] [stdout]                                at /rustc/1b7dd2252b99671ce5d1cb9664c5f8636329436d/library/core/src/ops/function.rs:250:5
[INFO] [stdout]   25:     0x55b69769a99f - core::ops::function::FnOnce::call_once::ha6a70e79f7481a7e
[INFO] [stdout]                                at /rustc/1b7dd2252b99671ce5d1cb9664c5f8636329436d/library/core/src/ops/function.rs:250:5
[INFO] [stdout]   26:     0x55b69769a99f - test::__rust_begin_short_backtrace::hce33033019b61e69
[INFO] [stdout]                                at /rustc/1b7dd2252b99671ce5d1cb9664c5f8636329436d/library/test/src/lib.rs:655:18
[INFO] [stdout]   27:     0x55b69766818c - test::run_test::{{closure}}::h858d3528838ae3e5
[INFO] [stdout]                                at /rustc/1b7dd2252b99671ce5d1cb9664c5f8636329436d/library/test/src/lib.rs:646:30
[INFO] [stdout]   28:     0x55b69766818c - core::ops::function::FnOnce::call_once{{vtable.shim}}::he8ac2b00f01ae79e
[INFO] [stdout]                                at /rustc/1b7dd2252b99671ce5d1cb9664c5f8636329436d/library/core/src/ops/function.rs:250:5
[INFO] [stdout]   29:     0x55b697699a76 - <alloc::boxed::Box<F,A> as core::ops::function::FnOnce<Args>>::call_once::h8093d25b522725ef
[INFO] [stdout]                                at /rustc/1b7dd2252b99671ce5d1cb9664c5f8636329436d/library/alloc/src/boxed.rs:1973:9
[INFO] [stdout]   30:     0x55b697699a76 - <core::panic::unwind_safe::AssertUnwindSafe<F> as core::ops::function::FnOnce<()>>::call_once::h5c334c204e4a3913
[INFO] [stdout]                                at /rustc/1b7dd2252b99671ce5d1cb9664c5f8636329436d/library/core/src/panic/unwind_safe.rs:271:9
[INFO] [stdout]   31:     0x55b697699a76 - std::panicking::try::do_call::ha8b740c7b9478074
[INFO] [stdout]                                at /rustc/1b7dd2252b99671ce5d1cb9664c5f8636329436d/library/std/src/panicking.rs:485:40
[INFO] [stdout]   32:     0x55b697699a76 - std::panicking::try::h5d34f63d0e41b64e
[INFO] [stdout]                                at /rustc/1b7dd2252b99671ce5d1cb9664c5f8636329436d/library/std/src/panicking.rs:449:19
[INFO] [stdout]   33:     0x55b697699a76 - std::panic::catch_unwind::hcfbb511e1aa7fc67
[INFO] [stdout]                                at /rustc/1b7dd2252b99671ce5d1cb9664c5f8636329436d/library/std/src/panic.rs:140:14
[INFO] [stdout]   34:     0x55b697699a76 - test::run_test_in_process::h9abda90f802eaf21
[INFO] [stdout]                                at /rustc/1b7dd2252b99671ce5d1cb9664c5f8636329436d/library/test/src/lib.rs:678:27
[INFO] [stdout]   35:     0x55b697699a76 - test::run_test::run_test_inner::{{closure}}::h0f058de91f6c6edf
[INFO] [stdout]                                at /rustc/1b7dd2252b99671ce5d1cb9664c5f8636329436d/library/test/src/lib.rs:572:39
[INFO] [stdout]   36:     0x55b697662995 - test::run_test::run_test_inner::{{closure}}::h5ca48a4c59c6c1fb
[INFO] [stdout]                                at /rustc/1b7dd2252b99671ce5d1cb9664c5f8636329436d/library/test/src/lib.rs:599:37
[INFO] [stdout]   37:     0x55b697662995 - std::sys_common::backtrace::__rust_begin_short_backtrace::h32bd51e1495d4a33
[INFO] [stdout]                                at /rustc/1b7dd2252b99671ce5d1cb9664c5f8636329436d/library/std/src/sys_common/backtrace.rs:134:18
[INFO] [stdout]   38:     0x55b697667ed1 - std::thread::Builder::spawn_unchecked_::{{closure}}::{{closure}}::hc086fae9b128b2db
[INFO] [stdout]                                at /rustc/1b7dd2252b99671ce5d1cb9664c5f8636329436d/library/std/src/thread/mod.rs:526:17
[INFO] [stdout]   39:     0x55b697667ed1 - <core::panic::unwind_safe::AssertUnwindSafe<F> as core::ops::function::FnOnce<()>>::call_once::hb66571888d270d43
[INFO] [stdout]                                at /rustc/1b7dd2252b99671ce5d1cb9664c5f8636329436d/library/core/src/panic/unwind_safe.rs:271:9
[INFO] [stdout]   40:     0x55b697667ed1 - std::panicking::try::do_call::h4fa2ef4f6e51fecf
[INFO] [stdout]                                at /rustc/1b7dd2252b99671ce5d1cb9664c5f8636329436d/library/std/src/panicking.rs:485:40
[INFO] [stdout]   41:     0x55b697667ed1 - std::panicking::try::h1e9e22b8584489b5
[INFO] [stdout]                                at /rustc/1b7dd2252b99671ce5d1cb9664c5f8636329436d/library/std/src/panicking.rs:449:19
[INFO] [stdout]   42:     0x55b697667ed1 - std::panic::catch_unwind::h44698a3de0e0769e
[INFO] [stdout]                                at /rustc/1b7dd2252b99671ce5d1cb9664c5f8636329436d/library/std/src/panic.rs:140:14
[INFO] [stdout]   43:     0x55b697667ed1 - std::thread::Builder::spawn_unchecked_::{{closure}}::h50153abde3fe239e
[INFO] [stdout]                                at /rustc/1b7dd2252b99671ce5d1cb9664c5f8636329436d/library/std/src/thread/mod.rs:525:30
[INFO] [stdout]   44:     0x55b697667ed1 - core::ops::function::FnOnce::call_once{{vtable.shim}}::hbe5bbf6f38394364
[INFO] [stdout]                                at /rustc/1b7dd2252b99671ce5d1cb9664c5f8636329436d/library/core/src/ops/function.rs:250:5
[INFO] [stdout]   45:     0x55b6976ce005 - <alloc::boxed::Box<F,A> as core::ops::function::FnOnce<Args>>::call_once::h0d83cb2920a49046
[INFO] [stdout]                                at /rustc/1b7dd2252b99671ce5d1cb9664c5f8636329436d/library/alloc/src/boxed.rs:1973:9
[INFO] [stdout]   46:     0x55b6976ce005 - <alloc::boxed::Box<F,A> as core::ops::function::FnOnce<Args>>::call_once::hbe0a008aa7d9ef59
[INFO] [stdout]                                at /rustc/1b7dd2252b99671ce5d1cb9664c5f8636329436d/library/alloc/src/boxed.rs:1973:9
[INFO] [stdout]   47:     0x55b6976ce005 - std::sys::unix::thread::Thread::new::thread_start::h3a466996bdf6b1f9
[INFO] [stdout]                                at /rustc/1b7dd2252b99671ce5d1cb9664c5f8636329436d/library/std/src/sys/unix/thread.rs:108:17
[INFO] [stdout]   48:     0x7f5dbb476b43 - <unknown>
[INFO] [stdout]   49:     0x7f5dbb507bb4 - __clone
[INFO] [stdout]   50:                0x0 - <unknown>
[INFO] [stdout] 
[INFO] [stdout] 
[INFO] [stdout] failures:
[INFO] [stdout]     cli_tests
[INFO] [stdout] 
[INFO] [stdout] test result: FAILED. 0 passed; 1 failed; 0 ignored; 0 measured; 0 filtered out; finished in 0.03s
[INFO] [stdout] 
[INFO] [stderr] error: test failed, to rerun pass `-p todotxt-cli --test cli_tests`
[INFO] running `Command { std: "docker" "inspect" "1a48eeea37058bacae984b9da9437f933952ee9a6e73b5fc9dd269fbb6181527", kill_on_drop: false }`
[INFO] running `Command { std: "docker" "rm" "-f" "1a48eeea37058bacae984b9da9437f933952ee9a6e73b5fc9dd269fbb6181527", kill_on_drop: false }`
[INFO] [stdout] 1a48eeea37058bacae984b9da9437f933952ee9a6e73b5fc9dd269fbb6181527
