[INFO] cloning repository https://github.com/fnichol/mtoc
[INFO] running `Command { std: "git" "-c" "credential.helper=" "-c" "credential.helper=/workspace/cargo-home/bin/git-credential-null" "clone" "--bare" "https://github.com/fnichol/mtoc" "/workspace/cache/git-repos/https%3A%2F%2Fgithub.com%2Ffnichol%2Fmtoc", kill_on_drop: false }`
[INFO] [stderr] Cloning into bare repository '/workspace/cache/git-repos/https%3A%2F%2Fgithub.com%2Ffnichol%2Fmtoc'...
[INFO] running `Command { std: "git" "rev-parse" "HEAD", kill_on_drop: false }`
[INFO] [stdout] ef6dc850ec76229f578dd4db2903087114ddf291
[INFO] testing fnichol/mtoc against beta-2023-04-20 for beta-1.70-1
[INFO] running `Command { std: "git" "clone" "/workspace/cache/git-repos/https%3A%2F%2Fgithub.com%2Ffnichol%2Fmtoc" "/workspace/builds/worker-4-tc2/source", kill_on_drop: false }`
[INFO] [stderr] Cloning into '/workspace/builds/worker-4-tc2/source'...
[INFO] [stderr] done.
[INFO] validating manifest of git repo https://github.com/fnichol/mtoc on toolchain beta-2023-04-20
[INFO] running `Command { std: CARGO_HOME="/workspace/cargo-home" RUSTUP_HOME="/workspace/rustup-home" "/workspace/cargo-home/bin/cargo" "+beta-2023-04-20" "metadata" "--manifest-path" "Cargo.toml" "--no-deps", kill_on_drop: false }`
[INFO] started tweaking git repo https://github.com/fnichol/mtoc
[INFO] finished tweaking git repo https://github.com/fnichol/mtoc
[INFO] tweaked toml for git repo https://github.com/fnichol/mtoc written to /workspace/builds/worker-4-tc2/source/Cargo.toml
[INFO] crate git repo https://github.com/fnichol/mtoc already has a lockfile, it will not be regenerated
[INFO] running `Command { std: CARGO_HOME="/workspace/cargo-home" RUSTUP_HOME="/workspace/rustup-home" "/workspace/cargo-home/bin/cargo" "+beta-2023-04-20" "fetch" "--manifest-path" "Cargo.toml", kill_on_drop: false }`
[INFO] [stderr]     Updating crates.io index
[INFO] [stderr]  Downloading crates ...
[INFO] [stderr]   Downloaded indoc-impl v0.3.4
[INFO] [stderr]   Downloaded pulldown-cmark v0.5.3
[INFO] [stderr]   Downloaded insta v0.8.2
[INFO] [stderr]   Downloaded ron v0.4.2
[INFO] [stderr]   Downloaded indoc v0.3.4
[INFO] [stderr]   Downloaded unindent v0.1.4
[INFO] [stderr]   Downloaded proc-macro-hack v0.5.9
[INFO] [stderr]   Downloaded ci_info v0.3.1
[INFO] running `Command { std: "docker" "create" "-v" "/var/lib/crater-agent-workspace/builds/worker-4-tc2/target:/opt/rustwide/target:rw,Z" "-v" "/var/lib/crater-agent-workspace/builds/worker-4-tc2/source:/opt/rustwide/workdir:ro,Z" "-v" "/var/lib/crater-agent-workspace/cargo-home:/opt/rustwide/cargo-home:ro,Z" "-v" "/var/lib/crater-agent-workspace/rustup-home:/opt/rustwide/rustup-home:ro,Z" "-e" "SOURCE_DIR=/opt/rustwide/workdir" "-e" "CARGO_TARGET_DIR=/opt/rustwide/target" "-e" "CARGO_HOME=/opt/rustwide/cargo-home" "-e" "RUSTUP_HOME=/opt/rustwide/rustup-home" "-w" "/opt/rustwide/workdir" "-m" "1610612736" "--user" "0:0" "--network" "none" "ghcr.io/rust-lang/crates-build-env/linux@sha256:5ff2268d62e97bff2cde7d5815dd6ed5b47097566f13b8d0ca110b04b60e07ed" "/opt/rustwide/cargo-home/bin/cargo" "+beta-2023-04-20" "metadata" "--no-deps" "--format-version=1", kill_on_drop: false }`
[INFO] [stdout] 307c11f51c907e296249c3ff6145ae0ba68cbad50f89ac2eddf13f67f9c41bdd
[INFO] running `Command { std: "docker" "start" "-a" "307c11f51c907e296249c3ff6145ae0ba68cbad50f89ac2eddf13f67f9c41bdd", kill_on_drop: false }`
[INFO] running `Command { std: "docker" "inspect" "307c11f51c907e296249c3ff6145ae0ba68cbad50f89ac2eddf13f67f9c41bdd", kill_on_drop: false }`
[INFO] running `Command { std: "docker" "rm" "-f" "307c11f51c907e296249c3ff6145ae0ba68cbad50f89ac2eddf13f67f9c41bdd", kill_on_drop: false }`
[INFO] [stdout] 307c11f51c907e296249c3ff6145ae0ba68cbad50f89ac2eddf13f67f9c41bdd
[INFO] running `Command { std: "docker" "create" "-v" "/var/lib/crater-agent-workspace/builds/worker-4-tc2/target:/opt/rustwide/target:rw,Z" "-v" "/var/lib/crater-agent-workspace/builds/worker-4-tc2/source:/opt/rustwide/workdir:ro,Z" "-v" "/var/lib/crater-agent-workspace/cargo-home:/opt/rustwide/cargo-home:ro,Z" "-v" "/var/lib/crater-agent-workspace/rustup-home:/opt/rustwide/rustup-home:ro,Z" "-e" "SOURCE_DIR=/opt/rustwide/workdir" "-e" "CARGO_TARGET_DIR=/opt/rustwide/target" "-e" "CARGO_INCREMENTAL=0" "-e" "RUST_BACKTRACE=full" "-e" "RUSTFLAGS=--cap-lints=warn" "-e" "RUSTDOCFLAGS=--cap-lints=warn" "-e" "CARGO_HOME=/opt/rustwide/cargo-home" "-e" "RUSTUP_HOME=/opt/rustwide/rustup-home" "-w" "/opt/rustwide/workdir" "-m" "1610612736" "--user" "0:0" "--network" "none" "ghcr.io/rust-lang/crates-build-env/linux@sha256:5ff2268d62e97bff2cde7d5815dd6ed5b47097566f13b8d0ca110b04b60e07ed" "/opt/rustwide/cargo-home/bin/cargo" "+beta-2023-04-20" "build" "--frozen" "--message-format=json", kill_on_drop: false }`
[INFO] [stdout] 4049c23a7b6008ebff4fb28133fd3f0003efd525211a685fb24e3bef9a4140d6
[INFO] running `Command { std: "docker" "start" "-a" "4049c23a7b6008ebff4fb28133fd3f0003efd525211a685fb24e3bef9a4140d6", kill_on_drop: false }`
[INFO] [stderr]    Compiling libc v0.2.62
[INFO] [stderr]    Compiling proc-macro2 v0.4.30
[INFO] [stderr]    Compiling unicode-xid v0.1.0
[INFO] [stderr]    Compiling proc-macro2 v1.0.1
[INFO] [stderr]    Compiling syn v0.15.44
[INFO] [stderr]    Compiling memchr v2.2.1
[INFO] [stderr]    Compiling unicode-xid v0.2.0
[INFO] [stderr]    Compiling autocfg v0.1.6
[INFO] [stderr]    Compiling syn v1.0.5
[INFO] [stderr]    Compiling cc v1.0.40
[INFO] [stderr]    Compiling bitflags v1.1.0
[INFO] [stderr]    Compiling lazy_static v1.4.0
[INFO] [stderr]    Compiling serde v1.0.99
[INFO] [stderr]    Compiling cfg-if v0.1.9
[INFO] [stderr]    Compiling version_check v0.1.5
[INFO] [stderr]    Compiling failure_derive v0.1.5
[INFO] [stderr]    Compiling regex-syntax v0.6.11
[INFO] [stderr]    Compiling rustc-demangle v0.1.16
[INFO] [stderr]    Compiling thread_local v0.3.6
[INFO] [stderr]    Compiling pulldown-cmark v0.5.3
[INFO] [stderr]    Compiling num-traits v0.2.8
[INFO] [stderr]    Compiling unicase v2.4.0
[INFO] [stderr]    Compiling num-integer v0.1.41
[INFO] [stderr]    Compiling unicode-width v0.1.6
[INFO] [stderr]    Compiling unicode-segmentation v1.3.0
[INFO] [stderr]    Compiling remove_dir_all v0.5.2
[INFO] [stderr]    Compiling log v0.4.8
[INFO] [stderr]    Compiling strsim v0.8.0
[INFO] [stderr]    Compiling termcolor v0.3.6
[INFO] [stderr]    Compiling mtoc v0.1.0 (/opt/rustwide/workdir/mtoc)
[INFO] [stderr]    Compiling diff v0.1.11
[INFO] [stderr]    Compiling aho-corasick v0.7.6
[INFO] [stderr]    Compiling quote v0.6.13
[INFO] [stderr]    Compiling backtrace-sys v0.1.31
[INFO] [stderr]    Compiling term_size v0.3.1
[INFO] [stderr]    Compiling quote v1.0.2
[INFO] [stderr]    Compiling rand v0.4.6
[INFO] [stderr]    Compiling textwrap v0.11.0
[INFO] [stderr]    Compiling heck v0.3.1
[INFO] [stderr]    Compiling clap v2.33.0
[INFO] [stderr]    Compiling time v0.1.42
[INFO] [stderr]    Compiling tempdir v0.3.7
[INFO] [stderr]    Compiling uuid v0.6.5
[INFO] [stderr]    Compiling regex v1.2.1
[INFO] [stderr]    Compiling backtrace v0.3.35
[INFO] [stderr]    Compiling os_type v2.2.0
[INFO] [stderr]    Compiling mtoc-parser v0.1.0 (/opt/rustwide/workdir/mtoc-parser)
[INFO] [stderr]    Compiling serde_derive v1.0.99
[INFO] [stderr]    Compiling synstructure v0.10.2
[INFO] [stderr]    Compiling structopt-derive v0.2.18
[INFO] [stderr]    Compiling failure v0.1.5
[INFO] [stderr]    Compiling structopt v0.2.18
[INFO] [stderr]    Compiling toml v0.4.10
[INFO] [stderr]    Compiling chrono v0.4.7
[INFO] [stderr]    Compiling human-panic v1.0.1
[INFO] [stderr]     Finished dev [unoptimized + debuginfo] target(s) in 12.79s
[INFO] running `Command { std: "docker" "inspect" "4049c23a7b6008ebff4fb28133fd3f0003efd525211a685fb24e3bef9a4140d6", kill_on_drop: false }`
[INFO] running `Command { std: "docker" "rm" "-f" "4049c23a7b6008ebff4fb28133fd3f0003efd525211a685fb24e3bef9a4140d6", kill_on_drop: false }`
[INFO] [stdout] 4049c23a7b6008ebff4fb28133fd3f0003efd525211a685fb24e3bef9a4140d6
[INFO] running `Command { std: "docker" "create" "-v" "/var/lib/crater-agent-workspace/builds/worker-4-tc2/target:/opt/rustwide/target:rw,Z" "-v" "/var/lib/crater-agent-workspace/builds/worker-4-tc2/source:/opt/rustwide/workdir:ro,Z" "-v" "/var/lib/crater-agent-workspace/cargo-home:/opt/rustwide/cargo-home:ro,Z" "-v" "/var/lib/crater-agent-workspace/rustup-home:/opt/rustwide/rustup-home:ro,Z" "-e" "SOURCE_DIR=/opt/rustwide/workdir" "-e" "CARGO_TARGET_DIR=/opt/rustwide/target" "-e" "CARGO_INCREMENTAL=0" "-e" "RUST_BACKTRACE=full" "-e" "RUSTFLAGS=--cap-lints=warn" "-e" "RUSTDOCFLAGS=--cap-lints=warn" "-e" "CARGO_HOME=/opt/rustwide/cargo-home" "-e" "RUSTUP_HOME=/opt/rustwide/rustup-home" "-w" "/opt/rustwide/workdir" "-m" "1610612736" "--user" "0:0" "--network" "none" "ghcr.io/rust-lang/crates-build-env/linux@sha256:5ff2268d62e97bff2cde7d5815dd6ed5b47097566f13b8d0ca110b04b60e07ed" "/opt/rustwide/cargo-home/bin/cargo" "+beta-2023-04-20" "test" "--frozen" "--no-run" "--message-format=json", kill_on_drop: false }`
[INFO] [stdout] d4e571c49ae3eef421b4ad7964e3f96162df5a484378328ab8ac37452a10dcf5
[INFO] running `Command { std: "docker" "start" "-a" "d4e571c49ae3eef421b4ad7964e3f96162df5a484378328ab8ac37452a10dcf5", kill_on_drop: false }`
[INFO] [stderr]    Compiling unicode-xid v0.1.0
[INFO] [stderr]    Compiling smallvec v0.6.10
[INFO] [stderr]    Compiling proc-macro2 v0.4.30
[INFO] [stderr]    Compiling syn v0.15.44
[INFO] [stderr]    Compiling rand_core v0.4.2
[INFO] [stderr]    Compiling semver-parser v0.7.0
[INFO] [stderr]    Compiling ryu v1.0.0
[INFO] [stderr]    Compiling rand_pcg v0.1.2
[INFO] [stderr]    Compiling rand_chacha v0.1.1
[INFO] [stderr]    Compiling byteorder v1.3.2
[INFO] [stderr]    Compiling ucd-trie v0.1.2
[INFO] [stderr]    Compiling rand v0.6.5
[INFO] [stderr]    Compiling itoa v0.4.4
[INFO] [stderr]    Compiling maplit v1.0.2
[INFO] [stderr]    Compiling matches v0.1.8
[INFO] [stderr]    Compiling scopeguard v1.0.0
[INFO] [stderr]    Compiling difference v2.0.0
[INFO] [stderr]    Compiling predicates-core v1.0.0
[INFO] [stderr]    Compiling unicode-bidi v0.3.4
[INFO] [stderr]    Compiling pulldown-cmark v0.4.1
[INFO] [stderr]    Compiling lock_api v0.3.1
[INFO] [stderr]    Compiling linked-hash-map v0.5.2
[INFO] [stderr]    Compiling semver v0.9.0
[INFO] [stderr]    Compiling rand_core v0.3.1
[INFO] [stderr]    Compiling pest v2.1.1
[INFO] [stderr]    Compiling rand_hc v0.1.0
[INFO] [stderr]    Compiling rand_isaac v0.1.1
[INFO] [stderr]    Compiling rand_xorshift v0.1.1
[INFO] [stderr]    Compiling unicode-normalization v0.1.8
[INFO] [stderr]    Compiling rand_os v0.1.3
[INFO] [stderr]    Compiling rustc_version v0.2.3
[INFO] [stderr]    Compiling rand_jitter v0.1.4
[INFO] [stderr]    Compiling escargot v0.4.0
[INFO] [stderr]    Compiling quote v0.6.13
[INFO] [stderr]    Compiling serde_json v1.0.40
[INFO] [stderr]    Compiling yaml-rust v0.4.3
[INFO] [stderr]    Compiling proc-macro-hack v0.5.9
[INFO] [stderr]    Compiling float-cmp v0.4.0
[INFO] [stderr]    Compiling parking_lot_core v0.6.2
[INFO] [stderr]    Compiling parking_lot v0.9.0
[INFO] [stderr]    Compiling atty v0.2.13
[INFO] [stderr]    Compiling base64 v0.10.1
[INFO] [stderr]    Compiling clicolors-control v1.0.1
[INFO] [stderr]    Compiling termios v0.3.1
[INFO] [stderr]    Compiling normalize-line-endings v0.2.2
[INFO] [stderr]    Compiling either v1.5.2
[INFO] [stderr]    Compiling unindent v0.1.4
[INFO] [stderr]    Compiling percent-encoding v1.0.1
[INFO] [stderr]    Compiling pest_meta v2.1.1
[INFO] [stderr]    Compiling treeline v0.1.0
[INFO] [stderr]    Compiling dtoa v0.4.4
[INFO] [stderr]    Compiling ron v0.4.2
[INFO] [stderr]    Compiling predicates-tree v1.0.0
[INFO] [stderr]    Compiling itertools v0.8.0
[INFO] [stderr]    Compiling predicates v1.0.1
[INFO] [stderr]    Compiling serde_yaml v0.8.9
[INFO] [stderr]    Compiling toml v0.5.3
[INFO] [stderr]    Compiling ci_info v0.3.1
[INFO] [stderr]    Compiling idna v0.1.5
[INFO] [stderr]    Compiling semver-parser v0.9.0
[INFO] [stderr]    Compiling uuid v0.7.4
[INFO] [stderr]    Compiling indoc-impl v0.3.4
[INFO] [stderr]    Compiling console v0.7.7
[INFO] [stderr]    Compiling url v1.7.2
[INFO] [stderr]    Compiling indoc v0.3.4
[INFO] [stderr]    Compiling assert_cmd v0.11.1
[INFO] [stderr]    Compiling synstructure v0.10.2
[INFO] [stderr]    Compiling pest_generator v2.1.0
[INFO] [stderr]    Compiling version-sync v0.8.1
[INFO] [stderr]    Compiling failure_derive v0.1.5
[INFO] [stderr]    Compiling structopt-derive v0.2.18
[INFO] [stderr]    Compiling pest_derive v2.1.0
[INFO] [stderr]    Compiling mtoc-parser v0.1.0 (/opt/rustwide/workdir/mtoc-parser)
[INFO] [stderr]    Compiling failure v0.1.5
[INFO] [stderr]    Compiling human-panic v1.0.1
[INFO] [stderr]    Compiling insta v0.8.2
[INFO] [stderr]    Compiling structopt v0.2.18
[INFO] [stderr]    Compiling mtoc v0.1.0 (/opt/rustwide/workdir/mtoc)
[INFO] [stderr]     Finished test [unoptimized + debuginfo] target(s) in 9.21s
[INFO] running `Command { std: "docker" "inspect" "d4e571c49ae3eef421b4ad7964e3f96162df5a484378328ab8ac37452a10dcf5", kill_on_drop: false }`
[INFO] running `Command { std: "docker" "rm" "-f" "d4e571c49ae3eef421b4ad7964e3f96162df5a484378328ab8ac37452a10dcf5", kill_on_drop: false }`
[INFO] [stdout] d4e571c49ae3eef421b4ad7964e3f96162df5a484378328ab8ac37452a10dcf5
[INFO] running `Command { std: "docker" "create" "-v" "/var/lib/crater-agent-workspace/builds/worker-4-tc2/target:/opt/rustwide/target:rw,Z" "-v" "/var/lib/crater-agent-workspace/builds/worker-4-tc2/source:/opt/rustwide/workdir:ro,Z" "-v" "/var/lib/crater-agent-workspace/cargo-home:/opt/rustwide/cargo-home:ro,Z" "-v" "/var/lib/crater-agent-workspace/rustup-home:/opt/rustwide/rustup-home:ro,Z" "-e" "SOURCE_DIR=/opt/rustwide/workdir" "-e" "CARGO_TARGET_DIR=/opt/rustwide/target" "-e" "CARGO_INCREMENTAL=0" "-e" "RUST_BACKTRACE=full" "-e" "RUSTFLAGS=--cap-lints=warn" "-e" "RUSTDOCFLAGS=--cap-lints=warn" "-e" "CARGO_HOME=/opt/rustwide/cargo-home" "-e" "RUSTUP_HOME=/opt/rustwide/rustup-home" "-w" "/opt/rustwide/workdir" "-m" "1610612736" "--user" "0:0" "--network" "none" "ghcr.io/rust-lang/crates-build-env/linux@sha256:5ff2268d62e97bff2cde7d5815dd6ed5b47097566f13b8d0ca110b04b60e07ed" "/opt/rustwide/cargo-home/bin/cargo" "+beta-2023-04-20" "test" "--frozen", kill_on_drop: false }`
[INFO] [stdout] db6a7b7812f44c80ab10bcb469427fd9408622fdc907a035ab9d7f9a9324b83d
[INFO] running `Command { std: "docker" "start" "-a" "db6a7b7812f44c80ab10bcb469427fd9408622fdc907a035ab9d7f9a9324b83d", kill_on_drop: false }`
[INFO] [stderr]     Finished test [unoptimized + debuginfo] target(s) in 0.09s
[INFO] [stderr]      Running unittests src/main.rs (/opt/rustwide/target/debug/deps/mtoc-825b8cb8c6c9e508)
[INFO] [stdout] 
[INFO] [stdout] running 5 tests
[INFO] [stdout] test check::test::make_diff_trailing_newline ... ok
[INFO] [stdout] test check::test::make_diff_simple2 ... ok
[INFO] [stdout] test check::test::make_diff_simple ... ok
[INFO] [stdout] test check::test::make_diff_zerocontext ... ok
[INFO] [stdout] test check::test::write_diff_simple ... ok
[INFO] [stdout] 
[INFO] [stdout] test result: ok. 5 passed; 0 failed; 0 ignored; 0 measured; 0 filtered out; finished in 0.00s
[INFO] [stdout] 
[INFO] [stderr]      Running tests/helper.rs (/opt/rustwide/target/debug/deps/helper-a4c0088a91f9fbe3)
[INFO] [stdout] 
[INFO] [stdout] running 0 tests
[INFO] [stdout] 
[INFO] [stdout] test result: ok. 0 passed; 0 failed; 0 ignored; 0 measured; 0 filtered out; finished in 0.00s
[INFO] [stdout] 
[INFO] [stderr]      Running tests/integration_tests.rs (/opt/rustwide/target/debug/deps/integration_tests-3410d6de66be4c58)
[INFO] [stdout] 
[INFO] [stdout] running 9 tests
[INFO] [stdout] test check_and_output_conflict ... ok
[INFO] [stdout] test in_place_and_check_conflict ... ok
[INFO] [stdout] test version_short ... ok
[INFO] [stdout] test nonexistent_input_file ... ok
[INFO] [stdout] test in_place_and_output_conflict ... ok
[INFO] [stdout] test version_long ... ok
[INFO] [stdout] test check_identical ... ok
[INFO] [stdout] test check_new_missing_toc_differs ... ok
[INFO] [stdout] test check_new_format_differs ... ok
[INFO] [stdout] 
[INFO] [stdout] test result: ok. 9 passed; 0 failed; 0 ignored; 0 measured; 0 filtered out; finished in 0.00s
[INFO] [stdout] 
[INFO] [stderr]      Running tests/io_tests.rs (/opt/rustwide/target/debug/deps/io_tests-62bbe13474c00fc6)
[INFO] [stdout] 
[INFO] [stdout] running 4 tests
[INFO] [stdout] test simple_new ... ok
[INFO] [stdout] test simple_empty ... ok
[INFO] [stdout] test simple_old ... ok
[INFO] [stdout] test complex ... ok
[INFO] [stdout] 
[INFO] [stdout] test result: ok. 4 passed; 0 failed; 0 ignored; 0 measured; 0 filtered out; finished in 0.01s
[INFO] [stdout] 
[INFO] [stderr]      Running unittests src/lib.rs (/opt/rustwide/target/debug/deps/mtoc_parser-206065655bcfd2f5)
[INFO] [stdout] 
[INFO] [stdout] running 135 tests
[INFO] [stdout] test header::tests::header::anchor ... ok
[INFO] [stdout] test header::tests::header::demote_ceiling_is_six ... ok
[INFO] [stdout] test header::tests::header::demote ... ok
[INFO] [stdout] test header::tests::header::display ... ok
[INFO] [stdout] test header::tests::header::into_anchor ... ok
[INFO] [stdout] test header::tests::header::into_title ... ok
[INFO] [stdout] test header::tests::header::level ... ok
[INFO] [stdout] test header::tests::header::promote ... ok
[INFO] [stdout] test header::tests::header::promote_floor_is_one ... ok
[INFO] [stdout] test header::tests::header::title ... ok
[INFO] [stdout] test normalize::tests::fnichol::c_sharp ... ok
[INFO] [stdout] test normalize::tests::fnichol::lowercase_diacritics ... ok
[INFO] [stdout] test normalize::tests::fnichol::umlauts ... ok
[INFO] [stdout] test format::tests::dash_bullets ... ok
[INFO] [stdout] test format::tests::numbers ... ok
[INFO] [stdout] test format::tests::plus_bullets ... ok
[INFO] [stdout] test format::tests::alternating_bullets ... ok
[INFO] [stdout] test header::tests::headers::returned_in_order ... ok
[INFO] [stdout] test header::tests::headers::duplicate_slugs_are_uniqued ... ok
[INFO] [stdout] test format::tests::asterisk_bullets ... ok
[INFO] [stdout] test header::tests::headers::unique_slugs_are_unique ... ok
[INFO] [stdout] test format::tests::custom ... ok
[INFO] [stdout] test normalize::tests::jch::quotes_3 ... ok
[INFO] [stdout] test normalize::tests::jch::quotes_4 ... ok
[INFO] [stdout] test normalize::tests::jch::quotes_2 ... ok
[INFO] [stdout] test normalize::tests::jch::quotes_1 ... ok
[INFO] [stdout] test normalize::tests::jonschlinkert::condense_spaces_in_text ... ok
[INFO] [stdout] test normalize::tests::jch::quotes_6 ... ok
[INFO] [stdout] test normalize::tests::jonschlinkert::dont_escape_cjk_characters_in_slugs_1 ... ok
[INFO] [stdout] test normalize::tests::jch::utf8_characters_1 ... ok
[INFO] [stdout] test normalize::tests::jch::quotes_5 ... ok
[INFO] [stdout] test normalize::tests::jch::utf8_characters_2 ... ok
[INFO] [stdout] test normalize::tests::jonschlinkert::escape_cjk_characters_in_slugs_2 ... ok
[INFO] [stdout] test normalize::tests::jonschlinkert::strip_ampersands_in_slugs ... ok
[INFO] [stdout] test normalize::tests::jonschlinkert::replace_spaces_in_links_with_dashes_4 ... ok
[INFO] [stdout] test normalize::tests::jonschlinkert::dont_escape_cjk_characters_in_slugs_3 ... ok
[INFO] [stdout] test normalize::tests::jonschlinkert::replace_spaces_in_links_with_dashes_1 ... ok
[INFO] [stdout] test normalize::tests::jonschlinkert::strip_html_tags_from_headings_1 ... ok
[INFO] [stdout] test normalize::tests::jonschlinkert::strip_html_tags_from_headings_2 ... ok
[INFO] [stdout] test normalize::tests::jonschlinkert::replace_spaces_in_links_with_dashes_2 ... ok
[INFO] [stdout] test normalize::tests::jonschlinkert::replace_spaces_in_links_with_dashes_3 ... ok
[INFO] [stdout] test normalize::tests::jonschlinkert::strip_forward_slashes_in_slugs ... ok
[INFO] [stdout] test normalize::tests::jonschlinkert::strip_backticks_in_slugs ... ok
[INFO] [stdout] test normalize::tests::jonschlinkert::strip_html_tags_from_headings_3 ... ok
[INFO] [stdout] test normalize::tests::jonschlinkert::replace_spaces_in_links_with_dashes_5 ... ok
[INFO] [stdout] test normalize::tests::jonschlinkert::strip_html_tags_from_headings_5 ... ok
[INFO] [stdout] test normalize::tests::jonschlinkert::strip_html_tags_from_headings_4 ... ok
[INFO] [stdout] test normalize::tests::jonschlinkert::strip_cjk_punctuation_in_slugs ... ok
[INFO] [stdout] test normalize::tests::naokazuterada::spaces_in_atx_heading ... ok
[INFO] [stdout] test normalize::tests::naokazuterada::no_escape_in_code_with_links_1 ... ok
[INFO] [stdout] test normalize::tests::naokazuterada::replace_chars_1 ... ok
[INFO] [stdout] test normalize::tests::naokazuterada::underscores_asterisks_head_3 ... ok
[INFO] [stdout] test normalize::tests::naokazuterada::replace_chars_4 ... ok
[INFO] [stdout] test normalize::tests::naokazuterada::no_escape_in_code_with_links_4 ... ok
[INFO] [stdout] test normalize::tests::naokazuterada::underscores_asterisks_head_13 ... ok
[INFO] [stdout] test normalize::tests::naokazuterada::underscores_asterisks_head_11 ... ok
[INFO] [stdout] test normalize::tests::naokazuterada::underscores_asterisks_head_14 ... ok
[INFO] [stdout] test normalize::tests::naokazuterada::underscores_asterisks_head_15 ... ok
[INFO] [stdout] test normalize::tests::naokazuterada::replace_chars_3 ... ok
[INFO] [stdout] test normalize::tests::naokazuterada::underscores_asterisks_head_10 ... ok
[INFO] [stdout] test normalize::tests::naokazuterada::underscores_asterisks_head_1 ... ok
[INFO] [stdout] test normalize::tests::naokazuterada::replace_chars_2 ... ok
[INFO] [stdout] test normalize::tests::naokazuterada::no_escape_in_code_with_links_3 ... ok
[INFO] [stdout] test normalize::tests::naokazuterada::no_escape_in_code_with_links_2 ... ok
[INFO] [stdout] test normalize::tests::naokazuterada::underscores_asterisks_head_7 ... ok
[INFO] [stdout] test normalize::tests::naokazuterada::underscores_asterisks_head_12 ... ok
[INFO] [stdout] test normalize::tests::naokazuterada::underscores_asterisks_head_6 ... ok
[INFO] [stdout] test normalize::tests::naokazuterada::underscores_asterisks_head_9 ... ok
[INFO] [stdout] test normalize::tests::naokazuterada::underscores_asterisks_middle_14 ... ok
[INFO] [stdout] test normalize::tests::naokazuterada::underscores_asterisks_middle_12 ... ok
[INFO] [stdout] test normalize::tests::naokazuterada::underscores_asterisks_middle_11 ... ok
[INFO] [stdout] test normalize::tests::naokazuterada::underscores_asterisks_middle_13 ... ok
[INFO] [stdout] test normalize::tests::naokazuterada::underscores_asterisks_head_5 ... ok
[INFO] [stdout] test normalize::tests::naokazuterada::underscores_asterisks_middle_5 ... ok
[INFO] [stdout] test normalize::tests::naokazuterada::underscores_asterisks_middle_10 ... ok
[INFO] [stdout] test normalize::tests::naokazuterada::underscores_asterisks_middle_15 ... ok
[INFO] [stdout] test normalize::tests::naokazuterada::underscores_asterisks_head_4 ... ok
[INFO] [stdout] test normalize::tests::naokazuterada::underscores_asterisks_middle_4 ... ok
[INFO] [stdout] test normalize::tests::naokazuterada::underscores_asterisks_middle_1 ... ok
[INFO] [stdout] test normalize::tests::naokazuterada::underscores_asterisks_middle_3 ... ok
[INFO] [stdout] test normalize::tests::naokazuterada::underscores_asterisks_middle_6 ... ok
[INFO] [stdout] test normalize::tests::naokazuterada::underscores_asterisks_tail_12 ... ok
[INFO] [stdout] test normalize::tests::naokazuterada::underscores_asterisks_tail_15 ... ok
[INFO] [stdout] test normalize::tests::naokazuterada::underscores_asterisks_tail_13 ... ok
[INFO] [stdout] test normalize::tests::naokazuterada::underscores_asterisks_tail_4 ... ok
[INFO] [stdout] test normalize::tests::naokazuterada::underscores_asterisks_tail_3 ... ok
[INFO] [stdout] test normalize::tests::naokazuterada::underscores_asterisks_tail_10 ... ok
[INFO] [stdout] test normalize::tests::naokazuterada::underscores_asterisks_tail_11 ... ok
[INFO] [stdout] test normalize::tests::naokazuterada::underscores_asterisks_middle_7 ... ok
[INFO] [stdout] test normalize::tests::naokazuterada::underscores_asterisks_tail_14 ... ok
[INFO] [stdout] test normalize::tests::naokazuterada::underscores_asterisks_tail_6 ... ok
[INFO] [stdout] test normalize::tests::naokazuterada::underscores_asterisks_middle_9 ... ok
[INFO] [stdout] test normalize::tests::naokazuterada::underscores_asterisks_tail_1 ... ok
[INFO] [stdout] test normalize::tests::naokazuterada::underscores_asterisks_tail_9 ... ok
[INFO] [stdout] test normalize::tests::sebdah::drop_braces ... ok
[INFO] [stdout] test normalize::tests::naokazuterada::underscores_asterisks_tail_5 ... ok
[INFO] [stdout] test normalize::tests::sebdah::applies_lower_case ... ok
[INFO] [stdout] test normalize::tests::naokazuterada::underscores_asterisks_tail_7 ... ok
[INFO] [stdout] test normalize::tests::sebdah::drop_period ... ok
[INFO] [stdout] test normalize::tests::sebdah::drop_backslash ... ok
[INFO] [stdout] test normalize::tests::sebdah::drop_exclamation_mark ... ok
[INFO] [stdout] test normalize::tests::sebdah::drop_backtick ... ok
[INFO] [stdout] test normalize::tests::sebdah::drop_tilde ... ok
[INFO] [stdout] test normalize::tests::sebdah::drop_asterisk ... ok
[INFO] [stdout] test normalize::tests::sebdah::replace_space_with_dash ... ok
[INFO] [stdout] test normalize::tests::sebdah::drop_ampersand ... ok
[INFO] [stdout] test normalize::tests::sebdah::drop_at ... ok
[INFO] [stdout] test normalize::tests::sebdah::drop_circumflex ... ok
[INFO] [stdout] test normalize::tests::sebdah::drop_hash ... ok
[INFO] [stdout] test normalize::tests::sebdah::drop_parens ... ok
[INFO] [stdout] test normalize::tests::sebdah::drop_pipe ... ok
[INFO] [stdout] test normalize::tests::sebdah::drop_brackets ... ok
[INFO] [stdout] test normalize::tests::sebdah::drop_single_quote ... ok
[INFO] [stdout] test write::tests::formatter::asterisks ... ok
[INFO] [stdout] test normalize::tests::sebdah::drop_percent ... ok
[INFO] [stdout] test write::tests::markers::with_custom_begin_marker ... ok
[INFO] [stdout] test write::tests::headers::with_all_headers ... ok
[INFO] [stdout] test write::tests::markers::only_updates_first_toc_block ... ok
[INFO] [stdout] test write::tests::headers::only_level_two_headers ... ok
[INFO] [stdout] test write::tests::markers::with_custom_begin_and_end_markers ... ok
[INFO] [stdout] test write::tests::formatter::custom_impl ... ok
[INFO] [stdout] test write::tests::markers::skips_default_end_with_custom_end ... ok
[INFO] [stdout] test write::tests::formatter::numbered ... ok
[INFO] [stdout] test write::tests::markers::with_begin_marker ... ok
[INFO] [stdout] test write::tests::headers::repopulate_headers ... ok
[INFO] [stdout] test write::tests::markers::with_both_markers_squashed ... ok
[INFO] [stdout] test write::tests::markers::writes_document_without_begin_markers ... ok
[INFO] [stdout] test write::tests::markers::with_outdated_toc ... ok
[INFO] [stdout] test write::tests::markers::with_custom_end_marker_and_only_default_begin ... ok
[INFO] [stdout] test write::tests::markers::with_custom_begin_marker_and_default_end ... ok
[INFO] [stdout] test write::tests::markers::writes_document_without_markers ... ok
[INFO] [stdout] test write::tests::markers::with_custom_begin_and_end_markers_only_begin ... ok
[INFO] [stdout] test write::tests::markers::with_both_markers_vertical_space ... ok
[INFO] [stdout] test write::tests::markers::with_identical_toc ... ok
[INFO] [stdout] test write::tests::markers::with_custom_end_marker ... ok
[INFO] [stdout] 
[INFO] [stdout] test result: ok. 135 passed; 0 failed; 0 ignored; 0 measured; 0 filtered out; finished in 0.02s
[INFO] [stdout] 
[INFO] [stderr]      Running tests/version-numbers.rs (/opt/rustwide/target/debug/deps/version_numbers-b4439d6667538a65)
[INFO] [stdout] 
[INFO] [stdout] running 2 tests
[INFO] [stdout] test test_readme_deps ... ok
[INFO] [stdout] test test_html_root_url ... ok
[INFO] [stdout] 
[INFO] [stdout] test result: ok. 2 passed; 0 failed; 0 ignored; 0 measured; 0 filtered out; finished in 0.00s
[INFO] [stdout] 
[INFO] [stderr]    Doc-tests mtoc-parser
[INFO] [stdout] 
[INFO] [stdout] running 25 tests
[INFO] [stdout] test src/format.rs - format::Format (line 163) ... FAILED
[INFO] [stdout] test src/lib.rs - (line 44) ... FAILED
[INFO] [stdout] test src/lib.rs - (line 85) ... FAILED
[INFO] [stdout] test src/lib.rs - (line 99) ... FAILED
[INFO] [stdout] test src/write.rs - write::WriterBuilder (line 27) ... FAILED
[INFO] [stdout] test src/write.rs - write::WriterBuilder (line 46) ... FAILED
[INFO] [stdout] test src/write.rs - write::WriterBuilder<'a,'c,'d>::begin_marker (line 179) ... FAILED
[INFO] [stdout] test src/write.rs - write::WriterBuilder<'a,'c,'d>::end_marker (line 209) ... FAILED
[INFO] [stdout] test src/write.rs - write::WriterBuilder<'a,'c,'d>::formatter (line 93) ... FAILED
[INFO] [stdout] test src/write.rs - write::WriterBuilder<'a,'c,'d>::headers (line 142) ... FAILED
[INFO] [stdout] test src/header.rs - header::Header::into_anchor (line 145) ... FAILED
[INFO] [stdout] test src/header.rs - header::Header::title (line 103) ... ok
[INFO] [stdout] test src/header.rs - header::Header::demote (line 189) ... ok
[INFO] [stdout] test src/header.rs - header::Header::level (line 89) ... ok
[INFO] [stdout] test src/lib.rs - (line 149) ... ok
[INFO] [stdout] test src/header.rs - header::Header::promote (line 163) ... ok
[INFO] [stdout] test src/lib.rs - (line 181) ... ok
[INFO] [stdout] test src/lib.rs - (line 216) ... ok
[INFO] [stdout] test src/format.rs - format::Formatter (line 24) ... ok
[INFO] [stdout] test src/header.rs - header::headers (line 33) ... ok
[INFO] [stdout] test src/header.rs - header::Header::into_title (line 131) ... ok
[INFO] [stdout] test src/header.rs - header::Header::anchor (line 117) ... ok
[INFO] [stdout] test src/lib.rs - (line 125) ... ok
[INFO] [stdout] test src/lib.rs - (line 164) ... ok
[INFO] [stdout] test src/lib.rs - (line 198) ... ok
[INFO] [stdout] 
[INFO] [stdout] failures:
[INFO] [stdout] 
[INFO] [stdout] ---- src/format.rs - format::Format (line 163) stdout ----
[INFO] [stdout] Couldn't compile the test.
[INFO] [stdout] ---- src/lib.rs - (line 44) stdout ----
[INFO] [stdout] Couldn't compile the test.
[INFO] [stdout] ---- src/lib.rs - (line 85) stdout ----
[INFO] [stdout] Couldn't compile the test.
[INFO] [stdout] ---- src/lib.rs - (line 99) stdout ----
[INFO] [stdout] Couldn't compile the test.
[INFO] [stdout] ---- src/write.rs - write::WriterBuilder (line 27) stdout ----
[INFO] [stdout] Couldn't compile the test.
[INFO] [stdout] ---- src/write.rs - write::WriterBuilder (line 46) stdout ----
[INFO] [stdout] Couldn't compile the test.
[INFO] [stdout] ---- src/write.rs - write::WriterBuilder<'a,'c,'d>::begin_marker (line 179) stdout ----
[INFO] [stdout] Couldn't compile the test.
[INFO] [stdout] ---- src/write.rs - write::WriterBuilder<'a,'c,'d>::end_marker (line 209) stdout ----
[INFO] [stdout] Couldn't compile the test.
[INFO] [stdout] ---- src/write.rs - write::WriterBuilder<'a,'c,'d>::formatter (line 93) stdout ----
[INFO] [stdout] Couldn't compile the test.
[INFO] [stdout] ---- src/write.rs - write::WriterBuilder<'a,'c,'d>::headers (line 142) stdout ----
[INFO] [stdout] Couldn't compile the test.
[INFO] [stdout] ---- src/header.rs - header::Header::into_anchor (line 145) stdout ----
[INFO] [stdout] error: linking with `cc` failed: exit status: 1
[INFO] [stdout]   |
[INFO] [stdout]   = note: LC_ALL="C" PATH="/opt/rustwide/rustup-home/toolchains/beta-2023-04-20-x86_64-unknown-linux-gnu/lib/rustlib/x86_64-unknown-linux-gnu/bin:/opt/rustwide/cargo-home/bin:/usr/local/sbin:/usr/local/bin:/usr/sbin:/usr/bin:/sbin:/bin" VSLANG="1033" "cc" "-m64" "/tmp/rustcZR1TsG/symbols.o" "/tmp/rustdoctest3WR6ua/rust_out.rust_out.c38b68ff-cgu.0.rcgu.o" "/tmp/rustdoctest3WR6ua/rust_out.38a7fyhsvjn6z0qy.rcgu.o" "-Wl,--as-needed" "-L" "/opt/rustwide/target/debug/deps" "-L" "/opt/rustwide/target/debug/deps" "-L" "/opt/rustwide/target/debug/build/backtrace-sys-123c8e3a2dde5851/out" "-L" "/opt/rustwide/rustup-home/toolchains/beta-2023-04-20-x86_64-unknown-linux-gnu/lib/rustlib/x86_64-unknown-linux-gnu/lib" "-Wl,-Bstatic" "/opt/rustwide/target/debug/deps/libmtoc_parser-f7f25814a02b03c9.rlib" "/opt/rustwide/target/debug/deps/libregex-209d2b420ba812af.rlib" "/opt/rustwide/target/debug/deps/libregex_syntax-aa3bc731586da295.rlib" "/opt/rustwide/target/debug/deps/libthread_local-55a3adfc5a28a86e.rlib" "/opt/rustwide/target/debug/deps/liblazy_static-86422d76b8bd90ed.rlib" "/opt/rustwide/target/debug/deps/libaho_corasick-1f0a305a6fda8149.rlib" "/opt/rustwide/target/debug/deps/libpulldown_cmark-7a03444006adf68d.rlib" "/opt/rustwide/target/debug/deps/libmemchr-78368ee566dad470.rlib" "/opt/rustwide/target/debug/deps/libunicase-248c682dee123166.rlib" "/opt/rustwide/target/debug/deps/libbitflags-7be4177873cfe518.rlib" "/opt/rustwide/rustup-home/toolchains/beta-2023-04-20-x86_64-unknown-linux-gnu/lib/rustlib/x86_64-unknown-linux-gnu/lib/libstd-0e29cc23c5e02021.rlib" "/opt/rustwide/rustup-home/toolchains/beta-2023-04-20-x86_64-unknown-linux-gnu/lib/rustlib/x86_64-unknown-linux-gnu/lib/libpanic_unwind-d903621768a861d9.rlib" "/opt/rustwide/rustup-home/toolchains/beta-2023-04-20-x86_64-unknown-linux-gnu/lib/rustlib/x86_64-unknown-linux-gnu/lib/libobject-6d0225e655f31c13.rlib" "/opt/rustwide/rustup-home/toolchains/beta-2023-04-20-x86_64-unknown-linux-gnu/lib/rustlib/x86_64-unknown-linux-gnu/lib/libmemchr-9dbaf4eac7eaa079.rlib" "/opt/rustwide/rustup-home/toolchains/beta-2023-04-20-x86_64-unknown-linux-gnu/lib/rustlib/x86_64-unknown-linux-gnu/lib/libaddr2line-27f05b3d42a66dd0.rlib" "/opt/rustwide/rustup-home/toolchains/beta-2023-04-20-x86_64-unknown-linux-gnu/lib/rustlib/x86_64-unknown-linux-gnu/lib/libgimli-4d73f1030321c9a2.rlib" "/opt/rustwide/rustup-home/toolchains/beta-2023-04-20-x86_64-unknown-linux-gnu/lib/rustlib/x86_64-unknown-linux-gnu/lib/librustc_demangle-2846c9e58abd0acb.rlib" "/opt/rustwide/rustup-home/toolchains/beta-2023-04-20-x86_64-unknown-linux-gnu/lib/rustlib/x86_64-unknown-linux-gnu/lib/libstd_detect-a53d0f50415947be.rlib" "/opt/rustwide/rustup-home/toolchains/beta-2023-04-20-x86_64-unknown-linux-gnu/lib/rustlib/x86_64-unknown-linux-gnu/lib/libhashbrown-d48e4b6abc25b9dc.rlib" "/opt/rustwide/rustup-home/toolchains/beta-2023-04-20-x86_64-unknown-linux-gnu/lib/rustlib/x86_64-unknown-linux-gnu/lib/libminiz_oxide-2991859439ef1207.rlib" "/opt/rustwide/rustup-home/toolchains/beta-2023-04-20-x86_64-unknown-linux-gnu/lib/rustlib/x86_64-unknown-linux-gnu/lib/libadler-8a687517e4221bae.rlib" "/opt/rustwide/rustup-home/toolchains/beta-2023-04-20-x86_64-unknown-linux-gnu/lib/rustlib/x86_64-unknown-linux-gnu/lib/librustc_std_workspace_alloc-e07b554f6a67f5b3.rlib" "/opt/rustwide/rustup-home/toolchains/beta-2023-04-20-x86_64-unknown-linux-gnu/lib/rustlib/x86_64-unknown-linux-gnu/lib/libunwind-b68238b7c3c619dd.rlib" "/opt/rustwide/rustup-home/toolchains/beta-2023-04-20-x86_64-unknown-linux-gnu/lib/rustlib/x86_64-unknown-linux-gnu/lib/libcfg_if-d5e213e896c017e4.rlib" "/opt/rustwide/rustup-home/toolchains/beta-2023-04-20-x86_64-unknown-linux-gnu/lib/rustlib/x86_64-unknown-linux-gnu/lib/liblibc-0211a3b2e61d8689.rlib" "/opt/rustwide/rustup-home/toolchains/beta-2023-04-20-x86_64-unknown-linux-gnu/lib/rustlib/x86_64-unknown-linux-gnu/lib/liballoc-b371f055239ba51f.rlib" "/opt/rustwide/rustup-home/toolchains/beta-2023-04-20-x86_64-unknown-linux-gnu/lib/rustlib/x86_64-unknown-linux-gnu/lib/librustc_std_workspace_core-e60518d2760eb01e.rlib" "/opt/rustwide/rustup-home/toolchains/beta-2023-04-20-x86_64-unknown-linux-gnu/lib/rustlib/x86_64-unknown-linux-gnu/lib/libcore-1ad943f92a4b1081.rlib" "/opt/rustwide/rustup-home/toolchains/beta-2023-04-20-x86_64-unknown-linux-gnu/lib/rustlib/x86_64-unknown-linux-gnu/lib/libcompiler_builtins-f0d6e4d0fc1e80b4.rlib" "-Wl,-Bdynamic" "-lgcc_s" "-lutil" "-lrt" "-lpthread" "-lm" "-ldl" "-lc" "-Wl,--eh-frame-hdr" "-Wl,-z,noexecstack" "-L" "/opt/rustwide/rustup-home/toolchains/beta-2023-04-20-x86_64-unknown-linux-gnu/lib/rustlib/x86_64-unknown-linux-gnu/lib" "-o" "/tmp/rustdoctest3WR6ua/rust_out" "-Wl,--gc-sections" "-pie" "-Wl,-z,relro,-z,now" "-nodefaultlibs"
[INFO] [stdout]   = note: collect2: fatal error: ld terminated with signal 9 [Killed]
[INFO] [stdout]           compilation terminated.
[INFO] [stdout]           
[INFO] [stdout] 
[INFO] [stdout] error: aborting due to previous error
[INFO] [stdout] 
[INFO] [stdout] Couldn't compile the test.
[INFO] [stdout] 
[INFO] [stdout] failures:
[INFO] [stdout]     src/format.rs - format::Format (line 163)
[INFO] [stdout]     src/header.rs - header::Header::into_anchor (line 145)
[INFO] [stdout]     src/lib.rs - (line 44)
[INFO] [stdout]     src/lib.rs - (line 85)
[INFO] [stdout]     src/lib.rs - (line 99)
[INFO] [stdout]     src/write.rs - write::WriterBuilder (line 27)
[INFO] [stdout]     src/write.rs - write::WriterBuilder (line 46)
[INFO] [stdout]     src/write.rs - write::WriterBuilder<'a,'c,'d>::begin_marker (line 179)
[INFO] [stdout]     src/write.rs - write::WriterBuilder<'a,'c,'d>::end_marker (line 209)
[INFO] [stdout]     src/write.rs - write::WriterBuilder<'a,'c,'d>::formatter (line 93)
[INFO] [stdout]     src/write.rs - write::WriterBuilder<'a,'c,'d>::headers (line 142)
[INFO] [stdout] 
[INFO] [stdout] test result: FAILED. 14 passed; 11 failed; 0 ignored; 0 measured; 0 filtered out; finished in 9.53s
[INFO] [stdout] 
[INFO] [stderr] error: doctest failed, to rerun pass `-p mtoc-parser --doc`
[INFO] running `Command { std: "docker" "inspect" "db6a7b7812f44c80ab10bcb469427fd9408622fdc907a035ab9d7f9a9324b83d", kill_on_drop: false }`
[INFO] running `Command { std: "docker" "rm" "-f" "db6a7b7812f44c80ab10bcb469427fd9408622fdc907a035ab9d7f9a9324b83d", kill_on_drop: false }`
[INFO] [stdout] db6a7b7812f44c80ab10bcb469427fd9408622fdc907a035ab9d7f9a9324b83d
