[INFO] cloning repository https://github.com/flatcar-linux/update-ssh-keys
[INFO] running `Command { std: "git" "-c" "credential.helper=" "-c" "credential.helper=/workspace/cargo-home/bin/git-credential-null" "clone" "--bare" "https://github.com/flatcar-linux/update-ssh-keys" "/workspace/cache/git-repos/https%3A%2F%2Fgithub.com%2Fflatcar-linux%2Fupdate-ssh-keys", kill_on_drop: false }`
[INFO] [stderr] Cloning into bare repository '/workspace/cache/git-repos/https%3A%2F%2Fgithub.com%2Fflatcar-linux%2Fupdate-ssh-keys'...
[INFO] running `Command { std: "git" "rev-parse" "HEAD", kill_on_drop: false }`
[INFO] [stdout] fd2490edf05579f81bc587bcce2279e596bd6ddd
[INFO] [stderr] warning: refname 'HEAD' is ambiguous.
[INFO] testing flatcar-linux/update-ssh-keys against beta-2023-04-20 for beta-1.70-1
[INFO] running `Command { std: "git" "clone" "/workspace/cache/git-repos/https%3A%2F%2Fgithub.com%2Fflatcar-linux%2Fupdate-ssh-keys" "/workspace/builds/worker-7-tc2/source", kill_on_drop: false }`
[INFO] [stderr] Cloning into '/workspace/builds/worker-7-tc2/source'...
[INFO] [stderr] done.
[INFO] validating manifest of git repo https://github.com/flatcar-linux/update-ssh-keys on toolchain beta-2023-04-20
[INFO] running `Command { std: CARGO_HOME="/workspace/cargo-home" RUSTUP_HOME="/workspace/rustup-home" "/workspace/cargo-home/bin/cargo" "+beta-2023-04-20" "metadata" "--manifest-path" "Cargo.toml" "--no-deps", kill_on_drop: false }`
[INFO] started tweaking git repo https://github.com/flatcar-linux/update-ssh-keys
[INFO] finished tweaking git repo https://github.com/flatcar-linux/update-ssh-keys
[INFO] tweaked toml for git repo https://github.com/flatcar-linux/update-ssh-keys written to /workspace/builds/worker-7-tc2/source/Cargo.toml
[INFO] crate git repo https://github.com/flatcar-linux/update-ssh-keys already has a lockfile, it will not be regenerated
[INFO] running `Command { std: CARGO_HOME="/workspace/cargo-home" RUSTUP_HOME="/workspace/rustup-home" "/workspace/cargo-home/bin/cargo" "+beta-2023-04-20" "fetch" "--manifest-path" "Cargo.toml", kill_on_drop: false }`
[INFO] running `Command { std: "docker" "create" "-v" "/var/lib/crater-agent-workspace/builds/worker-7-tc2/target:/opt/rustwide/target:rw,Z" "-v" "/var/lib/crater-agent-workspace/builds/worker-7-tc2/source:/opt/rustwide/workdir:ro,Z" "-v" "/var/lib/crater-agent-workspace/cargo-home:/opt/rustwide/cargo-home:ro,Z" "-v" "/var/lib/crater-agent-workspace/rustup-home:/opt/rustwide/rustup-home:ro,Z" "-e" "SOURCE_DIR=/opt/rustwide/workdir" "-e" "CARGO_TARGET_DIR=/opt/rustwide/target" "-e" "CARGO_HOME=/opt/rustwide/cargo-home" "-e" "RUSTUP_HOME=/opt/rustwide/rustup-home" "-w" "/opt/rustwide/workdir" "-m" "1610612736" "--user" "0:0" "--network" "none" "ghcr.io/rust-lang/crates-build-env/linux@sha256:5ff2268d62e97bff2cde7d5815dd6ed5b47097566f13b8d0ca110b04b60e07ed" "/opt/rustwide/cargo-home/bin/cargo" "+beta-2023-04-20" "metadata" "--no-deps" "--format-version=1", kill_on_drop: false }`
[INFO] [stdout] ee06b9e52631d52f3078198a7ea3882ebcbe44e3e40300758ac4a1cc9c7d67b2
[INFO] running `Command { std: "docker" "start" "-a" "ee06b9e52631d52f3078198a7ea3882ebcbe44e3e40300758ac4a1cc9c7d67b2", kill_on_drop: false }`
[INFO] running `Command { std: "docker" "inspect" "ee06b9e52631d52f3078198a7ea3882ebcbe44e3e40300758ac4a1cc9c7d67b2", kill_on_drop: false }`
[INFO] running `Command { std: "docker" "rm" "-f" "ee06b9e52631d52f3078198a7ea3882ebcbe44e3e40300758ac4a1cc9c7d67b2", kill_on_drop: false }`
[INFO] [stdout] ee06b9e52631d52f3078198a7ea3882ebcbe44e3e40300758ac4a1cc9c7d67b2
[INFO] running `Command { std: "docker" "create" "-v" "/var/lib/crater-agent-workspace/builds/worker-7-tc2/target:/opt/rustwide/target:rw,Z" "-v" "/var/lib/crater-agent-workspace/builds/worker-7-tc2/source:/opt/rustwide/workdir:ro,Z" "-v" "/var/lib/crater-agent-workspace/cargo-home:/opt/rustwide/cargo-home:ro,Z" "-v" "/var/lib/crater-agent-workspace/rustup-home:/opt/rustwide/rustup-home:ro,Z" "-e" "SOURCE_DIR=/opt/rustwide/workdir" "-e" "CARGO_TARGET_DIR=/opt/rustwide/target" "-e" "CARGO_INCREMENTAL=0" "-e" "RUST_BACKTRACE=full" "-e" "RUSTFLAGS=--cap-lints=warn" "-e" "RUSTDOCFLAGS=--cap-lints=warn" "-e" "CARGO_HOME=/opt/rustwide/cargo-home" "-e" "RUSTUP_HOME=/opt/rustwide/rustup-home" "-w" "/opt/rustwide/workdir" "-m" "1610612736" "--user" "0:0" "--network" "none" "ghcr.io/rust-lang/crates-build-env/linux@sha256:5ff2268d62e97bff2cde7d5815dd6ed5b47097566f13b8d0ca110b04b60e07ed" "/opt/rustwide/cargo-home/bin/cargo" "+beta-2023-04-20" "build" "--frozen" "--message-format=json", kill_on_drop: false }`
[INFO] [stdout] 4c18e5df84302600fe65fa4fee92efe5c90b27c157590417771f89ad6aba62ce
[INFO] running `Command { std: "docker" "start" "-a" "4c18e5df84302600fe65fa4fee92efe5c90b27c157590417771f89ad6aba62ce", kill_on_drop: false }`
[INFO] [stderr]    Compiling version_check v0.9.4
[INFO] [stderr]    Compiling typenum v1.15.0
[INFO] [stderr]    Compiling proc-macro2 v1.0.47
[INFO] [stderr]    Compiling quote v1.0.21
[INFO] [stderr]    Compiling unicode-ident v1.0.5
[INFO] [stderr]    Compiling libc v0.2.137
[INFO] [stderr]    Compiling syn v1.0.103
[INFO] [stderr]    Compiling thiserror v1.0.37
[INFO] [stderr]    Compiling unicode-width v0.1.10
[INFO] [stderr]    Compiling cfg-if v1.0.0
[INFO] [stderr]    Compiling cpufeatures v0.2.5
[INFO] [stderr]    Compiling ansi_term v0.12.1
[INFO] [stderr]    Compiling strsim v0.8.0
[INFO] [stderr]    Compiling bitflags v1.3.2
[INFO] [stderr]    Compiling byteorder v1.4.3
[INFO] [stderr]    Compiling base64 v0.13.1
[INFO] [stderr]    Compiling vec_map v0.8.2
[INFO] [stderr]    Compiling textwrap v0.11.0
[INFO] [stderr]    Compiling generic-array v0.14.6
[INFO] [stderr]    Compiling error-chain v0.12.4
[INFO] [stderr]    Compiling atty v0.2.14
[INFO] [stderr]    Compiling users v0.9.1
[INFO] [stderr]    Compiling fs2 v0.4.3
[INFO] [stderr]    Compiling clap v2.34.0
[INFO] [stderr]    Compiling crypto-common v0.1.6
[INFO] [stderr]    Compiling block-buffer v0.10.3
[INFO] [stderr]    Compiling digest v0.10.5
[INFO] [stderr]    Compiling md-5 v0.10.5
[INFO] [stderr]    Compiling sha2 v0.10.6
[INFO] [stderr]    Compiling thiserror-impl v1.0.37
[INFO] [stderr]    Compiling openssh-keys v0.5.1-alpha.0 (https://github.com/pothos/openssh-keys?branch=add-sk-keys#66e22959)
[INFO] [stderr]    Compiling update-ssh-keys v0.4.2-alpha.0 (/opt/rustwide/workdir)
[INFO] [stderr]     Finished dev [unoptimized + debuginfo] target(s) in 4.79s
[INFO] running `Command { std: "docker" "inspect" "4c18e5df84302600fe65fa4fee92efe5c90b27c157590417771f89ad6aba62ce", kill_on_drop: false }`
[INFO] running `Command { std: "docker" "rm" "-f" "4c18e5df84302600fe65fa4fee92efe5c90b27c157590417771f89ad6aba62ce", kill_on_drop: false }`
[INFO] [stdout] 4c18e5df84302600fe65fa4fee92efe5c90b27c157590417771f89ad6aba62ce
[INFO] running `Command { std: "docker" "create" "-v" "/var/lib/crater-agent-workspace/builds/worker-7-tc2/target:/opt/rustwide/target:rw,Z" "-v" "/var/lib/crater-agent-workspace/builds/worker-7-tc2/source:/opt/rustwide/workdir:ro,Z" "-v" "/var/lib/crater-agent-workspace/cargo-home:/opt/rustwide/cargo-home:ro,Z" "-v" "/var/lib/crater-agent-workspace/rustup-home:/opt/rustwide/rustup-home:ro,Z" "-e" "SOURCE_DIR=/opt/rustwide/workdir" "-e" "CARGO_TARGET_DIR=/opt/rustwide/target" "-e" "CARGO_INCREMENTAL=0" "-e" "RUST_BACKTRACE=full" "-e" "RUSTFLAGS=--cap-lints=warn" "-e" "RUSTDOCFLAGS=--cap-lints=warn" "-e" "CARGO_HOME=/opt/rustwide/cargo-home" "-e" "RUSTUP_HOME=/opt/rustwide/rustup-home" "-w" "/opt/rustwide/workdir" "-m" "1610612736" "--user" "0:0" "--network" "none" "ghcr.io/rust-lang/crates-build-env/linux@sha256:5ff2268d62e97bff2cde7d5815dd6ed5b47097566f13b8d0ca110b04b60e07ed" "/opt/rustwide/cargo-home/bin/cargo" "+beta-2023-04-20" "test" "--frozen" "--no-run" "--message-format=json", kill_on_drop: false }`
[INFO] [stdout] cab3b850f095119e11796bcf141818f6803a457f83d324cabe06213372511831
[INFO] running `Command { std: "docker" "start" "-a" "cab3b850f095119e11796bcf141818f6803a457f83d324cabe06213372511831", kill_on_drop: false }`
[INFO] [stderr]    Compiling update-ssh-keys v0.4.2-alpha.0 (/opt/rustwide/workdir)
[INFO] [stderr]     Finished test [unoptimized + debuginfo] target(s) in 0.34s
[INFO] running `Command { std: "docker" "inspect" "cab3b850f095119e11796bcf141818f6803a457f83d324cabe06213372511831", kill_on_drop: false }`
[INFO] running `Command { std: "docker" "rm" "-f" "cab3b850f095119e11796bcf141818f6803a457f83d324cabe06213372511831", kill_on_drop: false }`
[INFO] [stdout] cab3b850f095119e11796bcf141818f6803a457f83d324cabe06213372511831
[INFO] running `Command { std: "docker" "create" "-v" "/var/lib/crater-agent-workspace/builds/worker-7-tc2/target:/opt/rustwide/target:rw,Z" "-v" "/var/lib/crater-agent-workspace/builds/worker-7-tc2/source:/opt/rustwide/workdir:ro,Z" "-v" "/var/lib/crater-agent-workspace/cargo-home:/opt/rustwide/cargo-home:ro,Z" "-v" "/var/lib/crater-agent-workspace/rustup-home:/opt/rustwide/rustup-home:ro,Z" "-e" "SOURCE_DIR=/opt/rustwide/workdir" "-e" "CARGO_TARGET_DIR=/opt/rustwide/target" "-e" "CARGO_INCREMENTAL=0" "-e" "RUST_BACKTRACE=full" "-e" "RUSTFLAGS=--cap-lints=warn" "-e" "RUSTDOCFLAGS=--cap-lints=warn" "-e" "CARGO_HOME=/opt/rustwide/cargo-home" "-e" "RUSTUP_HOME=/opt/rustwide/rustup-home" "-w" "/opt/rustwide/workdir" "-m" "1610612736" "--user" "0:0" "--network" "none" "ghcr.io/rust-lang/crates-build-env/linux@sha256:5ff2268d62e97bff2cde7d5815dd6ed5b47097566f13b8d0ca110b04b60e07ed" "/opt/rustwide/cargo-home/bin/cargo" "+beta-2023-04-20" "test" "--frozen", kill_on_drop: false }`
[INFO] [stdout] c7421a6cda66c3dd0e408906808ed15ba6f111bdca13ecd9b3ed6def59311891
[INFO] running `Command { std: "docker" "start" "-a" "c7421a6cda66c3dd0e408906808ed15ba6f111bdca13ecd9b3ed6def59311891", kill_on_drop: false }`
[INFO] [stderr]     Finished test [unoptimized + debuginfo] target(s) in 0.02s
[INFO] [stderr]      Running unittests src/lib.rs (/opt/rustwide/target/debug/deps/update_ssh_keys-baab9333d68cfac6)
[INFO] [stdout] 
[INFO] [stdout] running 0 tests
[INFO] [stdout] 
[INFO] [stdout] test result: ok. 0 passed; 0 failed; 0 ignored; 0 measured; 0 filtered out; finished in 0.00s
[INFO] [stdout] 
[INFO] [stderr]      Running unittests src/main.rs (/opt/rustwide/target/debug/deps/update_ssh_keys-e9e930a1214f1ffc)
[INFO] [stdout] 
[INFO] [stdout] running 0 tests
[INFO] [stdout] 
[INFO] [stdout] test result: ok. 0 passed; 0 failed; 0 ignored; 0 measured; 0 filtered out; finished in 0.00s
[INFO] [stdout] 
[INFO] [stderr]      Running tests/compat_python.rs (/opt/rustwide/target/debug/deps/compat_python-bd7e1c09d48152ae)
[INFO] [stdout] 
[INFO] [stdout] running 1 test
[INFO] [stdout] test test_compat_python_suite ... FAILED
[INFO] [stdout] 
[INFO] [stdout] failures:
[INFO] [stdout] 
[INFO] [stdout] ---- test_compat_python_suite stdout ----
[INFO] [stdout] thread 'test_compat_python_suite' panicked at '
[INFO] [stdout] stdout: 
[INFO] [stdout] stderr: EEEEEEEEEEEEE
[INFO] [stdout] ======================================================================
[INFO] [stdout] ERROR: test_add_bad (__main__.UpdateSshKeysTestCase)
[INFO] [stdout] ----------------------------------------------------------------------
[INFO] [stdout] Traceback (most recent call last):
[INFO] [stdout]   File "/opt/rustwide/workdir/tests/test_update_ssh_keys.py", line 230, in test_add_bad
[INFO] [stdout]     self.test_add_one_file()
[INFO] [stdout]   File "/opt/rustwide/workdir/tests/test_update_ssh_keys.py", line 125, in test_add_one_file
[INFO] [stdout]     proc = self.run_script('-a', 'one', self.pub_files['valid1'])
[INFO] [stdout]   File "/opt/rustwide/workdir/tests/test_update_ssh_keys.py", line 92, in run_script
[INFO] [stdout]     **kwargs)
[INFO] [stdout]   File "/usr/lib/python2.7/subprocess.py", line 394, in __init__
[INFO] [stdout]     errread, errwrite)
[INFO] [stdout]   File "/usr/lib/python2.7/subprocess.py", line 1047, in _execute_child
[INFO] [stdout]     raise child_exception
[INFO] [stdout] OSError: [Errno 2] No such file or directory
[INFO] [stdout] 
[INFO] [stdout] ======================================================================
[INFO] [stdout] ERROR: test_add_one_file (__main__.UpdateSshKeysTestCase)
[INFO] [stdout] ----------------------------------------------------------------------
[INFO] [stdout] Traceback (most recent call last):
[INFO] [stdout]   File "/opt/rustwide/workdir/tests/test_update_ssh_keys.py", line 125, in test_add_one_file
[INFO] [stdout]     proc = self.run_script('-a', 'one', self.pub_files['valid1'])
[INFO] [stdout]   File "/opt/rustwide/workdir/tests/test_update_ssh_keys.py", line 92, in run_script
[INFO] [stdout]     **kwargs)
[INFO] [stdout]   File "/usr/lib/python2.7/subprocess.py", line 394, in __init__
[INFO] [stdout]     errread, errwrite)
[INFO] [stdout]   File "/usr/lib/python2.7/subprocess.py", line 1047, in _execute_child
[INFO] [stdout]     raise child_exception
[INFO] [stdout] OSError: [Errno 2] No such file or directory
[INFO] [stdout] 
[INFO] [stdout] ======================================================================
[INFO] [stdout] ERROR: test_add_one_stdin (__main__.UpdateSshKeysTestCase)
[INFO] [stdout] ----------------------------------------------------------------------
[INFO] [stdout] Traceback (most recent call last):
[INFO] [stdout]   File "/opt/rustwide/workdir/tests/test_update_ssh_keys.py", line 137, in test_add_one_stdin
[INFO] [stdout]     proc = self.run_script('-a', 'one', stdin=subprocess.PIPE)
[INFO] [stdout]   File "/opt/rustwide/workdir/tests/test_update_ssh_keys.py", line 92, in run_script
[INFO] [stdout]     **kwargs)
[INFO] [stdout]   File "/usr/lib/python2.7/subprocess.py", line 394, in __init__
[INFO] [stdout]     errread, errwrite)
[INFO] [stdout]   File "/usr/lib/python2.7/subprocess.py", line 1047, in _execute_child
[INFO] [stdout]     raise child_exception
[INFO] [stdout] OSError: [Errno 2] No such file or directory
[INFO] [stdout] 
[INFO] [stdout] ======================================================================
[INFO] [stdout] ERROR: test_add_two (__main__.UpdateSshKeysTestCase)
[INFO] [stdout] ----------------------------------------------------------------------
[INFO] [stdout] Traceback (most recent call last):
[INFO] [stdout]   File "/opt/rustwide/workdir/tests/test_update_ssh_keys.py", line 174, in test_add_two
[INFO] [stdout]     self.test_add_one_file()
[INFO] [stdout]   File "/opt/rustwide/workdir/tests/test_update_ssh_keys.py", line 125, in test_add_one_file
[INFO] [stdout]     proc = self.run_script('-a', 'one', self.pub_files['valid1'])
[INFO] [stdout]   File "/opt/rustwide/workdir/tests/test_update_ssh_keys.py", line 92, in run_script
[INFO] [stdout]     **kwargs)
[INFO] [stdout]   File "/usr/lib/python2.7/subprocess.py", line 394, in __init__
[INFO] [stdout]     errread, errwrite)
[INFO] [stdout]   File "/usr/lib/python2.7/subprocess.py", line 1047, in _execute_child
[INFO] [stdout]     raise child_exception
[INFO] [stdout] OSError: [Errno 2] No such file or directory
[INFO] [stdout] 
[INFO] [stdout] ======================================================================
[INFO] [stdout] ERROR: test_del_one (__main__.UpdateSshKeysTestCase)
[INFO] [stdout] ----------------------------------------------------------------------
[INFO] [stdout] Traceback (most recent call last):
[INFO] [stdout]   File "/opt/rustwide/workdir/tests/test_update_ssh_keys.py", line 183, in test_del_one
[INFO] [stdout]     self.test_add_one_file()
[INFO] [stdout]   File "/opt/rustwide/workdir/tests/test_update_ssh_keys.py", line 125, in test_add_one_file
[INFO] [stdout]     proc = self.run_script('-a', 'one', self.pub_files['valid1'])
[INFO] [stdout]   File "/opt/rustwide/workdir/tests/test_update_ssh_keys.py", line 92, in run_script
[INFO] [stdout]     **kwargs)
[INFO] [stdout]   File "/usr/lib/python2.7/subprocess.py", line 394, in __init__
[INFO] [stdout]     errread, errwrite)
[INFO] [stdout]   File "/usr/lib/python2.7/subprocess.py", line 1047, in _execute_child
[INFO] [stdout]     raise child_exception
[INFO] [stdout] OSError: [Errno 2] No such file or directory
[INFO] [stdout] 
[INFO] [stdout] ======================================================================
[INFO] [stdout] ERROR: test_del_two (__main__.UpdateSshKeysTestCase)
[INFO] [stdout] ----------------------------------------------------------------------
[INFO] [stdout] Traceback (most recent call last):
[INFO] [stdout]   File "/opt/rustwide/workdir/tests/test_update_ssh_keys.py", line 195, in test_del_two
[INFO] [stdout]     self.test_add_two()
[INFO] [stdout]   File "/opt/rustwide/workdir/tests/test_update_ssh_keys.py", line 174, in test_add_two
[INFO] [stdout]     self.test_add_one_file()
[INFO] [stdout]   File "/opt/rustwide/workdir/tests/test_update_ssh_keys.py", line 125, in test_add_one_file
[INFO] [stdout]     proc = self.run_script('-a', 'one', self.pub_files['valid1'])
[INFO] [stdout]   File "/opt/rustwide/workdir/tests/test_update_ssh_keys.py", line 92, in run_script
[INFO] [stdout]     **kwargs)
[INFO] [stdout]   File "/usr/lib/python2.7/subprocess.py", line 394, in __init__
[INFO] [stdout]     errread, errwrite)
[INFO] [stdout]   File "/usr/lib/python2.7/subprocess.py", line 1047, in _execute_child
[INFO] [stdout]     raise child_exception
[INFO] [stdout] OSError: [Errno 2] No such file or directory
[INFO] [stdout] 
[INFO] [stdout] ======================================================================
[INFO] [stdout] ERROR: test_disable (__main__.UpdateSshKeysTestCase)
[INFO] [stdout] ----------------------------------------------------------------------
[INFO] [stdout] Traceback (most recent call last):
[INFO] [stdout]   File "/opt/rustwide/workdir/tests/test_update_ssh_keys.py", line 204, in test_disable
[INFO] [stdout]     self.test_add_two()
[INFO] [stdout]   File "/opt/rustwide/workdir/tests/test_update_ssh_keys.py", line 174, in test_add_two
[INFO] [stdout]     self.test_add_one_file()
[INFO] [stdout]   File "/opt/rustwide/workdir/tests/test_update_ssh_keys.py", line 125, in test_add_one_file
[INFO] [stdout]     proc = self.run_script('-a', 'one', self.pub_files['valid1'])
[INFO] [stdout]   File "/opt/rustwide/workdir/tests/test_update_ssh_keys.py", line 92, in run_script
[INFO] [stdout]     **kwargs)
[INFO] [stdout]   File "/usr/lib/python2.7/subprocess.py", line 394, in __init__
[INFO] [stdout]     errread, errwrite)
[INFO] [stdout]   File "/usr/lib/python2.7/subprocess.py", line 1047, in _execute_child
[INFO] [stdout]     raise child_exception
[INFO] [stdout] OSError: [Errno 2] No such file or directory
[INFO] [stdout] 
[INFO] [stdout] ======================================================================
[INFO] [stdout] ERROR: test_enable (__main__.UpdateSshKeysTestCase)
[INFO] [stdout] ----------------------------------------------------------------------
[INFO] [stdout] Traceback (most recent call last):
[INFO] [stdout]   File "/opt/rustwide/workdir/tests/test_update_ssh_keys.py", line 221, in test_enable
[INFO] [stdout]     self.test_disable()
[INFO] [stdout]   File "/opt/rustwide/workdir/tests/test_update_ssh_keys.py", line 204, in test_disable
[INFO] [stdout]     self.test_add_two()
[INFO] [stdout]   File "/opt/rustwide/workdir/tests/test_update_ssh_keys.py", line 174, in test_add_two
[INFO] [stdout]     self.test_add_one_file()
[INFO] [stdout]   File "/opt/rustwide/workdir/tests/test_update_ssh_keys.py", line 125, in test_add_one_file
[INFO] [stdout]     proc = self.run_script('-a', 'one', self.pub_files['valid1'])
[INFO] [stdout]   File "/opt/rustwide/workdir/tests/test_update_ssh_keys.py", line 92, in run_script
[INFO] [stdout]     **kwargs)
[INFO] [stdout]   File "/usr/lib/python2.7/subprocess.py", line 394, in __init__
[INFO] [stdout]     errread, errwrite)
[INFO] [stdout]   File "/usr/lib/python2.7/subprocess.py", line 1047, in _execute_child
[INFO] [stdout]     raise child_exception
[INFO] [stdout] OSError: [Errno 2] No such file or directory
[INFO] [stdout] 
[INFO] [stdout] ======================================================================
[INFO] [stdout] ERROR: test_first_run (__main__.UpdateSshKeysTestCase)
[INFO] [stdout] ----------------------------------------------------------------------
[INFO] [stdout] Traceback (most recent call last):
[INFO] [stdout]   File "/opt/rustwide/workdir/tests/test_update_ssh_keys.py", line 115, in test_first_run
[INFO] [stdout]     proc = self.run_script()
[INFO] [stdout]   File "/opt/rustwide/workdir/tests/test_update_ssh_keys.py", line 92, in run_script
[INFO] [stdout]     **kwargs)
[INFO] [stdout]   File "/usr/lib/python2.7/subprocess.py", line 394, in __init__
[INFO] [stdout]     errread, errwrite)
[INFO] [stdout]   File "/usr/lib/python2.7/subprocess.py", line 1047, in _execute_child
[INFO] [stdout]     raise child_exception
[INFO] [stdout] OSError: [Errno 2] No such file or directory
[INFO] [stdout] 
[INFO] [stdout] ======================================================================
[INFO] [stdout] ERROR: test_no_keys (__main__.UpdateSshKeysTestCase)
[INFO] [stdout] ----------------------------------------------------------------------
[INFO] [stdout] Traceback (most recent call last):
[INFO] [stdout]   File "/opt/rustwide/workdir/tests/test_update_ssh_keys.py", line 102, in test_no_keys
[INFO] [stdout]     proc = self.run_script()
[INFO] [stdout]   File "/opt/rustwide/workdir/tests/test_update_ssh_keys.py", line 92, in run_script
[INFO] [stdout]     **kwargs)
[INFO] [stdout]   File "/usr/lib/python2.7/subprocess.py", line 394, in __init__
[INFO] [stdout]     errread, errwrite)
[INFO] [stdout]   File "/usr/lib/python2.7/subprocess.py", line 1047, in _execute_child
[INFO] [stdout]     raise child_exception
[INFO] [stdout] OSError: [Errno 2] No such file or directory
[INFO] [stdout] 
[INFO] [stdout] ======================================================================
[INFO] [stdout] ERROR: test_no_replace (__main__.UpdateSshKeysTestCase)
[INFO] [stdout] ----------------------------------------------------------------------
[INFO] [stdout] Traceback (most recent call last):
[INFO] [stdout]   File "/opt/rustwide/workdir/tests/test_update_ssh_keys.py", line 158, in test_no_replace
[INFO] [stdout]     self.test_add_one_file()
[INFO] [stdout]   File "/opt/rustwide/workdir/tests/test_update_ssh_keys.py", line 125, in test_add_one_file
[INFO] [stdout]     proc = self.run_script('-a', 'one', self.pub_files['valid1'])
[INFO] [stdout]   File "/opt/rustwide/workdir/tests/test_update_ssh_keys.py", line 92, in run_script
[INFO] [stdout]     **kwargs)
[INFO] [stdout]   File "/usr/lib/python2.7/subprocess.py", line 394, in __init__
[INFO] [stdout]     errread, errwrite)
[INFO] [stdout]   File "/usr/lib/python2.7/subprocess.py", line 1047, in _execute_child
[INFO] [stdout]     raise child_exception
[INFO] [stdout] OSError: [Errno 2] No such file or directory
[INFO] [stdout] 
[INFO] [stdout] ======================================================================
[INFO] [stdout] ERROR: test_replace_one (__main__.UpdateSshKeysTestCase)
[INFO] [stdout] ----------------------------------------------------------------------
[INFO] [stdout] Traceback (most recent call last):
[INFO] [stdout]   File "/opt/rustwide/workdir/tests/test_update_ssh_keys.py", line 149, in test_replace_one
[INFO] [stdout]     self.test_add_one_file()
[INFO] [stdout]   File "/opt/rustwide/workdir/tests/test_update_ssh_keys.py", line 125, in test_add_one_file
[INFO] [stdout]     proc = self.run_script('-a', 'one', self.pub_files['valid1'])
[INFO] [stdout]   File "/opt/rustwide/workdir/tests/test_update_ssh_keys.py", line 92, in run_script
[INFO] [stdout]     **kwargs)
[INFO] [stdout]   File "/usr/lib/python2.7/subprocess.py", line 394, in __init__
[INFO] [stdout]     errread, errwrite)
[INFO] [stdout]   File "/usr/lib/python2.7/subprocess.py", line 1047, in _execute_child
[INFO] [stdout]     raise child_exception
[INFO] [stdout] OSError: [Errno 2] No such file or directory
[INFO] [stdout] 
[INFO] [stdout] ======================================================================
[INFO] [stdout] ERROR: test_usage (__main__.UpdateSshKeysTestCase)
[INFO] [stdout] ----------------------------------------------------------------------
[INFO] [stdout] Traceback (most recent call last):
[INFO] [stdout]   File "/opt/rustwide/workdir/tests/test_update_ssh_keys.py", line 95, in test_usage
[INFO] [stdout]     proc = self.run_script('-h')
[INFO] [stdout]   File "/opt/rustwide/workdir/tests/test_update_ssh_keys.py", line 92, in run_script
[INFO] [stdout]     **kwargs)
[INFO] [stdout]   File "/usr/lib/python2.7/subprocess.py", line 394, in __init__
[INFO] [stdout]     errread, errwrite)
[INFO] [stdout]   File "/usr/lib/python2.7/subprocess.py", line 1047, in _execute_child
[INFO] [stdout]     raise child_exception
[INFO] [stdout] OSError: [Errno 2] No such file or directory
[INFO] [stdout] 
[INFO] [stdout] ----------------------------------------------------------------------
[INFO] [stdout] Ran 13 tests in 0.027s
[INFO] [stdout] 
[INFO] [stdout] FAILED (errors=13)
[INFO] [stdout] ', tests/compat_python.rs:14:9
[INFO] [stdout] stack backtrace:
[INFO] [stdout]    0:     0x561f212a8e3a - std::backtrace_rs::backtrace::libunwind::trace::h2f05d0192276a8f6
[INFO] [stdout]                                at /rustc/1b7dd2252b99671ce5d1cb9664c5f8636329436d/library/std/src/../../backtrace/src/backtrace/libunwind.rs:93:5
[INFO] [stdout]    1:     0x561f212a8e3a - std::backtrace_rs::backtrace::trace_unsynchronized::hedc23dff7a1af150
[INFO] [stdout]                                at /rustc/1b7dd2252b99671ce5d1cb9664c5f8636329436d/library/std/src/../../backtrace/src/backtrace/mod.rs:66:5
[INFO] [stdout]    2:     0x561f212a8e3a - std::sys_common::backtrace::_print_fmt::h17541ef7592f3ce2
[INFO] [stdout]                                at /rustc/1b7dd2252b99671ce5d1cb9664c5f8636329436d/library/std/src/sys_common/backtrace.rs:65:5
[INFO] [stdout]    3:     0x561f212a8e3a - <std::sys_common::backtrace::_print::DisplayBacktrace as core::fmt::Display>::fmt::h20f75df5ab0c0792
[INFO] [stdout]                                at /rustc/1b7dd2252b99671ce5d1cb9664c5f8636329436d/library/std/src/sys_common/backtrace.rs:44:22
[INFO] [stdout]    4:     0x561f212cca8f - core::fmt::write::h78109e6f466b3af6
[INFO] [stdout]                                at /rustc/1b7dd2252b99671ce5d1cb9664c5f8636329436d/library/core/src/fmt/mod.rs:1254:17
[INFO] [stdout]    5:     0x561f212a6035 - std::io::Write::write_fmt::hd24bfb68a1b35a25
[INFO] [stdout]                                at /rustc/1b7dd2252b99671ce5d1cb9664c5f8636329436d/library/std/src/io/mod.rs:1698:15
[INFO] [stdout]    6:     0x561f212a8c05 - std::sys_common::backtrace::_print::h8dac57a9f8fbf9a5
[INFO] [stdout]                                at /rustc/1b7dd2252b99671ce5d1cb9664c5f8636329436d/library/std/src/sys_common/backtrace.rs:47:5
[INFO] [stdout]    7:     0x561f212a8c05 - std::sys_common::backtrace::print::hf9ecbf41d1aa712f
[INFO] [stdout]                                at /rustc/1b7dd2252b99671ce5d1cb9664c5f8636329436d/library/std/src/sys_common/backtrace.rs:34:9
[INFO] [stdout]    8:     0x561f212aa8be - std::panicking::default_hook::{{closure}}::h04c07acfc84ca028
[INFO] [stdout]                                at /rustc/1b7dd2252b99671ce5d1cb9664c5f8636329436d/library/std/src/panicking.rs:269:22
[INFO] [stdout]    9:     0x561f212aa5f1 - std::panicking::default_hook::h01f6bb23e1eceb2c
[INFO] [stdout]                                at /rustc/1b7dd2252b99671ce5d1cb9664c5f8636329436d/library/std/src/panicking.rs:285:9
[INFO] [stdout]   10:     0x561f2127de3b - <alloc::boxed::Box<F,A> as core::ops::function::Fn<Args>>::call::h87fe9f7b2fd49e4c
[INFO] [stdout]                                at /rustc/1b7dd2252b99671ce5d1cb9664c5f8636329436d/library/alloc/src/boxed.rs:1987:9
[INFO] [stdout]   11:     0x561f2127de3b - test::test_main::{{closure}}::he94d679243a7531b
[INFO] [stdout]                                at /rustc/1b7dd2252b99671ce5d1cb9664c5f8636329436d/library/test/src/lib.rs:134:21
[INFO] [stdout]   12:     0x561f212aafa4 - <alloc::boxed::Box<F,A> as core::ops::function::Fn<Args>>::call::h3f2d6d8b14c4769f
[INFO] [stdout]                                at /rustc/1b7dd2252b99671ce5d1cb9664c5f8636329436d/library/alloc/src/boxed.rs:1987:9
[INFO] [stdout]   13:     0x561f212aafa4 - std::panicking::rust_panic_with_hook::h2bb3722bbaf2f6df
[INFO] [stdout]                                at /rustc/1b7dd2252b99671ce5d1cb9664c5f8636329436d/library/std/src/panicking.rs:695:13
[INFO] [stdout]   14:     0x561f212aad19 - std::panicking::begin_panic_handler::{{closure}}::h91bc7f36a4be011b
[INFO] [stdout]                                at /rustc/1b7dd2252b99671ce5d1cb9664c5f8636329436d/library/std/src/panicking.rs:582:13
[INFO] [stdout]   15:     0x561f212a92a6 - std::sys_common::backtrace::__rust_end_short_backtrace::h8b3d3717114f9e59
[INFO] [stdout]                                at /rustc/1b7dd2252b99671ce5d1cb9664c5f8636329436d/library/std/src/sys_common/backtrace.rs:150:18
[INFO] [stdout]   16:     0x561f212aaa72 - rust_begin_unwind
[INFO] [stdout]                                at /rustc/1b7dd2252b99671ce5d1cb9664c5f8636329436d/library/std/src/panicking.rs:578:5
[INFO] [stdout]   17:     0x561f21244b93 - core::panicking::panic_fmt::hfd368e3fbdabea26
[INFO] [stdout]                                at /rustc/1b7dd2252b99671ce5d1cb9664c5f8636329436d/library/core/src/panicking.rs:67:14
[INFO] [stdout]   18:     0x561f212474a9 - compat_python::test_compat_python_suite::h1b06cc66e96a9b1e
[INFO] [stdout]                                at /opt/rustwide/workdir/tests/compat_python.rs:14:9
[INFO] [stdout]   19:     0x561f21247067 - compat_python::test_compat_python_suite::{{closure}}::he6d73210cd765bf8
[INFO] [stdout]                                at /opt/rustwide/workdir/tests/compat_python.rs:7:31
[INFO] [stdout]   20:     0x561f21248e15 - core::ops::function::FnOnce::call_once::h2c0501cf3d3902a4
[INFO] [stdout]                                at /rustc/1b7dd2252b99671ce5d1cb9664c5f8636329436d/library/core/src/ops/function.rs:250:5
[INFO] [stdout]   21:     0x561f21282d0f - core::ops::function::FnOnce::call_once::ha6a70e79f7481a7e
[INFO] [stdout]                                at /rustc/1b7dd2252b99671ce5d1cb9664c5f8636329436d/library/core/src/ops/function.rs:250:5
[INFO] [stdout]   22:     0x561f21282d0f - test::__rust_begin_short_backtrace::hce33033019b61e69
[INFO] [stdout]                                at /rustc/1b7dd2252b99671ce5d1cb9664c5f8636329436d/library/test/src/lib.rs:655:18
[INFO] [stdout]   23:     0x561f212504fc - test::run_test::{{closure}}::h858d3528838ae3e5
[INFO] [stdout]                                at /rustc/1b7dd2252b99671ce5d1cb9664c5f8636329436d/library/test/src/lib.rs:646:30
[INFO] [stdout]   24:     0x561f212504fc - core::ops::function::FnOnce::call_once{{vtable.shim}}::he8ac2b00f01ae79e
[INFO] [stdout]                                at /rustc/1b7dd2252b99671ce5d1cb9664c5f8636329436d/library/core/src/ops/function.rs:250:5
[INFO] [stdout]   25:     0x561f21281de6 - <alloc::boxed::Box<F,A> as core::ops::function::FnOnce<Args>>::call_once::h8093d25b522725ef
[INFO] [stdout]                                at /rustc/1b7dd2252b99671ce5d1cb9664c5f8636329436d/library/alloc/src/boxed.rs:1973:9
[INFO] [stdout]   26:     0x561f21281de6 - <core::panic::unwind_safe::AssertUnwindSafe<F> as core::ops::function::FnOnce<()>>::call_once::h5c334c204e4a3913
[INFO] [stdout]                                at /rustc/1b7dd2252b99671ce5d1cb9664c5f8636329436d/library/core/src/panic/unwind_safe.rs:271:9
[INFO] [stdout]   27:     0x561f21281de6 - std::panicking::try::do_call::ha8b740c7b9478074
[INFO] [stdout]                                at /rustc/1b7dd2252b99671ce5d1cb9664c5f8636329436d/library/std/src/panicking.rs:485:40
[INFO] [stdout]   28:     0x561f21281de6 - std::panicking::try::h5d34f63d0e41b64e
[INFO] [stdout]                                at /rustc/1b7dd2252b99671ce5d1cb9664c5f8636329436d/library/std/src/panicking.rs:449:19
[INFO] [stdout]   29:     0x561f21281de6 - std::panic::catch_unwind::hcfbb511e1aa7fc67
[INFO] [stdout]                                at /rustc/1b7dd2252b99671ce5d1cb9664c5f8636329436d/library/std/src/panic.rs:140:14
[INFO] [stdout]   30:     0x561f21281de6 - test::run_test_in_process::h9abda90f802eaf21
[INFO] [stdout]                                at /rustc/1b7dd2252b99671ce5d1cb9664c5f8636329436d/library/test/src/lib.rs:678:27
[INFO] [stdout]   31:     0x561f21281de6 - test::run_test::run_test_inner::{{closure}}::h0f058de91f6c6edf
[INFO] [stdout]                                at /rustc/1b7dd2252b99671ce5d1cb9664c5f8636329436d/library/test/src/lib.rs:572:39
[INFO] [stdout]   32:     0x561f2124ad05 - test::run_test::run_test_inner::{{closure}}::h5ca48a4c59c6c1fb
[INFO] [stdout]                                at /rustc/1b7dd2252b99671ce5d1cb9664c5f8636329436d/library/test/src/lib.rs:599:37
[INFO] [stdout]   33:     0x561f2124ad05 - std::sys_common::backtrace::__rust_begin_short_backtrace::h32bd51e1495d4a33
[INFO] [stdout]                                at /rustc/1b7dd2252b99671ce5d1cb9664c5f8636329436d/library/std/src/sys_common/backtrace.rs:134:18
[INFO] [stdout]   34:     0x561f21250241 - std::thread::Builder::spawn_unchecked_::{{closure}}::{{closure}}::hc086fae9b128b2db
[INFO] [stdout]                                at /rustc/1b7dd2252b99671ce5d1cb9664c5f8636329436d/library/std/src/thread/mod.rs:526:17
[INFO] [stdout]   35:     0x561f21250241 - <core::panic::unwind_safe::AssertUnwindSafe<F> as core::ops::function::FnOnce<()>>::call_once::hb66571888d270d43
[INFO] [stdout]                                at /rustc/1b7dd2252b99671ce5d1cb9664c5f8636329436d/library/core/src/panic/unwind_safe.rs:271:9
[INFO] [stdout]   36:     0x561f21250241 - std::panicking::try::do_call::h4fa2ef4f6e51fecf
[INFO] [stdout]                                at /rustc/1b7dd2252b99671ce5d1cb9664c5f8636329436d/library/std/src/panicking.rs:485:40
[INFO] [stdout]   37:     0x561f21250241 - std::panicking::try::h1e9e22b8584489b5
[INFO] [stdout]                                at /rustc/1b7dd2252b99671ce5d1cb9664c5f8636329436d/library/std/src/panicking.rs:449:19
[INFO] [stdout]   38:     0x561f21250241 - std::panic::catch_unwind::h44698a3de0e0769e
[INFO] [stdout]                                at /rustc/1b7dd2252b99671ce5d1cb9664c5f8636329436d/library/std/src/panic.rs:140:14
[INFO] [stderr] error: test failed, to rerun pass `--test compat_python`
[INFO] [stdout]   39:     0x561f21250241 - std::thread::Builder::spawn_unchecked_::{{closure}}::h50153abde3fe239e
[INFO] [stdout]                                at /rustc/1b7dd2252b99671ce5d1cb9664c5f8636329436d/library/std/src/thread/mod.rs:525:30
[INFO] [stdout]   40:     0x561f21250241 - core::ops::function::FnOnce::call_once{{vtable.shim}}::hbe5bbf6f38394364
[INFO] [stdout]                                at /rustc/1b7dd2252b99671ce5d1cb9664c5f8636329436d/library/core/src/ops/function.rs:250:5
[INFO] [stdout]   41:     0x561f212af475 - <alloc::boxed::Box<F,A> as core::ops::function::FnOnce<Args>>::call_once::h0d83cb2920a49046
[INFO] [stdout]                                at /rustc/1b7dd2252b99671ce5d1cb9664c5f8636329436d/library/alloc/src/boxed.rs:1973:9
[INFO] [stdout]   42:     0x561f212af475 - <alloc::boxed::Box<F,A> as core::ops::function::FnOnce<Args>>::call_once::hbe0a008aa7d9ef59
[INFO] [stdout]                                at /rustc/1b7dd2252b99671ce5d1cb9664c5f8636329436d/library/alloc/src/boxed.rs:1973:9
[INFO] [stdout]   43:     0x561f212af475 - std::sys::unix::thread::Thread::new::thread_start::h3a466996bdf6b1f9
[INFO] [stdout]                                at /rustc/1b7dd2252b99671ce5d1cb9664c5f8636329436d/library/std/src/sys/unix/thread.rs:108:17
[INFO] [stdout]   44:     0x7f0a75d85b43 - <unknown>
[INFO] [stdout]   45:     0x7f0a75e16bb4 - __clone
[INFO] [stdout]   46:                0x0 - <unknown>
[INFO] [stdout] 
[INFO] [stdout] 
[INFO] [stdout] failures:
[INFO] [stdout]     test_compat_python_suite
[INFO] [stdout] 
[INFO] [stdout] test result: FAILED. 0 passed; 1 failed; 0 ignored; 0 measured; 0 filtered out; finished in 0.06s
[INFO] [stdout] 
[INFO] running `Command { std: "docker" "inspect" "c7421a6cda66c3dd0e408906808ed15ba6f111bdca13ecd9b3ed6def59311891", kill_on_drop: false }`
[INFO] running `Command { std: "docker" "rm" "-f" "c7421a6cda66c3dd0e408906808ed15ba6f111bdca13ecd9b3ed6def59311891", kill_on_drop: false }`
[INFO] [stdout] c7421a6cda66c3dd0e408906808ed15ba6f111bdca13ecd9b3ed6def59311891
