[INFO] cloning repository https://github.com/fin-ger/rust-ovgu-canteen
[INFO] running `Command { std: "git" "-c" "credential.helper=" "-c" "credential.helper=/workspace/cargo-home/bin/git-credential-null" "clone" "--bare" "https://github.com/fin-ger/rust-ovgu-canteen" "/workspace/cache/git-repos/https%3A%2F%2Fgithub.com%2Ffin-ger%2Frust-ovgu-canteen", kill_on_drop: false }`
[INFO] [stderr] Cloning into bare repository '/workspace/cache/git-repos/https%3A%2F%2Fgithub.com%2Ffin-ger%2Frust-ovgu-canteen'...
[INFO] running `Command { std: "git" "rev-parse" "HEAD", kill_on_drop: false }`
[INFO] [stdout] afba2842e7424195a2decede6e36b99d13f0f8e1
[INFO] testing fin-ger/rust-ovgu-canteen against beta-2023-04-20 for beta-1.70-1
[INFO] running `Command { std: "git" "clone" "/workspace/cache/git-repos/https%3A%2F%2Fgithub.com%2Ffin-ger%2Frust-ovgu-canteen" "/workspace/builds/worker-3-tc2/source", kill_on_drop: false }`
[INFO] [stderr] Cloning into '/workspace/builds/worker-3-tc2/source'...
[INFO] [stderr] done.
[INFO] validating manifest of git repo https://github.com/fin-ger/rust-ovgu-canteen on toolchain beta-2023-04-20
[INFO] running `Command { std: CARGO_HOME="/workspace/cargo-home" RUSTUP_HOME="/workspace/rustup-home" "/workspace/cargo-home/bin/cargo" "+beta-2023-04-20" "metadata" "--manifest-path" "Cargo.toml" "--no-deps", kill_on_drop: false }`
[INFO] started tweaking git repo https://github.com/fin-ger/rust-ovgu-canteen
[INFO] finished tweaking git repo https://github.com/fin-ger/rust-ovgu-canteen
[INFO] tweaked toml for git repo https://github.com/fin-ger/rust-ovgu-canteen written to /workspace/builds/worker-3-tc2/source/Cargo.toml
[INFO] running `Command { std: CARGO_HOME="/workspace/cargo-home" RUSTUP_HOME="/workspace/rustup-home" __CARGO_TEST_CHANNEL_OVERRIDE_DO_NOT_USE_THIS="nightly" "/workspace/cargo-home/bin/cargo" "+beta-2023-04-20" "generate-lockfile" "--manifest-path" "Cargo.toml" "-Zno-index-update", kill_on_drop: false }`
[INFO] [stderr]     Blocking waiting for file lock on package cache
[INFO] running `Command { std: CARGO_HOME="/workspace/cargo-home" RUSTUP_HOME="/workspace/rustup-home" "/workspace/cargo-home/bin/cargo" "+beta-2023-04-20" "fetch" "--manifest-path" "Cargo.toml", kill_on_drop: false }`
[INFO] [stderr]  Downloading crates ...
[INFO] [stderr]   Downloaded cssparser v0.25.9
[INFO] [stderr]   Downloaded cssparser-macros v0.3.6
[INFO] [stderr]   Downloaded selectors v0.21.0
[INFO] [stderr]   Downloaded procedural-masquerade v0.1.7
[INFO] [stderr]   Downloaded scraper v0.11.0
[INFO] running `Command { std: "docker" "create" "-v" "/var/lib/crater-agent-workspace/builds/worker-3-tc2/target:/opt/rustwide/target:rw,Z" "-v" "/var/lib/crater-agent-workspace/builds/worker-3-tc2/source:/opt/rustwide/workdir:ro,Z" "-v" "/var/lib/crater-agent-workspace/cargo-home:/opt/rustwide/cargo-home:ro,Z" "-v" "/var/lib/crater-agent-workspace/rustup-home:/opt/rustwide/rustup-home:ro,Z" "-e" "SOURCE_DIR=/opt/rustwide/workdir" "-e" "CARGO_TARGET_DIR=/opt/rustwide/target" "-e" "CARGO_HOME=/opt/rustwide/cargo-home" "-e" "RUSTUP_HOME=/opt/rustwide/rustup-home" "-w" "/opt/rustwide/workdir" "-m" "1610612736" "--user" "0:0" "--network" "none" "ghcr.io/rust-lang/crates-build-env/linux@sha256:5ff2268d62e97bff2cde7d5815dd6ed5b47097566f13b8d0ca110b04b60e07ed" "/opt/rustwide/cargo-home/bin/cargo" "+beta-2023-04-20" "metadata" "--no-deps" "--format-version=1", kill_on_drop: false }`
[INFO] [stdout] ec12ca1058cd7918cbe280794dac3ef61948c7e1988921410077412b87a7b718
[INFO] running `Command { std: "docker" "start" "-a" "ec12ca1058cd7918cbe280794dac3ef61948c7e1988921410077412b87a7b718", kill_on_drop: false }`
[INFO] running `Command { std: "docker" "inspect" "ec12ca1058cd7918cbe280794dac3ef61948c7e1988921410077412b87a7b718", kill_on_drop: false }`
[INFO] running `Command { std: "docker" "rm" "-f" "ec12ca1058cd7918cbe280794dac3ef61948c7e1988921410077412b87a7b718", kill_on_drop: false }`
[INFO] [stdout] ec12ca1058cd7918cbe280794dac3ef61948c7e1988921410077412b87a7b718
[INFO] running `Command { std: "docker" "create" "-v" "/var/lib/crater-agent-workspace/builds/worker-3-tc2/target:/opt/rustwide/target:rw,Z" "-v" "/var/lib/crater-agent-workspace/builds/worker-3-tc2/source:/opt/rustwide/workdir:ro,Z" "-v" "/var/lib/crater-agent-workspace/cargo-home:/opt/rustwide/cargo-home:ro,Z" "-v" "/var/lib/crater-agent-workspace/rustup-home:/opt/rustwide/rustup-home:ro,Z" "-e" "SOURCE_DIR=/opt/rustwide/workdir" "-e" "CARGO_TARGET_DIR=/opt/rustwide/target" "-e" "CARGO_INCREMENTAL=0" "-e" "RUST_BACKTRACE=full" "-e" "RUSTFLAGS=--cap-lints=warn" "-e" "RUSTDOCFLAGS=--cap-lints=warn" "-e" "CARGO_HOME=/opt/rustwide/cargo-home" "-e" "RUSTUP_HOME=/opt/rustwide/rustup-home" "-w" "/opt/rustwide/workdir" "-m" "1610612736" "--user" "0:0" "--network" "none" "ghcr.io/rust-lang/crates-build-env/linux@sha256:5ff2268d62e97bff2cde7d5815dd6ed5b47097566f13b8d0ca110b04b60e07ed" "/opt/rustwide/cargo-home/bin/cargo" "+beta-2023-04-20" "build" "--frozen" "--message-format=json", kill_on_drop: false }`
[INFO] [stdout] e20a54c1e6f49eda905f24812229283a23279976c622fbd36d31e603582e595b
[INFO] running `Command { std: "docker" "start" "-a" "e20a54c1e6f49eda905f24812229283a23279976c622fbd36d31e603582e595b", kill_on_drop: false }`
[INFO] [stderr]    Compiling autocfg v1.1.0
[INFO] [stderr]    Compiling proc-macro2 v1.0.56
[INFO] [stderr]    Compiling unicode-ident v1.0.8
[INFO] [stderr]    Compiling quote v1.0.26
[INFO] [stderr]    Compiling libc v0.2.142
[INFO] [stderr]    Compiling rand_core v0.4.2
[INFO] [stderr]    Compiling syn v1.0.109
[INFO] [stderr]    Compiling siphasher v0.2.3
[INFO] [stderr]    Compiling rand_core v0.3.1
[INFO] [stderr]    Compiling log v0.4.17
[INFO] [stderr]    Compiling autocfg v0.1.8
[INFO] [stderr]    Compiling rand_xorshift v0.1.1
[INFO] [stderr]    Compiling rand_isaac v0.1.1
[INFO] [stderr]    Compiling rand_hc v0.1.0
[INFO] [stderr]    Compiling phf_shared v0.7.24
[INFO] [stderr]    Compiling rand_jitter v0.1.4
[INFO] [stderr]    Compiling rand_chacha v0.1.1
[INFO] [stderr]    Compiling rand_pcg v0.1.2
[INFO] [stderr]    Compiling rand v0.6.5
[INFO] [stderr]    Compiling memchr v2.5.0
[INFO] [stderr]    Compiling slab v0.4.8
[INFO] [stderr]    Compiling cc v1.0.79
[INFO] [stderr]    Compiling futures-core v0.3.28
[INFO] [stderr]    Compiling serde_derive v1.0.160
[INFO] [stderr]    Compiling itoa v1.0.6
[INFO] [stderr]    Compiling serde v1.0.160
[INFO] [stderr]    Compiling syn v2.0.15
[INFO] [stderr]    Compiling string_cache_shared v0.3.0
[INFO] [stderr]    Compiling pkg-config v0.3.26
[INFO] [stderr]    Compiling once_cell v1.17.1
[INFO] [stderr]    Compiling rand_os v0.1.3
[INFO] [stderr]    Compiling iovec v0.1.4
[INFO] [stderr]    Compiling net2 v0.2.38
[INFO] [stderr]    Compiling pin-project-lite v0.2.9
[INFO] [stderr]    Compiling fnv v1.0.7
[INFO] [stderr]    Compiling futures-sink v0.3.28
[INFO] [stderr]    Compiling futures-task v0.3.28
[INFO] [stderr]    Compiling futures-channel v0.3.28
[INFO] [stderr]    Compiling openssl-sys v0.9.87
[INFO] [stderr]    Compiling mio v0.6.23
[INFO] [stderr]    Compiling futures-util v0.3.28
[INFO] [stderr]    Compiling bytes v0.5.6
[INFO] [stderr]    Compiling serde_json v1.0.96
[INFO] [stderr]    Compiling phf_generator v0.7.24
[INFO] [stderr]    Compiling phf_codegen v0.7.24
[INFO] [stderr]    Compiling string_cache_codegen v0.4.4
[INFO] [stderr]    Compiling mio-uds v0.6.8
[INFO] [stderr]    Compiling num_cpus v1.15.0
[INFO] [stderr]    Compiling signal-hook-registry v1.4.1
[INFO] [stderr]    Compiling bitflags v1.3.2
[INFO] [stderr]    Compiling ryu v1.0.13
[INFO] [stderr]    Compiling pin-project-lite v0.1.12
[INFO] [stderr]    Compiling pin-utils v0.1.0
[INFO] [stderr]    Compiling new_debug_unreachable v1.0.4
[INFO] [stderr]    Compiling futures-io v0.3.28
[INFO] [stderr]    Compiling string_cache v0.7.5
[INFO] [stderr]    Compiling tracing-core v0.1.30
[INFO] [stderr]    Compiling phf v0.7.24
[INFO] [stderr]    Compiling indexmap v1.9.3
[INFO] [stderr]    Compiling bytes v1.4.0
[INFO] [stderr]    Compiling foreign-types-shared v0.1.1
[INFO] [stderr]    Compiling openssl v0.10.52
[INFO] [stderr]    Compiling precomputed-hash v0.1.1
[INFO] [stderr]    Compiling mac v0.1.1
[INFO] [stderr]    Compiling itoa v0.4.8
[INFO] [stderr]    Compiling futf v0.1.5
[INFO] [stderr]    Compiling foreign-types v0.3.2
[INFO] [stderr]    Compiling tracing v0.1.37
[INFO] [stderr]    Compiling num-traits v0.2.15
[INFO] [stderr]    Compiling http v0.2.9
[INFO] [stderr]    Compiling hashbrown v0.12.3
[INFO] [stderr]    Compiling dtoa v0.4.8
[INFO] [stderr]    Compiling utf-8 v0.7.6
[INFO] [stderr]    Compiling httparse v1.8.0
[INFO] [stderr]    Compiling native-tls v0.2.11
[INFO] [stderr]    Compiling procedural-masquerade v0.1.7
[INFO] [stderr]    Compiling dtoa-short v0.3.3
[INFO] [stderr]    Compiling tendril v0.4.3
[INFO] [stderr]    Compiling smallvec v0.6.14
[INFO] [stderr]    Compiling selectors v0.21.0
[INFO] [stderr]    Compiling backtrace v0.3.67
[INFO] [stderr]    Compiling num-integer v0.1.45
[INFO] [stderr]    Compiling gimli v0.27.2
[INFO] [stderr]    Compiling unicode-xid v0.2.4
[INFO] [stderr]    Compiling adler v1.0.2
[INFO] [stderr]    Compiling matches v0.1.10
[INFO] [stderr]    Compiling openssl-probe v0.1.5
[INFO] [stderr]    Compiling stable_deref_trait v1.2.0
[INFO] [stderr]    Compiling futures-macro v0.3.28
[INFO] [stderr]    Compiling openssl-macros v0.1.1
[INFO] [stderr]    Compiling failure_derive v0.1.8
[INFO] [stderr]    Compiling try-lock v0.2.4
[INFO] [stderr]    Compiling nodrop v0.1.14
[INFO] [stderr]    Compiling want v0.3.0
[INFO] [stderr]    Compiling servo_arc v0.1.1
[INFO] [stderr]    Compiling fxhash v0.2.1
[INFO] [stderr]    Compiling miniz_oxide v0.6.2
[INFO] [stderr]    Compiling synstructure v0.12.6
[INFO] [stderr]    Compiling http-body v0.3.1
[INFO] [stderr]    Compiling socket2 v0.3.19
[INFO] [stderr]    Compiling object v0.30.3
[INFO] [stderr]    Compiling rustc-demangle v0.1.23
[INFO] [stderr]    Compiling addr2line v0.19.0
[INFO] [stderr]    Compiling tokio-macros v0.2.6
[INFO] [stderr]    Compiling pin-project-internal v1.0.12
[INFO] [stderr]    Compiling cssparser v0.25.9
[INFO] [stderr]    Compiling html5ever v0.24.1
[INFO] [stderr]    Compiling tokio v0.2.25
[INFO] [stderr]    Compiling pin-project v1.0.12
[INFO] [stderr]    Compiling cssparser-macros v0.3.6
[INFO] [stderr]    Compiling tracing-futures v0.2.5
[INFO] [stderr]    Compiling tower-service v0.3.2
[INFO] [stderr]    Compiling httpdate v0.3.2
[INFO] [stderr]    Compiling unicode-width v0.1.10
[INFO] [stderr]    Compiling thin-slice v0.1.1
[INFO] [stderr]    Compiling getopts v0.2.21
[INFO] [stderr]    Compiling futures-executor v0.3.28
[INFO] [stderr]    Compiling tokio-util v0.3.1
[INFO] [stderr]    Compiling tokio-tls v0.3.1
[INFO] [stderr]    Compiling time v0.1.45
[INFO] [stderr]    Compiling h2 v0.2.7
[INFO] [stderr]    Compiling iana-time-zone v0.1.56
[INFO] [stderr]    Compiling ego-tree v0.6.2
[INFO] [stderr]    Compiling derive_more v0.99.17
[INFO] [stderr]    Compiling failure v0.1.8
[INFO] [stderr]    Compiling futures v0.3.28
[INFO] [stderr]    Compiling chrono v0.4.24
[INFO] [stderr]    Compiling markup5ever v0.9.0
[INFO] [stderr]    Compiling hyper v0.13.10
[INFO] [stderr]    Compiling scraper v0.11.0
[INFO] [stderr]    Compiling hyper-tls v0.4.3
[INFO] [stderr]    Compiling ovgu-canteen v0.4.3-alpha.0 (/opt/rustwide/workdir)
[INFO] [stderr]     Finished dev [unoptimized + debuginfo] target(s) in 40.91s
[INFO] [stderr] warning: the following packages contain code that will be rejected by a future version of Rust: html5ever v0.24.1
[INFO] [stderr] note: to see what the problems were, use the option `--future-incompat-report`, or run `cargo report future-incompatibilities --id 2`
[INFO] running `Command { std: "docker" "inspect" "e20a54c1e6f49eda905f24812229283a23279976c622fbd36d31e603582e595b", kill_on_drop: false }`
[INFO] running `Command { std: "docker" "rm" "-f" "e20a54c1e6f49eda905f24812229283a23279976c622fbd36d31e603582e595b", kill_on_drop: false }`
[INFO] [stdout] e20a54c1e6f49eda905f24812229283a23279976c622fbd36d31e603582e595b
[INFO] running `Command { std: "docker" "create" "-v" "/var/lib/crater-agent-workspace/builds/worker-3-tc2/target:/opt/rustwide/target:rw,Z" "-v" "/var/lib/crater-agent-workspace/builds/worker-3-tc2/source:/opt/rustwide/workdir:ro,Z" "-v" "/var/lib/crater-agent-workspace/cargo-home:/opt/rustwide/cargo-home:ro,Z" "-v" "/var/lib/crater-agent-workspace/rustup-home:/opt/rustwide/rustup-home:ro,Z" "-e" "SOURCE_DIR=/opt/rustwide/workdir" "-e" "CARGO_TARGET_DIR=/opt/rustwide/target" "-e" "CARGO_INCREMENTAL=0" "-e" "RUST_BACKTRACE=full" "-e" "RUSTFLAGS=--cap-lints=warn" "-e" "RUSTDOCFLAGS=--cap-lints=warn" "-e" "CARGO_HOME=/opt/rustwide/cargo-home" "-e" "RUSTUP_HOME=/opt/rustwide/rustup-home" "-w" "/opt/rustwide/workdir" "-m" "1610612736" "--user" "0:0" "--network" "none" "ghcr.io/rust-lang/crates-build-env/linux@sha256:5ff2268d62e97bff2cde7d5815dd6ed5b47097566f13b8d0ca110b04b60e07ed" "/opt/rustwide/cargo-home/bin/cargo" "+beta-2023-04-20" "test" "--frozen" "--no-run" "--message-format=json", kill_on_drop: false }`
[INFO] [stdout] 5ba585f2d9111165717a2f3331c759dab7bdf0c1f05df043c85977ddc00692f6
[INFO] running `Command { std: "docker" "start" "-a" "5ba585f2d9111165717a2f3331c759dab7bdf0c1f05df043c85977ddc00692f6", kill_on_drop: false }`
[INFO] [stderr]    Compiling autocfg v1.1.0
[INFO] [stderr]    Compiling proc-macro2 v1.0.56
[INFO] [stderr]    Compiling quote v1.0.26
[INFO] [stderr]    Compiling unicode-ident v1.0.8
[INFO] [stderr]    Compiling libc v0.2.142
[INFO] [stderr]    Compiling rand_core v0.4.2
[INFO] [stderr]    Compiling syn v1.0.109
[INFO] [stderr]    Compiling cfg-if v1.0.0
[INFO] [stderr]    Compiling log v0.4.17
[INFO] [stderr]    Compiling autocfg v0.1.8
[INFO] [stderr]    Compiling rand_core v0.3.1
[INFO] [stderr]    Compiling rand_xorshift v0.1.1
[INFO] [stderr]    Compiling rand_hc v0.1.0
[INFO] [stderr]    Compiling rand_isaac v0.1.1
[INFO] [stderr]    Compiling rand_pcg v0.1.2
[INFO] [stderr]    Compiling rand_chacha v0.1.1
[INFO] [stderr]    Compiling rand v0.6.5
[INFO] [stderr]    Compiling rand_jitter v0.1.4
[INFO] [stderr]    Compiling siphasher v0.2.3
[INFO] [stderr]    Compiling phf_shared v0.7.24
[INFO] [stderr]    Compiling memchr v2.5.0
[INFO] [stderr]    Compiling syn v2.0.15
[INFO] [stderr]    Compiling slab v0.4.8
[INFO] [stderr]    Compiling serde_derive v1.0.160
[INFO] [stderr]    Compiling cc v1.0.79
[INFO] [stderr]    Compiling serde v1.0.160
[INFO] [stderr]    Compiling rand_os v0.1.3
[INFO] [stderr]    Compiling futures-core v0.3.28
[INFO] [stderr]    Compiling lazy_static v1.4.0
[INFO] [stderr]    Compiling pkg-config v0.3.26
[INFO] [stderr]    Compiling once_cell v1.17.1
[INFO] [stderr]    Compiling phf_generator v0.7.24
[INFO] [stderr]    Compiling phf_codegen v0.7.24
[INFO] [stderr]    Compiling serde_json v1.0.96
[INFO] [stderr]    Compiling string_cache_shared v0.3.0
[INFO] [stderr]    Compiling cfg-if v0.1.10
[INFO] [stderr]    Compiling string_cache_codegen v0.4.4
[INFO] [stderr]    Compiling openssl-sys v0.9.87
[INFO] [stderr]    Compiling net2 v0.2.38
[INFO] [stderr]    Compiling iovec v0.1.4
[INFO] [stderr]    Compiling futures-sink v0.3.28
[INFO] [stderr]    Compiling futures-channel v0.3.28
[INFO] [stderr]    Compiling futures-task v0.3.28
[INFO] [stderr]    Compiling pin-project-lite v0.2.9
[INFO] [stderr]    Compiling fnv v1.0.7
[INFO] [stderr]    Compiling mio v0.6.23
[INFO] [stderr]    Compiling bytes v0.5.6
[INFO] [stderr]    Compiling futures-util v0.3.28
[INFO] [stderr]    Compiling signal-hook-registry v1.4.1
[INFO] [stderr]    Compiling num_cpus v1.15.0
[INFO] [stderr]    Compiling pin-utils v0.1.0
[INFO] [stderr]    Compiling mio-uds v0.6.8
[INFO] [stderr]    Compiling bitflags v1.3.2
[INFO] [stderr]    Compiling pin-project-lite v0.1.12
[INFO] [stderr]    Compiling new_debug_unreachable v1.0.4
[INFO] [stderr]    Compiling itoa v1.0.6
[INFO] [stderr]    Compiling maybe-uninit v2.0.0
[INFO] [stderr]    Compiling futures-io v0.3.28
[INFO] [stderr]    Compiling ryu v1.0.13
[INFO] [stderr]    Compiling phf v0.7.24
[INFO] [stderr]    Compiling string_cache v0.7.5
[INFO] [stderr]    Compiling tracing-core v0.1.30
[INFO] [stderr]    Compiling indexmap v1.9.3
[INFO] [stderr]    Compiling foreign-types-shared v0.1.1
[INFO] [stderr]    Compiling openssl v0.10.52
[INFO] [stderr]    Compiling bytes v1.4.0
[INFO] [stderr]    Compiling mac v0.1.1
[INFO] [stderr]    Compiling precomputed-hash v0.1.1
[INFO] [stderr]    Compiling itoa v0.4.8
[INFO] [stderr]    Compiling futures-macro v0.3.28
[INFO] [stderr]    Compiling openssl-macros v0.1.1
[INFO] [stderr]    Compiling futf v0.1.5
[INFO] [stderr]    Compiling http v0.2.9
[INFO] [stderr]    Compiling foreign-types v0.3.2
[INFO] [stderr]    Compiling tracing v0.1.37
[INFO] [stderr]    Compiling num-traits v0.2.15
[INFO] [stderr]    Compiling dtoa v0.4.8
[INFO] [stderr]    Compiling native-tls v0.2.11
[INFO] [stderr]    Compiling utf-8 v0.7.6
[INFO] [stderr]    Compiling httparse v1.8.0
[INFO] [stderr]    Compiling tokio-macros v0.2.6
[INFO] [stderr]    Compiling pin-project-internal v1.0.12
[INFO] [stderr]    Compiling cssparser v0.25.9
[INFO] [stderr]    Compiling procedural-masquerade v0.1.7
[INFO] [stderr]    Compiling hashbrown v0.12.3
[INFO] [stderr]    Compiling cssparser-macros v0.3.6
[INFO] [stderr]    Compiling tokio v0.2.25
[INFO] [stderr]    Compiling pin-project v1.0.12
[INFO] [stderr]    Compiling tracing-futures v0.2.5
[INFO] [stderr]    Compiling html5ever v0.24.1
[INFO] [stderr]    Compiling tendril v0.4.3
[INFO] [stderr]    Compiling dtoa-short v0.3.3
[INFO] [stderr]    Compiling smallvec v0.6.14
[INFO] [stderr]    Compiling selectors v0.21.0
[INFO] [stderr]    Compiling backtrace v0.3.67
[INFO] [stderr]    Compiling num-integer v0.1.45
[INFO] [stderr]    Compiling try-lock v0.2.4
[INFO] [stderr]    Compiling openssl-probe v0.1.5
[INFO] [stderr]    Compiling adler v1.0.2
[INFO] [stderr]    Compiling byteorder v1.4.3
[INFO] [stderr]    Compiling gimli v0.27.2
[INFO] [stderr]    Compiling unicode-xid v0.2.4
[INFO] [stderr]    Compiling nodrop v0.1.14
[INFO] [stderr]    Compiling failure_derive v0.1.8
[INFO] [stderr]    Compiling stable_deref_trait v1.2.0
[INFO] [stderr]    Compiling matches v0.1.10
[INFO] [stderr]    Compiling tokio-util v0.3.1
[INFO] [stderr]    Compiling h2 v0.2.7
[INFO] [stderr]    Compiling servo_arc v0.1.1
[INFO] [stderr]    Compiling markup5ever v0.9.0
[INFO] [stderr]    Compiling addr2line v0.19.0
[INFO] [stderr]    Compiling synstructure v0.12.6
[INFO] [stderr]    Compiling fxhash v0.2.1
[INFO] [stderr]    Compiling miniz_oxide v0.6.2
[INFO] [stderr]    Compiling want v0.3.0
[INFO] [stderr]    Compiling http-body v0.3.1
[INFO] [stderr]    Compiling object v0.30.3
[INFO] [stderr]    Compiling socket2 v0.3.19
[INFO] [stderr]    Compiling unicode-width v0.1.10
[INFO] [stderr]    Compiling tower-service v0.3.2
[INFO] [stderr]    Compiling rustc-demangle v0.1.23
[INFO] [stderr]    Compiling httpdate v0.3.2
[INFO] [stderr]    Compiling thin-slice v0.1.1
[INFO] [stderr]    Compiling hyper v0.13.10
[INFO] [stderr]    Compiling getopts v0.2.21
[INFO] [stderr]    Compiling tokio-tls v0.3.1
[INFO] [stderr]    Compiling futures-executor v0.3.28
[INFO] [stderr]    Compiling time v0.1.45
[INFO] [stderr]    Compiling convert_case v0.4.0
[INFO] [stderr]    Compiling ego-tree v0.6.2
[INFO] [stderr]    Compiling iana-time-zone v0.1.56
[INFO] [stderr]    Compiling chrono v0.4.24
[INFO] [stderr]    Compiling derive_more v0.99.17
[INFO] [stderr]    Compiling scraper v0.11.0
[INFO] [stderr]    Compiling failure v0.1.8
[INFO] [stderr]    Compiling hyper-tls v0.4.3
[INFO] [stderr]    Compiling futures v0.3.28
[INFO] [stderr]    Compiling ovgu-canteen v0.4.3-alpha.0 (/opt/rustwide/workdir)
[INFO] [stdout] warning: use of deprecated associated function `chrono::Local::today`: use `Local::now()` instead
[INFO] [stdout]   --> tests/upstairs.rs:37:32
[INFO] [stdout]    |
[INFO] [stdout] 37 |         assert!(chrono::Local::today() <= chrono::Local.from_local_date(&day.date).unwrap());
[INFO] [stdout]    |                                ^^^^^
[INFO] [stdout]    |
[INFO] [stdout]    = note: `#[warn(deprecated)]` on by default
[INFO] [stdout] 
[INFO] [stdout] 
[INFO] [stdout] warning: use of deprecated method `chrono::TimeZone::from_local_date`: use `from_local_datetime()` instead
[INFO] [stdout]   --> tests/upstairs.rs:37:57
[INFO] [stdout]    |
[INFO] [stdout] 37 |         assert!(chrono::Local::today() <= chrono::Local.from_local_date(&day.date).unwrap());
[INFO] [stdout]    |                                                         ^^^^^^^^^^^^^^^
[INFO] [stdout] 
[INFO] [stdout] 
[INFO] [stdout] warning: use of deprecated associated function `chrono::Local::today`: use `Local::now()` instead
[INFO] [stdout]   --> tests/downstairs.rs:37:32
[INFO] [stdout]    |
[INFO] [stdout] 37 |         assert!(chrono::Local::today() <= chrono::Local.from_local_date(&day.date).unwrap());
[INFO] [stdout]    |                                ^^^^^
[INFO] [stdout]    |
[INFO] [stdout]    = note: `#[warn(deprecated)]` on by default
[INFO] [stdout] 
[INFO] [stdout] 
[INFO] [stdout] warning: use of deprecated method `chrono::TimeZone::from_local_date`: use `from_local_datetime()` instead
[INFO] [stdout]   --> tests/downstairs.rs:37:57
[INFO] [stdout]    |
[INFO] [stdout] 37 |         assert!(chrono::Local::today() <= chrono::Local.from_local_date(&day.date).unwrap());
[INFO] [stdout]    |                                                         ^^^^^^^^^^^^^^^
[INFO] [stdout] 
[INFO] [stdout] 
[INFO] [stdout] warning: 2 warnings emitted
[INFO] [stdout] 
[INFO] [stdout] 
[INFO] [stdout] warning: 2 warnings emitted
[INFO] [stdout] 
[INFO] [stdout] 
[INFO] [stderr]     Finished test [optimized + debuginfo] target(s) in 3m 05s
[INFO] [stderr] warning: the following packages contain code that will be rejected by a future version of Rust: html5ever v0.24.1
[INFO] [stderr] note: to see what the problems were, use the option `--future-incompat-report`, or run `cargo report future-incompatibilities --id 2`
[INFO] running `Command { std: "docker" "inspect" "5ba585f2d9111165717a2f3331c759dab7bdf0c1f05df043c85977ddc00692f6", kill_on_drop: false }`
[INFO] running `Command { std: "docker" "rm" "-f" "5ba585f2d9111165717a2f3331c759dab7bdf0c1f05df043c85977ddc00692f6", kill_on_drop: false }`
[INFO] [stdout] 5ba585f2d9111165717a2f3331c759dab7bdf0c1f05df043c85977ddc00692f6
[INFO] running `Command { std: "docker" "create" "-v" "/var/lib/crater-agent-workspace/builds/worker-3-tc2/target:/opt/rustwide/target:rw,Z" "-v" "/var/lib/crater-agent-workspace/builds/worker-3-tc2/source:/opt/rustwide/workdir:ro,Z" "-v" "/var/lib/crater-agent-workspace/cargo-home:/opt/rustwide/cargo-home:ro,Z" "-v" "/var/lib/crater-agent-workspace/rustup-home:/opt/rustwide/rustup-home:ro,Z" "-e" "SOURCE_DIR=/opt/rustwide/workdir" "-e" "CARGO_TARGET_DIR=/opt/rustwide/target" "-e" "CARGO_INCREMENTAL=0" "-e" "RUST_BACKTRACE=full" "-e" "RUSTFLAGS=--cap-lints=warn" "-e" "RUSTDOCFLAGS=--cap-lints=warn" "-e" "CARGO_HOME=/opt/rustwide/cargo-home" "-e" "RUSTUP_HOME=/opt/rustwide/rustup-home" "-w" "/opt/rustwide/workdir" "-m" "1610612736" "--user" "0:0" "--network" "none" "ghcr.io/rust-lang/crates-build-env/linux@sha256:5ff2268d62e97bff2cde7d5815dd6ed5b47097566f13b8d0ca110b04b60e07ed" "/opt/rustwide/cargo-home/bin/cargo" "+beta-2023-04-20" "test" "--frozen", kill_on_drop: false }`
[INFO] [stdout] 758d34134677b63771eea1431118f3f37500a8a1d6b03afa62b3aa80b3733bdd
[INFO] running `Command { std: "docker" "start" "-a" "758d34134677b63771eea1431118f3f37500a8a1d6b03afa62b3aa80b3733bdd", kill_on_drop: false }`
[INFO] [stderr]     Blocking waiting for file lock on package cache
[INFO] [stderr] warning: use of deprecated associated function `chrono::Local::today`: use `Local::now()` instead
[INFO] [stderr]   --> tests/downstairs.rs:37:32
[INFO] [stderr]    |
[INFO] [stderr] 37 |         assert!(chrono::Local::today() <= chrono::Local.from_local_date(&day.date).unwrap());
[INFO] [stderr]    |                                ^^^^^
[INFO] [stderr]    |
[INFO] [stderr]    = note: `#[warn(deprecated)]` on by default
[INFO] [stderr] 
[INFO] [stderr] warning: use of deprecated method `chrono::TimeZone::from_local_date`: use `from_local_datetime()` instead
[INFO] [stderr]   --> tests/downstairs.rs:37:57
[INFO] [stderr]    |
[INFO] [stderr] 37 |         assert!(chrono::Local::today() <= chrono::Local.from_local_date(&day.date).unwrap());
[INFO] [stderr]    |                                                         ^^^^^^^^^^^^^^^
[INFO] [stderr] 
[INFO] [stderr] warning: use of deprecated associated function `chrono::Local::today`: use `Local::now()` instead
[INFO] [stderr]   --> tests/upstairs.rs:37:32
[INFO] [stderr]    |
[INFO] [stderr] 37 |         assert!(chrono::Local::today() <= chrono::Local.from_local_date(&day.date).unwrap());
[INFO] [stderr]    |                                ^^^^^
[INFO] [stderr]    |
[INFO] [stderr]    = note: `#[warn(deprecated)]` on by default
[INFO] [stderr] 
[INFO] [stderr] warning: use of deprecated method `chrono::TimeZone::from_local_date`: use `from_local_datetime()` instead
[INFO] [stderr]   --> tests/upstairs.rs:37:57
[INFO] [stderr]    |
[INFO] [stderr] 37 |         assert!(chrono::Local::today() <= chrono::Local.from_local_date(&day.date).unwrap());
[INFO] [stderr]    |                                                         ^^^^^^^^^^^^^^^
[INFO] [stderr] 
[INFO] [stderr] warning: `ovgu-canteen` (test "downstairs") generated 2 warnings
[INFO] [stderr] warning: `ovgu-canteen` (test "upstairs") generated 2 warnings
[INFO] [stderr]     Finished test [optimized + debuginfo] target(s) in 0.49s
[INFO] [stderr] warning: the following packages contain code that will be rejected by a future version of Rust: html5ever v0.24.1
[INFO] [stderr] note: to see what the problems were, use the option `--future-incompat-report`, or run `cargo report future-incompatibilities --id 2`
[INFO] [stderr]      Running unittests src/lib.rs (/opt/rustwide/target/debug/deps/ovgu_canteen-fcb3c1ddb08bf482)
[INFO] [stdout] 
[INFO] [stdout] running 4 tests
[INFO] [stdout] test tests::additive::from_str ... ok
[INFO] [stdout] test tests::allergenic::from_str ... ok
[INFO] [stdout] test tests::price::from_str ... ok
[INFO] [stdout] test tests::symbol::from_str ... ok
[INFO] [stdout] 
[INFO] [stdout] test result: ok. 4 passed; 0 failed; 0 ignored; 0 measured; 0 filtered out; finished in 0.00s
[INFO] [stdout] 
[INFO] [stderr]      Running tests/downstairs.rs (/opt/rustwide/target/debug/deps/downstairs-153033d1d0ec7f58)
[INFO] [stdout] 
[INFO] [stdout] running 1 test
[INFO] [stdout] test canteen_downstairs ... FAILED
[INFO] [stdout] 
[INFO] [stdout] failures:
[INFO] [stdout] 
[INFO] [stdout] ---- canteen_downstairs stdout ----
[INFO] [stdout] thread 'canteen_downstairs' panicked at 'called `Result::unwrap()` on an `Err` value: Fetch { url: "https://www.studentenwerk-magdeburg.de/mensen-cafeterien/mensa-unicampus/speiseplan-unten/", cause: hyper::Error(Connect, ConnectError("dns error", Custom { kind: Uncategorized, error: "failed to lookup address information: Temporary failure in name resolution" })) }', tests/downstairs.rs:28:82
[INFO] [stdout] stack backtrace:
[INFO] [stdout]    0:     0x561706b153aa - std::backtrace_rs::backtrace::libunwind::trace::h2f05d0192276a8f6
[INFO] [stdout]                                at /rustc/1b7dd2252b99671ce5d1cb9664c5f8636329436d/library/std/src/../../backtrace/src/backtrace/libunwind.rs:93:5
[INFO] [stdout]    1:     0x561706b153aa - std::backtrace_rs::backtrace::trace_unsynchronized::hedc23dff7a1af150
[INFO] [stdout]                                at /rustc/1b7dd2252b99671ce5d1cb9664c5f8636329436d/library/std/src/../../backtrace/src/backtrace/mod.rs:66:5
[INFO] [stdout]    2:     0x561706b153aa - std::sys_common::backtrace::_print_fmt::h17541ef7592f3ce2
[INFO] [stdout]                                at /rustc/1b7dd2252b99671ce5d1cb9664c5f8636329436d/library/std/src/sys_common/backtrace.rs:65:5
[INFO] [stdout]    3:     0x561706b153aa - <std::sys_common::backtrace::_print::DisplayBacktrace as core::fmt::Display>::fmt::h20f75df5ab0c0792
[INFO] [stdout]                                at /rustc/1b7dd2252b99671ce5d1cb9664c5f8636329436d/library/std/src/sys_common/backtrace.rs:44:22
[INFO] [stdout]    4:     0x561706b3e6bf - core::fmt::write::h78109e6f466b3af6
[INFO] [stdout]                                at /rustc/1b7dd2252b99671ce5d1cb9664c5f8636329436d/library/core/src/fmt/mod.rs:1254:17
[INFO] [stdout]    5:     0x561706b11df5 - std::io::Write::write_fmt::hd24bfb68a1b35a25
[INFO] [stdout]                                at /rustc/1b7dd2252b99671ce5d1cb9664c5f8636329436d/library/std/src/io/mod.rs:1698:15
[INFO] [stdout]    6:     0x561706b15175 - std::sys_common::backtrace::_print::h8dac57a9f8fbf9a5
[INFO] [stdout]                                at /rustc/1b7dd2252b99671ce5d1cb9664c5f8636329436d/library/std/src/sys_common/backtrace.rs:47:5
[INFO] [stdout]    7:     0x561706b15175 - std::sys_common::backtrace::print::hf9ecbf41d1aa712f
[INFO] [stdout]                                at /rustc/1b7dd2252b99671ce5d1cb9664c5f8636329436d/library/std/src/sys_common/backtrace.rs:34:9
[INFO] [stdout]    8:     0x561706b16e2e - std::panicking::default_hook::{{closure}}::h04c07acfc84ca028
[INFO] [stdout]                                at /rustc/1b7dd2252b99671ce5d1cb9664c5f8636329436d/library/std/src/panicking.rs:269:22
[INFO] [stdout]    9:     0x561706b16b61 - std::panicking::default_hook::h01f6bb23e1eceb2c
[INFO] [stdout]                                at /rustc/1b7dd2252b99671ce5d1cb9664c5f8636329436d/library/std/src/panicking.rs:285:9
[INFO] [stdout]   10:     0x5617069e2f2b - <alloc::boxed::Box<F,A> as core::ops::function::Fn<Args>>::call::h87fe9f7b2fd49e4c
[INFO] [stdout]                                at /rustc/1b7dd2252b99671ce5d1cb9664c5f8636329436d/library/alloc/src/boxed.rs:1987:9
[INFO] [stdout]   11:     0x5617069e2f2b - test::test_main::{{closure}}::he94d679243a7531b
[INFO] [stdout]                                at /rustc/1b7dd2252b99671ce5d1cb9664c5f8636329436d/library/test/src/lib.rs:134:21
[INFO] [stdout]   12:     0x561706b17514 - <alloc::boxed::Box<F,A> as core::ops::function::Fn<Args>>::call::h3f2d6d8b14c4769f
[INFO] [stdout]                                at /rustc/1b7dd2252b99671ce5d1cb9664c5f8636329436d/library/alloc/src/boxed.rs:1987:9
[INFO] [stdout]   13:     0x561706b17514 - std::panicking::rust_panic_with_hook::h2bb3722bbaf2f6df
[INFO] [stdout]                                at /rustc/1b7dd2252b99671ce5d1cb9664c5f8636329436d/library/std/src/panicking.rs:695:13
[INFO] [stdout]   14:     0x561706b17289 - std::panicking::begin_panic_handler::{{closure}}::h91bc7f36a4be011b
[INFO] [stdout]                                at /rustc/1b7dd2252b99671ce5d1cb9664c5f8636329436d/library/std/src/panicking.rs:582:13
[INFO] [stdout]   15:     0x561706b15816 - std::sys_common::backtrace::__rust_end_short_backtrace::h8b3d3717114f9e59
[INFO] [stdout]                                at /rustc/1b7dd2252b99671ce5d1cb9664c5f8636329436d/library/std/src/sys_common/backtrace.rs:150:18
[INFO] [stdout]   16:     0x561706b16fe2 - rust_begin_unwind
[INFO] [stdout]                                at /rustc/1b7dd2252b99671ce5d1cb9664c5f8636329436d/library/std/src/panicking.rs:578:5
[INFO] [stdout]   17:     0x5617068e1023 - core::panicking::panic_fmt::hfd368e3fbdabea26
[INFO] [stdout]                                at /rustc/1b7dd2252b99671ce5d1cb9664c5f8636329436d/library/core/src/panicking.rs:67:14
[INFO] [stdout]   18:     0x5617068e14d3 - core::result::unwrap_failed::he54eb4b2f125b26f
[INFO] [stdout]                                at /rustc/1b7dd2252b99671ce5d1cb9664c5f8636329436d/library/core/src/result.rs:1687:5
[INFO] [stdout]   19:     0x561706997a32 - core::result::Result<T,E>::unwrap::hf973d1161d996c56
[INFO] [stdout]                                at /rustc/1b7dd2252b99671ce5d1cb9664c5f8636329436d/library/core/src/result.rs:1089:23
[INFO] [stdout]   20:     0x561706997a32 - downstairs::canteen_downstairs::{{closure}}::h8ec7c5268fc4ab58
[INFO] [stdout]                                at /opt/rustwide/workdir/tests/downstairs.rs:28:23
[INFO] [stdout]   21:     0x56170695e80a - tokio::runtime::basic_scheduler::BasicScheduler<P>::block_on::{{closure}}::{{closure}}::h39a1fc30d92530e7
[INFO] [stdout]                                at /opt/rustwide/cargo-home/registry/src/index.crates.io-6f17d22bba15001f/tokio-0.2.25/src/runtime/basic_scheduler.rs:131:58
[INFO] [stdout]   22:     0x56170695e80a - tokio::coop::with_budget::{{closure}}::hdf6a0c3f598e2560
[INFO] [stdout]                                at /opt/rustwide/cargo-home/registry/src/index.crates.io-6f17d22bba15001f/tokio-0.2.25/src/coop.rs:127:9
[INFO] [stdout]   23:     0x56170695e80a - std::thread::local::LocalKey<T>::try_with::h94c02d95733f0fbe
[INFO] [stdout]                                at /rustc/1b7dd2252b99671ce5d1cb9664c5f8636329436d/library/std/src/thread/local.rs:252:16
[INFO] [stdout]   24:     0x56170695e80a - std::thread::local::LocalKey<T>::with::he8b485d03b8b389b
[INFO] [stdout]                                at /rustc/1b7dd2252b99671ce5d1cb9664c5f8636329436d/library/std/src/thread/local.rs:228:9
[INFO] [stdout]   25:     0x56170695e80a - tokio::coop::with_budget::h7488a921ec390950
[INFO] [stdout]                                at /opt/rustwide/cargo-home/registry/src/index.crates.io-6f17d22bba15001f/tokio-0.2.25/src/coop.rs:120:5
[INFO] [stdout]   26:     0x56170695e80a - tokio::coop::budget::h9b0ef861054a500b
[INFO] [stdout]                                at /opt/rustwide/cargo-home/registry/src/index.crates.io-6f17d22bba15001f/tokio-0.2.25/src/coop.rs:96:5
[INFO] [stdout]   27:     0x56170695e80a - tokio::runtime::basic_scheduler::BasicScheduler<P>::block_on::{{closure}}::hfa261e2afcce1545
[INFO] [stdout]                                at /opt/rustwide/cargo-home/registry/src/index.crates.io-6f17d22bba15001f/tokio-0.2.25/src/runtime/basic_scheduler.rs:131:35
[INFO] [stdout]   28:     0x56170695e80a - tokio::runtime::basic_scheduler::enter::{{closure}}::h3a7fa517cce40938
[INFO] [stdout]                                at /opt/rustwide/cargo-home/registry/src/index.crates.io-6f17d22bba15001f/tokio-0.2.25/src/runtime/basic_scheduler.rs:213:29
[INFO] [stdout]   29:     0x56170695e80a - tokio::macros::scoped_tls::ScopedKey<T>::set::h307726167cade63d
[INFO] [stdout]                                at /opt/rustwide/cargo-home/registry/src/index.crates.io-6f17d22bba15001f/tokio-0.2.25/src/macros/scoped_tls.rs:63:9
[INFO] [stdout]   30:     0x561706970972 - tokio::runtime::basic_scheduler::enter::h02b14c8dfd9951d6
[INFO] [stdout]                                at /opt/rustwide/cargo-home/registry/src/index.crates.io-6f17d22bba15001f/tokio-0.2.25/src/runtime/basic_scheduler.rs:213:5
[INFO] [stdout]   31:     0x561706970972 - tokio::runtime::basic_scheduler::BasicScheduler<P>::block_on::h83cc03eb08e99774
[INFO] [stdout]                                at /opt/rustwide/cargo-home/registry/src/index.crates.io-6f17d22bba15001f/tokio-0.2.25/src/runtime/basic_scheduler.rs:123:9
[INFO] [stdout]   32:     0x56170692cc6d - tokio::runtime::Runtime::block_on::{{closure}}::h9fcd0a0774675941
[INFO] [stdout]                                at /opt/rustwide/cargo-home/registry/src/index.crates.io-6f17d22bba15001f/tokio-0.2.25/src/runtime/mod.rs:444:34
[INFO] [stdout]   33:     0x56170692cc6d - tokio::runtime::context::enter::h3d421d56b9e78b4c
[INFO] [stdout]                                at /opt/rustwide/cargo-home/registry/src/index.crates.io-6f17d22bba15001f/tokio-0.2.25/src/runtime/context.rs:72:5
[INFO] [stdout]   34:     0x561706995db4 - tokio::runtime::handle::Handle::enter::h2c5bfb1118cfdb45
[INFO] [stdout]                                at /opt/rustwide/cargo-home/registry/src/index.crates.io-6f17d22bba15001f/tokio-0.2.25/src/runtime/handle.rs:76:9
[INFO] [stdout]   35:     0x561706995db4 - tokio::runtime::Runtime::block_on::hf7e34ec50366cd3f
[INFO] [stdout]                                at /opt/rustwide/cargo-home/registry/src/index.crates.io-6f17d22bba15001f/tokio-0.2.25/src/runtime/mod.rs:441:9
[INFO] [stdout]   36:     0x561706923f4c - downstairs::canteen_downstairs::h5386fe35b62c2a46
[INFO] [stdout]                                at /opt/rustwide/workdir/tests/downstairs.rs:25:1
[INFO] [stdout]   37:     0x561706923f4c - downstairs::canteen_downstairs::{{closure}}::h530832e605cfb40e
[INFO] [stdout]                                at /opt/rustwide/workdir/tests/downstairs.rs:25:1
[INFO] [stdout]   38:     0x561706923f4c - core::ops::function::FnOnce::call_once::h17e8098d0105efd1
[INFO] [stdout]                                at /rustc/1b7dd2252b99671ce5d1cb9664c5f8636329436d/library/core/src/ops/function.rs:250:5
[INFO] [stdout]   39:     0x5617069e7dff - core::ops::function::FnOnce::call_once::ha6a70e79f7481a7e
[INFO] [stdout]                                at /rustc/1b7dd2252b99671ce5d1cb9664c5f8636329436d/library/core/src/ops/function.rs:250:5
[INFO] [stdout]   40:     0x5617069e7dff - test::__rust_begin_short_backtrace::hce33033019b61e69
[INFO] [stdout]                                at /rustc/1b7dd2252b99671ce5d1cb9664c5f8636329436d/library/test/src/lib.rs:655:18
[INFO] [stdout]   41:     0x5617069b55ec - test::run_test::{{closure}}::h858d3528838ae3e5
[INFO] [stdout]                                at /rustc/1b7dd2252b99671ce5d1cb9664c5f8636329436d/library/test/src/lib.rs:646:30
[INFO] [stdout]   42:     0x5617069b55ec - core::ops::function::FnOnce::call_once{{vtable.shim}}::he8ac2b00f01ae79e
[INFO] [stdout]                                at /rustc/1b7dd2252b99671ce5d1cb9664c5f8636329436d/library/core/src/ops/function.rs:250:5
[INFO] [stdout]   43:     0x5617069e6ed6 - <alloc::boxed::Box<F,A> as core::ops::function::FnOnce<Args>>::call_once::h8093d25b522725ef
[INFO] [stdout]                                at /rustc/1b7dd2252b99671ce5d1cb9664c5f8636329436d/library/alloc/src/boxed.rs:1973:9
[INFO] [stdout]   44:     0x5617069e6ed6 - <core::panic::unwind_safe::AssertUnwindSafe<F> as core::ops::function::FnOnce<()>>::call_once::h5c334c204e4a3913
[INFO] [stdout]                                at /rustc/1b7dd2252b99671ce5d1cb9664c5f8636329436d/library/core/src/panic/unwind_safe.rs:271:9
[INFO] [stdout]   45:     0x5617069e6ed6 - std::panicking::try::do_call::ha8b740c7b9478074
[INFO] [stdout]                                at /rustc/1b7dd2252b99671ce5d1cb9664c5f8636329436d/library/std/src/panicking.rs:485:40
[INFO] [stdout]   46:     0x5617069e6ed6 - std::panicking::try::h5d34f63d0e41b64e
[INFO] [stdout]                                at /rustc/1b7dd2252b99671ce5d1cb9664c5f8636329436d/library/std/src/panicking.rs:449:19
[INFO] [stdout]   47:     0x5617069e6ed6 - std::panic::catch_unwind::hcfbb511e1aa7fc67
[INFO] [stdout]                                at /rustc/1b7dd2252b99671ce5d1cb9664c5f8636329436d/library/std/src/panic.rs:140:14
[INFO] [stdout]   48:     0x5617069e6ed6 - test::run_test_in_process::h9abda90f802eaf21
[INFO] [stdout]                                at /rustc/1b7dd2252b99671ce5d1cb9664c5f8636329436d/library/test/src/lib.rs:678:27
[INFO] [stdout]   49:     0x5617069e6ed6 - test::run_test::run_test_inner::{{closure}}::h0f058de91f6c6edf
[INFO] [stdout]                                at /rustc/1b7dd2252b99671ce5d1cb9664c5f8636329436d/library/test/src/lib.rs:572:39
[INFO] [stdout]   50:     0x5617069afdf5 - test::run_test::run_test_inner::{{closure}}::h5ca48a4c59c6c1fb
[INFO] [stdout]                                at /rustc/1b7dd2252b99671ce5d1cb9664c5f8636329436d/library/test/src/lib.rs:599:37
[INFO] [stdout]   51:     0x5617069afdf5 - std::sys_common::backtrace::__rust_begin_short_backtrace::h32bd51e1495d4a33
[INFO] [stdout]                                at /rustc/1b7dd2252b99671ce5d1cb9664c5f8636329436d/library/std/src/sys_common/backtrace.rs:134:18
[INFO] [stdout]   52:     0x5617069b5331 - std::thread::Builder::spawn_unchecked_::{{closure}}::{{closure}}::hc086fae9b128b2db
[INFO] [stdout]                                at /rustc/1b7dd2252b99671ce5d1cb9664c5f8636329436d/library/std/src/thread/mod.rs:526:17
[INFO] [stdout]   53:     0x5617069b5331 - <core::panic::unwind_safe::AssertUnwindSafe<F> as core::ops::function::FnOnce<()>>::call_once::hb66571888d270d43
[INFO] [stdout]                                at /rustc/1b7dd2252b99671ce5d1cb9664c5f8636329436d/library/core/src/panic/unwind_safe.rs:271:9
[INFO] [stdout]   54:     0x5617069b5331 - std::panicking::try::do_call::h4fa2ef4f6e51fecf
[INFO] [stdout]                                at /rustc/1b7dd2252b99671ce5d1cb9664c5f8636329436d/library/std/src/panicking.rs:485:40
[INFO] [stdout]   55:     0x5617069b5331 - std::panicking::try::h1e9e22b8584489b5
[INFO] [stdout]                                at /rustc/1b7dd2252b99671ce5d1cb9664c5f8636329436d/library/std/src/panicking.rs:449:19
[INFO] [stdout]   56:     0x5617069b5331 - std::panic::catch_unwind::h44698a3de0e0769e
[INFO] [stdout]                                at /rustc/1b7dd2252b99671ce5d1cb9664c5f8636329436d/library/std/src/panic.rs:140:14
[INFO] [stdout]   57:     0x5617069b5331 - std::thread::Builder::spawn_unchecked_::{{closure}}::h50153abde3fe239e
[INFO] [stdout]                                at /rustc/1b7dd2252b99671ce5d1cb9664c5f8636329436d/library/std/src/thread/mod.rs:525:30
[INFO] [stdout]   58:     0x5617069b5331 - core::ops::function::FnOnce::call_once{{vtable.shim}}::hbe5bbf6f38394364
[INFO] [stdout]                                at /rustc/1b7dd2252b99671ce5d1cb9664c5f8636329436d/library/core/src/ops/function.rs:250:5
[INFO] [stdout]   59:     0x561706b1be05 - <alloc::boxed::Box<F,A> as core::ops::function::FnOnce<Args>>::call_once::h0d83cb2920a49046
[INFO] [stdout]                                at /rustc/1b7dd2252b99671ce5d1cb9664c5f8636329436d/library/alloc/src/boxed.rs:1973:9
[INFO] [stdout]   60:     0x561706b1be05 - <alloc::boxed::Box<F,A> as core::ops::function::FnOnce<Args>>::call_once::hbe0a008aa7d9ef59
[INFO] [stdout]                                at /rustc/1b7dd2252b99671ce5d1cb9664c5f8636329436d/library/alloc/src/boxed.rs:1973:9
[INFO] [stdout]   61:     0x561706b1be05 - std::sys::unix::thread::Thread::new::thread_start::h3a466996bdf6b1f9
[INFO] [stdout]                                at /rustc/1b7dd2252b99671ce5d1cb9664c5f8636329436d/library/std/src/sys/unix/thread.rs:108:17
[INFO] [stdout]   62:     0x7fb4cd6a4b43 - <unknown>
[INFO] [stdout]   63:     0x7fb4cd735bb4 - __clone
[INFO] [stdout]   64:                0x0 - <unknown>
[INFO] [stdout] 
[INFO] [stdout] 
[INFO] [stdout] failures:
[INFO] [stdout]     canteen_downstairs
[INFO] [stdout] 
[INFO] [stdout] test result: FAILED. 0 passed; 1 failed; 0 ignored; 0 measured; 0 filtered out; finished in 0.07s
[INFO] [stdout] 
[INFO] [stderr] error: test failed, to rerun pass `--test downstairs`
[INFO] running `Command { std: "docker" "inspect" "758d34134677b63771eea1431118f3f37500a8a1d6b03afa62b3aa80b3733bdd", kill_on_drop: false }`
[INFO] running `Command { std: "docker" "rm" "-f" "758d34134677b63771eea1431118f3f37500a8a1d6b03afa62b3aa80b3733bdd", kill_on_drop: false }`
[INFO] [stdout] 758d34134677b63771eea1431118f3f37500a8a1d6b03afa62b3aa80b3733bdd
