[INFO] cloning repository https://github.com/expenses/war-against-machines
[INFO] running `Command { std: "git" "-c" "credential.helper=" "-c" "credential.helper=/workspace/cargo-home/bin/git-credential-null" "clone" "--bare" "https://github.com/expenses/war-against-machines" "/workspace/cache/git-repos/https%3A%2F%2Fgithub.com%2Fexpenses%2Fwar-against-machines", kill_on_drop: false }`
[INFO] [stderr] Cloning into bare repository '/workspace/cache/git-repos/https%3A%2F%2Fgithub.com%2Fexpenses%2Fwar-against-machines'...
[INFO] running `Command { std: "git" "rev-parse" "HEAD", kill_on_drop: false }`
[INFO] [stdout] cc702a4903528061034914d941635bbd5e6a1e18
[INFO] testing expenses/war-against-machines against 1.69.0 for beta-1.70-1
[INFO] running `Command { std: "git" "clone" "/workspace/cache/git-repos/https%3A%2F%2Fgithub.com%2Fexpenses%2Fwar-against-machines" "/workspace/builds/worker-2-tc1/source", kill_on_drop: false }`
[INFO] [stderr] Cloning into '/workspace/builds/worker-2-tc1/source'...
[INFO] [stderr] done.
[INFO] validating manifest of git repo https://github.com/expenses/war-against-machines on toolchain 1.69.0
[INFO] running `Command { std: CARGO_HOME="/workspace/cargo-home" RUSTUP_HOME="/workspace/rustup-home" "/workspace/cargo-home/bin/cargo" "+1.69.0" "metadata" "--manifest-path" "Cargo.toml" "--no-deps", kill_on_drop: false }`
[INFO] started tweaking git repo https://github.com/expenses/war-against-machines
[INFO] finished tweaking git repo https://github.com/expenses/war-against-machines
[INFO] tweaked toml for git repo https://github.com/expenses/war-against-machines written to /workspace/builds/worker-2-tc1/source/Cargo.toml
[INFO] crate git repo https://github.com/expenses/war-against-machines already has a lockfile, it will not be regenerated
[INFO] running `Command { std: CARGO_HOME="/workspace/cargo-home" RUSTUP_HOME="/workspace/rustup-home" "/workspace/cargo-home/bin/cargo" "+1.69.0" "fetch" "--manifest-path" "Cargo.toml", kill_on_drop: false }`
[INFO] [stderr]     Updating git repository `https://github.com/expenses/pedot`
[INFO] [stderr]     Updating git repository `https://github.com/expenses/runic`
[INFO] [stderr]  Downloading crates ...
[INFO] [stderr]   Downloaded rawslice v0.1.0
[INFO] [stderr]   Downloaded derive_is_enum_variant v0.1.1
[INFO] [stderr]   Downloaded getrandom v0.1.8
[INFO] [stderr]   Downloaded gl_generator v0.13.0
[INFO] [stderr]   Downloaded odds v0.3.1
[INFO] [stderr]   Downloaded alga v0.9.1
[INFO] [stderr]   Downloaded bincode v1.1.4
[INFO] [stderr]   Downloaded backtrace v0.3.34
[INFO] [stderr]   Downloaded glutin v0.21.0
[INFO] [stderr]   Downloaded rusttype v0.7.7
[INFO] [stderr]   Downloaded syn v0.15.42
[INFO] [stderr]   Downloaded image v0.22.1
[INFO] [stderr]   Downloaded pathfinding v1.1.12
[INFO] [stderr]   Downloaded winit v0.19.2
[INFO] [stderr]   Downloaded regex v1.2.1
[INFO] [stderr]   Downloaded regex-syntax v0.6.11
[INFO] [stderr]   Downloaded nalgebra v0.18.0
[INFO] [stderr]   Downloaded skynet v0.1.0
[INFO] running `Command { std: "docker" "create" "-v" "/var/lib/crater-agent-workspace/builds/worker-2-tc1/target:/opt/rustwide/target:rw,Z" "-v" "/var/lib/crater-agent-workspace/builds/worker-2-tc1/source:/opt/rustwide/workdir:ro,Z" "-v" "/var/lib/crater-agent-workspace/cargo-home:/opt/rustwide/cargo-home:ro,Z" "-v" "/var/lib/crater-agent-workspace/rustup-home:/opt/rustwide/rustup-home:ro,Z" "-e" "SOURCE_DIR=/opt/rustwide/workdir" "-e" "CARGO_TARGET_DIR=/opt/rustwide/target" "-e" "CARGO_HOME=/opt/rustwide/cargo-home" "-e" "RUSTUP_HOME=/opt/rustwide/rustup-home" "-w" "/opt/rustwide/workdir" "-m" "1610612736" "--user" "0:0" "--network" "none" "ghcr.io/rust-lang/crates-build-env/linux@sha256:5ff2268d62e97bff2cde7d5815dd6ed5b47097566f13b8d0ca110b04b60e07ed" "/opt/rustwide/cargo-home/bin/cargo" "+1.69.0" "metadata" "--no-deps" "--format-version=1", kill_on_drop: false }`
[INFO] [stdout] da5e3b871e0eb43eec4d05777bc43b0eadec8cf185b0fed4fde1529040ad3daa
[INFO] running `Command { std: "docker" "start" "-a" "da5e3b871e0eb43eec4d05777bc43b0eadec8cf185b0fed4fde1529040ad3daa", kill_on_drop: false }`
[INFO] running `Command { std: "docker" "inspect" "da5e3b871e0eb43eec4d05777bc43b0eadec8cf185b0fed4fde1529040ad3daa", kill_on_drop: false }`
[INFO] running `Command { std: "docker" "rm" "-f" "da5e3b871e0eb43eec4d05777bc43b0eadec8cf185b0fed4fde1529040ad3daa", kill_on_drop: false }`
[INFO] [stdout] da5e3b871e0eb43eec4d05777bc43b0eadec8cf185b0fed4fde1529040ad3daa
[INFO] running `Command { std: "docker" "create" "-v" "/var/lib/crater-agent-workspace/builds/worker-2-tc1/target:/opt/rustwide/target:rw,Z" "-v" "/var/lib/crater-agent-workspace/builds/worker-2-tc1/source:/opt/rustwide/workdir:ro,Z" "-v" "/var/lib/crater-agent-workspace/cargo-home:/opt/rustwide/cargo-home:ro,Z" "-v" "/var/lib/crater-agent-workspace/rustup-home:/opt/rustwide/rustup-home:ro,Z" "-e" "SOURCE_DIR=/opt/rustwide/workdir" "-e" "CARGO_TARGET_DIR=/opt/rustwide/target" "-e" "CARGO_INCREMENTAL=0" "-e" "RUST_BACKTRACE=full" "-e" "RUSTFLAGS=--cap-lints=warn" "-e" "RUSTDOCFLAGS=--cap-lints=warn" "-e" "CARGO_HOME=/opt/rustwide/cargo-home" "-e" "RUSTUP_HOME=/opt/rustwide/rustup-home" "-w" "/opt/rustwide/workdir" "-m" "1610612736" "--user" "0:0" "--network" "none" "ghcr.io/rust-lang/crates-build-env/linux@sha256:5ff2268d62e97bff2cde7d5815dd6ed5b47097566f13b8d0ca110b04b60e07ed" "/opt/rustwide/cargo-home/bin/cargo" "+1.69.0" "build" "--frozen" "--message-format=json", kill_on_drop: false }`
[INFO] [stdout] 8be92b2118f8e6d6338f8263fd7cb7c49435bf43ef16a3472b6cc1698a3135df
[INFO] running `Command { std: "docker" "start" "-a" "8be92b2118f8e6d6338f8263fd7cb7c49435bf43ef16a3472b6cc1698a3135df", kill_on_drop: false }`
[INFO] [stderr]    Compiling libc v0.2.60
[INFO] [stderr]    Compiling lazy_static v1.3.0
[INFO] [stderr]    Compiling num-traits v0.2.8
[INFO] [stderr]    Compiling cc v1.0.38
[INFO] [stderr]    Compiling xml-rs v0.8.0
[INFO] [stderr]    Compiling proc-macro2 v0.4.30
[INFO] [stderr]    Compiling unicode-xid v0.1.0
[INFO] [stderr]    Compiling memoffset v0.5.1
[INFO] [stderr]    Compiling arrayvec v0.4.11
[INFO] [stderr]    Compiling scopeguard v1.0.0
[INFO] [stderr]    Compiling crossbeam-utils v0.6.6
[INFO] [stderr]    Compiling nodrop v0.1.13
[INFO] [stderr]    Compiling log v0.4.8
[INFO] [stderr]    Compiling khronos_api v3.1.0
[INFO] [stderr]    Compiling crossbeam-epoch v0.7.2
[INFO] [stderr]    Compiling pkg-config v0.3.15
[INFO] [stderr]    Compiling quote v0.6.13
[INFO] [stderr]    Compiling libloading v0.5.2
[INFO] [stderr]    Compiling rand_chacha v0.1.1
[INFO] [stderr]    Compiling rand_pcg v0.1.2
[INFO] [stderr]    Compiling rand v0.6.5
[INFO] [stderr]    Compiling wayland-scanner v0.21.13
[INFO] [stderr]    Compiling gl_generator v0.11.0
[INFO] [stderr]    Compiling rand_os v0.1.3
[INFO] [stderr]    Compiling num_cpus v1.10.1
[INFO] [stderr]    Compiling approx v0.3.2
[INFO] [stderr]    Compiling nix v0.14.1
[INFO] [stderr]    Compiling syn v0.15.42
[INFO] [stderr]    Compiling dlib v0.4.1
[INFO] [stderr]    Compiling void v1.0.2
[INFO] [stderr]    Compiling wayland-sys v0.21.13
[INFO] [stderr]    Compiling x11-dl v2.18.3
[INFO] [stderr]    Compiling ordered-float v1.0.2
[INFO] [stderr]    Compiling crossbeam-deque v0.7.1
[INFO] [stderr]    Compiling stb_truetype v0.2.6
[INFO] [stderr]    Compiling rustc-hash v1.0.1
[INFO] [stderr]    Compiling parking_lot_core v0.5.0
[INFO] [stderr]    Compiling same-file v1.0.5
[INFO] [stderr]    Compiling downcast-rs v1.0.4
[INFO] [stderr]    Compiling linked-hash-map v0.5.2
[INFO] [stderr]    Compiling walkdir v2.2.9
[INFO] [stderr]    Compiling line_drawing v0.7.0
[INFO] [stderr]    Compiling rusttype v0.7.7
[INFO] [stderr]    Compiling backtrace-sys v0.1.31
[INFO] [stderr]    Compiling parking_lot v0.8.0
[INFO] [stderr]    Compiling parking_lot_core v0.4.0
[INFO] [stderr]    Compiling stable_deref_trait v1.1.1
[INFO] [stderr]    Compiling xdg v2.2.0
[INFO] [stderr]    Compiling owning_ref v0.4.0
[INFO] [stderr]    Compiling wayland-client v0.21.13
[INFO] [stderr]    Compiling wayland-protocols v0.21.13
[INFO] [stderr]    Compiling andrew v0.2.1
[INFO] [stderr]    Compiling glutin_egl_sys v0.1.3
[INFO] [stderr]    Compiling glutin_glx_sys v0.1.5
[INFO] [stderr]    Compiling memmap v0.7.0
[INFO] [stderr]    Compiling wayland-commons v0.21.13
[INFO] [stderr]    Compiling lock_api v0.2.0
[INFO] [stderr]    Compiling scopeguard v0.3.3
[INFO] [stderr]    Compiling lock_api v0.1.5
[INFO] [stderr]    Compiling shared_library v0.1.9
[INFO] [stderr]    Compiling num-complex v0.2.3
[INFO] [stderr]    Compiling num-integer v0.1.41
[INFO] [stderr]    Compiling rawpointer v0.1.0
[INFO] [stderr]    Compiling rustc-demangle v0.1.15
[INFO] [stderr]    Compiling libm v0.1.4
[INFO] [stderr]    Compiling either v1.5.2
[INFO] [stderr]    Compiling rayon-core v1.5.0
[INFO] [stderr]    Compiling typenum v1.10.0
[INFO] [stderr]    Compiling serde v1.0.98
[INFO] [stderr]    Compiling memchr v2.2.1
[INFO] [stderr]    Compiling backtrace v0.3.34
[INFO] [stderr]    Compiling parking_lot v0.7.1
[INFO] [stderr]    Compiling osmesa-sys v0.1.2
[INFO] [stderr]    Compiling glium v0.25.1
[INFO] [stderr]    Compiling alsa-sys v0.1.2
[INFO] [stderr]    Compiling crossbeam-deque v0.6.3
[INFO] [stderr]    Compiling minimp3-sys v0.3.1
[INFO] [stderr]    Compiling crossbeam-queue v0.1.2
[INFO] [stderr]    Compiling num-derive v0.2.5
[INFO] [stderr]    Compiling unicode-xid v0.0.4
[INFO] [stderr]    Compiling adler32 v1.0.3
[INFO] [stderr]    Compiling crc32fast v1.2.0
[INFO] [stderr]    Compiling synom v0.11.3
[INFO] [stderr]    Compiling derivative v1.0.2
[INFO] [stderr]    Compiling getrandom v0.1.8
[INFO] [stderr]    Compiling num-iter v0.1.39
[INFO] [stderr]    Compiling bincode v1.1.4
[INFO] [stderr]    Compiling num-rational v0.2.2
[INFO] [stderr]    Compiling ppv-lite86 v0.2.5
[INFO] [stderr]    Compiling unicode-segmentation v1.3.0
[INFO] [stderr]    Compiling quote v0.3.15
[INFO] [stderr]    Compiling lzw v0.10.0
[INFO] [stderr]    Compiling takeable-option v0.4.0
[INFO] [stderr]    Compiling fnv v1.0.6
[INFO] [stderr]    Compiling heck v0.3.1
[INFO] [stderr]    Compiling syn v0.11.11
[INFO] [stderr]    Compiling error-chain v0.12.1
[INFO] [stderr]    Compiling c2-chacha v0.2.2
[INFO] [stderr]    Compiling alga v0.9.1
[INFO] [stderr]    Compiling rand_core v0.5.0
[INFO] [stderr]    Compiling generic-array v0.12.3
[INFO] [stderr]    Compiling aho-corasick v0.7.6
[INFO] [stderr]    Compiling rayon v1.1.0
[INFO] [stderr]    Compiling deflate v0.7.20
[INFO] [stderr]    Compiling inflate v0.4.5
[INFO] [stderr]    Compiling matrixmultiply v0.2.2
[INFO] [stderr]    Compiling slice-deque v0.2.4
[INFO] [stderr]    Compiling thread_local v0.3.6
[INFO] [stderr]    Compiling ogg v0.7.0
[INFO] [stderr]    Compiling color_quant v1.0.1
[INFO] [stderr]    Compiling regex-syntax v0.6.11
[INFO] [stderr]    Compiling quick-error v1.2.2
[INFO] [stderr]    Compiling tiff v0.3.1
[INFO] [stderr]    Compiling minimp3 v0.3.3
[INFO] [stderr]    Compiling humantime v1.2.0
[INFO] [stderr]    Compiling jpeg-decoder v0.1.15
[INFO] [stderr]    Compiling gif v0.10.2
[INFO] [stderr]    Compiling lewton v0.9.4
[INFO] [stderr]    Compiling png v0.15.0
[INFO] [stderr]    Compiling nalgebra v0.18.0
[INFO] [stderr]    Compiling cpal v0.8.2
[INFO] [stderr]    Compiling derive_is_enum_variant v0.1.1
[INFO] [stderr]    Compiling rand_chacha v0.2.1
[INFO] [stderr]    Compiling itertools v0.8.0
[INFO] [stderr]    Compiling rawslice v0.1.0
[INFO] [stderr]    Compiling num-traits v0.1.43
[INFO] [stderr]    Compiling atty v0.2.13
[INFO] [stderr]    Compiling fixedbitset v0.1.9
[INFO] [stderr]    Compiling unchecked-index v0.2.2
[INFO] [stderr]    Compiling hound v3.4.0
[INFO] [stderr]    Compiling regex v1.2.1
[INFO] [stderr]    Compiling termcolor v1.0.5
[INFO] [stderr]    Compiling claxon v0.4.2
[INFO] [stderr]    Compiling scoped_threadpool v0.1.9
[INFO] [stderr]    Compiling indexmap v1.0.2
[INFO] [stderr]    Compiling image v0.22.1
[INFO] [stderr]    Compiling pathfinding v1.1.12
[INFO] [stderr]    Compiling odds v0.3.1
[INFO] [stderr]    Compiling env_logger v0.6.2
[INFO] [stderr]    Compiling line_drawing v0.8.0
[INFO] [stderr]    Compiling rand v0.7.0
[INFO] [stderr]    Compiling skynet v0.1.0
[INFO] [stderr]    Compiling toml v0.5.1
[INFO] [stderr]    Compiling serde_derive v1.0.98
[INFO] [stderr]    Compiling ord_subset v3.1.1
[INFO] [stderr]    Compiling rodio v0.9.0
[INFO] [stderr]    Compiling smithay-client-toolkit v0.4.6
[INFO] [stderr]    Compiling winit v0.19.2
[INFO] [stderr]    Compiling glutin v0.21.0
[INFO] [stderr]    Compiling runic v0.1.0 (https://github.com/expenses/runic#cbd658c7)
[INFO] [stderr]    Compiling pedot v0.1.0 (https://github.com/expenses/pedot#6255f2cc)
[INFO] [stderr]    Compiling war-against-machines v0.3.1 (/opt/rustwide/workdir)
[INFO] [stdout] warning: unnecessary parentheses around block return value
[INFO] [stdout]   --> src/utils.rs:66:5
[INFO] [stdout]    |
[INFO] [stdout] 66 |     (1.0 / (1.0 + 0.02 * 4.0_f32.powf(distance / 3.0)))
[INFO] [stdout]    |     ^                                                 ^
[INFO] [stdout]    |
[INFO] [stdout]    = note: `#[warn(unused_parens)]` on by default
[INFO] [stdout] help: remove these parentheses
[INFO] [stdout]    |
[INFO] [stdout] 66 -     (1.0 / (1.0 + 0.02 * 4.0_f32.powf(distance / 3.0)))
[INFO] [stdout] 66 +     1.0 / (1.0 + 0.02 * 4.0_f32.powf(distance / 3.0))
[INFO] [stdout]    |
[INFO] [stdout] 
[INFO] [stdout] 
[INFO] [stdout] warning: use of deprecated method `std::error::Error::description`: use the Display impl or to_string()
[INFO] [stdout]   --> src/error.rs:5:1
[INFO] [stdout]    |
[INFO] [stdout] 5  | / error_chain! {
[INFO] [stdout] 6  | |     foreign_links {
[INFO] [stdout] 7  | |         Bincode(bincode::Error);
[INFO] [stdout] 8  | |         Io(io::Error);
[INFO] [stdout] 9  | |         AddrParse(net::AddrParseError);
[INFO] [stdout] 10 | |     }
[INFO] [stdout] 11 | | }
[INFO] [stdout]    | |_^
[INFO] [stdout]    |
[INFO] [stdout]    = note: `#[warn(deprecated)]` on by default
[INFO] [stdout]    = note: this warning originates in the macro `impl_error_chain_processed` which comes from the expansion of the macro `error_chain` (in Nightly builds, run with -Z macro-backtrace for more info)
[INFO] [stdout] 
[INFO] [stdout] 
[INFO] [stdout] warning: 2 warnings emitted
[INFO] [stdout] 
[INFO] [stdout] 
[INFO] [stderr]     Finished dev [unoptimized + debuginfo] target(s) in 3m 07s
[INFO] running `Command { std: "docker" "inspect" "8be92b2118f8e6d6338f8263fd7cb7c49435bf43ef16a3472b6cc1698a3135df", kill_on_drop: false }`
[INFO] running `Command { std: "docker" "rm" "-f" "8be92b2118f8e6d6338f8263fd7cb7c49435bf43ef16a3472b6cc1698a3135df", kill_on_drop: false }`
[INFO] [stdout] 8be92b2118f8e6d6338f8263fd7cb7c49435bf43ef16a3472b6cc1698a3135df
[INFO] running `Command { std: "docker" "create" "-v" "/var/lib/crater-agent-workspace/builds/worker-2-tc1/target:/opt/rustwide/target:rw,Z" "-v" "/var/lib/crater-agent-workspace/builds/worker-2-tc1/source:/opt/rustwide/workdir:ro,Z" "-v" "/var/lib/crater-agent-workspace/cargo-home:/opt/rustwide/cargo-home:ro,Z" "-v" "/var/lib/crater-agent-workspace/rustup-home:/opt/rustwide/rustup-home:ro,Z" "-e" "SOURCE_DIR=/opt/rustwide/workdir" "-e" "CARGO_TARGET_DIR=/opt/rustwide/target" "-e" "CARGO_INCREMENTAL=0" "-e" "RUST_BACKTRACE=full" "-e" "RUSTFLAGS=--cap-lints=warn" "-e" "RUSTDOCFLAGS=--cap-lints=warn" "-e" "CARGO_HOME=/opt/rustwide/cargo-home" "-e" "RUSTUP_HOME=/opt/rustwide/rustup-home" "-w" "/opt/rustwide/workdir" "-m" "1610612736" "--user" "0:0" "--network" "none" "ghcr.io/rust-lang/crates-build-env/linux@sha256:5ff2268d62e97bff2cde7d5815dd6ed5b47097566f13b8d0ca110b04b60e07ed" "/opt/rustwide/cargo-home/bin/cargo" "+1.69.0" "test" "--frozen" "--no-run" "--message-format=json", kill_on_drop: false }`
[INFO] [stdout] 90dd24ae8492fe1a2fece9e272f3f1da896abf6d813b81766030a23109cd7101
[INFO] running `Command { std: "docker" "start" "-a" "90dd24ae8492fe1a2fece9e272f3f1da896abf6d813b81766030a23109cd7101", kill_on_drop: false }`
[INFO] [stderr]    Compiling war-against-machines v0.3.1 (/opt/rustwide/workdir)
[INFO] [stdout] warning: unnecessary parentheses around block return value
[INFO] [stdout]   --> src/utils.rs:66:5
[INFO] [stdout]    |
[INFO] [stdout] 66 |     (1.0 / (1.0 + 0.02 * 4.0_f32.powf(distance / 3.0)))
[INFO] [stdout]    |     ^                                                 ^
[INFO] [stdout]    |
[INFO] [stdout]    = note: `#[warn(unused_parens)]` on by default
[INFO] [stdout] help: remove these parentheses
[INFO] [stdout]    |
[INFO] [stdout] 66 -     (1.0 / (1.0 + 0.02 * 4.0_f32.powf(distance / 3.0)))
[INFO] [stdout] 66 +     1.0 / (1.0 + 0.02 * 4.0_f32.powf(distance / 3.0))
[INFO] [stdout]    |
[INFO] [stdout] 
[INFO] [stdout] 
[INFO] [stdout] warning: use of deprecated method `std::error::Error::description`: use the Display impl or to_string()
[INFO] [stdout]   --> src/error.rs:5:1
[INFO] [stdout]    |
[INFO] [stdout] 5  | / error_chain! {
[INFO] [stdout] 6  | |     foreign_links {
[INFO] [stdout] 7  | |         Bincode(bincode::Error);
[INFO] [stdout] 8  | |         Io(io::Error);
[INFO] [stdout] 9  | |         AddrParse(net::AddrParseError);
[INFO] [stdout] 10 | |     }
[INFO] [stdout] 11 | | }
[INFO] [stdout]    | |_^
[INFO] [stdout]    |
[INFO] [stdout]    = note: `#[warn(deprecated)]` on by default
[INFO] [stdout]    = note: this warning originates in the macro `impl_error_chain_processed` which comes from the expansion of the macro `error_chain` (in Nightly builds, run with -Z macro-backtrace for more info)
[INFO] [stdout] 
[INFO] [stdout] 
[INFO] [stdout] warning: 2 warnings emitted
[INFO] [stdout] 
[INFO] [stdout] 
[INFO] [stderr]     Finished test [unoptimized + debuginfo] target(s) in 11.94s
[INFO] running `Command { std: "docker" "inspect" "90dd24ae8492fe1a2fece9e272f3f1da896abf6d813b81766030a23109cd7101", kill_on_drop: false }`
[INFO] running `Command { std: "docker" "rm" "-f" "90dd24ae8492fe1a2fece9e272f3f1da896abf6d813b81766030a23109cd7101", kill_on_drop: false }`
[INFO] [stdout] 90dd24ae8492fe1a2fece9e272f3f1da896abf6d813b81766030a23109cd7101
[INFO] running `Command { std: "docker" "create" "-v" "/var/lib/crater-agent-workspace/builds/worker-2-tc1/target:/opt/rustwide/target:rw,Z" "-v" "/var/lib/crater-agent-workspace/builds/worker-2-tc1/source:/opt/rustwide/workdir:ro,Z" "-v" "/var/lib/crater-agent-workspace/cargo-home:/opt/rustwide/cargo-home:ro,Z" "-v" "/var/lib/crater-agent-workspace/rustup-home:/opt/rustwide/rustup-home:ro,Z" "-e" "SOURCE_DIR=/opt/rustwide/workdir" "-e" "CARGO_TARGET_DIR=/opt/rustwide/target" "-e" "CARGO_INCREMENTAL=0" "-e" "RUST_BACKTRACE=full" "-e" "RUSTFLAGS=--cap-lints=warn" "-e" "RUSTDOCFLAGS=--cap-lints=warn" "-e" "CARGO_HOME=/opt/rustwide/cargo-home" "-e" "RUSTUP_HOME=/opt/rustwide/rustup-home" "-w" "/opt/rustwide/workdir" "-m" "1610612736" "--user" "0:0" "--network" "none" "ghcr.io/rust-lang/crates-build-env/linux@sha256:5ff2268d62e97bff2cde7d5815dd6ed5b47097566f13b8d0ca110b04b60e07ed" "/opt/rustwide/cargo-home/bin/cargo" "+1.69.0" "test" "--frozen", kill_on_drop: false }`
[INFO] [stdout] 68dbe06f575f37112bea2e6351192e8ea040bcb6344bc3b2ddf69429ae923b55
[INFO] running `Command { std: "docker" "start" "-a" "68dbe06f575f37112bea2e6351192e8ea040bcb6344bc3b2ddf69429ae923b55", kill_on_drop: false }`
[INFO] [stderr] warning: unnecessary parentheses around block return value
[INFO] [stderr]   --> src/utils.rs:66:5
[INFO] [stderr]    |
[INFO] [stderr] 66 |     (1.0 / (1.0 + 0.02 * 4.0_f32.powf(distance / 3.0)))
[INFO] [stderr]    |     ^                                                 ^
[INFO] [stderr]    |
[INFO] [stderr]    = note: `#[warn(unused_parens)]` on by default
[INFO] [stderr] help: remove these parentheses
[INFO] [stderr]    |
[INFO] [stderr] 66 -     (1.0 / (1.0 + 0.02 * 4.0_f32.powf(distance / 3.0)))
[INFO] [stderr] 66 +     1.0 / (1.0 + 0.02 * 4.0_f32.powf(distance / 3.0))
[INFO] [stderr]    |
[INFO] [stderr] 
[INFO] [stderr] warning: use of deprecated method `std::error::Error::description`: use the Display impl or to_string()
[INFO] [stderr]   --> src/error.rs:5:1
[INFO] [stderr]    |
[INFO] [stderr] 5  | / error_chain! {
[INFO] [stderr] 6  | |     foreign_links {
[INFO] [stderr] 7  | |         Bincode(bincode::Error);
[INFO] [stderr] 8  | |         Io(io::Error);
[INFO] [stderr] 9  | |         AddrParse(net::AddrParseError);
[INFO] [stderr] 10 | |     }
[INFO] [stderr] 11 | | }
[INFO] [stderr]    | |_^
[INFO] [stderr]    |
[INFO] [stderr]    = note: `#[warn(deprecated)]` on by default
[INFO] [stderr]    = note: this warning originates in the macro `impl_error_chain_processed` which comes from the expansion of the macro `error_chain` (in Nightly builds, run with -Z macro-backtrace for more info)
[INFO] [stderr] 
[INFO] [stderr] warning: `war-against-machines` (bin "war-against-machines" test) generated 2 warnings (run `cargo fix --bin "war-against-machines" --tests` to apply 1 suggestion)
[INFO] [stderr]     Finished test [unoptimized + debuginfo] target(s) in 0.25s
[INFO] [stderr]      Running unittests src/main.rs (/opt/rustwide/target/debug/deps/war_against_machines-b66e3465ac8db10e)
[INFO] [stdout] 
[INFO] [stdout] running 16 tests
[INFO] [stdout] test battle::map::tiles::walk_on_tile ... ok
[INFO] [stdout] test battle::map::tiles::map_generation ... ok
[INFO] [stdout] test battle::drawer::default_camera_pos ... ok
[INFO] [stdout] test battle::map::grid::grid_tests ... ok
[INFO] [stdout] test battle::battle_operations ... ok
[INFO] [stdout] test battle::map::vision::line_of_fire ... ok
[INFO] [stdout] test battle::units::test_turning ... ok
[INFO] [stdout] test battle::responses::extrapolation_tests ... ok
[INFO] [stdout] test battle::map::vision::unit_visibility ... ok
[INFO] [stdout] test utils::test_rotation ... ok
[INFO] [stdout] test battle::map::tiles::pit_generation ... ok
[INFO] [stdout] test battle::units::unit_actions ... ok
[INFO] [stdout] test battle::ai::test_empty_ai_match ... ok
[INFO] [stdout] test battle::map::load_save ... FAILED
[INFO] [stdout] test settings::load_save ... FAILED
[INFO] [stdout] test battle::paths::pathfinding ... ok
[INFO] [stdout] 
[INFO] [stdout] failures:
[INFO] [stdout] 
[INFO] [stdout] ---- battle::map::load_save stdout ----
[INFO] [stdout] thread 'battle::map::load_save' panicked at 'assertion failed: `(left == right)`
[INFO] [stdout]   left: `[Message("Error 'Read-only file system (os error 30)' recieved while attemping to create directory 'savegames")]`,
[INFO] [stdout]  right: `[Message("Game saved to 'savegames/test.sav'")]`', src/battle/map/mod.rs:306:5
[INFO] [stdout] stack backtrace:
[INFO] [stdout]    0:     0x562e161d19ca - std::backtrace_rs::backtrace::libunwind::trace::ha9053a9a07ca49cb
[INFO] [stdout]                                at /rustc/84c898d65adf2f39a5a98507f1fe0ce10a2b8dbc/library/std/src/../../backtrace/src/backtrace/libunwind.rs:93:5
[INFO] [stdout]    1:     0x562e161d19ca - std::backtrace_rs::backtrace::trace_unsynchronized::h9c2852a457ad564e
[INFO] [stdout]                                at /rustc/84c898d65adf2f39a5a98507f1fe0ce10a2b8dbc/library/std/src/../../backtrace/src/backtrace/mod.rs:66:5
[INFO] [stdout]    2:     0x562e161d19ca - std::sys_common::backtrace::_print_fmt::h457936fbfaa0070f
[INFO] [stdout]                                at /rustc/84c898d65adf2f39a5a98507f1fe0ce10a2b8dbc/library/std/src/sys_common/backtrace.rs:65:5
[INFO] [stdout]    3:     0x562e161d19ca - <std::sys_common::backtrace::_print::DisplayBacktrace as core::fmt::Display>::fmt::h5779d7bf7f70cb0c
[INFO] [stdout]                                at /rustc/84c898d65adf2f39a5a98507f1fe0ce10a2b8dbc/library/std/src/sys_common/backtrace.rs:44:22
[INFO] [stdout]    4:     0x562e161fa35e - core::fmt::write::h5a4baaff1bcd3eb5
[INFO] [stdout]                                at /rustc/84c898d65adf2f39a5a98507f1fe0ce10a2b8dbc/library/core/src/fmt/mod.rs:1232:17
[INFO] [stdout]    5:     0x562e161ce3d5 - std::io::Write::write_fmt::h478f79c628ef31d1
[INFO] [stdout]                                at /rustc/84c898d65adf2f39a5a98507f1fe0ce10a2b8dbc/library/std/src/io/mod.rs:1684:15
[INFO] [stdout]    6:     0x562e161d1795 - std::sys_common::backtrace::_print::h5fcdc36060f177e8
[INFO] [stdout]                                at /rustc/84c898d65adf2f39a5a98507f1fe0ce10a2b8dbc/library/std/src/sys_common/backtrace.rs:47:5
[INFO] [stdout]    7:     0x562e161d1795 - std::sys_common::backtrace::print::h54ca9458b876c8bf
[INFO] [stdout]                                at /rustc/84c898d65adf2f39a5a98507f1fe0ce10a2b8dbc/library/std/src/sys_common/backtrace.rs:34:9
[INFO] [stdout]    8:     0x562e161d355f - std::panicking::default_hook::{{closure}}::hbe471161c7664ed6
[INFO] [stdout]                                at /rustc/84c898d65adf2f39a5a98507f1fe0ce10a2b8dbc/library/std/src/panicking.rs:271:22
[INFO] [stdout]    9:     0x562e161d321f - std::panicking::default_hook::ha3500da57aa4ac4f
[INFO] [stdout]                                at /rustc/84c898d65adf2f39a5a98507f1fe0ce10a2b8dbc/library/std/src/panicking.rs:287:9
[INFO] [stdout]   10:     0x562e160bacf7 - <alloc::boxed::Box<F,A> as core::ops::function::Fn<Args>>::call::hdf1b89dd137ece34
[INFO] [stdout]                                at /rustc/84c898d65adf2f39a5a98507f1fe0ce10a2b8dbc/library/alloc/src/boxed.rs:2001:9
[INFO] [stdout]   11:     0x562e160bacf7 - test::test_main::{{closure}}::h9081a79f20e75698
[INFO] [stdout]                                at /rustc/84c898d65adf2f39a5a98507f1fe0ce10a2b8dbc/library/test/src/lib.rs:135:21
[INFO] [stdout]   12:     0x562e161d3c8d - <alloc::boxed::Box<F,A> as core::ops::function::Fn<Args>>::call::h6507bddc3eebb4a5
[INFO] [stdout]                                at /rustc/84c898d65adf2f39a5a98507f1fe0ce10a2b8dbc/library/alloc/src/boxed.rs:2001:9
[INFO] [stdout]   13:     0x562e161d3c8d - std::panicking::rust_panic_with_hook::h50c09d000dc561d2
[INFO] [stdout]                                at /rustc/84c898d65adf2f39a5a98507f1fe0ce10a2b8dbc/library/std/src/panicking.rs:696:13
[INFO] [stdout]   14:     0x562e161d3a09 - std::panicking::begin_panic_handler::{{closure}}::h9e2b2176e00e0d9c
[INFO] [stdout]                                at /rustc/84c898d65adf2f39a5a98507f1fe0ce10a2b8dbc/library/std/src/panicking.rs:583:13
[INFO] [stdout]   15:     0x562e161d1e36 - std::sys_common::backtrace::__rust_end_short_backtrace::h5739b8e512c09d02
[INFO] [stdout]                                at /rustc/84c898d65adf2f39a5a98507f1fe0ce10a2b8dbc/library/std/src/sys_common/backtrace.rs:150:18
[INFO] [stdout]   16:     0x562e161d3712 - rust_begin_unwind
[INFO] [stdout]                                at /rustc/84c898d65adf2f39a5a98507f1fe0ce10a2b8dbc/library/std/src/panicking.rs:579:5
[INFO] [stdout]   17:     0x562e15eef353 - core::panicking::panic_fmt::hf33a1475b4dc5c3e
[INFO] [stdout]                                at /rustc/84c898d65adf2f39a5a98507f1fe0ce10a2b8dbc/library/core/src/panicking.rs:64:14
[INFO] [stdout]   18:     0x562e15eef68f - core::panicking::assert_failed_inner::haf9816227b20b6f2
[INFO] [stdout]   19:     0x562e15fb009a - core::panicking::assert_failed::h9d52c8f056dd656f
[INFO] [stdout]                                at /rustc/84c898d65adf2f39a5a98507f1fe0ce10a2b8dbc/library/core/src/panicking.rs:211:5
[INFO] [stdout]   20:     0x562e16034ebf - war_against_machines::battle::map::load_save::h61cb8fa1936c9553
[INFO] [stdout]                                at /opt/rustwide/workdir/src/battle/map/mod.rs:306:5
[INFO] [stdout]   21:     0x562e160349e7 - war_against_machines::battle::map::load_save::{{closure}}::h9ad265ae89d3802d
[INFO] [stdout]                                at /opt/rustwide/workdir/src/battle/map/mod.rs:289:16
[INFO] [stdout]   22:     0x562e1604d8c5 - core::ops::function::FnOnce::call_once::h6694b71ab9d41ff7
[INFO] [stdout]                                at /rustc/84c898d65adf2f39a5a98507f1fe0ce10a2b8dbc/library/core/src/ops/function.rs:250:5
[INFO] [stdout]   23:     0x562e160c00df - core::ops::function::FnOnce::call_once::h7d969581be7d0075
[INFO] [stdout]                                at /rustc/84c898d65adf2f39a5a98507f1fe0ce10a2b8dbc/library/core/src/ops/function.rs:250:5
[INFO] [stdout]   24:     0x562e160c00df - test::__rust_begin_short_backtrace::hca25a52684e56655
[INFO] [stdout]                                at /rustc/84c898d65adf2f39a5a98507f1fe0ce10a2b8dbc/library/test/src/lib.rs:656:18
[INFO] [stdout]   25:     0x562e160916fc - test::run_test::{{closure}}::ha8ac744c4af1a4bb
[INFO] [stdout]                                at /rustc/84c898d65adf2f39a5a98507f1fe0ce10a2b8dbc/library/test/src/lib.rs:647:30
[INFO] [stdout]   26:     0x562e160916fc - core::ops::function::FnOnce::call_once{{vtable.shim}}::h7b411a9ed45bdecf
[INFO] [stdout]                                at /rustc/84c898d65adf2f39a5a98507f1fe0ce10a2b8dbc/library/core/src/ops/function.rs:250:5
[INFO] [stdout]   27:     0x562e160bf0a6 - <alloc::boxed::Box<F,A> as core::ops::function::FnOnce<Args>>::call_once::hd05328869a8ed200
[INFO] [stdout]                                at /rustc/84c898d65adf2f39a5a98507f1fe0ce10a2b8dbc/library/alloc/src/boxed.rs:1987:9
[INFO] [stdout]   28:     0x562e160bf0a6 - <core::panic::unwind_safe::AssertUnwindSafe<F> as core::ops::function::FnOnce<()>>::call_once::h0c601ce20bd5b2be
[INFO] [stdout]                                at /rustc/84c898d65adf2f39a5a98507f1fe0ce10a2b8dbc/library/core/src/panic/unwind_safe.rs:271:9
[INFO] [stdout]   29:     0x562e160bf0a6 - std::panicking::try::do_call::ha4be5c164fe30854
[INFO] [stdout]                                at /rustc/84c898d65adf2f39a5a98507f1fe0ce10a2b8dbc/library/std/src/panicking.rs:487:40
[INFO] [stdout]   30:     0x562e160bf0a6 - std::panicking::try::h604546f3609af05f
[INFO] [stdout]                                at /rustc/84c898d65adf2f39a5a98507f1fe0ce10a2b8dbc/library/std/src/panicking.rs:451:19
[INFO] [stdout]   31:     0x562e160bf0a6 - std::panic::catch_unwind::h5bfa8afe44c9c2f9
[INFO] [stdout]                                at /rustc/84c898d65adf2f39a5a98507f1fe0ce10a2b8dbc/library/std/src/panic.rs:140:14
[INFO] [stdout]   32:     0x562e160bf0a6 - test::run_test_in_process::hd50dee55dd63e6aa
[INFO] [stdout]                                at /rustc/84c898d65adf2f39a5a98507f1fe0ce10a2b8dbc/library/test/src/lib.rs:679:27
[INFO] [stdout]   33:     0x562e160bf0a6 - test::run_test::run_test_inner::{{closure}}::h4aa0f433aa85cea8
[INFO] [stdout]                                at /rustc/84c898d65adf2f39a5a98507f1fe0ce10a2b8dbc/library/test/src/lib.rs:573:39
[INFO] [stdout]   34:     0x562e1608bd71 - test::run_test::run_test_inner::{{closure}}::had56431adf24b4d6
[INFO] [stdout]                                at /rustc/84c898d65adf2f39a5a98507f1fe0ce10a2b8dbc/library/test/src/lib.rs:600:37
[INFO] [stdout]   35:     0x562e1608bd71 - std::sys_common::backtrace::__rust_begin_short_backtrace::ha8d9890e0c73bf13
[INFO] [stdout]                                at /rustc/84c898d65adf2f39a5a98507f1fe0ce10a2b8dbc/library/std/src/sys_common/backtrace.rs:134:18
[INFO] [stdout]   36:     0x562e1609178b - std::thread::Builder::spawn_unchecked_::{{closure}}::{{closure}}::h251832bcb4a95327
[INFO] [stdout]                                at /rustc/84c898d65adf2f39a5a98507f1fe0ce10a2b8dbc/library/std/src/thread/mod.rs:560:17
[INFO] [stdout]   37:     0x562e1609178b - <core::panic::unwind_safe::AssertUnwindSafe<F> as core::ops::function::FnOnce<()>>::call_once::h8fdff598fa414831
[INFO] [stdout]                                at /rustc/84c898d65adf2f39a5a98507f1fe0ce10a2b8dbc/library/core/src/panic/unwind_safe.rs:271:9
[INFO] [stdout]   38:     0x562e1609178b - std::panicking::try::do_call::h455dd2f7764a950f
[INFO] [stdout]                                at /rustc/84c898d65adf2f39a5a98507f1fe0ce10a2b8dbc/library/std/src/panicking.rs:487:40
[INFO] [stdout]   39:     0x562e1609178b - std::panicking::try::had6f23b7b73ae72a
[INFO] [stdout]                                at /rustc/84c898d65adf2f39a5a98507f1fe0ce10a2b8dbc/library/std/src/panicking.rs:451:19
[INFO] [stdout]   40:     0x562e1609178b - std::panic::catch_unwind::ha6a5ca3915b4dad0
[INFO] [stdout]                                at /rustc/84c898d65adf2f39a5a98507f1fe0ce10a2b8dbc/library/std/src/panic.rs:140:14
[INFO] [stdout]   41:     0x562e1609178b - std::thread::Builder::spawn_unchecked_::{{closure}}::h883b72ef75da6231
[INFO] [stdout]                                at /rustc/84c898d65adf2f39a5a98507f1fe0ce10a2b8dbc/library/std/src/thread/mod.rs:559:30
[INFO] [stdout]   42:     0x562e1609178b - core::ops::function::FnOnce::call_once{{vtable.shim}}::hb7dff73dc8bd2ccb
[INFO] [stdout]                                at /rustc/84c898d65adf2f39a5a98507f1fe0ce10a2b8dbc/library/core/src/ops/function.rs:250:5
[INFO] [stdout]   43:     0x562e161d7ff3 - <alloc::boxed::Box<F,A> as core::ops::function::FnOnce<Args>>::call_once::h39990b24eedef2ab
[INFO] [stdout]                                at /rustc/84c898d65adf2f39a5a98507f1fe0ce10a2b8dbc/library/alloc/src/boxed.rs:1987:9
[INFO] [stdout]   44:     0x562e161d7ff3 - <alloc::boxed::Box<F,A> as core::ops::function::FnOnce<Args>>::call_once::h01a027258444143b
[INFO] [stdout]                                at /rustc/84c898d65adf2f39a5a98507f1fe0ce10a2b8dbc/library/alloc/src/boxed.rs:1987:9
[INFO] [stdout]   45:     0x562e161d7ff3 - std::sys::unix::thread::Thread::new::thread_start::ha4f1cdd9c25884ba
[INFO] [stdout]                                at /rustc/84c898d65adf2f39a5a98507f1fe0ce10a2b8dbc/library/std/src/sys/unix/thread.rs:108:17
[INFO] [stdout]   46:     0x7f80bee98b43 - <unknown>
[INFO] [stdout]   47:     0x7f80bef29bb4 - __clone
[INFO] [stdout]   48:                0x0 - <unknown>
[INFO] [stdout] 
[INFO] [stdout] ---- settings::load_save stdout ----
[INFO] [stdout] thread 'settings::load_save' panicked at 'assertion failed: `(left == right)`
[INFO] [stdout]   left: `100`,
[INFO] [stdout]  right: `99`', src/settings.rs:247:5
[INFO] [stdout] stack backtrace:
[INFO] [stdout]    0:     0x562e161d19ca - std::backtrace_rs::backtrace::libunwind::trace::ha9053a9a07ca49cb
[INFO] [stdout]                                at /rustc/84c898d65adf2f39a5a98507f1fe0ce10a2b8dbc/library/std/src/../../backtrace/src/backtrace/libunwind.rs:93:5
[INFO] [stdout]    1:     0x562e161d19ca - std::backtrace_rs::backtrace::trace_unsynchronized::h9c2852a457ad564e
[INFO] [stdout]                                at /rustc/84c898d65adf2f39a5a98507f1fe0ce10a2b8dbc/library/std/src/../../backtrace/src/backtrace/mod.rs:66:5
[INFO] [stdout]    2:     0x562e161d19ca - std::sys_common::backtrace::_print_fmt::h457936fbfaa0070f
[INFO] [stdout]                                at /rustc/84c898d65adf2f39a5a98507f1fe0ce10a2b8dbc/library/std/src/sys_common/backtrace.rs:65:5
[INFO] [stdout]    3:     0x562e161d19ca - <std::sys_common::backtrace::_print::DisplayBacktrace as core::fmt::Display>::fmt::h5779d7bf7f70cb0c
[INFO] [stdout]                                at /rustc/84c898d65adf2f39a5a98507f1fe0ce10a2b8dbc/library/std/src/sys_common/backtrace.rs:44:22
[INFO] [stdout]    4:     0x562e161fa35e - core::fmt::write::h5a4baaff1bcd3eb5
[INFO] [stdout]                                at /rustc/84c898d65adf2f39a5a98507f1fe0ce10a2b8dbc/library/core/src/fmt/mod.rs:1232:17
[INFO] [stdout]    5:     0x562e161ce3d5 - std::io::Write::write_fmt::h478f79c628ef31d1
[INFO] [stdout]                                at /rustc/84c898d65adf2f39a5a98507f1fe0ce10a2b8dbc/library/std/src/io/mod.rs:1684:15
[INFO] [stdout]    6:     0x562e161d1795 - std::sys_common::backtrace::_print::h5fcdc36060f177e8
[INFO] [stdout]                                at /rustc/84c898d65adf2f39a5a98507f1fe0ce10a2b8dbc/library/std/src/sys_common/backtrace.rs:47:5
[INFO] [stdout]    7:     0x562e161d1795 - std::sys_common::backtrace::print::h54ca9458b876c8bf
[INFO] [stdout]                                at /rustc/84c898d65adf2f39a5a98507f1fe0ce10a2b8dbc/library/std/src/sys_common/backtrace.rs:34:9
[INFO] [stdout]    8:     0x562e161d355f - std::panicking::default_hook::{{closure}}::hbe471161c7664ed6
[INFO] [stdout]                                at /rustc/84c898d65adf2f39a5a98507f1fe0ce10a2b8dbc/library/std/src/panicking.rs:271:22
[INFO] [stdout]    9:     0x562e161d321f - std::panicking::default_hook::ha3500da57aa4ac4f
[INFO] [stdout]                                at /rustc/84c898d65adf2f39a5a98507f1fe0ce10a2b8dbc/library/std/src/panicking.rs:287:9
[INFO] [stdout]   10:     0x562e160bacf7 - <alloc::boxed::Box<F,A> as core::ops::function::Fn<Args>>::call::hdf1b89dd137ece34
[INFO] [stdout]                                at /rustc/84c898d65adf2f39a5a98507f1fe0ce10a2b8dbc/library/alloc/src/boxed.rs:2001:9
[INFO] [stdout]   11:     0x562e160bacf7 - test::test_main::{{closure}}::h9081a79f20e75698
[INFO] [stdout]                                at /rustc/84c898d65adf2f39a5a98507f1fe0ce10a2b8dbc/library/test/src/lib.rs:135:21
[INFO] [stdout]   12:     0x562e161d3c8d - <alloc::boxed::Box<F,A> as core::ops::function::Fn<Args>>::call::h6507bddc3eebb4a5
[INFO] [stdout]                                at /rustc/84c898d65adf2f39a5a98507f1fe0ce10a2b8dbc/library/alloc/src/boxed.rs:2001:9
[INFO] [stdout]   13:     0x562e161d3c8d - std::panicking::rust_panic_with_hook::h50c09d000dc561d2
[INFO] [stdout]                                at /rustc/84c898d65adf2f39a5a98507f1fe0ce10a2b8dbc/library/std/src/panicking.rs:696:13
[INFO] [stdout]   14:     0x562e161d3a09 - std::panicking::begin_panic_handler::{{closure}}::h9e2b2176e00e0d9c
[INFO] [stdout]                                at /rustc/84c898d65adf2f39a5a98507f1fe0ce10a2b8dbc/library/std/src/panicking.rs:583:13
[INFO] [stdout]   15:     0x562e161d1e36 - std::sys_common::backtrace::__rust_end_short_backtrace::h5739b8e512c09d02
[INFO] [stdout]                                at /rustc/84c898d65adf2f39a5a98507f1fe0ce10a2b8dbc/library/std/src/sys_common/backtrace.rs:150:18
[INFO] [stdout]   16:     0x562e161d3712 - rust_begin_unwind
[INFO] [stdout]                                at /rustc/84c898d65adf2f39a5a98507f1fe0ce10a2b8dbc/library/std/src/panicking.rs:579:5
[INFO] [stdout]   17:     0x562e15eef353 - core::panicking::panic_fmt::hf33a1475b4dc5c3e
[INFO] [stdout]                                at /rustc/84c898d65adf2f39a5a98507f1fe0ce10a2b8dbc/library/core/src/panicking.rs:64:14
[INFO] [stdout]   18:     0x562e15eef68f - core::panicking::assert_failed_inner::haf9816227b20b6f2
[INFO] [stdout]   19:     0x562e160d1d7a - core::panicking::assert_failed::h0ac804d304c9dcac
[INFO] [stdout]                                at /rustc/84c898d65adf2f39a5a98507f1fe0ce10a2b8dbc/library/core/src/panicking.rs:211:5
[INFO] [stdout]   20:     0x562e15f89247 - war_against_machines::settings::load_save::h025c0080d04cff21
[INFO] [stdout]                                at /opt/rustwide/workdir/src/settings.rs:247:5
[INFO] [stdout]   21:     0x562e15f890a7 - war_against_machines::settings::load_save::{{closure}}::h7812d2f54a5454e3
[INFO] [stdout]                                at /opt/rustwide/workdir/src/settings.rs:229:16
[INFO] [stdout]   22:     0x562e1604d885 - core::ops::function::FnOnce::call_once::h58e1e75b573fe51b
[INFO] [stdout]                                at /rustc/84c898d65adf2f39a5a98507f1fe0ce10a2b8dbc/library/core/src/ops/function.rs:250:5
[INFO] [stdout]   23:     0x562e160c00df - core::ops::function::FnOnce::call_once::h7d969581be7d0075
[INFO] [stdout]                                at /rustc/84c898d65adf2f39a5a98507f1fe0ce10a2b8dbc/library/core/src/ops/function.rs:250:5
[INFO] [stdout]   24:     0x562e160c00df - test::__rust_begin_short_backtrace::hca25a52684e56655
[INFO] [stdout]                                at /rustc/84c898d65adf2f39a5a98507f1fe0ce10a2b8dbc/library/test/src/lib.rs:656:18
[INFO] [stdout]   25:     0x562e160916fc - test::run_test::{{closure}}::ha8ac744c4af1a4bb
[INFO] [stdout]                                at /rustc/84c898d65adf2f39a5a98507f1fe0ce10a2b8dbc/library/test/src/lib.rs:647:30
[INFO] [stdout]   26:     0x562e160916fc - core::ops::function::FnOnce::call_once{{vtable.shim}}::h7b411a9ed45bdecf
[INFO] [stdout]                                at /rustc/84c898d65adf2f39a5a98507f1fe0ce10a2b8dbc/library/core/src/ops/function.rs:250:5
[INFO] [stdout]   27:     0x562e160bf0a6 - <alloc::boxed::Box<F,A> as core::ops::function::FnOnce<Args>>::call_once::hd05328869a8ed200
[INFO] [stdout]                                at /rustc/84c898d65adf2f39a5a98507f1fe0ce10a2b8dbc/library/alloc/src/boxed.rs:1987:9
[INFO] [stdout]   28:     0x562e160bf0a6 - <core::panic::unwind_safe::AssertUnwindSafe<F> as core::ops::function::FnOnce<()>>::call_once::h0c601ce20bd5b2be
[INFO] [stdout]                                at /rustc/84c898d65adf2f39a5a98507f1fe0ce10a2b8dbc/library/core/src/panic/unwind_safe.rs:271:9
[INFO] [stdout]   29:     0x562e160bf0a6 - std::panicking::try::do_call::ha4be5c164fe30854
[INFO] [stdout]                                at /rustc/84c898d65adf2f39a5a98507f1fe0ce10a2b8dbc/library/std/src/panicking.rs:487:40
[INFO] [stdout]   30:     0x562e160bf0a6 - std::panicking::try::h604546f3609af05f
[INFO] [stdout]                                at /rustc/84c898d65adf2f39a5a98507f1fe0ce10a2b8dbc/library/std/src/panicking.rs:451:19
[INFO] [stdout]   31:     0x562e160bf0a6 - std::panic::catch_unwind::h5bfa8afe44c9c2f9
[INFO] [stdout]                                at /rustc/84c898d65adf2f39a5a98507f1fe0ce10a2b8dbc/library/std/src/panic.rs:140:14
[INFO] [stdout]   32:     0x562e160bf0a6 - test::run_test_in_process::hd50dee55dd63e6aa
[INFO] [stdout]                                at /rustc/84c898d65adf2f39a5a98507f1fe0ce10a2b8dbc/library/test/src/lib.rs:679:27
[INFO] [stdout]   33:     0x562e160bf0a6 - test::run_test::run_test_inner::{{closure}}::h4aa0f433aa85cea8
[INFO] [stdout]                                at /rustc/84c898d65adf2f39a5a98507f1fe0ce10a2b8dbc/library/test/src/lib.rs:573:39
[INFO] [stdout]   34:     0x562e1608bd71 - test::run_test::run_test_inner::{{closure}}::had56431adf24b4d6
[INFO] [stdout]                                at /rustc/84c898d65adf2f39a5a98507f1fe0ce10a2b8dbc/library/test/src/lib.rs:600:37
[INFO] [stdout]   35:     0x562e1608bd71 - std::sys_common::backtrace::__rust_begin_short_backtrace::ha8d9890e0c73bf13
[INFO] [stdout]                                at /rustc/84c898d65adf2f39a5a98507f1fe0ce10a2b8dbc/library/std/src/sys_common/backtrace.rs:134:18
[INFO] [stdout]   36:     0x562e1609178b - std::thread::Builder::spawn_unchecked_::{{closure}}::{{closure}}::h251832bcb4a95327
[INFO] [stdout]                                at /rustc/84c898d65adf2f39a5a98507f1fe0ce10a2b8dbc/library/std/src/thread/mod.rs:560:17
[INFO] [stdout]   37:     0x562e1609178b - <core::panic::unwind_safe::AssertUnwindSafe<F> as core::ops::function::FnOnce<()>>::call_once::h8fdff598fa414831
[INFO] [stdout]                                at /rustc/84c898d65adf2f39a5a98507f1fe0ce10a2b8dbc/library/core/src/panic/unwind_safe.rs:271:9
[INFO] [stdout]   38:     0x562e1609178b - std::panicking::try::do_call::h455dd2f7764a950f
[INFO] [stdout]                                at /rustc/84c898d65adf2f39a5a98507f1fe0ce10a2b8dbc/library/std/src/panicking.rs:487:40
[INFO] [stdout]   39:     0x562e1609178b - std::panicking::try::had6f23b7b73ae72a
[INFO] [stdout]                                at /rustc/84c898d65adf2f39a5a98507f1fe0ce10a2b8dbc/library/std/src/panicking.rs:451:19
[INFO] [stdout]   40:     0x562e1609178b - std::panic::catch_unwind::ha6a5ca3915b4dad0
[INFO] [stdout]                                at /rustc/84c898d65adf2f39a5a98507f1fe0ce10a2b8dbc/library/std/src/panic.rs:140:14
[INFO] [stdout]   41:     0x562e1609178b - std::thread::Builder::spawn_unchecked_::{{closure}}::h883b72ef75da6231
[INFO] [stdout]                                at /rustc/84c898d65adf2f39a5a98507f1fe0ce10a2b8dbc/library/std/src/thread/mod.rs:559:30
[INFO] [stdout]   42:     0x562e1609178b - core::ops::function::FnOnce::call_once{{vtable.shim}}::hb7dff73dc8bd2ccb
[INFO] [stdout]                                at /rustc/84c898d65adf2f39a5a98507f1fe0ce10a2b8dbc/library/core/src/ops/function.rs:250:5
[INFO] [stdout]   43:     0x562e161d7ff3 - <alloc::boxed::Box<F,A> as core::ops::function::FnOnce<Args>>::call_once::h39990b24eedef2ab
[INFO] [stdout]                                at /rustc/84c898d65adf2f39a5a98507f1fe0ce10a2b8dbc/library/alloc/src/boxed.rs:1987:9
[INFO] [stdout]   44:     0x562e161d7ff3 - <alloc::boxed::Box<F,A> as core::ops::function::FnOnce<Args>>::call_once::h01a027258444143b
[INFO] [stdout]                                at /rustc/84c898d65adf2f39a5a98507f1fe0ce10a2b8dbc/library/alloc/src/boxed.rs:1987:9
[INFO] [stdout]   45:     0x562e161d7ff3 - std::sys::unix::thread::Thread::new::thread_start::ha4f1cdd9c25884ba
[INFO] [stdout]                                at /rustc/84c898d65adf2f39a5a98507f1fe0ce10a2b8dbc/library/std/src/sys/unix/thread.rs:108:17
[INFO] [stdout]   46:     0x7f80bee98b43 - <unknown>
[INFO] [stdout]   47:     0x7f80bef29bb4 - __clone
[INFO] [stdout]   48:                0x0 - <unknown>
[INFO] [stdout] 
[INFO] [stdout] 
[INFO] [stdout] failures:
[INFO] [stdout]     battle::map::load_save
[INFO] [stdout]     settings::load_save
[INFO] [stdout] 
[INFO] [stdout] test result: FAILED. 14 passed; 2 failed; 0 ignored; 0 measured; 0 filtered out; finished in 0.53s
[INFO] [stdout] 
[INFO] [stderr] error: test failed, to rerun pass `--bin war-against-machines`
[INFO] running `Command { std: "docker" "inspect" "68dbe06f575f37112bea2e6351192e8ea040bcb6344bc3b2ddf69429ae923b55", kill_on_drop: false }`
[INFO] running `Command { std: "docker" "rm" "-f" "68dbe06f575f37112bea2e6351192e8ea040bcb6344bc3b2ddf69429ae923b55", kill_on_drop: false }`
[INFO] [stdout] 68dbe06f575f37112bea2e6351192e8ea040bcb6344bc3b2ddf69429ae923b55
