[INFO] cloning repository https://github.com/ericrobolson/g_network
[INFO] running `Command { std: "git" "-c" "credential.helper=" "-c" "credential.helper=/workspace/cargo-home/bin/git-credential-null" "clone" "--bare" "https://github.com/ericrobolson/g_network" "/workspace/cache/git-repos/https%3A%2F%2Fgithub.com%2Fericrobolson%2Fg_network", kill_on_drop: false }`
[INFO] [stderr] Cloning into bare repository '/workspace/cache/git-repos/https%3A%2F%2Fgithub.com%2Fericrobolson%2Fg_network'...
[INFO] running `Command { std: "git" "rev-parse" "HEAD", kill_on_drop: false }`
[INFO] [stdout] 6a2f880a6fb3a4ba4556a750091bf361a51559ec
[INFO] testing ericrobolson/g_network against beta-2023-04-20 for beta-1.70-1
[INFO] running `Command { std: "git" "clone" "/workspace/cache/git-repos/https%3A%2F%2Fgithub.com%2Fericrobolson%2Fg_network" "/workspace/builds/worker-7-tc2/source", kill_on_drop: false }`
[INFO] [stderr] Cloning into '/workspace/builds/worker-7-tc2/source'...
[INFO] [stderr] done.
[INFO] validating manifest of git repo https://github.com/ericrobolson/g_network on toolchain beta-2023-04-20
[INFO] running `Command { std: CARGO_HOME="/workspace/cargo-home" RUSTUP_HOME="/workspace/rustup-home" "/workspace/cargo-home/bin/cargo" "+beta-2023-04-20" "metadata" "--manifest-path" "Cargo.toml" "--no-deps", kill_on_drop: false }`
[INFO] started tweaking git repo https://github.com/ericrobolson/g_network
[INFO] finished tweaking git repo https://github.com/ericrobolson/g_network
[INFO] tweaked toml for git repo https://github.com/ericrobolson/g_network written to /workspace/builds/worker-7-tc2/source/Cargo.toml
[INFO] crate git repo https://github.com/ericrobolson/g_network already has a lockfile, it will not be regenerated
[INFO] running `Command { std: CARGO_HOME="/workspace/cargo-home" RUSTUP_HOME="/workspace/rustup-home" "/workspace/cargo-home/bin/cargo" "+beta-2023-04-20" "fetch" "--manifest-path" "Cargo.toml", kill_on_drop: false }`
[INFO] running `Command { std: "docker" "create" "-v" "/var/lib/crater-agent-workspace/builds/worker-7-tc2/target:/opt/rustwide/target:rw,Z" "-v" "/var/lib/crater-agent-workspace/builds/worker-7-tc2/source:/opt/rustwide/workdir:ro,Z" "-v" "/var/lib/crater-agent-workspace/cargo-home:/opt/rustwide/cargo-home:ro,Z" "-v" "/var/lib/crater-agent-workspace/rustup-home:/opt/rustwide/rustup-home:ro,Z" "-e" "SOURCE_DIR=/opt/rustwide/workdir" "-e" "CARGO_TARGET_DIR=/opt/rustwide/target" "-e" "CARGO_HOME=/opt/rustwide/cargo-home" "-e" "RUSTUP_HOME=/opt/rustwide/rustup-home" "-w" "/opt/rustwide/workdir" "-m" "1610612736" "--user" "0:0" "--network" "none" "ghcr.io/rust-lang/crates-build-env/linux@sha256:5ff2268d62e97bff2cde7d5815dd6ed5b47097566f13b8d0ca110b04b60e07ed" "/opt/rustwide/cargo-home/bin/cargo" "+beta-2023-04-20" "metadata" "--no-deps" "--format-version=1", kill_on_drop: false }`
[INFO] [stdout] 4165dfc4530ae583d5d865564060f13cd1f6959957a92e1b86b739ba3aaa9f7b
[INFO] running `Command { std: "docker" "start" "-a" "4165dfc4530ae583d5d865564060f13cd1f6959957a92e1b86b739ba3aaa9f7b", kill_on_drop: false }`
[INFO] running `Command { std: "docker" "inspect" "4165dfc4530ae583d5d865564060f13cd1f6959957a92e1b86b739ba3aaa9f7b", kill_on_drop: false }`
[INFO] running `Command { std: "docker" "rm" "-f" "4165dfc4530ae583d5d865564060f13cd1f6959957a92e1b86b739ba3aaa9f7b", kill_on_drop: false }`
[INFO] [stdout] 4165dfc4530ae583d5d865564060f13cd1f6959957a92e1b86b739ba3aaa9f7b
[INFO] running `Command { std: "docker" "create" "-v" "/var/lib/crater-agent-workspace/builds/worker-7-tc2/target:/opt/rustwide/target:rw,Z" "-v" "/var/lib/crater-agent-workspace/builds/worker-7-tc2/source:/opt/rustwide/workdir:ro,Z" "-v" "/var/lib/crater-agent-workspace/cargo-home:/opt/rustwide/cargo-home:ro,Z" "-v" "/var/lib/crater-agent-workspace/rustup-home:/opt/rustwide/rustup-home:ro,Z" "-e" "SOURCE_DIR=/opt/rustwide/workdir" "-e" "CARGO_TARGET_DIR=/opt/rustwide/target" "-e" "CARGO_INCREMENTAL=0" "-e" "RUST_BACKTRACE=full" "-e" "RUSTFLAGS=--cap-lints=warn" "-e" "RUSTDOCFLAGS=--cap-lints=warn" "-e" "CARGO_HOME=/opt/rustwide/cargo-home" "-e" "RUSTUP_HOME=/opt/rustwide/rustup-home" "-w" "/opt/rustwide/workdir" "-m" "1610612736" "--user" "0:0" "--network" "none" "ghcr.io/rust-lang/crates-build-env/linux@sha256:5ff2268d62e97bff2cde7d5815dd6ed5b47097566f13b8d0ca110b04b60e07ed" "/opt/rustwide/cargo-home/bin/cargo" "+beta-2023-04-20" "build" "--frozen" "--message-format=json", kill_on_drop: false }`
[INFO] [stdout] 3b7239def49d04a033b8ce5d0a3193d1e76c8a8ccf857a8ddece730cf34c64b1
[INFO] running `Command { std: "docker" "start" "-a" "3b7239def49d04a033b8ce5d0a3193d1e76c8a8ccf857a8ddece730cf34c64b1", kill_on_drop: false }`
[INFO] [stderr]    Compiling crc32fast v1.3.0
[INFO] [stderr]    Compiling cfg-if v1.0.0
[INFO] [stderr]    Compiling networking v0.1.0 (/opt/rustwide/workdir)
[INFO] [stdout] warning: unused import: `packet::*`
[INFO] [stdout]   --> src/lib.rs:15:5
[INFO] [stdout]    |
[INFO] [stdout] 15 | use packet::*;
[INFO] [stdout]    |     ^^^^^^^^^
[INFO] [stdout]    |
[INFO] [stdout]    = note: `#[warn(unused_imports)]` on by default
[INFO] [stdout] 
[INFO] [stdout] 
[INFO] [stdout] warning: unused import: `packet_id::*`
[INFO] [stdout]   --> src/lib.rs:16:5
[INFO] [stdout]    |
[INFO] [stdout] 16 | use packet_id::*;
[INFO] [stdout]    |     ^^^^^^^^^^^^
[INFO] [stdout] 
[INFO] [stdout] 
[INFO] [stdout] warning: unreachable expression
[INFO] [stdout]    --> src/connection.rs:237:17
[INFO] [stdout]     |
[INFO] [stdout] 199 | /                 match Packet::from_bytes(&buff) {
[INFO] [stdout] 200 | |                     Ok(packet) => {
[INFO] [stdout] 201 | |                         // Read in sequence from the packet header
[INFO] [stdout] 202 | |                         let ack_id = packet.ack_id();
[INFO] [stdout] ...   |
[INFO] [stdout] 234 | |                     Err(_) => todo!(),
[INFO] [stdout] 235 | |                 }
[INFO] [stdout]     | |_________________- any code following this `match` expression is unreachable, as all arms diverge
[INFO] [stdout] 236 |
[INFO] [stdout] 237 |                   todo!()
[INFO] [stdout]     |                   ^^^^^^^ unreachable expression
[INFO] [stdout]     |
[INFO] [stdout]     = note: `#[warn(unreachable_code)]` on by default
[INFO] [stdout]     = note: this warning originates in the macro `todo` (in Nightly builds, run with -Z macro-backtrace for more info)
[INFO] [stdout] 
[INFO] [stdout] 
[INFO] [stdout] warning: variants `Delivered`, `Dropped`, and `InFlight` are never constructed
[INFO] [stdout]   --> src/connection.rs:12:5
[INFO] [stdout]    |
[INFO] [stdout] 11 | enum DeliveryStatus {
[INFO] [stdout]    |      -------------- variants in this enum
[INFO] [stdout] 12 |     Delivered { notified: bool },
[INFO] [stdout]    |     ^^^^^^^^^
[INFO] [stdout] 13 |     Dropped { notified: bool },
[INFO] [stdout]    |     ^^^^^^^
[INFO] [stdout] 14 |     InFlight,
[INFO] [stdout]    |     ^^^^^^^^
[INFO] [stdout]    |
[INFO] [stdout]    = note: `DeliveryStatus` has derived impls for the traits `Debug` and `Clone`, but these are intentionally ignored during dead code analysis
[INFO] [stdout]    = note: `#[warn(dead_code)]` on by default
[INFO] [stdout] 
[INFO] [stdout] 
[INFO] [stdout] warning: constant `BUFFER_SIZE` is never used
[INFO] [stdout]   --> src/connection.rs:23:7
[INFO] [stdout]    |
[INFO] [stdout] 23 | const BUFFER_SIZE: usize = 1024;
[INFO] [stdout]    |       ^^^^^^^^^^^
[INFO] [stdout] 
[INFO] [stdout] 
[INFO] [stdout] warning: struct `Connection` is never constructed
[INFO] [stdout]   --> src/connection.rs:27:12
[INFO] [stdout]    |
[INFO] [stdout] 27 | pub struct Connection<TSocket>
[INFO] [stdout]    |            ^^^^^^^^^^
[INFO] [stdout] 
[INFO] [stdout] 
[INFO] [stdout] warning: multiple associated items are never used
[INFO] [stdout]    --> src/connection.rs:46:12
[INFO] [stdout]     |
[INFO] [stdout] 41  | impl<TSocket> Connection<TSocket>
[INFO] [stdout]     | --------------------------------- associated items in this implementation
[INFO] [stdout] ...
[INFO] [stdout] 46  |     pub fn generate_packet(&mut self) -> Packet {
[INFO] [stdout]     |            ^^^^^^^^^^^^^^^
[INFO] [stdout] ...
[INFO] [stdout] 58  |     fn handle_acks(&mut self, packet: &Packet) {
[INFO] [stdout]     |        ^^^^^^^^^^^
[INFO] [stdout] ...
[INFO] [stdout] 83  |     fn mark_in_flight_as_dropped(&mut self) {
[INFO] [stdout]     |        ^^^^^^^^^^^^^^^^^^^^^^^^^
[INFO] [stdout] ...
[INFO] [stdout] 104 |     pub fn new(packet_capacity: usize, socket: TSocket) -> Self {
[INFO] [stdout]     |            ^^^
[INFO] [stdout] ...
[INFO] [stdout] 127 |     pub fn poll_notification(&mut self) -> Option<Notification> {
[INFO] [stdout]     |            ^^^^^^^^^^^^^^^^^
[INFO] [stdout] ...
[INFO] [stdout] 194 |     pub fn receive(&mut self) -> Result<Option<Packet>, PacketErr> {
[INFO] [stdout]     |            ^^^^^^^
[INFO] [stdout] ...
[INFO] [stdout] 244 |     fn set_acks(&self, packet: &mut Packet) {
[INFO] [stdout]     |        ^^^^^^^^
[INFO] [stdout] ...
[INFO] [stdout] 263 |     pub fn send_packet(&mut self, mut packet: Packet) -> Result<(), SocketErr> {
[INFO] [stdout]     |            ^^^^^^^^^^^
[INFO] [stdout] 
[INFO] [stdout] 
[INFO] [stdout] warning: 7 warnings emitted
[INFO] [stdout] 
[INFO] [stdout] 
[INFO] [stderr]     Finished dev [unoptimized + debuginfo] target(s) in 1.16s
[INFO] running `Command { std: "docker" "inspect" "3b7239def49d04a033b8ce5d0a3193d1e76c8a8ccf857a8ddece730cf34c64b1", kill_on_drop: false }`
[INFO] running `Command { std: "docker" "rm" "-f" "3b7239def49d04a033b8ce5d0a3193d1e76c8a8ccf857a8ddece730cf34c64b1", kill_on_drop: false }`
[INFO] [stdout] 3b7239def49d04a033b8ce5d0a3193d1e76c8a8ccf857a8ddece730cf34c64b1
[INFO] running `Command { std: "docker" "create" "-v" "/var/lib/crater-agent-workspace/builds/worker-7-tc2/target:/opt/rustwide/target:rw,Z" "-v" "/var/lib/crater-agent-workspace/builds/worker-7-tc2/source:/opt/rustwide/workdir:ro,Z" "-v" "/var/lib/crater-agent-workspace/cargo-home:/opt/rustwide/cargo-home:ro,Z" "-v" "/var/lib/crater-agent-workspace/rustup-home:/opt/rustwide/rustup-home:ro,Z" "-e" "SOURCE_DIR=/opt/rustwide/workdir" "-e" "CARGO_TARGET_DIR=/opt/rustwide/target" "-e" "CARGO_INCREMENTAL=0" "-e" "RUST_BACKTRACE=full" "-e" "RUSTFLAGS=--cap-lints=warn" "-e" "RUSTDOCFLAGS=--cap-lints=warn" "-e" "CARGO_HOME=/opt/rustwide/cargo-home" "-e" "RUSTUP_HOME=/opt/rustwide/rustup-home" "-w" "/opt/rustwide/workdir" "-m" "1610612736" "--user" "0:0" "--network" "none" "ghcr.io/rust-lang/crates-build-env/linux@sha256:5ff2268d62e97bff2cde7d5815dd6ed5b47097566f13b8d0ca110b04b60e07ed" "/opt/rustwide/cargo-home/bin/cargo" "+beta-2023-04-20" "test" "--frozen" "--no-run" "--message-format=json", kill_on_drop: false }`
[INFO] [stdout] 33dc13b597148433b9cd2c92194d72bdba6b1828c9595236b8d3f05c2390f1dd
[INFO] running `Command { std: "docker" "start" "-a" "33dc13b597148433b9cd2c92194d72bdba6b1828c9595236b8d3f05c2390f1dd", kill_on_drop: false }`
[INFO] [stdout] warning: unused import: `packet::*`
[INFO] [stdout]   --> src/lib.rs:15:5
[INFO] [stdout]    |
[INFO] [stdout] 15 | use packet::*;
[INFO] [stdout]    |     ^^^^^^^^^
[INFO] [stdout]    |
[INFO] [stdout]    = note: `#[warn(unused_imports)]` on by default
[INFO] [stdout] 
[INFO] [stdout] 
[INFO] [stdout] warning: unused import: `packet_id::*`
[INFO] [stdout]   --> src/lib.rs:16:5
[INFO] [stdout]    |
[INFO] [stdout] 16 | use packet_id::*;
[INFO] [stdout]    |     ^^^^^^^^^^^^
[INFO] [stdout] 
[INFO] [stdout] 
[INFO] [stderr]    Compiling networking v0.1.0 (/opt/rustwide/workdir)
[INFO] [stdout] warning: unreachable expression
[INFO] [stdout]    --> src/connection.rs:237:17
[INFO] [stdout]     |
[INFO] [stdout] 199 | /                 match Packet::from_bytes(&buff) {
[INFO] [stdout] 200 | |                     Ok(packet) => {
[INFO] [stdout] 201 | |                         // Read in sequence from the packet header
[INFO] [stdout] 202 | |                         let ack_id = packet.ack_id();
[INFO] [stdout] ...   |
[INFO] [stdout] 234 | |                     Err(_) => todo!(),
[INFO] [stdout] 235 | |                 }
[INFO] [stdout]     | |_________________- any code following this `match` expression is unreachable, as all arms diverge
[INFO] [stdout] 236 |
[INFO] [stdout] 237 |                   todo!()
[INFO] [stdout]     |                   ^^^^^^^ unreachable expression
[INFO] [stdout]     |
[INFO] [stdout]     = note: `#[warn(unreachable_code)]` on by default
[INFO] [stdout]     = note: this warning originates in the macro `todo` (in Nightly builds, run with -Z macro-backtrace for more info)
[INFO] [stdout] 
[INFO] [stdout] 
[INFO] [stdout] warning: variants `Delivered`, `Dropped`, and `InFlight` are never constructed
[INFO] [stdout]   --> src/connection.rs:12:5
[INFO] [stdout]    |
[INFO] [stdout] 11 | enum DeliveryStatus {
[INFO] [stdout]    |      -------------- variants in this enum
[INFO] [stdout] 12 |     Delivered { notified: bool },
[INFO] [stdout]    |     ^^^^^^^^^
[INFO] [stdout] 13 |     Dropped { notified: bool },
[INFO] [stdout]    |     ^^^^^^^
[INFO] [stdout] 14 |     InFlight,
[INFO] [stdout]    |     ^^^^^^^^
[INFO] [stdout]    |
[INFO] [stdout]    = note: `DeliveryStatus` has derived impls for the traits `Debug` and `Clone`, but these are intentionally ignored during dead code analysis
[INFO] [stdout]    = note: `#[warn(dead_code)]` on by default
[INFO] [stdout] 
[INFO] [stdout] 
[INFO] [stdout] warning: constant `BUFFER_SIZE` is never used
[INFO] [stdout]   --> src/connection.rs:23:7
[INFO] [stdout]    |
[INFO] [stdout] 23 | const BUFFER_SIZE: usize = 1024;
[INFO] [stdout]    |       ^^^^^^^^^^^
[INFO] [stdout] 
[INFO] [stdout] 
[INFO] [stdout] warning: struct `Connection` is never constructed
[INFO] [stdout]   --> src/connection.rs:27:12
[INFO] [stdout]    |
[INFO] [stdout] 27 | pub struct Connection<TSocket>
[INFO] [stdout]    |            ^^^^^^^^^^
[INFO] [stdout] 
[INFO] [stdout] 
[INFO] [stdout] warning: multiple associated items are never used
[INFO] [stdout]    --> src/connection.rs:46:12
[INFO] [stdout]     |
[INFO] [stdout] 41  | impl<TSocket> Connection<TSocket>
[INFO] [stdout]     | --------------------------------- associated items in this implementation
[INFO] [stdout] ...
[INFO] [stdout] 46  |     pub fn generate_packet(&mut self) -> Packet {
[INFO] [stdout]     |            ^^^^^^^^^^^^^^^
[INFO] [stdout] ...
[INFO] [stdout] 58  |     fn handle_acks(&mut self, packet: &Packet) {
[INFO] [stdout]     |        ^^^^^^^^^^^
[INFO] [stdout] ...
[INFO] [stdout] 83  |     fn mark_in_flight_as_dropped(&mut self) {
[INFO] [stdout]     |        ^^^^^^^^^^^^^^^^^^^^^^^^^
[INFO] [stdout] ...
[INFO] [stdout] 104 |     pub fn new(packet_capacity: usize, socket: TSocket) -> Self {
[INFO] [stdout]     |            ^^^
[INFO] [stdout] ...
[INFO] [stdout] 127 |     pub fn poll_notification(&mut self) -> Option<Notification> {
[INFO] [stdout]     |            ^^^^^^^^^^^^^^^^^
[INFO] [stdout] ...
[INFO] [stdout] 194 |     pub fn receive(&mut self) -> Result<Option<Packet>, PacketErr> {
[INFO] [stdout]     |            ^^^^^^^
[INFO] [stdout] ...
[INFO] [stdout] 244 |     fn set_acks(&self, packet: &mut Packet) {
[INFO] [stdout]     |        ^^^^^^^^
[INFO] [stdout] ...
[INFO] [stdout] 263 |     pub fn send_packet(&mut self, mut packet: Packet) -> Result<(), SocketErr> {
[INFO] [stdout]     |            ^^^^^^^^^^^
[INFO] [stdout] 
[INFO] [stdout] 
[INFO] [stdout] warning: 7 warnings emitted
[INFO] [stdout] 
[INFO] [stdout] 
[INFO] [stdout] warning: unused import: `packet_id::*`
[INFO] [stdout]   --> src/lib.rs:16:5
[INFO] [stdout]    |
[INFO] [stdout] 16 | use packet_id::*;
[INFO] [stdout]    |     ^^^^^^^^^^^^
[INFO] [stdout]    |
[INFO] [stdout]    = note: `#[warn(unused_imports)]` on by default
[INFO] [stdout] 
[INFO] [stdout] 
[INFO] [stdout] warning: unreachable expression
[INFO] [stdout]    --> src/connection.rs:237:17
[INFO] [stdout]     |
[INFO] [stdout] 199 | /                 match Packet::from_bytes(&buff) {
[INFO] [stdout] 200 | |                     Ok(packet) => {
[INFO] [stdout] 201 | |                         // Read in sequence from the packet header
[INFO] [stdout] 202 | |                         let ack_id = packet.ack_id();
[INFO] [stdout] ...   |
[INFO] [stdout] 234 | |                     Err(_) => todo!(),
[INFO] [stdout] 235 | |                 }
[INFO] [stdout]     | |_________________- any code following this `match` expression is unreachable, as all arms diverge
[INFO] [stdout] 236 |
[INFO] [stdout] 237 |                   todo!()
[INFO] [stdout]     |                   ^^^^^^^ unreachable expression
[INFO] [stdout]     |
[INFO] [stdout]     = note: `#[warn(unreachable_code)]` on by default
[INFO] [stdout]     = note: this warning originates in the macro `todo` (in Nightly builds, run with -Z macro-backtrace for more info)
[INFO] [stdout] 
[INFO] [stdout] 
[INFO] [stdout] warning: unused import: `borrow::Borrow`
[INFO] [stdout]  --> src/test_helpers.rs:5:11
[INFO] [stdout]   |
[INFO] [stdout] 5 | use std::{borrow::Borrow, cell::RefCell};
[INFO] [stdout]   |           ^^^^^^^^^^^^^^
[INFO] [stdout] 
[INFO] [stdout] 
[INFO] [stdout] warning: methods `poll_notification` and `receive` are never used
[INFO] [stdout]    --> src/connection.rs:127:12
[INFO] [stdout]     |
[INFO] [stdout] 41  | impl<TSocket> Connection<TSocket>
[INFO] [stdout]     | --------------------------------- methods in this implementation
[INFO] [stdout] ...
[INFO] [stdout] 127 |     pub fn poll_notification(&mut self) -> Option<Notification> {
[INFO] [stdout]     |            ^^^^^^^^^^^^^^^^^
[INFO] [stdout] ...
[INFO] [stdout] 194 |     pub fn receive(&mut self) -> Result<Option<Packet>, PacketErr> {
[INFO] [stdout]     |            ^^^^^^^
[INFO] [stdout]     |
[INFO] [stdout]     = note: `#[warn(dead_code)]` on by default
[INFO] [stdout] 
[INFO] [stdout] 
[INFO] [stdout] warning: 4 warnings emitted
[INFO] [stdout] 
[INFO] [stdout] 
[INFO] [stderr]     Finished test [unoptimized + debuginfo] target(s) in 1.03s
[INFO] running `Command { std: "docker" "inspect" "33dc13b597148433b9cd2c92194d72bdba6b1828c9595236b8d3f05c2390f1dd", kill_on_drop: false }`
[INFO] running `Command { std: "docker" "rm" "-f" "33dc13b597148433b9cd2c92194d72bdba6b1828c9595236b8d3f05c2390f1dd", kill_on_drop: false }`
[INFO] [stdout] 33dc13b597148433b9cd2c92194d72bdba6b1828c9595236b8d3f05c2390f1dd
[INFO] running `Command { std: "docker" "create" "-v" "/var/lib/crater-agent-workspace/builds/worker-7-tc2/target:/opt/rustwide/target:rw,Z" "-v" "/var/lib/crater-agent-workspace/builds/worker-7-tc2/source:/opt/rustwide/workdir:ro,Z" "-v" "/var/lib/crater-agent-workspace/cargo-home:/opt/rustwide/cargo-home:ro,Z" "-v" "/var/lib/crater-agent-workspace/rustup-home:/opt/rustwide/rustup-home:ro,Z" "-e" "SOURCE_DIR=/opt/rustwide/workdir" "-e" "CARGO_TARGET_DIR=/opt/rustwide/target" "-e" "CARGO_INCREMENTAL=0" "-e" "RUST_BACKTRACE=full" "-e" "RUSTFLAGS=--cap-lints=warn" "-e" "RUSTDOCFLAGS=--cap-lints=warn" "-e" "CARGO_HOME=/opt/rustwide/cargo-home" "-e" "RUSTUP_HOME=/opt/rustwide/rustup-home" "-w" "/opt/rustwide/workdir" "-m" "1610612736" "--user" "0:0" "--network" "none" "ghcr.io/rust-lang/crates-build-env/linux@sha256:5ff2268d62e97bff2cde7d5815dd6ed5b47097566f13b8d0ca110b04b60e07ed" "/opt/rustwide/cargo-home/bin/cargo" "+beta-2023-04-20" "test" "--frozen", kill_on_drop: false }`
[INFO] [stdout] 24501cc8257027004c0e374a38e85afb78f1df3296526e3d5362b304f146678b
[INFO] running `Command { std: "docker" "start" "-a" "24501cc8257027004c0e374a38e85afb78f1df3296526e3d5362b304f146678b", kill_on_drop: false }`
[INFO] [stderr] warning: unused import: `packet::*`
[INFO] [stderr]   --> src/lib.rs:15:5
[INFO] [stderr]    |
[INFO] [stderr] 15 | use packet::*;
[INFO] [stderr]    |     ^^^^^^^^^
[INFO] [stderr]    |
[INFO] [stderr]    = note: `#[warn(unused_imports)]` on by default
[INFO] [stdout] 
[INFO] [stderr] 
[INFO] [stdout] running 74 tests
[INFO] [stderr] warning: unused import: `packet_id::*`
[INFO] [stderr]   --> src/lib.rs:16:5
[INFO] [stderr]    |
[INFO] [stderr] 16 | use packet_id::*;
[INFO] [stderr]    |     ^^^^^^^^^^^^
[INFO] [stderr] 
[INFO] [stderr] warning: unreachable expression
[INFO] [stderr]    --> src/connection.rs:237:17
[INFO] [stderr]     |
[INFO] [stderr] 199 | /                 match Packet::from_bytes(&buff) {
[INFO] [stderr] 200 | |                     Ok(packet) => {
[INFO] [stderr] 201 | |                         // Read in sequence from the packet header
[INFO] [stderr] 202 | |                         let ack_id = packet.ack_id();
[INFO] [stderr] ...   |
[INFO] [stderr] 234 | |                     Err(_) => todo!(),
[INFO] [stderr] 235 | |                 }
[INFO] [stderr]     | |_________________- any code following this `match` expression is unreachable, as all arms diverge
[INFO] [stderr] 236 |
[INFO] [stderr] 237 |                   todo!()
[INFO] [stderr]     |                   ^^^^^^^ unreachable expression
[INFO] [stderr]     |
[INFO] [stderr]     = note: `#[warn(unreachable_code)]` on by default
[INFO] [stderr]     = note: this warning originates in the macro `todo` (in Nightly builds, run with -Z macro-backtrace for more info)
[INFO] [stderr] 
[INFO] [stderr] warning: variants `Delivered`, `Dropped`, and `InFlight` are never constructed
[INFO] [stderr]   --> src/connection.rs:12:5
[INFO] [stderr]    |
[INFO] [stderr] 11 | enum DeliveryStatus {
[INFO] [stderr]    |      -------------- variants in this enum
[INFO] [stderr] 12 |     Delivered { notified: bool },
[INFO] [stderr]    |     ^^^^^^^^^
[INFO] [stderr] 13 |     Dropped { notified: bool },
[INFO] [stderr]    |     ^^^^^^^
[INFO] [stderr] 14 |     InFlight,
[INFO] [stderr]    |     ^^^^^^^^
[INFO] [stderr]    |
[INFO] [stderr]    = note: `DeliveryStatus` has derived impls for the traits `Debug` and `Clone`, but these are intentionally ignored during dead code analysis
[INFO] [stderr]    = note: `#[warn(dead_code)]` on by default
[INFO] [stderr] 
[INFO] [stderr] warning: constant `BUFFER_SIZE` is never used
[INFO] [stderr]   --> src/connection.rs:23:7
[INFO] [stderr]    |
[INFO] [stderr] 23 | const BUFFER_SIZE: usize = 1024;
[INFO] [stderr]    |       ^^^^^^^^^^^
[INFO] [stderr] 
[INFO] [stderr] warning: struct `Connection` is never constructed
[INFO] [stderr]   --> src/connection.rs:27:12
[INFO] [stderr]    |
[INFO] [stderr] 27 | pub struct Connection<TSocket>
[INFO] [stderr]    |            ^^^^^^^^^^
[INFO] [stderr] 
[INFO] [stderr] warning: multiple associated items are never used
[INFO] [stderr]    --> src/connection.rs:46:12
[INFO] [stderr]     |
[INFO] [stderr] 41  | impl<TSocket> Connection<TSocket>
[INFO] [stderr]     | --------------------------------- associated items in this implementation
[INFO] [stderr] ...
[INFO] [stderr] 46  |     pub fn generate_packet(&mut self) -> Packet {
[INFO] [stderr]     |            ^^^^^^^^^^^^^^^
[INFO] [stderr] ...
[INFO] [stderr] 58  |     fn handle_acks(&mut self, packet: &Packet) {
[INFO] [stderr]     |        ^^^^^^^^^^^
[INFO] [stderr] ...
[INFO] [stderr] 83  |     fn mark_in_flight_as_dropped(&mut self) {
[INFO] [stderr]     |        ^^^^^^^^^^^^^^^^^^^^^^^^^
[INFO] [stderr] ...
[INFO] [stderr] 104 |     pub fn new(packet_capacity: usize, socket: TSocket) -> Self {
[INFO] [stderr]     |            ^^^
[INFO] [stderr] ...
[INFO] [stderr] 127 |     pub fn poll_notification(&mut self) -> Option<Notification> {
[INFO] [stderr]     |            ^^^^^^^^^^^^^^^^^
[INFO] [stderr] ...
[INFO] [stderr] 194 |     pub fn receive(&mut self) -> Result<Option<Packet>, PacketErr> {
[INFO] [stderr]     |            ^^^^^^^
[INFO] [stderr] ...
[INFO] [stderr] 244 |     fn set_acks(&self, packet: &mut Packet) {
[INFO] [stderr]     |        ^^^^^^^^
[INFO] [stderr] ...
[INFO] [stderr] 263 |     pub fn send_packet(&mut self, mut packet: Packet) -> Result<(), SocketErr> {
[INFO] [stderr]     |            ^^^^^^^^^^^
[INFO] [stderr] 
[INFO] [stderr] warning: unused import: `packet_id::*`
[INFO] [stderr]   --> src/lib.rs:16:5
[INFO] [stderr]    |
[INFO] [stderr] 16 | use packet_id::*;
[INFO] [stderr]    |     ^^^^^^^^^^^^
[INFO] [stderr]    |
[INFO] [stderr]    = note: `#[warn(unused_imports)]` on by default
[INFO] [stderr] 
[INFO] [stderr] warning: unused import: `borrow::Borrow`
[INFO] [stderr]  --> src/test_helpers.rs:5:11
[INFO] [stderr]   |
[INFO] [stderr] 5 | use std::{borrow::Borrow, cell::RefCell};
[INFO] [stderr]   |           ^^^^^^^^^^^^^^
[INFO] [stderr] 
[INFO] [stderr] warning: methods `poll_notification` and `receive` are never used
[INFO] [stderr]    --> src/connection.rs:127:12
[INFO] [stderr]     |
[INFO] [stderr] 41  | impl<TSocket> Connection<TSocket>
[INFO] [stderr]     | --------------------------------- methods in this implementation
[INFO] [stderr] ...
[INFO] [stderr] 127 |     pub fn poll_notification(&mut self) -> Option<Notification> {
[INFO] [stderr]     |            ^^^^^^^^^^^^^^^^^
[INFO] [stderr] ...
[INFO] [stderr] 194 |     pub fn receive(&mut self) -> Result<Option<Packet>, PacketErr> {
[INFO] [stderr]     |            ^^^^^^^
[INFO] [stderr]     |
[INFO] [stderr]     = note: `#[warn(dead_code)]` on by default
[INFO] [stderr] 
[INFO] [stderr] warning: `networking` (lib) generated 7 warnings (run `cargo fix --lib -p networking` to apply 2 suggestions)
[INFO] [stderr] warning: `networking` (lib test) generated 4 warnings (1 duplicate) (run `cargo fix --lib -p networking --tests` to apply 1 suggestion)
[INFO] [stderr]     Finished test [unoptimized + debuginfo] target(s) in 0.01s
[INFO] [stderr]      Running unittests src/lib.rs (/opt/rustwide/target/debug/deps/networking-676174d2a6ddacc7)
[INFO] [stdout] test connection::tests::handle_acks::ack_bits_marked_as_delivered_if_status_is_some_in_flight ... ok
[INFO] [stdout] test connection::tests::generate_packet::adds_new_packet ... ok
[INFO] [stdout] test connection::tests::handle_acks::ack_bits_not_marked_as_delivered_if_status_is_some_dropped ... ok
[INFO] [stdout] test connection::tests::handle_acks::ack_bits_not_marked_as_delivered_if_status_is_none ... ok
[INFO] [stdout] test connection::tests::mark_in_flight_as_dropped::marks_single_packet_ouside_buffer_as_dropped ... ok
[INFO] [stdout] test connection::tests::mark_in_flight_as_dropped::markes_packets_outside_of_window_as_dropped ... ok
[INFO] [stdout] test connection::tests::new::returns_expected ... ok
[INFO] [stdout] test connection::tests::mark_in_flight_as_dropped::leaves_window_packets_alone ... ok
[INFO] [stdout] test connection::tests::send_packet::generates_ack_bits ... ok
[INFO] [stdout] test connection::tests::send_packet::sets_ack_id_to_last_ack ... ok
[INFO] [stdout] test connection::tests::handle_acks::marks_ack_id_as_ackd ... ok
[INFO] [stdout] test connection::tests::handle_acks::ack_bits_not_marked_as_delivered_if_status_is_some_delivered ... ok
[INFO] [stdout] test connection::tests::send_packet::sets_packet_status_to_inflight ... ok
[INFO] [stdout] test connection::tests::set_acks::sets_all_received_bits ... ok
[INFO] [stdout] test connection::tests::set_acks::sets_latest_id ... ok
[INFO] [stdout] test connection::tests::set_acks::sets_received_bits ... ok
[INFO] [stdout] test connection::tests::mark_in_flight_as_dropped::no_inflight_does_nothing ... ok
[INFO] [stdout] test packet::tests::ack::ack_greater_than_original_does_nothing ... ok
[INFO] [stdout] test connection::tests::receive::tests ... FAILED
[INFO] [stdout] test packet::tests::ack::ack_packet_32n_sets_32nd_bit ... ok
[INFO] [stdout] test packet::tests::ack::ack_packet_33n_does_nothing ... ok
[INFO] [stdout] test packet::tests::ack::ack_packet_8n_sets_eighth_bit ... ok
[INFO] [stdout] test packet::tests::ack::ack_packet_16n_sets_sixteenth_bit ... ok
[INFO] [stdout] test packet::tests::ack::ack_packet_4n_sets_fourth_bit ... ok
[INFO] [stdout] test packet::tests::ack::ack_is_original_ack_does_nothing ... ok
[INFO] [stdout] test packet::tests::ack::ack_outside_window_does_nothing ... ok
[INFO] [stdout] test connection::tests::poll_notification::tests ... FAILED
[INFO] [stdout] test packet::tests::ack::ack_packet_does_not_modify_existing ... ok
[INFO] [stdout] test packet::tests::ack::ack_packet_n1_sets_first_bit ... ok
[INFO] [stdout] test packet::tests::ackd_packets::adds_single_bitflag ... ok
[INFO] [stdout] test connection::tests::send_packet::writes_header ... ok
[INFO] [stdout] test packet::tests::ack::ack_packet_2n_sets_second_bit ... ok
[INFO] [stdout] test packet::tests::ackd_packets::ack_id_returns ... ok
[INFO] [stdout] test packet::tests::bytes::returns_expected ... ok
[INFO] [stdout] test packet::tests::ackd_packets::adds_two_bitflags ... ok
[INFO] [stdout] test packet::tests::contents::returns_expected ... ok
[INFO] [stdout] test packet::tests::ackd_packets::returns_bit_flags ... ok
[INFO] [stdout] test packet::tests::from_bytes::at_capacity_returns_expected ... ok
[INFO] [stdout] test packet::tests::len::writing_modifies_len ... ok
[INFO] [stdout] test packet::tests::write::overflow_does_nothing ... ok
[INFO] [stdout] test packet::tests::write::packet_writes_little_endian ... ok
[INFO] [stdout] test packet::tests::from_bytes::invalid_checksum_returns_error ... ok
[INFO] [stdout] test packet::tests::new::returns_expected ... ok
[INFO] [stdout] test packet::tests::from_bytes::would_overflow_returns_error ... ok
[INFO] [stdout] test packet::tests::write::boundary_does_not_overflow ... ok
[INFO] [stdout] test packet::tests::len::new_packet_has_header_as_len ... ok
[INFO] [stdout] test packet::tests::set_ack::set_ack_clears_ackd_bits ... ok
[INFO] [stdout] test packet::tests::write_header::hash_is_written ... ok
[INFO] [stdout] test packet::tests::write::would_not_overflow_returns_remaining_len ... ok
[INFO] [stdout] test packet::tests::zero_crc32_bytes::bytes_are_zeroed ... ok
[INFO] [stdout] test packet::tests::from_bytes::less_than_capacity_returns_expected ... ok
[INFO] [stdout] test packet::tests::write_header::ack_id_is_written ... ok
[INFO] [stdout] test packet::tests::write_header::packet_id_is_written ... ok
[INFO] [stdout] test packet::tests::write_header::packet_len_is_written ... ok
[INFO] [stdout] test packet::tests::write_header::bitfields_are_written ... ok
[INFO] [stdout] test packet_id::tests::decrement::should_decrement_and_wrap ... ok
[INFO] [stdout] test packet_id::tests::increment::increment_adds_one ... ok
[INFO] [stdout] test packet_id::tests::decrement_n::should_decrement_and_wrap ... ok
[INFO] [stdout] test packet_id::tests::increment::increment_wraps ... ok
[INFO] [stdout] test packet_id::tests::is_greater::two_greater_than_one ... ok
[INFO] [stdout] test packet_id::tests::is_greater::test_5_greater_than_65000 ... ok
[INFO] [stdout] test packet_id::tests::sub::sub_should_subtract ... ok
[INFO] [stdout] test packet_id::tests::decrement::should_decrement ... ok
[INFO] [stdout] test packet_id::tests::decrement_n::should_decrement ... ok
[INFO] [stdout] test ring_buffer::tests::get::over_buffer_size_wraps ... ok
[INFO] [stdout] test ring_buffer::tests::get_mut::over_buffer_size_wraps ... ok
[INFO] [stdout] test ring_buffer::tests::get_mut::under_buffer_size_returns_item ... ok
[INFO] [stdout] test ring_buffer::tests::insert::should_overwrite ... ok
[INFO] [stdout] test ring_buffer::tests::new::returns_expected ... ok
[INFO] [stdout] test ring_buffer::tests::transform_idx::over_buffer_size_wraps ... ok
[INFO] [stdout] test ring_buffer::tests::transform_idx::under_buffer_size_returns_idx ... ok
[INFO] [stdout] test packet_id::tests::sub::sub_should_subtract_and_wrap ... ok
[INFO] [stdout] test ring_buffer::tests::insert::should_wrap_indexes ... ok
[INFO] [stderr] error: test failed, to rerun pass `--lib`
[INFO] [stdout] test ring_buffer::tests::get::under_buffer_size_returns_item ... ok
[INFO] [stdout] 
[INFO] [stdout] failures:
[INFO] [stdout] 
[INFO] [stdout] ---- connection::tests::receive::tests stdout ----
[INFO] [stdout] thread 'connection::tests::receive::tests' panicked at 'not yet implemented: Test', src/connection.rs:531:13
[INFO] [stdout] stack backtrace:
[INFO] [stdout]    0:     0x55ce0b060f0a - std::backtrace_rs::backtrace::libunwind::trace::h2f05d0192276a8f6
[INFO] [stdout]                                at /rustc/1b7dd2252b99671ce5d1cb9664c5f8636329436d/library/std/src/../../backtrace/src/backtrace/libunwind.rs:93:5
[INFO] [stdout]    1:     0x55ce0b060f0a - std::backtrace_rs::backtrace::trace_unsynchronized::hedc23dff7a1af150
[INFO] [stdout]                                at /rustc/1b7dd2252b99671ce5d1cb9664c5f8636329436d/library/std/src/../../backtrace/src/backtrace/mod.rs:66:5
[INFO] [stdout]    2:     0x55ce0b060f0a - std::sys_common::backtrace::_print_fmt::h17541ef7592f3ce2
[INFO] [stdout]                                at /rustc/1b7dd2252b99671ce5d1cb9664c5f8636329436d/library/std/src/sys_common/backtrace.rs:65:5
[INFO] [stdout]    3:     0x55ce0b060f0a - <std::sys_common::backtrace::_print::DisplayBacktrace as core::fmt::Display>::fmt::h20f75df5ab0c0792
[INFO] [stdout]                                at /rustc/1b7dd2252b99671ce5d1cb9664c5f8636329436d/library/std/src/sys_common/backtrace.rs:44:22
[INFO] [stdout]    4:     0x55ce0b084b7f - core::fmt::write::h78109e6f466b3af6
[INFO] [stdout]                                at /rustc/1b7dd2252b99671ce5d1cb9664c5f8636329436d/library/core/src/fmt/mod.rs:1254:17
[INFO] [stdout]    5:     0x55ce0b05e255 - std::io::Write::write_fmt::hd24bfb68a1b35a25
[INFO] [stdout]                                at /rustc/1b7dd2252b99671ce5d1cb9664c5f8636329436d/library/std/src/io/mod.rs:1698:15
[INFO] [stdout]    6:     0x55ce0b060cd5 - std::sys_common::backtrace::_print::h8dac57a9f8fbf9a5
[INFO] [stdout]                                at /rustc/1b7dd2252b99671ce5d1cb9664c5f8636329436d/library/std/src/sys_common/backtrace.rs:47:5
[INFO] [stdout]    7:     0x55ce0b060cd5 - std::sys_common::backtrace::print::hf9ecbf41d1aa712f
[INFO] [stdout]                                at /rustc/1b7dd2252b99671ce5d1cb9664c5f8636329436d/library/std/src/sys_common/backtrace.rs:34:9
[INFO] [stdout]    8:     0x55ce0b06298e - std::panicking::default_hook::{{closure}}::h04c07acfc84ca028
[INFO] [stdout]                                at /rustc/1b7dd2252b99671ce5d1cb9664c5f8636329436d/library/std/src/panicking.rs:269:22
[INFO] [stdout]    9:     0x55ce0b0626c1 - std::panicking::default_hook::h01f6bb23e1eceb2c
[INFO] [stdout]                                at /rustc/1b7dd2252b99671ce5d1cb9664c5f8636329436d/library/std/src/panicking.rs:285:9
[INFO] [stdout]   10:     0x55ce0b03605b - <alloc::boxed::Box<F,A> as core::ops::function::Fn<Args>>::call::h87fe9f7b2fd49e4c
[INFO] [stdout]                                at /rustc/1b7dd2252b99671ce5d1cb9664c5f8636329436d/library/alloc/src/boxed.rs:1987:9
[INFO] [stdout]   11:     0x55ce0b03605b - test::test_main::{{closure}}::he94d679243a7531b
[INFO] [stdout]                                at /rustc/1b7dd2252b99671ce5d1cb9664c5f8636329436d/library/test/src/lib.rs:134:21
[INFO] [stdout]   12:     0x55ce0b063074 - <alloc::boxed::Box<F,A> as core::ops::function::Fn<Args>>::call::h3f2d6d8b14c4769f
[INFO] [stdout]                                at /rustc/1b7dd2252b99671ce5d1cb9664c5f8636329436d/library/alloc/src/boxed.rs:1987:9
[INFO] [stdout]   13:     0x55ce0b063074 - std::panicking::rust_panic_with_hook::h2bb3722bbaf2f6df
[INFO] [stdout]                                at /rustc/1b7dd2252b99671ce5d1cb9664c5f8636329436d/library/std/src/panicking.rs:695:13
[INFO] [stdout]   14:     0x55ce0b062de9 - std::panicking::begin_panic_handler::{{closure}}::h91bc7f36a4be011b
[INFO] [stdout]                                at /rustc/1b7dd2252b99671ce5d1cb9664c5f8636329436d/library/std/src/panicking.rs:582:13
[INFO] [stdout]   15:     0x55ce0b061376 - std::sys_common::backtrace::__rust_end_short_backtrace::h8b3d3717114f9e59
[INFO] [stdout]                                at /rustc/1b7dd2252b99671ce5d1cb9664c5f8636329436d/library/std/src/sys_common/backtrace.rs:150:18
[INFO] [stdout]   16:     0x55ce0b062b42 - rust_begin_unwind
[INFO] [stdout]                                at /rustc/1b7dd2252b99671ce5d1cb9664c5f8636329436d/library/std/src/panicking.rs:578:5
[INFO] [stdout]   17:     0x55ce0afe9ba3 - core::panicking::panic_fmt::hfd368e3fbdabea26
[INFO] [stdout]                                at /rustc/1b7dd2252b99671ce5d1cb9664c5f8636329436d/library/core/src/panicking.rs:67:14
[INFO] [stdout]   18:     0x55ce0aff35d1 - networking::connection::tests::receive::tests::he33d1a652cef2b0f
[INFO] [stdout]                                at /opt/rustwide/workdir/src/connection.rs:531:13
[INFO] [stdout]   19:     0x55ce0aff3547 - networking::connection::tests::receive::tests::{{closure}}::h4ac8c64d4c7d3992
[INFO] [stdout]                                at /opt/rustwide/workdir/src/connection.rs:530:20
[INFO] [stdout]   20:     0x55ce0affbf45 - core::ops::function::FnOnce::call_once::h715ee85a4ebdd55a
[INFO] [stdout]                                at /rustc/1b7dd2252b99671ce5d1cb9664c5f8636329436d/library/core/src/ops/function.rs:250:5
[INFO] [stdout]   21:     0x55ce0b03af2f - core::ops::function::FnOnce::call_once::ha6a70e79f7481a7e
[INFO] [stdout]                                at /rustc/1b7dd2252b99671ce5d1cb9664c5f8636329436d/library/core/src/ops/function.rs:250:5
[INFO] [stdout]   22:     0x55ce0b03af2f - test::__rust_begin_short_backtrace::hce33033019b61e69
[INFO] [stdout]                                at /rustc/1b7dd2252b99671ce5d1cb9664c5f8636329436d/library/test/src/lib.rs:655:18
[INFO] [stdout]   23:     0x55ce0b00871c - test::run_test::{{closure}}::h858d3528838ae3e5
[INFO] [stdout]                                at /rustc/1b7dd2252b99671ce5d1cb9664c5f8636329436d/library/test/src/lib.rs:646:30
[INFO] [stdout]   24:     0x55ce0b00871c - core::ops::function::FnOnce::call_once{{vtable.shim}}::he8ac2b00f01ae79e
[INFO] [stdout]                                at /rustc/1b7dd2252b99671ce5d1cb9664c5f8636329436d/library/core/src/ops/function.rs:250:5
[INFO] [stdout]   25:     0x55ce0b03a006 - <alloc::boxed::Box<F,A> as core::ops::function::FnOnce<Args>>::call_once::h8093d25b522725ef
[INFO] [stdout]                                at /rustc/1b7dd2252b99671ce5d1cb9664c5f8636329436d/library/alloc/src/boxed.rs:1973:9
[INFO] [stdout]   26:     0x55ce0b03a006 - <core::panic::unwind_safe::AssertUnwindSafe<F> as core::ops::function::FnOnce<()>>::call_once::h5c334c204e4a3913
[INFO] [stdout]                                at /rustc/1b7dd2252b99671ce5d1cb9664c5f8636329436d/library/core/src/panic/unwind_safe.rs:271:9
[INFO] [stdout]   27:     0x55ce0b03a006 - std::panicking::try::do_call::ha8b740c7b9478074
[INFO] [stdout]                                at /rustc/1b7dd2252b99671ce5d1cb9664c5f8636329436d/library/std/src/panicking.rs:485:40
[INFO] [stdout]   28:     0x55ce0b03a006 - std::panicking::try::h5d34f63d0e41b64e
[INFO] [stdout]                                at /rustc/1b7dd2252b99671ce5d1cb9664c5f8636329436d/library/std/src/panicking.rs:449:19
[INFO] [stdout]   29:     0x55ce0b03a006 - std::panic::catch_unwind::hcfbb511e1aa7fc67
[INFO] [stdout]                                at /rustc/1b7dd2252b99671ce5d1cb9664c5f8636329436d/library/std/src/panic.rs:140:14
[INFO] [stdout]   30:     0x55ce0b03a006 - test::run_test_in_process::h9abda90f802eaf21
[INFO] [stdout]                                at /rustc/1b7dd2252b99671ce5d1cb9664c5f8636329436d/library/test/src/lib.rs:678:27
[INFO] [stdout]   31:     0x55ce0b03a006 - test::run_test::run_test_inner::{{closure}}::h0f058de91f6c6edf
[INFO] [stdout]                                at /rustc/1b7dd2252b99671ce5d1cb9664c5f8636329436d/library/test/src/lib.rs:572:39
[INFO] [stdout]   32:     0x55ce0b002f25 - test::run_test::run_test_inner::{{closure}}::h5ca48a4c59c6c1fb
[INFO] [stdout]                                at /rustc/1b7dd2252b99671ce5d1cb9664c5f8636329436d/library/test/src/lib.rs:599:37
[INFO] [stdout]   33:     0x55ce0b002f25 - std::sys_common::backtrace::__rust_begin_short_backtrace::h32bd51e1495d4a33
[INFO] [stdout]                                at /rustc/1b7dd2252b99671ce5d1cb9664c5f8636329436d/library/std/src/sys_common/backtrace.rs:134:18
[INFO] [stdout]   34:     0x55ce0b008461 - std::thread::Builder::spawn_unchecked_::{{closure}}::{{closure}}::hc086fae9b128b2db
[INFO] [stdout]                                at /rustc/1b7dd2252b99671ce5d1cb9664c5f8636329436d/library/std/src/thread/mod.rs:526:17
[INFO] [stdout]   35:     0x55ce0b008461 - <core::panic::unwind_safe::AssertUnwindSafe<F> as core::ops::function::FnOnce<()>>::call_once::hb66571888d270d43
[INFO] [stdout]                                at /rustc/1b7dd2252b99671ce5d1cb9664c5f8636329436d/library/core/src/panic/unwind_safe.rs:271:9
[INFO] [stdout]   36:     0x55ce0b008461 - std::panicking::try::do_call::h4fa2ef4f6e51fecf
[INFO] [stdout]                                at /rustc/1b7dd2252b99671ce5d1cb9664c5f8636329436d/library/std/src/panicking.rs:485:40
[INFO] [stdout]   37:     0x55ce0b008461 - std::panicking::try::h1e9e22b8584489b5
[INFO] [stdout]                                at /rustc/1b7dd2252b99671ce5d1cb9664c5f8636329436d/library/std/src/panicking.rs:449:19
[INFO] [stdout]   38:     0x55ce0b008461 - std::panic::catch_unwind::h44698a3de0e0769e
[INFO] [stdout]                                at /rustc/1b7dd2252b99671ce5d1cb9664c5f8636329436d/library/std/src/panic.rs:140:14
[INFO] [stdout]   39:     0x55ce0b008461 - std::thread::Builder::spawn_unchecked_::{{closure}}::h50153abde3fe239e
[INFO] [stdout]                                at /rustc/1b7dd2252b99671ce5d1cb9664c5f8636329436d/library/std/src/thread/mod.rs:525:30
[INFO] [stdout]   40:     0x55ce0b008461 - core::ops::function::FnOnce::call_once{{vtable.shim}}::hbe5bbf6f38394364
[INFO] [stdout]                                at /rustc/1b7dd2252b99671ce5d1cb9664c5f8636329436d/library/core/src/ops/function.rs:250:5
[INFO] [stdout]   41:     0x55ce0b067545 - <alloc::boxed::Box<F,A> as core::ops::function::FnOnce<Args>>::call_once::h0d83cb2920a49046
[INFO] [stdout]                                at /rustc/1b7dd2252b99671ce5d1cb9664c5f8636329436d/library/alloc/src/boxed.rs:1973:9
[INFO] [stdout]   42:     0x55ce0b067545 - <alloc::boxed::Box<F,A> as core::ops::function::FnOnce<Args>>::call_once::hbe0a008aa7d9ef59
[INFO] [stdout]                                at /rustc/1b7dd2252b99671ce5d1cb9664c5f8636329436d/library/alloc/src/boxed.rs:1973:9
[INFO] [stdout]   43:     0x55ce0b067545 - std::sys::unix::thread::Thread::new::thread_start::h3a466996bdf6b1f9
[INFO] [stdout]                                at /rustc/1b7dd2252b99671ce5d1cb9664c5f8636329436d/library/std/src/sys/unix/thread.rs:108:17
[INFO] [stdout]   44:     0x7f80055a9b43 - <unknown>
[INFO] [stdout]   45:     0x7f800563abb4 - __clone
[INFO] [stdout]   46:                0x0 - <unknown>
[INFO] [stdout] 
[INFO] [stdout] ---- connection::tests::poll_notification::tests stdout ----
[INFO] [stdout] thread 'connection::tests::poll_notification::tests' panicked at 'not yet implemented: Test', src/connection.rs:524:13
[INFO] [stdout] stack backtrace:
[INFO] [stdout]    0:     0x55ce0b060f0a - std::backtrace_rs::backtrace::libunwind::trace::h2f05d0192276a8f6
[INFO] [stdout]                                at /rustc/1b7dd2252b99671ce5d1cb9664c5f8636329436d/library/std/src/../../backtrace/src/backtrace/libunwind.rs:93:5
[INFO] [stdout]    1:     0x55ce0b060f0a - std::backtrace_rs::backtrace::trace_unsynchronized::hedc23dff7a1af150
[INFO] [stdout]                                at /rustc/1b7dd2252b99671ce5d1cb9664c5f8636329436d/library/std/src/../../backtrace/src/backtrace/mod.rs:66:5
[INFO] [stdout]    2:     0x55ce0b060f0a - std::sys_common::backtrace::_print_fmt::h17541ef7592f3ce2
[INFO] [stdout]                                at /rustc/1b7dd2252b99671ce5d1cb9664c5f8636329436d/library/std/src/sys_common/backtrace.rs:65:5
[INFO] [stdout]    3:     0x55ce0b060f0a - <std::sys_common::backtrace::_print::DisplayBacktrace as core::fmt::Display>::fmt::h20f75df5ab0c0792
[INFO] [stdout]                                at /rustc/1b7dd2252b99671ce5d1cb9664c5f8636329436d/library/std/src/sys_common/backtrace.rs:44:22
[INFO] [stdout]    4:     0x55ce0b084b7f - core::fmt::write::h78109e6f466b3af6
[INFO] [stdout]                                at /rustc/1b7dd2252b99671ce5d1cb9664c5f8636329436d/library/core/src/fmt/mod.rs:1254:17
[INFO] [stdout]    5:     0x55ce0b05e255 - std::io::Write::write_fmt::hd24bfb68a1b35a25
[INFO] [stdout]                                at /rustc/1b7dd2252b99671ce5d1cb9664c5f8636329436d/library/std/src/io/mod.rs:1698:15
[INFO] [stdout]    6:     0x55ce0b060cd5 - std::sys_common::backtrace::_print::h8dac57a9f8fbf9a5
[INFO] [stdout]                                at /rustc/1b7dd2252b99671ce5d1cb9664c5f8636329436d/library/std/src/sys_common/backtrace.rs:47:5
[INFO] [stdout]    7:     0x55ce0b060cd5 - std::sys_common::backtrace::print::hf9ecbf41d1aa712f
[INFO] [stdout]                                at /rustc/1b7dd2252b99671ce5d1cb9664c5f8636329436d/library/std/src/sys_common/backtrace.rs:34:9
[INFO] [stdout]    8:     0x55ce0b06298e - std::panicking::default_hook::{{closure}}::h04c07acfc84ca028
[INFO] [stdout]                                at /rustc/1b7dd2252b99671ce5d1cb9664c5f8636329436d/library/std/src/panicking.rs:269:22
[INFO] [stdout]    9:     0x55ce0b0626c1 - std::panicking::default_hook::h01f6bb23e1eceb2c
[INFO] [stdout]                                at /rustc/1b7dd2252b99671ce5d1cb9664c5f8636329436d/library/std/src/panicking.rs:285:9
[INFO] [stdout]   10:     0x55ce0b03605b - <alloc::boxed::Box<F,A> as core::ops::function::Fn<Args>>::call::h87fe9f7b2fd49e4c
[INFO] [stdout]                                at /rustc/1b7dd2252b99671ce5d1cb9664c5f8636329436d/library/alloc/src/boxed.rs:1987:9
[INFO] [stdout]   11:     0x55ce0b03605b - test::test_main::{{closure}}::he94d679243a7531b
[INFO] [stdout]                                at /rustc/1b7dd2252b99671ce5d1cb9664c5f8636329436d/library/test/src/lib.rs:134:21
[INFO] [stdout]   12:     0x55ce0b063074 - <alloc::boxed::Box<F,A> as core::ops::function::Fn<Args>>::call::h3f2d6d8b14c4769f
[INFO] [stdout]                                at /rustc/1b7dd2252b99671ce5d1cb9664c5f8636329436d/library/alloc/src/boxed.rs:1987:9
[INFO] [stdout]   13:     0x55ce0b063074 - std::panicking::rust_panic_with_hook::h2bb3722bbaf2f6df
[INFO] [stdout]                                at /rustc/1b7dd2252b99671ce5d1cb9664c5f8636329436d/library/std/src/panicking.rs:695:13
[INFO] [stdout]   14:     0x55ce0b062de9 - std::panicking::begin_panic_handler::{{closure}}::h91bc7f36a4be011b
[INFO] [stdout]                                at /rustc/1b7dd2252b99671ce5d1cb9664c5f8636329436d/library/std/src/panicking.rs:582:13
[INFO] [stdout]   15:     0x55ce0b061376 - std::sys_common::backtrace::__rust_end_short_backtrace::h8b3d3717114f9e59
[INFO] [stdout]                                at /rustc/1b7dd2252b99671ce5d1cb9664c5f8636329436d/library/std/src/sys_common/backtrace.rs:150:18
[INFO] [stdout]   16:     0x55ce0b062b42 - rust_begin_unwind
[INFO] [stdout]                                at /rustc/1b7dd2252b99671ce5d1cb9664c5f8636329436d/library/std/src/panicking.rs:578:5
[INFO] [stdout]   17:     0x55ce0afe9ba3 - core::panicking::panic_fmt::hfd368e3fbdabea26
[INFO] [stdout]                                at /rustc/1b7dd2252b99671ce5d1cb9664c5f8636329436d/library/core/src/panicking.rs:67:14
[INFO] [stdout]   18:     0x55ce0aff3521 - networking::connection::tests::poll_notification::tests::h05d8ca6ba9ef5147
[INFO] [stdout]                                at /opt/rustwide/workdir/src/connection.rs:524:13
[INFO] [stdout]   19:     0x55ce0aff3497 - networking::connection::tests::poll_notification::tests::{{closure}}::h8720996e0e8b2034
[INFO] [stdout]                                at /opt/rustwide/workdir/src/connection.rs:523:20
[INFO] [stdout]   20:     0x55ce0affc685 - core::ops::function::FnOnce::call_once::hd8a1115ed84c6831
[INFO] [stdout]                                at /rustc/1b7dd2252b99671ce5d1cb9664c5f8636329436d/library/core/src/ops/function.rs:250:5
[INFO] [stdout]   21:     0x55ce0b03af2f - core::ops::function::FnOnce::call_once::ha6a70e79f7481a7e
[INFO] [stdout]                                at /rustc/1b7dd2252b99671ce5d1cb9664c5f8636329436d/library/core/src/ops/function.rs:250:5
[INFO] [stdout]   22:     0x55ce0b03af2f - test::__rust_begin_short_backtrace::hce33033019b61e69
[INFO] [stdout]                                at /rustc/1b7dd2252b99671ce5d1cb9664c5f8636329436d/library/test/src/lib.rs:655:18
[INFO] [stdout]   23:     0x55ce0b00871c - test::run_test::{{closure}}::h858d3528838ae3e5
[INFO] [stdout]                                at /rustc/1b7dd2252b99671ce5d1cb9664c5f8636329436d/library/test/src/lib.rs:646:30
[INFO] [stdout]   24:     0x55ce0b00871c - core::ops::function::FnOnce::call_once{{vtable.shim}}::he8ac2b00f01ae79e
[INFO] [stdout]                                at /rustc/1b7dd2252b99671ce5d1cb9664c5f8636329436d/library/core/src/ops/function.rs:250:5
[INFO] [stdout]   25:     0x55ce0b03a006 - <alloc::boxed::Box<F,A> as core::ops::function::FnOnce<Args>>::call_once::h8093d25b522725ef
[INFO] [stdout]                                at /rustc/1b7dd2252b99671ce5d1cb9664c5f8636329436d/library/alloc/src/boxed.rs:1973:9
[INFO] [stdout]   26:     0x55ce0b03a006 - <core::panic::unwind_safe::AssertUnwindSafe<F> as core::ops::function::FnOnce<()>>::call_once::h5c334c204e4a3913
[INFO] [stdout]                                at /rustc/1b7dd2252b99671ce5d1cb9664c5f8636329436d/library/core/src/panic/unwind_safe.rs:271:9
[INFO] [stdout]   27:     0x55ce0b03a006 - std::panicking::try::do_call::ha8b740c7b9478074
[INFO] [stdout]                                at /rustc/1b7dd2252b99671ce5d1cb9664c5f8636329436d/library/std/src/panicking.rs:485:40
[INFO] [stdout]   28:     0x55ce0b03a006 - std::panicking::try::h5d34f63d0e41b64e
[INFO] [stdout]                                at /rustc/1b7dd2252b99671ce5d1cb9664c5f8636329436d/library/std/src/panicking.rs:449:19
[INFO] [stdout]   29:     0x55ce0b03a006 - std::panic::catch_unwind::hcfbb511e1aa7fc67
[INFO] [stdout]                                at /rustc/1b7dd2252b99671ce5d1cb9664c5f8636329436d/library/std/src/panic.rs:140:14
[INFO] [stdout]   30:     0x55ce0b03a006 - test::run_test_in_process::h9abda90f802eaf21
[INFO] [stdout]                                at /rustc/1b7dd2252b99671ce5d1cb9664c5f8636329436d/library/test/src/lib.rs:678:27
[INFO] [stdout]   31:     0x55ce0b03a006 - test::run_test::run_test_inner::{{closure}}::h0f058de91f6c6edf
[INFO] [stdout]                                at /rustc/1b7dd2252b99671ce5d1cb9664c5f8636329436d/library/test/src/lib.rs:572:39
[INFO] [stdout]   32:     0x55ce0b002f25 - test::run_test::run_test_inner::{{closure}}::h5ca48a4c59c6c1fb
[INFO] [stdout]                                at /rustc/1b7dd2252b99671ce5d1cb9664c5f8636329436d/library/test/src/lib.rs:599:37
[INFO] [stdout]   33:     0x55ce0b002f25 - std::sys_common::backtrace::__rust_begin_short_backtrace::h32bd51e1495d4a33
[INFO] [stdout]                                at /rustc/1b7dd2252b99671ce5d1cb9664c5f8636329436d/library/std/src/sys_common/backtrace.rs:134:18
[INFO] [stdout]   34:     0x55ce0b008461 - std::thread::Builder::spawn_unchecked_::{{closure}}::{{closure}}::hc086fae9b128b2db
[INFO] [stdout]                                at /rustc/1b7dd2252b99671ce5d1cb9664c5f8636329436d/library/std/src/thread/mod.rs:526:17
[INFO] [stdout]   35:     0x55ce0b008461 - <core::panic::unwind_safe::AssertUnwindSafe<F> as core::ops::function::FnOnce<()>>::call_once::hb66571888d270d43
[INFO] [stdout]                                at /rustc/1b7dd2252b99671ce5d1cb9664c5f8636329436d/library/core/src/panic/unwind_safe.rs:271:9
[INFO] [stdout]   36:     0x55ce0b008461 - std::panicking::try::do_call::h4fa2ef4f6e51fecf
[INFO] [stdout]                                at /rustc/1b7dd2252b99671ce5d1cb9664c5f8636329436d/library/std/src/panicking.rs:485:40
[INFO] [stdout]   37:     0x55ce0b008461 - std::panicking::try::h1e9e22b8584489b5
[INFO] [stdout]                                at /rustc/1b7dd2252b99671ce5d1cb9664c5f8636329436d/library/std/src/panicking.rs:449:19
[INFO] [stdout]   38:     0x55ce0b008461 - std::panic::catch_unwind::h44698a3de0e0769e
[INFO] [stdout]                                at /rustc/1b7dd2252b99671ce5d1cb9664c5f8636329436d/library/std/src/panic.rs:140:14
[INFO] [stdout]   39:     0x55ce0b008461 - std::thread::Builder::spawn_unchecked_::{{closure}}::h50153abde3fe239e
[INFO] [stdout]                                at /rustc/1b7dd2252b99671ce5d1cb9664c5f8636329436d/library/std/src/thread/mod.rs:525:30
[INFO] [stdout]   40:     0x55ce0b008461 - core::ops::function::FnOnce::call_once{{vtable.shim}}::hbe5bbf6f38394364
[INFO] [stdout]                                at /rustc/1b7dd2252b99671ce5d1cb9664c5f8636329436d/library/core/src/ops/function.rs:250:5
[INFO] [stdout]   41:     0x55ce0b067545 - <alloc::boxed::Box<F,A> as core::ops::function::FnOnce<Args>>::call_once::h0d83cb2920a49046
[INFO] [stdout]                                at /rustc/1b7dd2252b99671ce5d1cb9664c5f8636329436d/library/alloc/src/boxed.rs:1973:9
[INFO] [stdout]   42:     0x55ce0b067545 - <alloc::boxed::Box<F,A> as core::ops::function::FnOnce<Args>>::call_once::hbe0a008aa7d9ef59
[INFO] [stdout]                                at /rustc/1b7dd2252b99671ce5d1cb9664c5f8636329436d/library/alloc/src/boxed.rs:1973:9
[INFO] [stdout]   43:     0x55ce0b067545 - std::sys::unix::thread::Thread::new::thread_start::h3a466996bdf6b1f9
[INFO] [stdout]                                at /rustc/1b7dd2252b99671ce5d1cb9664c5f8636329436d/library/std/src/sys/unix/thread.rs:108:17
[INFO] [stdout]   44:     0x7f80055a9b43 - <unknown>
[INFO] [stdout]   45:     0x7f800563abb4 - __clone
[INFO] [stdout]   46:                0x0 - <unknown>
[INFO] [stdout] 
[INFO] [stdout] 
[INFO] [stdout] failures:
[INFO] [stdout]     connection::tests::poll_notification::tests
[INFO] [stdout]     connection::tests::receive::tests
[INFO] [stdout] 
[INFO] [stdout] test result: FAILED. 72 passed; 2 failed; 0 ignored; 0 measured; 0 filtered out; finished in 0.09s
[INFO] [stdout] 
[INFO] running `Command { std: "docker" "inspect" "24501cc8257027004c0e374a38e85afb78f1df3296526e3d5362b304f146678b", kill_on_drop: false }`
[INFO] running `Command { std: "docker" "rm" "-f" "24501cc8257027004c0e374a38e85afb78f1df3296526e3d5362b304f146678b", kill_on_drop: false }`
[INFO] [stdout] 24501cc8257027004c0e374a38e85afb78f1df3296526e3d5362b304f146678b
