[INFO] cloning repository https://github.com/epanchee/qbitbot
[INFO] running `Command { std: "git" "-c" "credential.helper=" "-c" "credential.helper=/workspace/cargo-home/bin/git-credential-null" "clone" "--bare" "https://github.com/epanchee/qbitbot" "/workspace/cache/git-repos/https%3A%2F%2Fgithub.com%2Fepanchee%2Fqbitbot", kill_on_drop: false }`
[INFO] [stderr] Cloning into bare repository '/workspace/cache/git-repos/https%3A%2F%2Fgithub.com%2Fepanchee%2Fqbitbot'...
[INFO] running `Command { std: "git" "rev-parse" "HEAD", kill_on_drop: false }`
[INFO] [stdout] 14cf6f7ef4c779a970d86b3ff695b45c18580c7b
[INFO] testing epanchee/qbitbot against beta-2023-04-20 for beta-1.70-1
[INFO] running `Command { std: "git" "clone" "/workspace/cache/git-repos/https%3A%2F%2Fgithub.com%2Fepanchee%2Fqbitbot" "/workspace/builds/worker-4-tc2/source", kill_on_drop: false }`
[INFO] [stderr] Cloning into '/workspace/builds/worker-4-tc2/source'...
[INFO] [stderr] done.
[INFO] validating manifest of git repo https://github.com/epanchee/qbitbot on toolchain beta-2023-04-20
[INFO] running `Command { std: CARGO_HOME="/workspace/cargo-home" RUSTUP_HOME="/workspace/rustup-home" "/workspace/cargo-home/bin/cargo" "+beta-2023-04-20" "metadata" "--manifest-path" "Cargo.toml" "--no-deps", kill_on_drop: false }`
[INFO] started tweaking git repo https://github.com/epanchee/qbitbot
[INFO] finished tweaking git repo https://github.com/epanchee/qbitbot
[INFO] tweaked toml for git repo https://github.com/epanchee/qbitbot written to /workspace/builds/worker-4-tc2/source/Cargo.toml
[INFO] crate git repo https://github.com/epanchee/qbitbot already has a lockfile, it will not be regenerated
[INFO] running `Command { std: CARGO_HOME="/workspace/cargo-home" RUSTUP_HOME="/workspace/rustup-home" "/workspace/cargo-home/bin/cargo" "+beta-2023-04-20" "fetch" "--manifest-path" "Cargo.toml", kill_on_drop: false }`
[INFO] [stderr]     Updating crates.io index
[INFO] [stderr]     Blocking waiting for file lock on package cache
[INFO] [stderr]  Downloading crates ...
[INFO] [stderr]   Downloaded hyper-multipart-rfc7578 v0.5.1
[INFO] [stderr]   Downloaded fure v0.5.0
[INFO] [stderr]   Downloaded common-multipart-rfc7578 v0.3.1
[INFO] [stderr]   Downloaded fure v0.4.3
[INFO] [stderr]   Downloaded rutebot v0.7.5
[INFO] running `Command { std: "docker" "create" "-v" "/var/lib/crater-agent-workspace/builds/worker-4-tc2/target:/opt/rustwide/target:rw,Z" "-v" "/var/lib/crater-agent-workspace/builds/worker-4-tc2/source:/opt/rustwide/workdir:ro,Z" "-v" "/var/lib/crater-agent-workspace/cargo-home:/opt/rustwide/cargo-home:ro,Z" "-v" "/var/lib/crater-agent-workspace/rustup-home:/opt/rustwide/rustup-home:ro,Z" "-e" "SOURCE_DIR=/opt/rustwide/workdir" "-e" "CARGO_TARGET_DIR=/opt/rustwide/target" "-e" "CARGO_HOME=/opt/rustwide/cargo-home" "-e" "RUSTUP_HOME=/opt/rustwide/rustup-home" "-w" "/opt/rustwide/workdir" "-m" "1610612736" "--user" "0:0" "--network" "none" "ghcr.io/rust-lang/crates-build-env/linux@sha256:5ff2268d62e97bff2cde7d5815dd6ed5b47097566f13b8d0ca110b04b60e07ed" "/opt/rustwide/cargo-home/bin/cargo" "+beta-2023-04-20" "metadata" "--no-deps" "--format-version=1", kill_on_drop: false }`
[INFO] [stdout] 4688899b017100c1e7dc074cf96b4fa2c90a0b2f7d5c1cb733355332d4b88278
[INFO] running `Command { std: "docker" "start" "-a" "4688899b017100c1e7dc074cf96b4fa2c90a0b2f7d5c1cb733355332d4b88278", kill_on_drop: false }`
[INFO] running `Command { std: "docker" "inspect" "4688899b017100c1e7dc074cf96b4fa2c90a0b2f7d5c1cb733355332d4b88278", kill_on_drop: false }`
[INFO] running `Command { std: "docker" "rm" "-f" "4688899b017100c1e7dc074cf96b4fa2c90a0b2f7d5c1cb733355332d4b88278", kill_on_drop: false }`
[INFO] [stdout] 4688899b017100c1e7dc074cf96b4fa2c90a0b2f7d5c1cb733355332d4b88278
[INFO] running `Command { std: "docker" "create" "-v" "/var/lib/crater-agent-workspace/builds/worker-4-tc2/target:/opt/rustwide/target:rw,Z" "-v" "/var/lib/crater-agent-workspace/builds/worker-4-tc2/source:/opt/rustwide/workdir:ro,Z" "-v" "/var/lib/crater-agent-workspace/cargo-home:/opt/rustwide/cargo-home:ro,Z" "-v" "/var/lib/crater-agent-workspace/rustup-home:/opt/rustwide/rustup-home:ro,Z" "-e" "SOURCE_DIR=/opt/rustwide/workdir" "-e" "CARGO_TARGET_DIR=/opt/rustwide/target" "-e" "CARGO_INCREMENTAL=0" "-e" "RUST_BACKTRACE=full" "-e" "RUSTFLAGS=--cap-lints=warn" "-e" "RUSTDOCFLAGS=--cap-lints=warn" "-e" "CARGO_HOME=/opt/rustwide/cargo-home" "-e" "RUSTUP_HOME=/opt/rustwide/rustup-home" "-w" "/opt/rustwide/workdir" "-m" "1610612736" "--user" "0:0" "--network" "none" "ghcr.io/rust-lang/crates-build-env/linux@sha256:5ff2268d62e97bff2cde7d5815dd6ed5b47097566f13b8d0ca110b04b60e07ed" "/opt/rustwide/cargo-home/bin/cargo" "+beta-2023-04-20" "build" "--frozen" "--message-format=json", kill_on_drop: false }`
[INFO] [stdout] 9b8aba468d696dcd84e845369ded1d81f7f4ab76854fcc54f7fb860b47d20ce8
[INFO] running `Command { std: "docker" "start" "-a" "9b8aba468d696dcd84e845369ded1d81f7f4ab76854fcc54f7fb860b47d20ce8", kill_on_drop: false }`
[INFO] [stderr]    Compiling libc v0.2.108
[INFO] [stderr]    Compiling proc-macro2 v1.0.32
[INFO] [stderr]    Compiling unicode-xid v0.2.2
[INFO] [stderr]    Compiling syn v1.0.82
[INFO] [stderr]    Compiling autocfg v1.0.1
[INFO] [stderr]    Compiling version_check v0.9.3
[INFO] [stderr]    Compiling memchr v2.4.1
[INFO] [stderr]    Compiling log v0.4.14
[INFO] [stderr]    Compiling pin-project-lite v0.2.7
[INFO] [stderr]    Compiling bytes v1.1.0
[INFO] [stderr]    Compiling futures-core v0.3.18
[INFO] [stderr]    Compiling tokio v1.14.0
[INFO] [stderr]    Compiling futures-channel v0.3.18
[INFO] [stderr]    Compiling futures-task v0.3.18
[INFO] [stderr]    Compiling futures-sink v0.3.18
[INFO] [stderr]    Compiling itoa v0.4.8
[INFO] [stderr]    Compiling cc v1.0.72
[INFO] [stderr]    Compiling futures-util v0.3.18
[INFO] [stderr]    Compiling quote v1.0.10
[INFO] [stderr]    Compiling mio v0.7.14
[INFO] [stderr]    Compiling num_cpus v1.13.0
[INFO] [stderr]    Compiling futures-io v0.3.18
[INFO] [stderr]    Compiling slab v0.4.5
[INFO] [stderr]    Compiling pin-utils v0.1.0
[INFO] [stderr]    Compiling once_cell v1.8.0
[INFO] [stderr]    Compiling fnv v1.0.7
[INFO] [stderr]    Compiling hashbrown v0.11.2
[INFO] [stderr]    Compiling http v0.2.5
[INFO] [stderr]    Compiling getrandom v0.2.3
[INFO] [stderr]    Compiling unicase v2.6.0
[INFO] [stderr]    Compiling standback v0.2.17
[INFO] [stderr]    Compiling ring v0.16.20
[INFO] [stderr]    Compiling indexmap v1.7.0
[INFO] [stderr]    Compiling serde_derive v1.0.130
[INFO] [stderr]    Compiling proc-macro-hack v0.5.19
[INFO] [stderr]    Compiling tracing-core v0.1.21
[INFO] [stderr]    Compiling rand_core v0.6.3
[INFO] [stderr]    Compiling serde v1.0.130
[INFO] [stderr]    Compiling ppv-lite86 v0.2.15
[INFO] [stderr]    Compiling tinyvec_macros v0.1.0
[INFO] [stderr]    Compiling ryu v1.0.6
[INFO] [stderr]    Compiling matches v0.1.9
[INFO] [stderr]    Compiling httparse v1.5.1
[INFO] [stderr]    Compiling rand_chacha v0.3.1
[INFO] [stderr]    Compiling tracing v0.1.29
[INFO] [stderr]    Compiling tinyvec v1.5.1
[INFO] [stderr]    Compiling const_fn v0.4.8
[INFO] [stderr]    Compiling try-lock v0.2.3
[INFO] [stderr]    Compiling percent-encoding v2.1.0
[INFO] [stderr]    Compiling want v0.3.0
[INFO] [stderr]    Compiling unicode-normalization v0.1.19
[INFO] [stderr]    Compiling mime_guess v2.0.3
[INFO] [stderr]    Compiling rand v0.8.4
[INFO] [stderr]    Compiling http-body v0.4.4
[INFO] [stderr]    Compiling socket2 v0.4.2
[INFO] [stderr]    Compiling time v0.2.27
[INFO] [stderr]    Compiling httpdate v1.0.2
[INFO] [stderr]    Compiling serde_json v1.0.72
[INFO] [stderr]    Compiling tower-service v0.3.1
[INFO] [stderr]    Compiling unicode-bidi v0.3.7
[INFO] [stderr]    Compiling mime v0.3.16
[INFO] [stderr]    Compiling base64 v0.13.0
[INFO] [stderr]    Compiling idna v0.2.3
[INFO] [stderr]    Compiling rustls-pemfile v0.2.1
[INFO] [stderr]    Compiling form_urlencoded v1.0.1
[INFO] [stderr]    Compiling cookie v0.15.1
[INFO] [stderr]    Compiling sct v0.7.0
[INFO] [stderr]    Compiling webpki v0.22.0
[INFO] [stderr]    Compiling num-traits v0.2.14
[INFO] [stderr]    Compiling openssl-probe v0.1.4
[INFO] [stderr]    Compiling rustls-native-certs v0.6.1
[INFO] [stderr]    Compiling rustls v0.20.2
[INFO] [stderr]    Compiling aho-corasick v0.7.18
[INFO] [stderr]    Compiling num-integer v0.1.44
[INFO] [stderr]    Compiling psl-types v2.0.9
[INFO] [stderr]    Compiling quick-error v1.2.3
[INFO] [stderr]    Compiling tokio-macros v1.6.0
[INFO] [stderr]    Compiling futures-macro v0.3.18
[INFO] [stderr]    Compiling time-macros-impl v0.1.2
[INFO] [stderr]    Compiling thiserror-impl v1.0.30
[INFO] [stderr]    Compiling byteorder v1.4.3
[INFO] [stderr]    Compiling regex-syntax v0.6.25
[INFO] [stderr]    Compiling encoding_rs v0.8.29
[INFO] [stderr]    Compiling time-macros v0.1.1
[INFO] [stderr]    Compiling publicsuffix v2.1.1
[INFO] [stderr]    Compiling humantime v1.3.0
[INFO] [stderr]    Compiling thiserror v1.0.30
[INFO] [stderr]    Compiling regex v1.5.4
[INFO] [stderr]    Compiling url v2.2.2
[INFO] [stderr]    Compiling webpki v0.21.4
[INFO] [stderr]    Compiling atty v0.2.14
[INFO] [stderr]    Compiling futures-executor v0.3.18
[INFO] [stderr]    Compiling termcolor v1.1.2
[INFO] [stderr]    Compiling anyhow v1.0.51
[INFO] [stderr]    Compiling futures v0.3.18
[INFO] [stderr]    Compiling async-trait v0.1.51
[INFO] [stderr]    Compiling tokio-util v0.6.9
[INFO] [stderr]    Compiling tokio-rustls v0.23.1
[INFO] [stderr]    Compiling common-multipart-rfc7578 v0.3.1
[INFO] [stderr]    Compiling fure v0.4.3
[INFO] [stderr]    Compiling env_logger v0.7.1
[INFO] [stderr]    Compiling webpki-roots v0.21.1
[INFO] [stderr]    Compiling h2 v0.3.7
[INFO] [stderr]    Compiling time v0.1.43
[INFO] [stderr]    Compiling either v1.6.1
[INFO] [stderr]    Compiling ipnet v2.3.1
[INFO] [stderr]    Compiling itertools v0.10.1
[INFO] [stderr]    Compiling chrono v0.4.19
[INFO] [stderr]    Compiling pretty_env_logger v0.4.0
[INFO] [stderr]    Compiling fure v0.5.0
[INFO] [stderr]    Compiling dotenv v0.15.0
[INFO] [stderr]    Compiling hyper v0.14.15
[INFO] [stderr]    Compiling serde_urlencoded v0.7.0
[INFO] [stderr]    Compiling cookie_store v0.15.1
[INFO] [stderr]    Compiling hyper-rustls v0.23.0
[INFO] [stderr]    Compiling hyper-multipart-rfc7578 v0.5.1
[INFO] [stderr]    Compiling reqwest v0.11.7
[INFO] [stderr]    Compiling rutebot v0.7.5
[INFO] [stderr]    Compiling qbitbot v0.1.0 (/opt/rustwide/workdir)
[INFO] [stdout] warning: field `hash` is never read
[INFO] [stdout]   --> src/bot/commands/list.rs:20:5
[INFO] [stdout]    |
[INFO] [stdout] 17 | pub struct QListAction {
[INFO] [stdout]    |            ----------- field in this struct
[INFO] [stdout] ...
[INFO] [stdout] 20 |     hash: String,
[INFO] [stdout]    |     ^^^^
[INFO] [stdout]    |
[INFO] [stdout]    = note: `QListAction` has derived impls for the traits `Clone` and `Debug`, but these are intentionally ignored during dead code analysis
[INFO] [stdout]    = note: `#[warn(dead_code)]` on by default
[INFO] [stdout] 
[INFO] [stdout] 
[INFO] [stdout] warning: 1 warning emitted
[INFO] [stdout] 
[INFO] [stdout] 
[INFO] [stdout] warning: field `hash` is never read
[INFO] [stdout]   --> src/bot/commands/list.rs:20:5
[INFO] [stdout]    |
[INFO] [stdout] 17 | pub struct QListAction {
[INFO] [stdout]    |            ----------- field in this struct
[INFO] [stdout] ...
[INFO] [stdout] 20 |     hash: String,
[INFO] [stdout]    |     ^^^^
[INFO] [stdout]    |
[INFO] [stdout]    = note: `QListAction` has derived impls for the traits `Clone` and `Debug`, but these are intentionally ignored during dead code analysis
[INFO] [stdout]    = note: `#[warn(dead_code)]` on by default
[INFO] [stdout] 
[INFO] [stdout] 
[INFO] [stdout] warning: method `get_menu_pos` is never used
[INFO] [stdout]    --> src/bot/qb_chat.rs:243:12
[INFO] [stdout]     |
[INFO] [stdout] 135 | impl QbChat {
[INFO] [stdout]     | ----------- method in this implementation
[INFO] [stdout] ...
[INFO] [stdout] 243 |     pub fn get_menu_pos(&self) -> MenuValue {
[INFO] [stdout]     |            ^^^^^^^^^^^^
[INFO] [stdout] 
[INFO] [stdout] 
[INFO] [stdout] warning: 2 warnings emitted
[INFO] [stdout] 
[INFO] [stdout] 
[INFO] [stderr]     Finished dev [unoptimized + debuginfo] target(s) in 1m 18s
[INFO] running `Command { std: "docker" "inspect" "9b8aba468d696dcd84e845369ded1d81f7f4ab76854fcc54f7fb860b47d20ce8", kill_on_drop: false }`
[INFO] running `Command { std: "docker" "rm" "-f" "9b8aba468d696dcd84e845369ded1d81f7f4ab76854fcc54f7fb860b47d20ce8", kill_on_drop: false }`
[INFO] [stdout] 9b8aba468d696dcd84e845369ded1d81f7f4ab76854fcc54f7fb860b47d20ce8
[INFO] running `Command { std: "docker" "create" "-v" "/var/lib/crater-agent-workspace/builds/worker-4-tc2/target:/opt/rustwide/target:rw,Z" "-v" "/var/lib/crater-agent-workspace/builds/worker-4-tc2/source:/opt/rustwide/workdir:ro,Z" "-v" "/var/lib/crater-agent-workspace/cargo-home:/opt/rustwide/cargo-home:ro,Z" "-v" "/var/lib/crater-agent-workspace/rustup-home:/opt/rustwide/rustup-home:ro,Z" "-e" "SOURCE_DIR=/opt/rustwide/workdir" "-e" "CARGO_TARGET_DIR=/opt/rustwide/target" "-e" "CARGO_INCREMENTAL=0" "-e" "RUST_BACKTRACE=full" "-e" "RUSTFLAGS=--cap-lints=warn" "-e" "RUSTDOCFLAGS=--cap-lints=warn" "-e" "CARGO_HOME=/opt/rustwide/cargo-home" "-e" "RUSTUP_HOME=/opt/rustwide/rustup-home" "-w" "/opt/rustwide/workdir" "-m" "1610612736" "--user" "0:0" "--network" "none" "ghcr.io/rust-lang/crates-build-env/linux@sha256:5ff2268d62e97bff2cde7d5815dd6ed5b47097566f13b8d0ca110b04b60e07ed" "/opt/rustwide/cargo-home/bin/cargo" "+beta-2023-04-20" "test" "--frozen" "--no-run" "--message-format=json", kill_on_drop: false }`
[INFO] [stdout] b622b11ca17e973f316ee81820a287af39f353bf1d094e57d257e42c7d70f89e
[INFO] running `Command { std: "docker" "start" "-a" "b622b11ca17e973f316ee81820a287af39f353bf1d094e57d257e42c7d70f89e", kill_on_drop: false }`
[INFO] [stdout] warning: field `hash` is never read
[INFO] [stdout]   --> src/bot/commands/list.rs:20:5
[INFO] [stdout]    |
[INFO] [stdout] 17 | pub struct QListAction {
[INFO] [stdout]    |            ----------- field in this struct
[INFO] [stdout] ...
[INFO] [stdout] 20 |     hash: String,
[INFO] [stdout]    |     ^^^^
[INFO] [stdout]    |
[INFO] [stdout]    = note: `QListAction` has derived impls for the traits `Clone` and `Debug`, but these are intentionally ignored during dead code analysis
[INFO] [stdout]    = note: `#[warn(dead_code)]` on by default
[INFO] [stdout] 
[INFO] [stdout] 
[INFO] [stderr]    Compiling qbitbot v0.1.0 (/opt/rustwide/workdir)
[INFO] [stdout] warning: 1 warning emitted
[INFO] [stdout] 
[INFO] [stdout] 
[INFO] [stdout] warning: field `hash` is never read
[INFO] [stdout]   --> src/bot/commands/list.rs:20:5
[INFO] [stdout]    |
[INFO] [stdout] 17 | pub struct QListAction {
[INFO] [stdout]    |            ----------- field in this struct
[INFO] [stdout] ...
[INFO] [stdout] 20 |     hash: String,
[INFO] [stdout]    |     ^^^^
[INFO] [stdout]    |
[INFO] [stdout]    = note: `QListAction` has derived impls for the traits `Clone` and `Debug`, but these are intentionally ignored during dead code analysis
[INFO] [stdout]    = note: `#[warn(dead_code)]` on by default
[INFO] [stdout] 
[INFO] [stdout] 
[INFO] [stdout] warning: method `get_menu_pos` is never used
[INFO] [stdout]    --> src/bot/qb_chat.rs:243:12
[INFO] [stdout]     |
[INFO] [stdout] 135 | impl QbChat {
[INFO] [stdout]     | ----------- method in this implementation
[INFO] [stdout] ...
[INFO] [stdout] 243 |     pub fn get_menu_pos(&self) -> MenuValue {
[INFO] [stdout]     |            ^^^^^^^^^^^^
[INFO] [stdout] 
[INFO] [stdout] 
[INFO] [stdout] warning: 2 warnings emitted
[INFO] [stdout] 
[INFO] [stdout] 
[INFO] [stdout] warning: constant `MAGNET_LINK` is never used
[INFO] [stdout]   --> tests/common.rs:13:11
[INFO] [stdout]    |
[INFO] [stdout] 13 | pub const MAGNET_LINK: &str = "magnet:?xt=urn:btih:60A2A94625373B5ACAE66D4C693AE5F3417690C1&tr=http%3A%2F%2Fbt3.t-ru.org%2Fann%3Fmagnet&d...
[INFO] [stdout]    |           ^^^^^^^^^^^
[INFO] [stdout]    |
[INFO] [stdout]    = note: `#[warn(dead_code)]` on by default
[INFO] [stdout] 
[INFO] [stdout] 
[INFO] [stdout] warning: method `get_tg_arc` is never used
[INFO] [stdout]   --> tests/common.rs:65:12
[INFO] [stdout]    |
[INFO] [stdout] 21 | impl TestCase {
[INFO] [stdout]    | ------------- method in this implementation
[INFO] [stdout] ...
[INFO] [stdout] 65 |     pub fn get_tg_arc(&self) -> Arc<RutebotMock> {
[INFO] [stdout]    |            ^^^^^^^^^^
[INFO] [stdout] 
[INFO] [stdout] 
[INFO] [stdout] warning: fields `admin` and `qbot` are never read
[INFO] [stdout]   --> tests/common.rs:17:5
[INFO] [stdout]    |
[INFO] [stdout] 15 | pub struct TestCase {
[INFO] [stdout]    |            -------- fields in this struct
[INFO] [stdout] 16 |     tg: RutebotMock,
[INFO] [stdout] 17 |     admin: String,
[INFO] [stdout]    |     ^^^^^
[INFO] [stdout] 18 |     qbot: QbitBot,
[INFO] [stdout]    |     ^^^^
[INFO] [stdout]    |
[INFO] [stdout]    = note: `#[warn(dead_code)]` on by default
[INFO] [stdout] 
[INFO] [stdout] 
[INFO] [stdout] warning: methods `gen_update`, `send`, `send_non_admin`, and `check` are never used
[INFO] [stdout]   --> tests/common.rs:38:8
[INFO] [stdout]    |
[INFO] [stdout] 21 | impl TestCase {
[INFO] [stdout]    | ------------- methods in this implementation
[INFO] [stdout] ...
[INFO] [stdout] 38 |     fn gen_update(&self, text: &str, username: &str) -> Update {
[INFO] [stdout]    |        ^^^^^^^^^^
[INFO] [stdout] ...
[INFO] [stdout] 51 |     pub async fn send(&self, text: &str) {
[INFO] [stdout]    |                  ^^^^
[INFO] [stdout] ...
[INFO] [stdout] 56 |     pub async fn send_non_admin(&self, text: &str, username: &str) {
[INFO] [stdout]    |                  ^^^^^^^^^^^^^^
[INFO] [stdout] ...
[INFO] [stdout] 61 |     pub fn check(&self, wants: &str) {
[INFO] [stdout]    |            ^^^^^
[INFO] [stdout] 
[INFO] [stdout] 
[INFO] [stdout] warning: methods `send_non_admin` and `get_tg_arc` are never used
[INFO] [stdout]   --> tests/common.rs:56:18
[INFO] [stdout]    |
[INFO] [stdout] 21 | impl TestCase {
[INFO] [stdout]    | ------------- methods in this implementation
[INFO] [stdout] ...
[INFO] [stdout] 56 |     pub async fn send_non_admin(&self, text: &str, username: &str) {
[INFO] [stdout]    |                  ^^^^^^^^^^^^^^
[INFO] [stdout] ...
[INFO] [stdout] 65 |     pub fn get_tg_arc(&self) -> Arc<RutebotMock> {
[INFO] [stdout]    |            ^^^^^^^^^^
[INFO] [stdout]    |
[INFO] [stdout]    = note: `#[warn(dead_code)]` on by default
[INFO] [stdout] 
[INFO] [stdout] 
[INFO] [stdout] warning: field `hash` is never read
[INFO] [stdout]   --> src/bot/commands/list.rs:20:5
[INFO] [stdout]    |
[INFO] [stdout] 17 | pub struct QListAction {
[INFO] [stdout]    |            ----------- field in this struct
[INFO] [stdout] ...
[INFO] [stdout] 20 |     hash: String,
[INFO] [stdout]    |     ^^^^
[INFO] [stdout]    |
[INFO] [stdout]    = note: `QListAction` has derived impls for the traits `Clone` and `Debug`, but these are intentionally ignored during dead code analysis
[INFO] [stdout]    = note: `#[warn(dead_code)]` on by default
[INFO] [stdout] 
[INFO] [stdout] 
[INFO] [stdout] warning: field `hash` is never read
[INFO] [stdout]   --> src/bot/commands/list.rs:20:5
[INFO] [stdout]    |
[INFO] [stdout] 17 | pub struct QListAction {
[INFO] [stdout]    |            ----------- field in this struct
[INFO] [stdout] ...
[INFO] [stdout] 20 |     hash: String,
[INFO] [stdout]    |     ^^^^
[INFO] [stdout]    |
[INFO] [stdout]    = note: `QListAction` has derived impls for the traits `Clone` and `Debug`, but these are intentionally ignored during dead code analysis
[INFO] [stdout]    = note: `#[warn(dead_code)]` on by default
[INFO] [stdout] 
[INFO] [stdout] 
[INFO] [stdout] warning: method `get_menu_pos` is never used
[INFO] [stdout]    --> src/bot/qb_chat.rs:243:12
[INFO] [stdout]     |
[INFO] [stdout] 135 | impl QbChat {
[INFO] [stdout]     | ----------- method in this implementation
[INFO] [stdout] ...
[INFO] [stdout] 243 |     pub fn get_menu_pos(&self) -> MenuValue {
[INFO] [stdout]     |            ^^^^^^^^^^^^
[INFO] [stdout] 
[INFO] [stdout] 
[INFO] [stdout] warning: 1 warning emitted
[INFO] [stdout] 
[INFO] [stdout] 
[INFO] [stdout] warning: 2 warnings emitted
[INFO] [stdout] 
[INFO] [stdout] 
[INFO] [stdout] warning: 2 warnings emitted
[INFO] [stdout] 
[INFO] [stdout] 
[INFO] [stdout] warning: 2 warnings emitted
[INFO] [stdout] 
[INFO] [stdout] 
[INFO] [stdout] warning: 1 warning emitted
[INFO] [stdout] 
[INFO] [stdout] 
[INFO] [stderr]     Finished test [unoptimized + debuginfo] target(s) in 12.90s
[INFO] running `Command { std: "docker" "inspect" "b622b11ca17e973f316ee81820a287af39f353bf1d094e57d257e42c7d70f89e", kill_on_drop: false }`
[INFO] running `Command { std: "docker" "rm" "-f" "b622b11ca17e973f316ee81820a287af39f353bf1d094e57d257e42c7d70f89e", kill_on_drop: false }`
[INFO] [stdout] b622b11ca17e973f316ee81820a287af39f353bf1d094e57d257e42c7d70f89e
[INFO] running `Command { std: "docker" "create" "-v" "/var/lib/crater-agent-workspace/builds/worker-4-tc2/target:/opt/rustwide/target:rw,Z" "-v" "/var/lib/crater-agent-workspace/builds/worker-4-tc2/source:/opt/rustwide/workdir:ro,Z" "-v" "/var/lib/crater-agent-workspace/cargo-home:/opt/rustwide/cargo-home:ro,Z" "-v" "/var/lib/crater-agent-workspace/rustup-home:/opt/rustwide/rustup-home:ro,Z" "-e" "SOURCE_DIR=/opt/rustwide/workdir" "-e" "CARGO_TARGET_DIR=/opt/rustwide/target" "-e" "CARGO_INCREMENTAL=0" "-e" "RUST_BACKTRACE=full" "-e" "RUSTFLAGS=--cap-lints=warn" "-e" "RUSTDOCFLAGS=--cap-lints=warn" "-e" "CARGO_HOME=/opt/rustwide/cargo-home" "-e" "RUSTUP_HOME=/opt/rustwide/rustup-home" "-w" "/opt/rustwide/workdir" "-m" "1610612736" "--user" "0:0" "--network" "none" "ghcr.io/rust-lang/crates-build-env/linux@sha256:5ff2268d62e97bff2cde7d5815dd6ed5b47097566f13b8d0ca110b04b60e07ed" "/opt/rustwide/cargo-home/bin/cargo" "+beta-2023-04-20" "test" "--frozen", kill_on_drop: false }`
[INFO] [stdout] 22f79d210ed8316c580113491b5de5714847e93f74a3164884c18d589bc3e012
[INFO] running `Command { std: "docker" "start" "-a" "22f79d210ed8316c580113491b5de5714847e93f74a3164884c18d589bc3e012", kill_on_drop: false }`
[INFO] [stderr] warning: field `hash` is never read
[INFO] [stderr]   --> src/bot/commands/list.rs:20:5
[INFO] [stderr]    |
[INFO] [stderr] 17 | pub struct QListAction {
[INFO] [stderr]    |            ----------- field in this struct
[INFO] [stderr] ...
[INFO] [stderr] 20 |     hash: String,
[INFO] [stderr]    |     ^^^^
[INFO] [stderr]    |
[INFO] [stderr]    = note: `QListAction` has derived impls for the traits `Clone` and `Debug`, but these are intentionally ignored during dead code analysis
[INFO] [stderr]    = note: `#[warn(dead_code)]` on by default
[INFO] [stderr] 
[INFO] [stderr] warning: `qbitbot` (lib) generated 1 warning
[INFO] [stderr] warning: `qbitbot` (lib test) generated 1 warning (1 duplicate)
[INFO] [stderr] warning: methods `send_non_admin` and `get_tg_arc` are never used
[INFO] [stderr]   --> tests/common.rs:56:18
[INFO] [stderr]    |
[INFO] [stderr] 21 | impl TestCase {
[INFO] [stderr]    | ------------- methods in this implementation
[INFO] [stderr] ...
[INFO] [stderr] 56 |     pub async fn send_non_admin(&self, text: &str, username: &str) {
[INFO] [stderr]    |                  ^^^^^^^^^^^^^^
[INFO] [stderr] ...
[INFO] [stderr] 65 |     pub fn get_tg_arc(&self) -> Arc<RutebotMock> {
[INFO] [stderr]    |            ^^^^^^^^^^
[INFO] [stderr]    |
[INFO] [stderr]    = note: `#[warn(dead_code)]` on by default
[INFO] [stderr] 
[INFO] [stderr] warning: fields `admin` and `qbot` are never read
[INFO] [stderr]   --> tests/common.rs:17:5
[INFO] [stderr]    |
[INFO] [stderr] 15 | pub struct TestCase {
[INFO] [stderr]    |            -------- fields in this struct
[INFO] [stderr] 16 |     tg: RutebotMock,
[INFO] [stderr] 17 |     admin: String,
[INFO] [stderr]    |     ^^^^^
[INFO] [stderr] 18 |     qbot: QbitBot,
[INFO] [stderr]    |     ^^^^
[INFO] [stderr]    |
[INFO] [stderr]    = note: `#[warn(dead_code)]` on by default
[INFO] [stderr] 
[INFO] [stderr] warning: methods `gen_update`, `send`, `send_non_admin`, and `check` are never used
[INFO] [stderr]   --> tests/common.rs:38:8
[INFO] [stderr]    |
[INFO] [stderr] 21 | impl TestCase {
[INFO] [stderr]    | ------------- methods in this implementation
[INFO] [stderr] ...
[INFO] [stderr] 38 |     fn gen_update(&self, text: &str, username: &str) -> Update {
[INFO] [stderr]    |        ^^^^^^^^^^
[INFO] [stderr] ...
[INFO] [stderr] 51 |     pub async fn send(&self, text: &str) {
[INFO] [stderr]    |                  ^^^^
[INFO] [stderr] ...
[INFO] [stderr] 56 |     pub async fn send_non_admin(&self, text: &str, username: &str) {
[INFO] [stderr]    |                  ^^^^^^^^^^^^^^
[INFO] [stderr] ...
[INFO] [stderr] 61 |     pub fn check(&self, wants: &str) {
[INFO] [stderr]    |            ^^^^^
[INFO] [stderr] 
[INFO] [stderr] warning: method `get_menu_pos` is never used
[INFO] [stderr]    --> src/bot/qb_chat.rs:243:12
[INFO] [stderr]     |
[INFO] [stderr] 135 | impl QbChat {
[INFO] [stderr]     | ----------- method in this implementation
[INFO] [stderr] ...
[INFO] [stderr] 243 |     pub fn get_menu_pos(&self) -> MenuValue {
[INFO] [stderr]     |            ^^^^^^^^^^^^
[INFO] [stderr] 
[INFO] [stderr] warning: constant `MAGNET_LINK` is never used
[INFO] [stderr]   --> tests/common.rs:13:11
[INFO] [stderr]    |
[INFO] [stderr] 13 | pub const MAGNET_LINK: &str = "magnet:?xt=urn:btih:60A2A94625373B5ACAE66D4C693AE5F3417690C1&tr=http%3A%2F%2Fbt3.t-ru.org%2Fann%3Fmagnet&d...
[INFO] [stderr]    |           ^^^^^^^^^^^
[INFO] [stderr]    |
[INFO] [stderr]    = note: `#[warn(dead_code)]` on by default
[INFO] [stderr] 
[INFO] [stderr] warning: method `get_tg_arc` is never used
[INFO] [stderr]   --> tests/common.rs:65:12
[INFO] [stderr]    |
[INFO] [stderr] 21 | impl TestCase {
[INFO] [stderr]    | ------------- method in this implementation
[INFO] [stderr] ...
[INFO] [stderr] 65 |     pub fn get_tg_arc(&self) -> Arc<RutebotMock> {
[INFO] [stderr]    |            ^^^^^^^^^^
[INFO] [stderr] 
[INFO] [stderr] warning: `qbitbot` (test "test_complex") generated 1 warning
[INFO] [stderr] warning: `qbitbot` (test "test_qb_chat") generated 2 warnings
[INFO] [stderr] warning: `qbitbot` (bin "qbitbot" test) generated 2 warnings (1 duplicate)
[INFO] [stderr] warning: `qbitbot` (bin "qbitbot") generated 2 warnings (2 duplicates)
[INFO] [stderr] warning: `qbitbot` (test "test_simple") generated 2 warnings
[INFO] [stderr]     Finished test [unoptimized + debuginfo] target(s) in 0.24s
[INFO] [stderr]      Running unittests src/lib.rs (/opt/rustwide/target/debug/deps/qbitbot-caac58166455e3a0)
[INFO] [stdout] 
[INFO] [stdout] running 0 tests
[INFO] [stdout] 
[INFO] [stdout] test result: ok. 0 passed; 0 failed; 0 ignored; 0 measured; 0 filtered out; finished in 0.00s
[INFO] [stdout] 
[INFO] [stderr]      Running unittests src/main.rs (/opt/rustwide/target/debug/deps/qbitbot-dcdcc2411f186777)
[INFO] [stdout] 
[INFO] [stdout] running 0 tests
[INFO] [stdout] 
[INFO] [stdout] test result: ok. 0 passed; 0 failed; 0 ignored; 0 measured; 0 filtered out; finished in 0.00s
[INFO] [stdout] 
[INFO] [stderr]      Running tests/common.rs (/opt/rustwide/target/debug/deps/common-0da3af1d1058c5eb)
[INFO] [stdout] 
[INFO] [stdout] running 0 tests
[INFO] [stdout] 
[INFO] [stdout] test result: ok. 0 passed; 0 failed; 0 ignored; 0 measured; 0 filtered out; finished in 0.00s
[INFO] [stdout] 
[INFO] [stderr]      Running tests/test_complex.rs (/opt/rustwide/target/debug/deps/test_complex-4cb811e0d75381c3)
[INFO] [stdout] 
[INFO] [stdout] running 1 test
[INFO] [stderr] mkdir: cannot create directory 'config': Read-only file system
[INFO] [stderr] mkdir: cannot create directory 'downloads': Read-only file system
[INFO] [stderr] ./start.sh: line 5: docker-compose: command not found
[INFO] [stdout] waiting for Qbittorent to start
[INFO] [stdout] waiting for Qbittorent to start
[INFO] [stdout] waiting for Qbittorent to start
[INFO] [stdout] waiting for Qbittorent to start
[INFO] [stdout] waiting for Qbittorent to start
[INFO] [stderr] ./stop.sh: line 3: docker-compose: command not found
[INFO] [stderr] ./stop.sh: line 4: docker-compose: command not found
[INFO] [stdout] test test_download ... FAILED
[INFO] [stdout] 
[INFO] [stdout] failures:
[INFO] [stdout] 
[INFO] [stdout] ---- test_download stdout ----
[INFO] [stdout] thread 'test_download' panicked at 'called `Result::unwrap()` on an `Err` value: Failed to send POST request
[INFO] [stdout] 
[INFO] [stdout] Caused by:
[INFO] [stdout]     0: error sending request for url (http://localhost:8080/api/v2/auth/login): error trying to connect: tcp connect error: Cannot assign requested address (os error 99)
[INFO] [stdout]     1: error trying to connect: tcp connect error: Cannot assign requested address (os error 99)
[INFO] [stdout]     2: tcp connect error: Cannot assign requested address (os error 99)
[INFO] [stdout]     3: Cannot assign requested address (os error 99)', /opt/rustwide/workdir/src/bot/qb_client.rs:34:32
[INFO] [stdout] stack backtrace:
[INFO] [stdout]    0:     0x56244306462a - std::backtrace_rs::backtrace::libunwind::trace::h2f05d0192276a8f6
[INFO] [stdout]                                at /rustc/1b7dd2252b99671ce5d1cb9664c5f8636329436d/library/std/src/../../backtrace/src/backtrace/libunwind.rs:93:5
[INFO] [stdout]    1:     0x56244306462a - std::backtrace_rs::backtrace::trace_unsynchronized::hedc23dff7a1af150
[INFO] [stdout]                                at /rustc/1b7dd2252b99671ce5d1cb9664c5f8636329436d/library/std/src/../../backtrace/src/backtrace/mod.rs:66:5
[INFO] [stdout]    2:     0x56244306462a - std::sys_common::backtrace::_print_fmt::h17541ef7592f3ce2
[INFO] [stdout]                                at /rustc/1b7dd2252b99671ce5d1cb9664c5f8636329436d/library/std/src/sys_common/backtrace.rs:65:5
[INFO] [stdout]    3:     0x56244306462a - <std::sys_common::backtrace::_print::DisplayBacktrace as core::fmt::Display>::fmt::h20f75df5ab0c0792
[INFO] [stdout]                                at /rustc/1b7dd2252b99671ce5d1cb9664c5f8636329436d/library/std/src/sys_common/backtrace.rs:44:22
[INFO] [stdout]    4:     0x56244308c18f - core::fmt::write::h78109e6f466b3af6
[INFO] [stdout]                                at /rustc/1b7dd2252b99671ce5d1cb9664c5f8636329436d/library/core/src/fmt/mod.rs:1254:17
[INFO] [stdout]    5:     0x562443060d35 - std::io::Write::write_fmt::hd24bfb68a1b35a25
[INFO] [stdout]                                at /rustc/1b7dd2252b99671ce5d1cb9664c5f8636329436d/library/std/src/io/mod.rs:1698:15
[INFO] [stdout]    6:     0x5624430643f5 - std::sys_common::backtrace::_print::h8dac57a9f8fbf9a5
[INFO] [stdout]                                at /rustc/1b7dd2252b99671ce5d1cb9664c5f8636329436d/library/std/src/sys_common/backtrace.rs:47:5
[INFO] [stdout]    7:     0x5624430643f5 - std::sys_common::backtrace::print::hf9ecbf41d1aa712f
[INFO] [stdout]                                at /rustc/1b7dd2252b99671ce5d1cb9664c5f8636329436d/library/std/src/sys_common/backtrace.rs:34:9
[INFO] [stdout]    8:     0x5624430660ae - std::panicking::default_hook::{{closure}}::h04c07acfc84ca028
[INFO] [stdout]                                at /rustc/1b7dd2252b99671ce5d1cb9664c5f8636329436d/library/std/src/panicking.rs:269:22
[INFO] [stdout]    9:     0x562443065de1 - std::panicking::default_hook::h01f6bb23e1eceb2c
[INFO] [stdout]                                at /rustc/1b7dd2252b99671ce5d1cb9664c5f8636329436d/library/std/src/panicking.rs:285:9
[INFO] [stdout]   10:     0x5624429c138b - <alloc::boxed::Box<F,A> as core::ops::function::Fn<Args>>::call::h87fe9f7b2fd49e4c
[INFO] [stdout]                                at /rustc/1b7dd2252b99671ce5d1cb9664c5f8636329436d/library/alloc/src/boxed.rs:1987:9
[INFO] [stdout]   11:     0x5624429c138b - test::test_main::{{closure}}::he94d679243a7531b
[INFO] [stdout]                                at /rustc/1b7dd2252b99671ce5d1cb9664c5f8636329436d/library/test/src/lib.rs:134:21
[INFO] [stdout]   12:     0x562443066794 - <alloc::boxed::Box<F,A> as core::ops::function::Fn<Args>>::call::h3f2d6d8b14c4769f
[INFO] [stdout]                                at /rustc/1b7dd2252b99671ce5d1cb9664c5f8636329436d/library/alloc/src/boxed.rs:1987:9
[INFO] [stdout]   13:     0x562443066794 - std::panicking::rust_panic_with_hook::h2bb3722bbaf2f6df
[INFO] [stdout]                                at /rustc/1b7dd2252b99671ce5d1cb9664c5f8636329436d/library/std/src/panicking.rs:695:13
[INFO] [stdout]   14:     0x562443066509 - std::panicking::begin_panic_handler::{{closure}}::h91bc7f36a4be011b
[INFO] [stdout]                                at /rustc/1b7dd2252b99671ce5d1cb9664c5f8636329436d/library/std/src/panicking.rs:582:13
[INFO] [stdout]   15:     0x562443064a96 - std::sys_common::backtrace::__rust_end_short_backtrace::h8b3d3717114f9e59
[INFO] [stdout]                                at /rustc/1b7dd2252b99671ce5d1cb9664c5f8636329436d/library/std/src/sys_common/backtrace.rs:150:18
[INFO] [stdout]   16:     0x562443066262 - rust_begin_unwind
[INFO] [stdout]                                at /rustc/1b7dd2252b99671ce5d1cb9664c5f8636329436d/library/std/src/panicking.rs:578:5
[INFO] [stdout]   17:     0x5624428d2453 - core::panicking::panic_fmt::hfd368e3fbdabea26
[INFO] [stdout]                                at /rustc/1b7dd2252b99671ce5d1cb9664c5f8636329436d/library/core/src/panicking.rs:67:14
[INFO] [stdout]   18:     0x5624428d29f3 - core::result::unwrap_failed::he54eb4b2f125b26f
[INFO] [stdout]                                at /rustc/1b7dd2252b99671ce5d1cb9664c5f8636329436d/library/core/src/result.rs:1687:5
[INFO] [stdout]   19:     0x56244297d07d - core::result::Result<T,E>::unwrap::h40e178fcd5cb4ed5
[INFO] [stdout]                                at /rustc/1b7dd2252b99671ce5d1cb9664c5f8636329436d/library/core/src/result.rs:1089:23
[INFO] [stdout]   20:     0x562442988978 - qbitbot::bot::qb_client::QbClient::new::{{closure}}::h8d5bba9c124dd07b
[INFO] [stdout]                                at /opt/rustwide/workdir/src/bot/qb_client.rs:34:9
[INFO] [stdout]   21:     0x562442980fb3 - qbitbot::bot::qbot::QbitBot::process_message::{{closure}}::h1e60a4f32a1ffee7
[INFO] [stdout]                                at /opt/rustwide/workdir/src/bot/qbot.rs:45:59
[INFO] [stdout]   22:     0x562442978cba - test_complex::common::TestCase::send::{{closure}}::he06739cefdf53ea5
[INFO] [stdout]                                at /opt/rustwide/workdir/tests/common.rs:53:42
[INFO] [stdout]   23:     0x56244292f567 - test_complex::test_download::{{closure}}::h8a30e2153ff5abd3
[INFO] [stdout]                                at /opt/rustwide/workdir/tests/test_complex.rs:8:32
[INFO] [stdout]   24:     0x56244297097b - <core::pin::Pin<P> as core::future::future::Future>::poll::h549b40bd01ae0599
[INFO] [stdout]                                at /rustc/1b7dd2252b99671ce5d1cb9664c5f8636329436d/library/core/src/future/future.rs:125:9
[INFO] [stdout]   25:     0x56244294a404 - tokio::runtime::basic_scheduler::Inner<P>::block_on::{{closure}}::{{closure}}::h0019aaebf4675886
[INFO] [stdout]                                at /opt/rustwide/cargo-home/registry/src/index.crates.io-6f17d22bba15001f/tokio-1.14.0/src/runtime/basic_scheduler.rs:240:62
[INFO] [stdout]   26:     0x5624429493a0 - tokio::coop::with_budget::{{closure}}::h51facdf404ff657c
[INFO] [stdout]                                at /opt/rustwide/cargo-home/registry/src/index.crates.io-6f17d22bba15001f/tokio-1.14.0/src/coop.rs:106:9
[INFO] [stdout]   27:     0x562442935fd9 - std::thread::local::LocalKey<T>::try_with::h394dca13b6581925
[INFO] [stdout]                                at /rustc/1b7dd2252b99671ce5d1cb9664c5f8636329436d/library/std/src/thread/local.rs:252:16
[INFO] [stdout]   28:     0x562442935aca - std::thread::local::LocalKey<T>::with::h2b6f89946617c025
[INFO] [stdout]                                at /rustc/1b7dd2252b99671ce5d1cb9664c5f8636329436d/library/std/src/thread/local.rs:228:9
[INFO] [stdout]   29:     0x562442949bc5 - tokio::coop::with_budget::h4c370bb494b31602
[INFO] [stdout]                                at /opt/rustwide/cargo-home/registry/src/index.crates.io-6f17d22bba15001f/tokio-1.14.0/src/coop.rs:99:5
[INFO] [stdout]   30:     0x562442949bc5 - tokio::coop::budget::hc45c5c3902d4dc25
[INFO] [stdout]                                at /opt/rustwide/cargo-home/registry/src/index.crates.io-6f17d22bba15001f/tokio-1.14.0/src/coop.rs:76:5
[INFO] [stdout]   31:     0x562442949bc5 - tokio::runtime::basic_scheduler::Inner<P>::block_on::{{closure}}::hc956ed0fa3e97094
[INFO] [stdout]                                at /opt/rustwide/cargo-home/registry/src/index.crates.io-6f17d22bba15001f/tokio-1.14.0/src/runtime/basic_scheduler.rs:240:39
[INFO] [stdout]   32:     0x56244294afb1 - tokio::runtime::basic_scheduler::enter::{{closure}}::ha674f1a3ee8433bc
[INFO] [stdout]                                at /opt/rustwide/cargo-home/registry/src/index.crates.io-6f17d22bba15001f/tokio-1.14.0/src/runtime/basic_scheduler.rs:349:29
[INFO] [stdout]   33:     0x562442984577 - tokio::macros::scoped_tls::ScopedKey<T>::set::h3e7941696f271094
[INFO] [stdout]                                at /opt/rustwide/cargo-home/registry/src/index.crates.io-6f17d22bba15001f/tokio-1.14.0/src/macros/scoped_tls.rs:61:9
[INFO] [stdout]   34:     0x56244294af2d - tokio::runtime::basic_scheduler::enter::h06978aa817550f1a
[INFO] [stdout]                                at /opt/rustwide/cargo-home/registry/src/index.crates.io-6f17d22bba15001f/tokio-1.14.0/src/runtime/basic_scheduler.rs:349:5
[INFO] [stdout]   35:     0x56244294986b - tokio::runtime::basic_scheduler::Inner<P>::block_on::h5a88732f4419fd4d
[INFO] [stdout]                                at /opt/rustwide/cargo-home/registry/src/index.crates.io-6f17d22bba15001f/tokio-1.14.0/src/runtime/basic_scheduler.rs:230:9
[INFO] [stdout]   36:     0x56244294a562 - tokio::runtime::basic_scheduler::InnerGuard<P>::block_on::hdb77e893bf91f40a
[INFO] [stdout]                                at /opt/rustwide/cargo-home/registry/src/index.crates.io-6f17d22bba15001f/tokio-1.14.0/src/runtime/basic_scheduler.rs:501:9
[INFO] [stdout]   37:     0x56244294a8b4 - tokio::runtime::basic_scheduler::BasicScheduler<P>::block_on::hc7b60bbcde1a6cf0
[INFO] [stdout]                                at /opt/rustwide/cargo-home/registry/src/index.crates.io-6f17d22bba15001f/tokio-1.14.0/src/runtime/basic_scheduler.rs:186:24
[INFO] [stdout]   38:     0x5624429299cf - tokio::runtime::Runtime::block_on::h74bd21e0251d0d65
[INFO] [stdout]                                at /opt/rustwide/cargo-home/registry/src/index.crates.io-6f17d22bba15001f/tokio-1.14.0/src/runtime/mod.rs:461:46
[INFO] [stdout]   39:     0x56244292f087 - test_complex::test_download::hf675bfd5a7a49d44
[INFO] [stdout]                                at /opt/rustwide/workdir/tests/test_complex.rs:19:5
[INFO] [stdout]   40:     0x56244292ef17 - test_complex::test_download::{{closure}}::h2154d4d4a8b9c2b5
[INFO] [stdout]                                at /opt/rustwide/workdir/tests/test_complex.rs:6:26
[INFO] [stdout]   41:     0x56244295a5a5 - core::ops::function::FnOnce::call_once::h2c60ff62ac668168
[INFO] [stdout]                                at /rustc/1b7dd2252b99671ce5d1cb9664c5f8636329436d/library/core/src/ops/function.rs:250:5
[INFO] [stdout]   42:     0x5624429c625f - core::ops::function::FnOnce::call_once::ha6a70e79f7481a7e
[INFO] [stdout]                                at /rustc/1b7dd2252b99671ce5d1cb9664c5f8636329436d/library/core/src/ops/function.rs:250:5
[INFO] [stdout]   43:     0x5624429c625f - test::__rust_begin_short_backtrace::hce33033019b61e69
[INFO] [stdout]                                at /rustc/1b7dd2252b99671ce5d1cb9664c5f8636329436d/library/test/src/lib.rs:655:18
[INFO] [stdout]   44:     0x562442993a4c - test::run_test::{{closure}}::h858d3528838ae3e5
[INFO] [stdout]                                at /rustc/1b7dd2252b99671ce5d1cb9664c5f8636329436d/library/test/src/lib.rs:646:30
[INFO] [stdout]   45:     0x562442993a4c - core::ops::function::FnOnce::call_once{{vtable.shim}}::he8ac2b00f01ae79e
[INFO] [stdout]                                at /rustc/1b7dd2252b99671ce5d1cb9664c5f8636329436d/library/core/src/ops/function.rs:250:5
[INFO] [stdout]   46:     0x5624429c5336 - <alloc::boxed::Box<F,A> as core::ops::function::FnOnce<Args>>::call_once::h8093d25b522725ef
[INFO] [stdout]                                at /rustc/1b7dd2252b99671ce5d1cb9664c5f8636329436d/library/alloc/src/boxed.rs:1973:9
[INFO] [stdout]   47:     0x5624429c5336 - <core::panic::unwind_safe::AssertUnwindSafe<F> as core::ops::function::FnOnce<()>>::call_once::h5c334c204e4a3913
[INFO] [stdout]                                at /rustc/1b7dd2252b99671ce5d1cb9664c5f8636329436d/library/core/src/panic/unwind_safe.rs:271:9
[INFO] [stdout]   48:     0x5624429c5336 - std::panicking::try::do_call::ha8b740c7b9478074
[INFO] [stdout]                                at /rustc/1b7dd2252b99671ce5d1cb9664c5f8636329436d/library/std/src/panicking.rs:485:40
[INFO] [stdout]   49:     0x5624429c5336 - std::panicking::try::h5d34f63d0e41b64e
[INFO] [stdout]                                at /rustc/1b7dd2252b99671ce5d1cb9664c5f8636329436d/library/std/src/panicking.rs:449:19
[INFO] [stdout]   50:     0x5624429c5336 - std::panic::catch_unwind::hcfbb511e1aa7fc67
[INFO] [stdout]                                at /rustc/1b7dd2252b99671ce5d1cb9664c5f8636329436d/library/std/src/panic.rs:140:14
[INFO] [stdout]   51:     0x5624429c5336 - test::run_test_in_process::h9abda90f802eaf21
[INFO] [stdout]                                at /rustc/1b7dd2252b99671ce5d1cb9664c5f8636329436d/library/test/src/lib.rs:678:27
[INFO] [stdout]   52:     0x5624429c5336 - test::run_test::run_test_inner::{{closure}}::h0f058de91f6c6edf
[INFO] [stdout]                                at /rustc/1b7dd2252b99671ce5d1cb9664c5f8636329436d/library/test/src/lib.rs:572:39
[INFO] [stdout]   53:     0x56244298e255 - test::run_test::run_test_inner::{{closure}}::h5ca48a4c59c6c1fb
[INFO] [stdout]                                at /rustc/1b7dd2252b99671ce5d1cb9664c5f8636329436d/library/test/src/lib.rs:599:37
[INFO] [stdout]   54:     0x56244298e255 - std::sys_common::backtrace::__rust_begin_short_backtrace::h32bd51e1495d4a33
[INFO] [stdout]                                at /rustc/1b7dd2252b99671ce5d1cb9664c5f8636329436d/library/std/src/sys_common/backtrace.rs:134:18
[INFO] [stdout]   55:     0x562442993791 - std::thread::Builder::spawn_unchecked_::{{closure}}::{{closure}}::hc086fae9b128b2db
[INFO] [stdout]                                at /rustc/1b7dd2252b99671ce5d1cb9664c5f8636329436d/library/std/src/thread/mod.rs:526:17
[INFO] [stdout]   56:     0x562442993791 - <core::panic::unwind_safe::AssertUnwindSafe<F> as core::ops::function::FnOnce<()>>::call_once::hb66571888d270d43
[INFO] [stdout]                                at /rustc/1b7dd2252b99671ce5d1cb9664c5f8636329436d/library/core/src/panic/unwind_safe.rs:271:9
[INFO] [stdout]   57:     0x562442993791 - std::panicking::try::do_call::h4fa2ef4f6e51fecf
[INFO] [stdout]                                at /rustc/1b7dd2252b99671ce5d1cb9664c5f8636329436d/library/std/src/panicking.rs:485:40
[INFO] [stdout]   58:     0x562442993791 - std::panicking::try::h1e9e22b8584489b5
[INFO] [stdout]                                at /rustc/1b7dd2252b99671ce5d1cb9664c5f8636329436d/library/std/src/panicking.rs:449:19
[INFO] [stdout]   59:     0x562442993791 - std::panic::catch_unwind::h44698a3de0e0769e
[INFO] [stdout]                                at /rustc/1b7dd2252b99671ce5d1cb9664c5f8636329436d/library/std/src/panic.rs:140:14
[INFO] [stdout]   60:     0x562442993791 - std::thread::Builder::spawn_unchecked_::{{closure}}::h50153abde3fe239e
[INFO] [stdout]                                at /rustc/1b7dd2252b99671ce5d1cb9664c5f8636329436d/library/std/src/thread/mod.rs:525:30
[INFO] [stdout]   61:     0x562442993791 - core::ops::function::FnOnce::call_once{{vtable.shim}}::hbe5bbf6f38394364
[INFO] [stdout]                                at /rustc/1b7dd2252b99671ce5d1cb9664c5f8636329436d/library/core/src/ops/function.rs:250:5
[INFO] [stdout]   62:     0x56244306aee5 - <alloc::boxed::Box<F,A> as core::ops::function::FnOnce<Args>>::call_once::h0d83cb2920a49046
[INFO] [stdout]                                at /rustc/1b7dd2252b99671ce5d1cb9664c5f8636329436d/library/alloc/src/boxed.rs:1973:9
[INFO] [stdout]   63:     0x56244306aee5 - <alloc::boxed::Box<F,A> as core::ops::function::FnOnce<Args>>::call_once::hbe0a008aa7d9ef59
[INFO] [stdout]                                at /rustc/1b7dd2252b99671ce5d1cb9664c5f8636329436d/library/alloc/src/boxed.rs:1973:9
[INFO] [stdout]   64:     0x56244306aee5 - std::sys::unix::thread::Thread::new::thread_start::h3a466996bdf6b1f9
[INFO] [stdout]                                at /rustc/1b7dd2252b99671ce5d1cb9664c5f8636329436d/library/std/src/sys/unix/thread.rs:108:17
[INFO] [stdout]   65:     0x7f9e962e6b43 - <unknown>
[INFO] [stdout]   66:     0x7f9e96377bb4 - __clone
[INFO] [stdout]   67:                0x0 - <unknown>
[INFO] [stdout] 
[INFO] [stdout] 
[INFO] [stdout] failures:
[INFO] [stdout]     test_download
[INFO] [stdout] 
[INFO] [stdout] test result: FAILED. 0 passed; 1 failed; 0 ignored; 0 measured; 0 filtered out; finished in 5.20s
[INFO] [stdout] 
[INFO] [stderr] error: test failed, to rerun pass `--test test_complex`
[INFO] running `Command { std: "docker" "inspect" "22f79d210ed8316c580113491b5de5714847e93f74a3164884c18d589bc3e012", kill_on_drop: false }`
[INFO] running `Command { std: "docker" "rm" "-f" "22f79d210ed8316c580113491b5de5714847e93f74a3164884c18d589bc3e012", kill_on_drop: false }`
[INFO] [stdout] 22f79d210ed8316c580113491b5de5714847e93f74a3164884c18d589bc3e012
