[INFO] cloning repository https://github.com/emsrs/tdm
[INFO] running `Command { std: "git" "-c" "credential.helper=" "-c" "credential.helper=/workspace/cargo-home/bin/git-credential-null" "clone" "--bare" "https://github.com/emsrs/tdm" "/workspace/cache/git-repos/https%3A%2F%2Fgithub.com%2Femsrs%2Ftdm", kill_on_drop: false }`
[INFO] [stderr] Cloning into bare repository '/workspace/cache/git-repos/https%3A%2F%2Fgithub.com%2Femsrs%2Ftdm'...
[INFO] running `Command { std: "git" "rev-parse" "HEAD", kill_on_drop: false }`
[INFO] [stdout] bab7adf512bb64012fbd9cc2f49a4ec7f571c884
[INFO] testing emsrs/tdm against beta-2023-04-20 for beta-1.70-1
[INFO] running `Command { std: "git" "clone" "/workspace/cache/git-repos/https%3A%2F%2Fgithub.com%2Femsrs%2Ftdm" "/workspace/builds/worker-1-tc2/source", kill_on_drop: false }`
[INFO] [stderr] Cloning into '/workspace/builds/worker-1-tc2/source'...
[INFO] [stderr] done.
[INFO] validating manifest of git repo https://github.com/emsrs/tdm on toolchain beta-2023-04-20
[INFO] running `Command { std: CARGO_HOME="/workspace/cargo-home" RUSTUP_HOME="/workspace/rustup-home" "/workspace/cargo-home/bin/cargo" "+beta-2023-04-20" "metadata" "--manifest-path" "Cargo.toml" "--no-deps", kill_on_drop: false }`
[INFO] started tweaking git repo https://github.com/emsrs/tdm
[INFO] finished tweaking git repo https://github.com/emsrs/tdm
[INFO] tweaked toml for git repo https://github.com/emsrs/tdm written to /workspace/builds/worker-1-tc2/source/Cargo.toml
[INFO] crate git repo https://github.com/emsrs/tdm already has a lockfile, it will not be regenerated
[INFO] running `Command { std: CARGO_HOME="/workspace/cargo-home" RUSTUP_HOME="/workspace/rustup-home" "/workspace/cargo-home/bin/cargo" "+beta-2023-04-20" "fetch" "--manifest-path" "Cargo.toml", kill_on_drop: false }`
[INFO] [stderr]     Blocking waiting for file lock on package cache
[INFO] running `Command { std: "docker" "create" "-v" "/var/lib/crater-agent-workspace/builds/worker-1-tc2/target:/opt/rustwide/target:rw,Z" "-v" "/var/lib/crater-agent-workspace/builds/worker-1-tc2/source:/opt/rustwide/workdir:ro,Z" "-v" "/var/lib/crater-agent-workspace/cargo-home:/opt/rustwide/cargo-home:ro,Z" "-v" "/var/lib/crater-agent-workspace/rustup-home:/opt/rustwide/rustup-home:ro,Z" "-e" "SOURCE_DIR=/opt/rustwide/workdir" "-e" "CARGO_TARGET_DIR=/opt/rustwide/target" "-e" "CARGO_HOME=/opt/rustwide/cargo-home" "-e" "RUSTUP_HOME=/opt/rustwide/rustup-home" "-w" "/opt/rustwide/workdir" "-m" "1610612736" "--user" "0:0" "--network" "none" "ghcr.io/rust-lang/crates-build-env/linux@sha256:5ff2268d62e97bff2cde7d5815dd6ed5b47097566f13b8d0ca110b04b60e07ed" "/opt/rustwide/cargo-home/bin/cargo" "+beta-2023-04-20" "metadata" "--no-deps" "--format-version=1", kill_on_drop: false }`
[INFO] [stdout] 58fc713c72bd7100c36d242811ba4fe70cbd719ca0a3cc6ed46de1101be44568
[INFO] running `Command { std: "docker" "start" "-a" "58fc713c72bd7100c36d242811ba4fe70cbd719ca0a3cc6ed46de1101be44568", kill_on_drop: false }`
[INFO] running `Command { std: "docker" "inspect" "58fc713c72bd7100c36d242811ba4fe70cbd719ca0a3cc6ed46de1101be44568", kill_on_drop: false }`
[INFO] running `Command { std: "docker" "rm" "-f" "58fc713c72bd7100c36d242811ba4fe70cbd719ca0a3cc6ed46de1101be44568", kill_on_drop: false }`
[INFO] [stdout] 58fc713c72bd7100c36d242811ba4fe70cbd719ca0a3cc6ed46de1101be44568
[INFO] running `Command { std: "docker" "create" "-v" "/var/lib/crater-agent-workspace/builds/worker-1-tc2/target:/opt/rustwide/target:rw,Z" "-v" "/var/lib/crater-agent-workspace/builds/worker-1-tc2/source:/opt/rustwide/workdir:ro,Z" "-v" "/var/lib/crater-agent-workspace/cargo-home:/opt/rustwide/cargo-home:ro,Z" "-v" "/var/lib/crater-agent-workspace/rustup-home:/opt/rustwide/rustup-home:ro,Z" "-e" "SOURCE_DIR=/opt/rustwide/workdir" "-e" "CARGO_TARGET_DIR=/opt/rustwide/target" "-e" "CARGO_INCREMENTAL=0" "-e" "RUST_BACKTRACE=full" "-e" "RUSTFLAGS=--cap-lints=warn" "-e" "RUSTDOCFLAGS=--cap-lints=warn" "-e" "CARGO_HOME=/opt/rustwide/cargo-home" "-e" "RUSTUP_HOME=/opt/rustwide/rustup-home" "-w" "/opt/rustwide/workdir" "-m" "1610612736" "--user" "0:0" "--network" "none" "ghcr.io/rust-lang/crates-build-env/linux@sha256:5ff2268d62e97bff2cde7d5815dd6ed5b47097566f13b8d0ca110b04b60e07ed" "/opt/rustwide/cargo-home/bin/cargo" "+beta-2023-04-20" "build" "--frozen" "--message-format=json", kill_on_drop: false }`
[INFO] [stdout] c057c1737cbd03e2c059358114f3a3884ea1ac714a42dd5abca685bbc2b1dcaa
[INFO] running `Command { std: "docker" "start" "-a" "c057c1737cbd03e2c059358114f3a3884ea1ac714a42dd5abca685bbc2b1dcaa", kill_on_drop: false }`
[INFO] [stderr]     Blocking waiting for file lock on package cache
[INFO] [stderr]    Compiling libc v0.2.98
[INFO] [stderr]    Compiling autocfg v1.0.1
[INFO] [stderr]    Compiling proc-macro2 v1.0.28
[INFO] [stderr]    Compiling unicode-xid v0.2.2
[INFO] [stderr]    Compiling syn v1.0.74
[INFO] [stderr]    Compiling serde_derive v1.0.126
[INFO] [stderr]    Compiling cfg-if v1.0.0
[INFO] [stderr]    Compiling serde v1.0.126
[INFO] [stderr]    Compiling ppv-lite86 v0.2.10
[INFO] [stderr]    Compiling linked-hash-map v0.5.4
[INFO] [stderr]    Compiling dtoa v0.4.8
[INFO] [stderr]    Compiling xdg v2.2.0
[INFO] [stderr]    Compiling yaml-rust v0.4.5
[INFO] [stderr]    Compiling num-traits v0.2.14
[INFO] [stderr]    Compiling num-integer v0.1.44
[INFO] [stderr]    Compiling quote v1.0.9
[INFO] [stderr]    Compiling getrandom v0.2.3
[INFO] [stderr]    Compiling time v0.1.44
[INFO] [stderr]    Compiling rand_core v0.6.3
[INFO] [stderr]    Compiling rand_chacha v0.3.1
[INFO] [stderr]    Compiling rand v0.8.4
[INFO] [stderr]    Compiling chrono v0.4.19
[INFO] [stderr]    Compiling serde_yaml v0.8.17
[INFO] [stderr]    Compiling tdm v0.1.0 (/opt/rustwide/workdir)
[INFO] [stdout] warning: unused import: `modifiers::*`
[INFO] [stdout]  --> src/db.rs:1:47
[INFO] [stdout]   |
[INFO] [stdout] 1 | use self::{data_file_handler::*, defaults::*, modifiers::*};
[INFO] [stdout]   |                                               ^^^^^^^^^^^^
[INFO] [stdout]   |
[INFO] [stdout]   = note: `#[warn(unused_imports)]` on by default
[INFO] [stdout] 
[INFO] [stdout] 
[INFO] [stdout] warning: associated functions `as_boolean` and `from_boolean` are never used
[INFO] [stdout]   --> src/db.rs:21:8
[INFO] [stdout]    |
[INFO] [stdout] 20 | impl Status {
[INFO] [stdout]    | ----------- associated functions in this implementation
[INFO] [stdout] 21 |     fn as_boolean(status: Self) -> bool {
[INFO] [stdout]    |        ^^^^^^^^^^
[INFO] [stdout] ...
[INFO] [stdout] 29 |     fn from_boolean(is_done: bool) -> Status {
[INFO] [stdout]    |        ^^^^^^^^^^^^
[INFO] [stdout]    |
[INFO] [stdout]    = note: `#[warn(dead_code)]` on by default
[INFO] [stdout] 
[INFO] [stdout] 
[INFO] [stdout] warning: function `remove_task` is never used
[INFO] [stdout]   --> src/db.rs:58:12
[INFO] [stdout]    |
[INFO] [stdout] 58 |     pub fn remove_task(task_id: Id) {
[INFO] [stdout]    |            ^^^^^^^^^^^
[INFO] [stdout] 
[INFO] [stdout] 
[INFO] [stdout] warning: function `change_task_name` is never used
[INFO] [stdout]   --> src/db.rs:66:12
[INFO] [stdout]    |
[INFO] [stdout] 66 |     pub fn change_task_name(task_id: Id, name: String) {
[INFO] [stdout]    |            ^^^^^^^^^^^^^^^^
[INFO] [stdout] 
[INFO] [stdout] 
[INFO] [stdout] warning: function `toggle_task_status` is never used
[INFO] [stdout]   --> src/db.rs:74:12
[INFO] [stdout]    |
[INFO] [stdout] 74 |     pub fn toggle_task_status(task_id: Id) {
[INFO] [stdout]    |            ^^^^^^^^^^^^^^^^^^
[INFO] [stdout] 
[INFO] [stdout] 
[INFO] [stdout] warning: function `change_task_date_due` is never used
[INFO] [stdout]   --> src/db.rs:84:12
[INFO] [stdout]    |
[INFO] [stdout] 84 |     pub fn change_task_date_due(task_id: Id, new_date: IsoString) {
[INFO] [stdout]    |            ^^^^^^^^^^^^^^^^^^^^
[INFO] [stdout] 
[INFO] [stdout] 
[INFO] [stdout] warning: function `toggle_task_repeats` is never used
[INFO] [stdout]   --> src/db.rs:92:12
[INFO] [stdout]    |
[INFO] [stdout] 92 |     pub fn toggle_task_repeats(task_id: Id) {
[INFO] [stdout]    |            ^^^^^^^^^^^^^^^^^^^
[INFO] [stdout] 
[INFO] [stdout] 
[INFO] [stdout] warning: function `change_task_repeats_every` is never used
[INFO] [stdout]    --> src/db.rs:101:12
[INFO] [stdout]     |
[INFO] [stdout] 101 |     pub fn change_task_repeats_every(task_id: Id, new_weekday: WeekDay) {
[INFO] [stdout]     |            ^^^^^^^^^^^^^^^^^^^^^^^^^
[INFO] [stdout] 
[INFO] [stdout] 
[INFO] [stdout] warning: function `save_database_changes` is never used
[INFO] [stdout]    --> src/db.rs:109:12
[INFO] [stdout]     |
[INFO] [stdout] 109 |     pub fn save_database_changes(task_database: TasksDataBase) {
[INFO] [stdout]     |            ^^^^^^^^^^^^^^^^^^^^^
[INFO] [stdout] 
[INFO] [stdout] 
[INFO] [stdout] warning: function `serialize_tasks_database` is never used
[INFO] [stdout]    --> src/db.rs:114:12
[INFO] [stdout]     |
[INFO] [stdout] 114 |     pub fn serialize_tasks_database(tasks_database: TasksDataBase) -> String {
[INFO] [stdout]     |            ^^^^^^^^^^^^^^^^^^^^^^^^
[INFO] [stdout] 
[INFO] [stdout] 
[INFO] [stdout] warning: function `search_for_task_index` is never used
[INFO] [stdout]    --> src/db.rs:122:12
[INFO] [stdout]     |
[INFO] [stdout] 122 |     pub fn search_for_task_index(tasks: &Vec<Task>, task_id: Id) -> Option<usize> {
[INFO] [stdout]     |            ^^^^^^^^^^^^^^^^^^^^^
[INFO] [stdout] 
[INFO] [stdout] 
[INFO] [stdout] warning: function `get_tasks_data_file_contents` is never used
[INFO] [stdout]    --> src/db.rs:131:12
[INFO] [stdout]     |
[INFO] [stdout] 131 |     pub fn get_tasks_data_file_contents() -> String {
[INFO] [stdout]     |            ^^^^^^^^^^^^^^^^^^^^^^^^^^^^
[INFO] [stdout] 
[INFO] [stdout] 
[INFO] [stdout] warning: function `create_task_file_if_inexistant` is never used
[INFO] [stdout]    --> src/db.rs:141:12
[INFO] [stdout]     |
[INFO] [stdout] 141 |     pub fn create_task_file_if_inexistant() {
[INFO] [stdout]     |            ^^^^^^^^^^^^^^^^^^^^^^^^^^^^^^
[INFO] [stdout] 
[INFO] [stdout] 
[INFO] [stdout] warning: function `create_default_task_file` is never used
[INFO] [stdout]    --> src/db.rs:147:12
[INFO] [stdout]     |
[INFO] [stdout] 147 |     pub fn create_default_task_file() {
[INFO] [stdout]     |            ^^^^^^^^^^^^^^^^^^^^^^^^
[INFO] [stdout] 
[INFO] [stdout] 
[INFO] [stdout] warning: function `write_to_data_file` is never used
[INFO] [stdout]    --> src/db.rs:151:12
[INFO] [stdout]     |
[INFO] [stdout] 151 |     pub fn write_to_data_file(input: &str) {
[INFO] [stdout]     |            ^^^^^^^^^^^^^^^^^^
[INFO] [stdout] 
[INFO] [stdout] 
[INFO] [stdout] warning: function `append_task_to_data_file` is never used
[INFO] [stdout]    --> src/db.rs:158:12
[INFO] [stdout]     |
[INFO] [stdout] 158 |     pub fn append_task_to_data_file(task: Task) {
[INFO] [stdout]     |            ^^^^^^^^^^^^^^^^^^^^^^^^
[INFO] [stdout] 
[INFO] [stdout] 
[INFO] [stdout] warning: function `deserialize_tasks_string` is never used
[INFO] [stdout]    --> src/db.rs:167:12
[INFO] [stdout]     |
[INFO] [stdout] 167 |     pub fn deserialize_tasks_string(tasks_string_data: &str) -> TasksDataBase {
[INFO] [stdout]     |            ^^^^^^^^^^^^^^^^^^^^^^^^
[INFO] [stdout] 
[INFO] [stdout] 
[INFO] [stdout] warning: function `get_tasks_data_file_path` is never used
[INFO] [stdout]    --> src/db.rs:171:12
[INFO] [stdout]     |
[INFO] [stdout] 171 |     pub fn get_tasks_data_file_path() -> std::path::PathBuf {
[INFO] [stdout]     |            ^^^^^^^^^^^^^^^^^^^^^^^^
[INFO] [stdout] 
[INFO] [stdout] 
[INFO] [stdout] warning: function `get_tasks_xdg_directory_path` is never used
[INFO] [stdout]    --> src/db.rs:177:8
[INFO] [stdout]     |
[INFO] [stdout] 177 |     fn get_tasks_xdg_directory_path() -> BaseDirectories {
[INFO] [stdout]     |        ^^^^^^^^^^^^^^^^^^^^^^^^^^^^
[INFO] [stdout] 
[INFO] [stdout] 
[INFO] [stdout] warning: function `has_tasks_file` is never used
[INFO] [stdout]    --> src/db.rs:182:12
[INFO] [stdout]     |
[INFO] [stdout] 182 |     pub fn has_tasks_file() -> bool {
[INFO] [stdout]     |            ^^^^^^^^^^^^^^
[INFO] [stdout] 
[INFO] [stdout] 
[INFO] [stdout] warning: function `get_deserialized_tasks_database` is never used
[INFO] [stdout]    --> src/db.rs:188:12
[INFO] [stdout]     |
[INFO] [stdout] 188 |     pub fn get_deserialized_tasks_database() -> TasksDataBase {
[INFO] [stdout]     |            ^^^^^^^^^^^^^^^^^^^^^^^^^^^^^^^
[INFO] [stdout] 
[INFO] [stdout] 
[INFO] [stdout] warning: function `get_default_tasks_database` is never used
[INFO] [stdout]    --> src/db.rs:196:12
[INFO] [stdout]     |
[INFO] [stdout] 196 |     pub fn get_default_tasks_database() -> TasksDataBase {
[INFO] [stdout]     |            ^^^^^^^^^^^^^^^^^^^^^^^^^^
[INFO] [stdout] 
[INFO] [stdout] 
[INFO] [stdout] warning: function `get_default_task` is never used
[INFO] [stdout]    --> src/db.rs:202:12
[INFO] [stdout]     |
[INFO] [stdout] 202 |     pub fn get_default_task() -> Task {
[INFO] [stdout]     |            ^^^^^^^^^^^^^^^^
[INFO] [stdout] 
[INFO] [stdout] 
[INFO] [stdout] warning: 23 warnings emitted
[INFO] [stdout] 
[INFO] [stdout] 
[INFO] [stderr]     Finished dev [unoptimized + debuginfo] target(s) in 12.82s
[INFO] running `Command { std: "docker" "inspect" "c057c1737cbd03e2c059358114f3a3884ea1ac714a42dd5abca685bbc2b1dcaa", kill_on_drop: false }`
[INFO] running `Command { std: "docker" "rm" "-f" "c057c1737cbd03e2c059358114f3a3884ea1ac714a42dd5abca685bbc2b1dcaa", kill_on_drop: false }`
[INFO] [stdout] c057c1737cbd03e2c059358114f3a3884ea1ac714a42dd5abca685bbc2b1dcaa
[INFO] running `Command { std: "docker" "create" "-v" "/var/lib/crater-agent-workspace/builds/worker-1-tc2/target:/opt/rustwide/target:rw,Z" "-v" "/var/lib/crater-agent-workspace/builds/worker-1-tc2/source:/opt/rustwide/workdir:ro,Z" "-v" "/var/lib/crater-agent-workspace/cargo-home:/opt/rustwide/cargo-home:ro,Z" "-v" "/var/lib/crater-agent-workspace/rustup-home:/opt/rustwide/rustup-home:ro,Z" "-e" "SOURCE_DIR=/opt/rustwide/workdir" "-e" "CARGO_TARGET_DIR=/opt/rustwide/target" "-e" "CARGO_INCREMENTAL=0" "-e" "RUST_BACKTRACE=full" "-e" "RUSTFLAGS=--cap-lints=warn" "-e" "RUSTDOCFLAGS=--cap-lints=warn" "-e" "CARGO_HOME=/opt/rustwide/cargo-home" "-e" "RUSTUP_HOME=/opt/rustwide/rustup-home" "-w" "/opt/rustwide/workdir" "-m" "1610612736" "--user" "0:0" "--network" "none" "ghcr.io/rust-lang/crates-build-env/linux@sha256:5ff2268d62e97bff2cde7d5815dd6ed5b47097566f13b8d0ca110b04b60e07ed" "/opt/rustwide/cargo-home/bin/cargo" "+beta-2023-04-20" "test" "--frozen" "--no-run" "--message-format=json", kill_on_drop: false }`
[INFO] [stdout] 12482bc3438af54619fe40d7f871a187a8a53a1e52eb8b1f99deb20e6872ce72
[INFO] running `Command { std: "docker" "start" "-a" "12482bc3438af54619fe40d7f871a187a8a53a1e52eb8b1f99deb20e6872ce72", kill_on_drop: false }`
[INFO] [stderr]     Blocking waiting for file lock on package cache
[INFO] [stdout] warning: unused import: `modifiers::*`
[INFO] [stdout]  --> src/db.rs:1:47
[INFO] [stdout]   |
[INFO] [stdout] 1 | use self::{data_file_handler::*, defaults::*, modifiers::*};
[INFO] [stdout]   |                                               ^^^^^^^^^^^^
[INFO] [stdout]   |
[INFO] [stdout]   = note: `#[warn(unused_imports)]` on by default
[INFO] [stdout] 
[INFO] [stdout] 
[INFO] [stdout] warning: associated functions `as_boolean` and `from_boolean` are never used
[INFO] [stdout]   --> src/db.rs:21:8
[INFO] [stdout]    |
[INFO] [stdout] 20 | impl Status {
[INFO] [stdout]    | ----------- associated functions in this implementation
[INFO] [stdout] 21 |     fn as_boolean(status: Self) -> bool {
[INFO] [stdout]    |        ^^^^^^^^^^
[INFO] [stdout] ...
[INFO] [stdout] 29 |     fn from_boolean(is_done: bool) -> Status {
[INFO] [stdout]    |        ^^^^^^^^^^^^
[INFO] [stdout]    |
[INFO] [stdout]    = note: `#[warn(dead_code)]` on by default
[INFO] [stdout] 
[INFO] [stdout] 
[INFO] [stdout] warning: function `remove_task` is never used
[INFO] [stdout]   --> src/db.rs:58:12
[INFO] [stdout]    |
[INFO] [stdout] 58 |     pub fn remove_task(task_id: Id) {
[INFO] [stdout]    |            ^^^^^^^^^^^
[INFO] [stdout] 
[INFO] [stdout] 
[INFO] [stdout] warning: function `change_task_name` is never used
[INFO] [stdout]   --> src/db.rs:66:12
[INFO] [stdout]    |
[INFO] [stdout] 66 |     pub fn change_task_name(task_id: Id, name: String) {
[INFO] [stdout]    |            ^^^^^^^^^^^^^^^^
[INFO] [stdout] 
[INFO] [stdout] 
[INFO] [stdout] warning: function `toggle_task_status` is never used
[INFO] [stdout]   --> src/db.rs:74:12
[INFO] [stdout]    |
[INFO] [stdout] 74 |     pub fn toggle_task_status(task_id: Id) {
[INFO] [stdout]    |            ^^^^^^^^^^^^^^^^^^
[INFO] [stdout] 
[INFO] [stdout] 
[INFO] [stdout] warning: function `change_task_date_due` is never used
[INFO] [stdout]   --> src/db.rs:84:12
[INFO] [stdout]    |
[INFO] [stdout] 84 |     pub fn change_task_date_due(task_id: Id, new_date: IsoString) {
[INFO] [stdout]    |            ^^^^^^^^^^^^^^^^^^^^
[INFO] [stdout] 
[INFO] [stdout] 
[INFO] [stdout] warning: function `toggle_task_repeats` is never used
[INFO] [stdout]   --> src/db.rs:92:12
[INFO] [stdout]    |
[INFO] [stdout] 92 |     pub fn toggle_task_repeats(task_id: Id) {
[INFO] [stdout]    |            ^^^^^^^^^^^^^^^^^^^
[INFO] [stdout] 
[INFO] [stdout] 
[INFO] [stdout] warning: function `change_task_repeats_every` is never used
[INFO] [stdout]    --> src/db.rs:101:12
[INFO] [stdout]     |
[INFO] [stdout] 101 |     pub fn change_task_repeats_every(task_id: Id, new_weekday: WeekDay) {
[INFO] [stdout]     |            ^^^^^^^^^^^^^^^^^^^^^^^^^
[INFO] [stdout] 
[INFO] [stdout] 
[INFO] [stdout] warning: function `save_database_changes` is never used
[INFO] [stdout]    --> src/db.rs:109:12
[INFO] [stdout]     |
[INFO] [stdout] 109 |     pub fn save_database_changes(task_database: TasksDataBase) {
[INFO] [stdout]     |            ^^^^^^^^^^^^^^^^^^^^^
[INFO] [stdout] 
[INFO] [stdout] 
[INFO] [stdout] warning: function `serialize_tasks_database` is never used
[INFO] [stdout]    --> src/db.rs:114:12
[INFO] [stdout]     |
[INFO] [stdout] 114 |     pub fn serialize_tasks_database(tasks_database: TasksDataBase) -> String {
[INFO] [stdout]     |            ^^^^^^^^^^^^^^^^^^^^^^^^
[INFO] [stdout] 
[INFO] [stdout] 
[INFO] [stdout] warning: function `search_for_task_index` is never used
[INFO] [stdout]    --> src/db.rs:122:12
[INFO] [stdout]     |
[INFO] [stdout] 122 |     pub fn search_for_task_index(tasks: &Vec<Task>, task_id: Id) -> Option<usize> {
[INFO] [stdout]     |            ^^^^^^^^^^^^^^^^^^^^^
[INFO] [stdout] 
[INFO] [stdout] 
[INFO] [stdout] warning: function `get_tasks_data_file_contents` is never used
[INFO] [stdout]    --> src/db.rs:131:12
[INFO] [stdout]     |
[INFO] [stdout] 131 |     pub fn get_tasks_data_file_contents() -> String {
[INFO] [stdout]     |            ^^^^^^^^^^^^^^^^^^^^^^^^^^^^
[INFO] [stdout] 
[INFO] [stdout] 
[INFO] [stdout] warning: function `create_task_file_if_inexistant` is never used
[INFO] [stdout]    --> src/db.rs:141:12
[INFO] [stdout]     |
[INFO] [stdout] 141 |     pub fn create_task_file_if_inexistant() {
[INFO] [stdout]     |            ^^^^^^^^^^^^^^^^^^^^^^^^^^^^^^
[INFO] [stdout] 
[INFO] [stdout] 
[INFO] [stdout] warning: function `create_default_task_file` is never used
[INFO] [stdout]    --> src/db.rs:147:12
[INFO] [stdout]     |
[INFO] [stdout] 147 |     pub fn create_default_task_file() {
[INFO] [stdout]     |            ^^^^^^^^^^^^^^^^^^^^^^^^
[INFO] [stdout] 
[INFO] [stdout] 
[INFO] [stdout] warning: function `write_to_data_file` is never used
[INFO] [stdout]    --> src/db.rs:151:12
[INFO] [stdout]     |
[INFO] [stdout] 151 |     pub fn write_to_data_file(input: &str) {
[INFO] [stdout]     |            ^^^^^^^^^^^^^^^^^^
[INFO] [stdout] 
[INFO] [stdout] 
[INFO] [stdout] warning: function `append_task_to_data_file` is never used
[INFO] [stdout]    --> src/db.rs:158:12
[INFO] [stdout]     |
[INFO] [stdout] 158 |     pub fn append_task_to_data_file(task: Task) {
[INFO] [stdout]     |            ^^^^^^^^^^^^^^^^^^^^^^^^
[INFO] [stdout] 
[INFO] [stdout] 
[INFO] [stdout] warning: function `deserialize_tasks_string` is never used
[INFO] [stdout]    --> src/db.rs:167:12
[INFO] [stdout]     |
[INFO] [stdout] 167 |     pub fn deserialize_tasks_string(tasks_string_data: &str) -> TasksDataBase {
[INFO] [stdout]     |            ^^^^^^^^^^^^^^^^^^^^^^^^
[INFO] [stdout] 
[INFO] [stdout] 
[INFO] [stdout] warning: function `get_tasks_data_file_path` is never used
[INFO] [stdout]    --> src/db.rs:171:12
[INFO] [stdout]     |
[INFO] [stdout] 171 |     pub fn get_tasks_data_file_path() -> std::path::PathBuf {
[INFO] [stdout]     |            ^^^^^^^^^^^^^^^^^^^^^^^^
[INFO] [stdout] 
[INFO] [stdout] 
[INFO] [stdout] warning: function `get_tasks_xdg_directory_path` is never used
[INFO] [stdout]    --> src/db.rs:177:8
[INFO] [stdout]     |
[INFO] [stdout] 177 |     fn get_tasks_xdg_directory_path() -> BaseDirectories {
[INFO] [stdout]     |        ^^^^^^^^^^^^^^^^^^^^^^^^^^^^
[INFO] [stdout] 
[INFO] [stdout] 
[INFO] [stdout] warning: function `has_tasks_file` is never used
[INFO] [stdout]    --> src/db.rs:182:12
[INFO] [stdout]     |
[INFO] [stdout] 182 |     pub fn has_tasks_file() -> bool {
[INFO] [stdout]     |            ^^^^^^^^^^^^^^
[INFO] [stdout] 
[INFO] [stdout] 
[INFO] [stdout] warning: function `get_deserialized_tasks_database` is never used
[INFO] [stdout]    --> src/db.rs:188:12
[INFO] [stdout]     |
[INFO] [stdout] 188 |     pub fn get_deserialized_tasks_database() -> TasksDataBase {
[INFO] [stdout]     |            ^^^^^^^^^^^^^^^^^^^^^^^^^^^^^^^
[INFO] [stdout] 
[INFO] [stdout] 
[INFO] [stdout] warning: function `get_default_tasks_database` is never used
[INFO] [stdout]    --> src/db.rs:196:12
[INFO] [stdout]     |
[INFO] [stdout] 196 |     pub fn get_default_tasks_database() -> TasksDataBase {
[INFO] [stdout]     |            ^^^^^^^^^^^^^^^^^^^^^^^^^^
[INFO] [stdout] 
[INFO] [stdout] 
[INFO] [stdout] warning: function `get_default_task` is never used
[INFO] [stdout]    --> src/db.rs:202:12
[INFO] [stdout]     |
[INFO] [stdout] 202 |     pub fn get_default_task() -> Task {
[INFO] [stdout]     |            ^^^^^^^^^^^^^^^^
[INFO] [stdout] 
[INFO] [stdout] 
[INFO] [stdout] warning: 23 warnings emitted
[INFO] [stdout] 
[INFO] [stdout] 
[INFO] [stderr]    Compiling tdm v0.1.0 (/opt/rustwide/workdir)
[INFO] [stderr]     Finished test [unoptimized + debuginfo] target(s) in 3.11s
[INFO] running `Command { std: "docker" "inspect" "12482bc3438af54619fe40d7f871a187a8a53a1e52eb8b1f99deb20e6872ce72", kill_on_drop: false }`
[INFO] running `Command { std: "docker" "rm" "-f" "12482bc3438af54619fe40d7f871a187a8a53a1e52eb8b1f99deb20e6872ce72", kill_on_drop: false }`
[INFO] [stdout] 12482bc3438af54619fe40d7f871a187a8a53a1e52eb8b1f99deb20e6872ce72
[INFO] running `Command { std: "docker" "create" "-v" "/var/lib/crater-agent-workspace/builds/worker-1-tc2/target:/opt/rustwide/target:rw,Z" "-v" "/var/lib/crater-agent-workspace/builds/worker-1-tc2/source:/opt/rustwide/workdir:ro,Z" "-v" "/var/lib/crater-agent-workspace/cargo-home:/opt/rustwide/cargo-home:ro,Z" "-v" "/var/lib/crater-agent-workspace/rustup-home:/opt/rustwide/rustup-home:ro,Z" "-e" "SOURCE_DIR=/opt/rustwide/workdir" "-e" "CARGO_TARGET_DIR=/opt/rustwide/target" "-e" "CARGO_INCREMENTAL=0" "-e" "RUST_BACKTRACE=full" "-e" "RUSTFLAGS=--cap-lints=warn" "-e" "RUSTDOCFLAGS=--cap-lints=warn" "-e" "CARGO_HOME=/opt/rustwide/cargo-home" "-e" "RUSTUP_HOME=/opt/rustwide/rustup-home" "-w" "/opt/rustwide/workdir" "-m" "1610612736" "--user" "0:0" "--network" "none" "ghcr.io/rust-lang/crates-build-env/linux@sha256:5ff2268d62e97bff2cde7d5815dd6ed5b47097566f13b8d0ca110b04b60e07ed" "/opt/rustwide/cargo-home/bin/cargo" "+beta-2023-04-20" "test" "--frozen", kill_on_drop: false }`
[INFO] [stdout] 77834bc6012715d07f250c04c917e5459b0bc7f0a2988eaa6776e4921a40fe2e
[INFO] running `Command { std: "docker" "start" "-a" "77834bc6012715d07f250c04c917e5459b0bc7f0a2988eaa6776e4921a40fe2e", kill_on_drop: false }`
[INFO] [stderr] warning: unused import: `modifiers::*`
[INFO] [stderr]  --> src/db.rs:1:47
[INFO] [stderr]   |
[INFO] [stderr] 1 | use self::{data_file_handler::*, defaults::*, modifiers::*};
[INFO] [stderr]   |                                               ^^^^^^^^^^^^
[INFO] [stderr]   |
[INFO] [stderr]   = note: `#[warn(unused_imports)]` on by default
[INFO] [stderr] 
[INFO] [stderr] warning: associated functions `as_boolean` and `from_boolean` are never used
[INFO] [stderr]   --> src/db.rs:21:8
[INFO] [stderr]    |
[INFO] [stderr] 20 | impl Status {
[INFO] [stderr]    | ----------- associated functions in this implementation
[INFO] [stderr] 21 |     fn as_boolean(status: Self) -> bool {
[INFO] [stderr]    |        ^^^^^^^^^^
[INFO] [stderr] ...
[INFO] [stderr] 29 |     fn from_boolean(is_done: bool) -> Status {
[INFO] [stderr]    |        ^^^^^^^^^^^^
[INFO] [stderr]    |
[INFO] [stderr]    = note: `#[warn(dead_code)]` on by default
[INFO] [stderr] 
[INFO] [stderr] warning: function `remove_task` is never used
[INFO] [stderr]   --> src/db.rs:58:12
[INFO] [stderr]    |
[INFO] [stderr] 58 |     pub fn remove_task(task_id: Id) {
[INFO] [stderr]    |            ^^^^^^^^^^^
[INFO] [stderr] 
[INFO] [stderr] warning: function `change_task_name` is never used
[INFO] [stderr]   --> src/db.rs:66:12
[INFO] [stderr]    |
[INFO] [stderr] 66 |     pub fn change_task_name(task_id: Id, name: String) {
[INFO] [stderr]    |            ^^^^^^^^^^^^^^^^
[INFO] [stderr] 
[INFO] [stderr] warning: function `toggle_task_status` is never used
[INFO] [stderr]   --> src/db.rs:74:12
[INFO] [stderr]    |
[INFO] [stderr] 74 |     pub fn toggle_task_status(task_id: Id) {
[INFO] [stderr]    |            ^^^^^^^^^^^^^^^^^^
[INFO] [stderr] 
[INFO] [stderr] warning: function `change_task_date_due` is never used
[INFO] [stderr]   --> src/db.rs:84:12
[INFO] [stderr]    |
[INFO] [stderr] 84 |     pub fn change_task_date_due(task_id: Id, new_date: IsoString) {
[INFO] [stderr]    |            ^^^^^^^^^^^^^^^^^^^^
[INFO] [stderr] 
[INFO] [stderr] warning: function `toggle_task_repeats` is never used
[INFO] [stderr]   --> src/db.rs:92:12
[INFO] [stderr]    |
[INFO] [stderr] 92 |     pub fn toggle_task_repeats(task_id: Id) {
[INFO] [stderr]    |            ^^^^^^^^^^^^^^^^^^^
[INFO] [stderr] 
[INFO] [stderr] warning: function `change_task_repeats_every` is never used
[INFO] [stderr]    --> src/db.rs:101:12
[INFO] [stderr]     |
[INFO] [stderr] 101 |     pub fn change_task_repeats_every(task_id: Id, new_weekday: WeekDay) {
[INFO] [stderr]     |            ^^^^^^^^^^^^^^^^^^^^^^^^^
[INFO] [stderr] 
[INFO] [stderr] warning: function `save_database_changes` is never used
[INFO] [stderr]    --> src/db.rs:109:12
[INFO] [stderr]     |
[INFO] [stderr] 109 |     pub fn save_database_changes(task_database: TasksDataBase) {
[INFO] [stderr]     |            ^^^^^^^^^^^^^^^^^^^^^
[INFO] [stderr] 
[INFO] [stderr] warning: function `serialize_tasks_database` is never used
[INFO] [stderr]    --> src/db.rs:114:12
[INFO] [stderr]     |
[INFO] [stderr] 114 |     pub fn serialize_tasks_database(tasks_database: TasksDataBase) -> String {
[INFO] [stderr]     |            ^^^^^^^^^^^^^^^^^^^^^^^^
[INFO] [stderr] 
[INFO] [stderr] warning: function `search_for_task_index` is never used
[INFO] [stderr]    --> src/db.rs:122:12
[INFO] [stderr]     |
[INFO] [stderr] 122 |     pub fn search_for_task_index(tasks: &Vec<Task>, task_id: Id) -> Option<usize> {
[INFO] [stderr]     |            ^^^^^^^^^^^^^^^^^^^^^
[INFO] [stderr] 
[INFO] [stderr] warning: function `get_tasks_data_file_contents` is never used
[INFO] [stderr]    --> src/db.rs:131:12
[INFO] [stderr]     |
[INFO] [stderr] 131 |     pub fn get_tasks_data_file_contents() -> String {
[INFO] [stderr]     |            ^^^^^^^^^^^^^^^^^^^^^^^^^^^^
[INFO] [stderr] 
[INFO] [stderr] warning: function `create_task_file_if_inexistant` is never used
[INFO] [stderr]    --> src/db.rs:141:12
[INFO] [stderr]     |
[INFO] [stderr] 141 |     pub fn create_task_file_if_inexistant() {
[INFO] [stderr]     |            ^^^^^^^^^^^^^^^^^^^^^^^^^^^^^^
[INFO] [stderr] 
[INFO] [stderr] warning: function `create_default_task_file` is never used
[INFO] [stderr]    --> src/db.rs:147:12
[INFO] [stderr]     |
[INFO] [stderr] 147 |     pub fn create_default_task_file() {
[INFO] [stderr]     |            ^^^^^^^^^^^^^^^^^^^^^^^^
[INFO] [stderr] 
[INFO] [stderr] warning: function `write_to_data_file` is never used
[INFO] [stderr]    --> src/db.rs:151:12
[INFO] [stderr]     |
[INFO] [stderr] 151 |     pub fn write_to_data_file(input: &str) {
[INFO] [stderr]     |            ^^^^^^^^^^^^^^^^^^
[INFO] [stderr] 
[INFO] [stderr] warning: function `append_task_to_data_file` is never used
[INFO] [stderr]    --> src/db.rs:158:12
[INFO] [stderr]     |
[INFO] [stderr] 158 |     pub fn append_task_to_data_file(task: Task) {
[INFO] [stderr]     |            ^^^^^^^^^^^^^^^^^^^^^^^^
[INFO] [stderr] 
[INFO] [stderr] warning: function `deserialize_tasks_string` is never used
[INFO] [stderr]    --> src/db.rs:167:12
[INFO] [stderr]     |
[INFO] [stderr] 167 |     pub fn deserialize_tasks_string(tasks_string_data: &str) -> TasksDataBase {
[INFO] [stderr]     |            ^^^^^^^^^^^^^^^^^^^^^^^^
[INFO] [stderr] 
[INFO] [stderr] warning: function `get_tasks_data_file_path` is never used
[INFO] [stderr]    --> src/db.rs:171:12
[INFO] [stderr]     |
[INFO] [stderr] 171 |     pub fn get_tasks_data_file_path() -> std::path::PathBuf {
[INFO] [stderr]     |            ^^^^^^^^^^^^^^^^^^^^^^^^
[INFO] [stderr] 
[INFO] [stderr] warning: function `get_tasks_xdg_directory_path` is never used
[INFO] [stderr]    --> src/db.rs:177:8
[INFO] [stderr]     |
[INFO] [stderr] 177 |     fn get_tasks_xdg_directory_path() -> BaseDirectories {
[INFO] [stderr]     |        ^^^^^^^^^^^^^^^^^^^^^^^^^^^^
[INFO] [stderr] 
[INFO] [stderr] warning: function `has_tasks_file` is never used
[INFO] [stderr]    --> src/db.rs:182:12
[INFO] [stderr]     |
[INFO] [stderr] 182 |     pub fn has_tasks_file() -> bool {
[INFO] [stderr]     |            ^^^^^^^^^^^^^^
[INFO] [stderr] 
[INFO] [stderr] warning: function `get_deserialized_tasks_database` is never used
[INFO] [stderr]    --> src/db.rs:188:12
[INFO] [stderr]     |
[INFO] [stderr] 188 |     pub fn get_deserialized_tasks_database() -> TasksDataBase {
[INFO] [stderr]     |            ^^^^^^^^^^^^^^^^^^^^^^^^^^^^^^^
[INFO] [stderr] 
[INFO] [stderr] warning: function `get_default_tasks_database` is never used
[INFO] [stderr]    --> src/db.rs:196:12
[INFO] [stderr]     |
[INFO] [stderr] 196 |     pub fn get_default_tasks_database() -> TasksDataBase {
[INFO] [stderr]     |            ^^^^^^^^^^^^^^^^^^^^^^^^^^
[INFO] [stderr] 
[INFO] [stderr] warning: function `get_default_task` is never used
[INFO] [stderr]    --> src/db.rs:202:12
[INFO] [stderr]     |
[INFO] [stderr] 202 |     pub fn get_default_task() -> Task {
[INFO] [stderr]     |            ^^^^^^^^^^^^^^^^
[INFO] [stderr] 
[INFO] [stderr] warning: `tdm` (lib) generated 23 warnings (run `cargo fix --lib -p tdm` to apply 1 suggestion)
[INFO] [stderr]     Finished test [unoptimized + debuginfo] target(s) in 0.02s
[INFO] [stderr]      Running unittests src/lib.rs (/opt/rustwide/target/debug/deps/tdm-233ebedb939dc655)
[INFO] [stdout] 
[INFO] [stdout] running 14 tests
[INFO] [stdout] test db::data_file_handler_tests::test_search_for_task_index ... ok
[INFO] [stdout] test db::data_file_handler_tests::test_get_tasks_data_file_contents ... ok
[INFO] [stdout] test db::test_db_modifiers::test_toggle_task_status ... ok
[INFO] [stdout] test db::data_file_handler_tests::test_has_task_file ... ok
[INFO] [stdout] test db::test_db_modifiers::test_change_task_repeats_every ... ok
[INFO] [stdout] test db::test_db_modifiers::test_remove_task ... ok
[INFO] [stdout] test db::test_deserialize_tasks_string ... ok
[INFO] [stdout] test db::data_file_handler_tests::test_append_task_to_file ... ok
[INFO] [stdout] test db::test_db_modifiers::test_toggle_task_repeats ... ok
[INFO] [stdout] test db::test_db_modifiers::test_change_task_name ... ok
[INFO] [stdout] test id::test_gen_id ... ok
[INFO] [stdout] test db::test_db_modifiers::test_change_task_date_due ... ok
[INFO] [stdout] test db::data_file_handler_tests::test_create_task_file_if_inexistant ... FAILED
[INFO] [stdout] test db::data_file_handler_tests::test_create_default_task_file ... FAILED
[INFO] [stderr] error: test failed, to rerun pass `--lib`
[INFO] [stdout] 
[INFO] [stdout] failures:
[INFO] [stdout] 
[INFO] [stdout] ---- db::data_file_handler_tests::test_create_task_file_if_inexistant stdout ----
[INFO] [stdout] thread 'db::data_file_handler_tests::test_create_task_file_if_inexistant' panicked at 'assertion failed: `(left == right)`
[INFO] [stdout]   left: `"---\ntasks: []\n"`,
[INFO] [stdout]  right: `"---\ntasks:\n  - name: Welcome!\n    description: \"You can create new tasks by hitting the key 'n'\"\n    date_created: 2021-08-10\n    date_due: 2021-08-10\n    status: Todo\n    repeats: false\n    repeats_every: \"\"\n    id: 1.0\n"`', src/db.rs:275:9
[INFO] [stdout] stack backtrace:
[INFO] [stdout]    0:     0x5563ed6666ba - std::backtrace_rs::backtrace::libunwind::trace::h2f05d0192276a8f6
[INFO] [stdout]                                at /rustc/1b7dd2252b99671ce5d1cb9664c5f8636329436d/library/std/src/../../backtrace/src/backtrace/libunwind.rs:93:5
[INFO] [stdout]    1:     0x5563ed6666ba - std::backtrace_rs::backtrace::trace_unsynchronized::hedc23dff7a1af150
[INFO] [stdout]                                at /rustc/1b7dd2252b99671ce5d1cb9664c5f8636329436d/library/std/src/../../backtrace/src/backtrace/mod.rs:66:5
[INFO] [stdout]    2:     0x5563ed6666ba - std::sys_common::backtrace::_print_fmt::h17541ef7592f3ce2
[INFO] [stdout]                                at /rustc/1b7dd2252b99671ce5d1cb9664c5f8636329436d/library/std/src/sys_common/backtrace.rs:65:5
[INFO] [stdout]    3:     0x5563ed6666ba - <std::sys_common::backtrace::_print::DisplayBacktrace as core::fmt::Display>::fmt::h20f75df5ab0c0792
[INFO] [stdout]                                at /rustc/1b7dd2252b99671ce5d1cb9664c5f8636329436d/library/std/src/sys_common/backtrace.rs:44:22
[INFO] [stdout]    4:     0x5563ed68c24f - core::fmt::write::h78109e6f466b3af6
[INFO] [stdout]                                at /rustc/1b7dd2252b99671ce5d1cb9664c5f8636329436d/library/core/src/fmt/mod.rs:1254:17
[INFO] [stdout]    5:     0x5563ed663755 - std::io::Write::write_fmt::hd24bfb68a1b35a25
[INFO] [stdout]                                at /rustc/1b7dd2252b99671ce5d1cb9664c5f8636329436d/library/std/src/io/mod.rs:1698:15
[INFO] [stdout]    6:     0x5563ed666485 - std::sys_common::backtrace::_print::h8dac57a9f8fbf9a5
[INFO] [stdout]                                at /rustc/1b7dd2252b99671ce5d1cb9664c5f8636329436d/library/std/src/sys_common/backtrace.rs:47:5
[INFO] [stdout]    7:     0x5563ed666485 - std::sys_common::backtrace::print::hf9ecbf41d1aa712f
[INFO] [stdout]                                at /rustc/1b7dd2252b99671ce5d1cb9664c5f8636329436d/library/std/src/sys_common/backtrace.rs:34:9
[INFO] [stdout]    8:     0x5563ed66813e - std::panicking::default_hook::{{closure}}::h04c07acfc84ca028
[INFO] [stdout]                                at /rustc/1b7dd2252b99671ce5d1cb9664c5f8636329436d/library/std/src/panicking.rs:269:22
[INFO] [stdout]    9:     0x5563ed667e71 - std::panicking::default_hook::h01f6bb23e1eceb2c
[INFO] [stdout]                                at /rustc/1b7dd2252b99671ce5d1cb9664c5f8636329436d/library/std/src/panicking.rs:285:9
[INFO] [stdout]   10:     0x5563ed5f97cb - <alloc::boxed::Box<F,A> as core::ops::function::Fn<Args>>::call::h87fe9f7b2fd49e4c
[INFO] [stdout]                                at /rustc/1b7dd2252b99671ce5d1cb9664c5f8636329436d/library/alloc/src/boxed.rs:1987:9
[INFO] [stdout]   11:     0x5563ed5f97cb - test::test_main::{{closure}}::he94d679243a7531b
[INFO] [stdout]                                at /rustc/1b7dd2252b99671ce5d1cb9664c5f8636329436d/library/test/src/lib.rs:134:21
[INFO] [stdout]   12:     0x5563ed668824 - <alloc::boxed::Box<F,A> as core::ops::function::Fn<Args>>::call::h3f2d6d8b14c4769f
[INFO] [stdout]                                at /rustc/1b7dd2252b99671ce5d1cb9664c5f8636329436d/library/alloc/src/boxed.rs:1987:9
[INFO] [stdout]   13:     0x5563ed668824 - std::panicking::rust_panic_with_hook::h2bb3722bbaf2f6df
[INFO] [stdout]                                at /rustc/1b7dd2252b99671ce5d1cb9664c5f8636329436d/library/std/src/panicking.rs:695:13
[INFO] [stdout]   14:     0x5563ed668599 - std::panicking::begin_panic_handler::{{closure}}::h91bc7f36a4be011b
[INFO] [stdout]                                at /rustc/1b7dd2252b99671ce5d1cb9664c5f8636329436d/library/std/src/panicking.rs:582:13
[INFO] [stdout]   15:     0x5563ed666b26 - std::sys_common::backtrace::__rust_end_short_backtrace::h8b3d3717114f9e59
[INFO] [stdout]                                at /rustc/1b7dd2252b99671ce5d1cb9664c5f8636329436d/library/std/src/sys_common/backtrace.rs:150:18
[INFO] [stdout]   16:     0x5563ed6682f2 - rust_begin_unwind
[INFO] [stdout]                                at /rustc/1b7dd2252b99671ce5d1cb9664c5f8636329436d/library/std/src/panicking.rs:578:5
[INFO] [stdout]   17:     0x5563ed546093 - core::panicking::panic_fmt::hfd368e3fbdabea26
[INFO] [stdout]                                at /rustc/1b7dd2252b99671ce5d1cb9664c5f8636329436d/library/core/src/panicking.rs:67:14
[INFO] [stdout]   18:     0x5563ed5464bf - core::panicking::assert_failed_inner::haef49168e1798a91
[INFO] [stdout]   19:     0x5563ed56598a - core::panicking::assert_failed::h905851acede2e621
[INFO] [stdout]                                at /rustc/1b7dd2252b99671ce5d1cb9664c5f8636329436d/library/core/src/panicking.rs:228:5
[INFO] [stdout]   20:     0x5563ed566bb4 - tdm::db::data_file_handler_tests::test_create_task_file_if_inexistant::hd8a718ff1d94c331
[INFO] [stdout]                                at /opt/rustwide/workdir/src/db.rs:275:9
[INFO] [stdout]   21:     0x5563ed566a17 - tdm::db::data_file_handler_tests::test_create_task_file_if_inexistant::{{closure}}::hcadffe7d419a447a
[INFO] [stdout]                                at /opt/rustwide/workdir/src/db.rs:271:46
[INFO] [stdout]   22:     0x5563ed559075 - core::ops::function::FnOnce::call_once::h09aff7df32100a4f
[INFO] [stdout]                                at /rustc/1b7dd2252b99671ce5d1cb9664c5f8636329436d/library/core/src/ops/function.rs:250:5
[INFO] [stdout]   23:     0x5563ed5fe69f - core::ops::function::FnOnce::call_once::ha6a70e79f7481a7e
[INFO] [stdout]                                at /rustc/1b7dd2252b99671ce5d1cb9664c5f8636329436d/library/core/src/ops/function.rs:250:5
[INFO] [stdout]   24:     0x5563ed5fe69f - test::__rust_begin_short_backtrace::hce33033019b61e69
[INFO] [stdout]                                at /rustc/1b7dd2252b99671ce5d1cb9664c5f8636329436d/library/test/src/lib.rs:655:18
[INFO] [stdout]   25:     0x5563ed5cbe8c - test::run_test::{{closure}}::h858d3528838ae3e5
[INFO] [stdout]                                at /rustc/1b7dd2252b99671ce5d1cb9664c5f8636329436d/library/test/src/lib.rs:646:30
[INFO] [stdout]   26:     0x5563ed5cbe8c - core::ops::function::FnOnce::call_once{{vtable.shim}}::he8ac2b00f01ae79e
[INFO] [stdout]                                at /rustc/1b7dd2252b99671ce5d1cb9664c5f8636329436d/library/core/src/ops/function.rs:250:5
[INFO] [stdout]   27:     0x5563ed5fd776 - <alloc::boxed::Box<F,A> as core::ops::function::FnOnce<Args>>::call_once::h8093d25b522725ef
[INFO] [stdout]                                at /rustc/1b7dd2252b99671ce5d1cb9664c5f8636329436d/library/alloc/src/boxed.rs:1973:9
[INFO] [stdout]   28:     0x5563ed5fd776 - <core::panic::unwind_safe::AssertUnwindSafe<F> as core::ops::function::FnOnce<()>>::call_once::h5c334c204e4a3913
[INFO] [stdout]                                at /rustc/1b7dd2252b99671ce5d1cb9664c5f8636329436d/library/core/src/panic/unwind_safe.rs:271:9
[INFO] [stdout]   29:     0x5563ed5fd776 - std::panicking::try::do_call::ha8b740c7b9478074
[INFO] [stdout]                                at /rustc/1b7dd2252b99671ce5d1cb9664c5f8636329436d/library/std/src/panicking.rs:485:40
[INFO] [stdout]   30:     0x5563ed5fd776 - std::panicking::try::h5d34f63d0e41b64e
[INFO] [stdout]                                at /rustc/1b7dd2252b99671ce5d1cb9664c5f8636329436d/library/std/src/panicking.rs:449:19
[INFO] [stdout]   31:     0x5563ed5fd776 - std::panic::catch_unwind::hcfbb511e1aa7fc67
[INFO] [stdout]                                at /rustc/1b7dd2252b99671ce5d1cb9664c5f8636329436d/library/std/src/panic.rs:140:14
[INFO] [stdout]   32:     0x5563ed5fd776 - test::run_test_in_process::h9abda90f802eaf21
[INFO] [stdout]                                at /rustc/1b7dd2252b99671ce5d1cb9664c5f8636329436d/library/test/src/lib.rs:678:27
[INFO] [stdout]   33:     0x5563ed5fd776 - test::run_test::run_test_inner::{{closure}}::h0f058de91f6c6edf
[INFO] [stdout]                                at /rustc/1b7dd2252b99671ce5d1cb9664c5f8636329436d/library/test/src/lib.rs:572:39
[INFO] [stdout]   34:     0x5563ed5c6695 - test::run_test::run_test_inner::{{closure}}::h5ca48a4c59c6c1fb
[INFO] [stdout]                                at /rustc/1b7dd2252b99671ce5d1cb9664c5f8636329436d/library/test/src/lib.rs:599:37
[INFO] [stdout]   35:     0x5563ed5c6695 - std::sys_common::backtrace::__rust_begin_short_backtrace::h32bd51e1495d4a33
[INFO] [stdout]                                at /rustc/1b7dd2252b99671ce5d1cb9664c5f8636329436d/library/std/src/sys_common/backtrace.rs:134:18
[INFO] [stdout]   36:     0x5563ed5cbbd1 - std::thread::Builder::spawn_unchecked_::{{closure}}::{{closure}}::hc086fae9b128b2db
[INFO] [stdout]                                at /rustc/1b7dd2252b99671ce5d1cb9664c5f8636329436d/library/std/src/thread/mod.rs:526:17
[INFO] [stdout]   37:     0x5563ed5cbbd1 - <core::panic::unwind_safe::AssertUnwindSafe<F> as core::ops::function::FnOnce<()>>::call_once::hb66571888d270d43
[INFO] [stdout]                                at /rustc/1b7dd2252b99671ce5d1cb9664c5f8636329436d/library/core/src/panic/unwind_safe.rs:271:9
[INFO] [stdout]   38:     0x5563ed5cbbd1 - std::panicking::try::do_call::h4fa2ef4f6e51fecf
[INFO] [stdout]                                at /rustc/1b7dd2252b99671ce5d1cb9664c5f8636329436d/library/std/src/panicking.rs:485:40
[INFO] [stdout]   39:     0x5563ed5cbbd1 - std::panicking::try::h1e9e22b8584489b5
[INFO] [stdout]                                at /rustc/1b7dd2252b99671ce5d1cb9664c5f8636329436d/library/std/src/panicking.rs:449:19
[INFO] [stdout]   40:     0x5563ed5cbbd1 - std::panic::catch_unwind::h44698a3de0e0769e
[INFO] [stdout]                                at /rustc/1b7dd2252b99671ce5d1cb9664c5f8636329436d/library/std/src/panic.rs:140:14
[INFO] [stdout]   41:     0x5563ed5cbbd1 - std::thread::Builder::spawn_unchecked_::{{closure}}::h50153abde3fe239e
[INFO] [stdout]                                at /rustc/1b7dd2252b99671ce5d1cb9664c5f8636329436d/library/std/src/thread/mod.rs:525:30
[INFO] [stdout]   42:     0x5563ed5cbbd1 - core::ops::function::FnOnce::call_once{{vtable.shim}}::hbe5bbf6f38394364
[INFO] [stdout]                                at /rustc/1b7dd2252b99671ce5d1cb9664c5f8636329436d/library/core/src/ops/function.rs:250:5
[INFO] [stdout]   43:     0x5563ed66ce45 - <alloc::boxed::Box<F,A> as core::ops::function::FnOnce<Args>>::call_once::h0d83cb2920a49046
[INFO] [stdout]                                at /rustc/1b7dd2252b99671ce5d1cb9664c5f8636329436d/library/alloc/src/boxed.rs:1973:9
[INFO] [stdout]   44:     0x5563ed66ce45 - <alloc::boxed::Box<F,A> as core::ops::function::FnOnce<Args>>::call_once::hbe0a008aa7d9ef59
[INFO] [stdout]                                at /rustc/1b7dd2252b99671ce5d1cb9664c5f8636329436d/library/alloc/src/boxed.rs:1973:9
[INFO] [stdout]   45:     0x5563ed66ce45 - std::sys::unix::thread::Thread::new::thread_start::h3a466996bdf6b1f9
[INFO] [stdout]                                at /rustc/1b7dd2252b99671ce5d1cb9664c5f8636329436d/library/std/src/sys/unix/thread.rs:108:17
[INFO] [stdout]   46:     0x7f42f14a8b43 - <unknown>
[INFO] [stdout]   47:     0x7f42f1539bb4 - __clone
[INFO] [stdout]   48:                0x0 - <unknown>
[INFO] [stdout] 
[INFO] [stdout] ---- db::data_file_handler_tests::test_create_default_task_file stdout ----
[INFO] [stdout] thread 'db::data_file_handler_tests::test_create_default_task_file' panicked at 'assertion failed: `(left == right)`
[INFO] [stdout]   left: `""`,
[INFO] [stdout]  right: `"---\ntasks:\n  - name: Welcome!\n    description: \"You can create new tasks by hitting the key 'n'\"\n    date_created: 2021-08-10\n    date_due: 2021-08-10\n    status: Todo\n    repeats: false\n    repeats_every: \"\"\n    id: 1.0\n"`', src/db.rs:284:9
[INFO] [stdout] stack backtrace:
[INFO] [stdout]    0:     0x5563ed6666ba - std::backtrace_rs::backtrace::libunwind::trace::h2f05d0192276a8f6
[INFO] [stdout]                                at /rustc/1b7dd2252b99671ce5d1cb9664c5f8636329436d/library/std/src/../../backtrace/src/backtrace/libunwind.rs:93:5
[INFO] [stdout]    1:     0x5563ed6666ba - std::backtrace_rs::backtrace::trace_unsynchronized::hedc23dff7a1af150
[INFO] [stdout]                                at /rustc/1b7dd2252b99671ce5d1cb9664c5f8636329436d/library/std/src/../../backtrace/src/backtrace/mod.rs:66:5
[INFO] [stdout]    2:     0x5563ed6666ba - std::sys_common::backtrace::_print_fmt::h17541ef7592f3ce2
[INFO] [stdout]                                at /rustc/1b7dd2252b99671ce5d1cb9664c5f8636329436d/library/std/src/sys_common/backtrace.rs:65:5
[INFO] [stdout]    3:     0x5563ed6666ba - <std::sys_common::backtrace::_print::DisplayBacktrace as core::fmt::Display>::fmt::h20f75df5ab0c0792
[INFO] [stdout]                                at /rustc/1b7dd2252b99671ce5d1cb9664c5f8636329436d/library/std/src/sys_common/backtrace.rs:44:22
[INFO] [stdout]    4:     0x5563ed68c24f - core::fmt::write::h78109e6f466b3af6
[INFO] [stdout]                                at /rustc/1b7dd2252b99671ce5d1cb9664c5f8636329436d/library/core/src/fmt/mod.rs:1254:17
[INFO] [stdout]    5:     0x5563ed663755 - std::io::Write::write_fmt::hd24bfb68a1b35a25
[INFO] [stdout]                                at /rustc/1b7dd2252b99671ce5d1cb9664c5f8636329436d/library/std/src/io/mod.rs:1698:15
[INFO] [stdout]    6:     0x5563ed666485 - std::sys_common::backtrace::_print::h8dac57a9f8fbf9a5
[INFO] [stdout]                                at /rustc/1b7dd2252b99671ce5d1cb9664c5f8636329436d/library/std/src/sys_common/backtrace.rs:47:5
[INFO] [stdout]    7:     0x5563ed666485 - std::sys_common::backtrace::print::hf9ecbf41d1aa712f
[INFO] [stdout]                                at /rustc/1b7dd2252b99671ce5d1cb9664c5f8636329436d/library/std/src/sys_common/backtrace.rs:34:9
[INFO] [stdout]    8:     0x5563ed66813e - std::panicking::default_hook::{{closure}}::h04c07acfc84ca028
[INFO] [stdout]                                at /rustc/1b7dd2252b99671ce5d1cb9664c5f8636329436d/library/std/src/panicking.rs:269:22
[INFO] [stdout]    9:     0x5563ed667e71 - std::panicking::default_hook::h01f6bb23e1eceb2c
[INFO] [stdout]                                at /rustc/1b7dd2252b99671ce5d1cb9664c5f8636329436d/library/std/src/panicking.rs:285:9
[INFO] [stdout]   10:     0x5563ed5f97cb - <alloc::boxed::Box<F,A> as core::ops::function::Fn<Args>>::call::h87fe9f7b2fd49e4c
[INFO] [stdout]                                at /rustc/1b7dd2252b99671ce5d1cb9664c5f8636329436d/library/alloc/src/boxed.rs:1987:9
[INFO] [stdout]   11:     0x5563ed5f97cb - test::test_main::{{closure}}::he94d679243a7531b
[INFO] [stdout]                                at /rustc/1b7dd2252b99671ce5d1cb9664c5f8636329436d/library/test/src/lib.rs:134:21
[INFO] [stdout]   12:     0x5563ed668824 - <alloc::boxed::Box<F,A> as core::ops::function::Fn<Args>>::call::h3f2d6d8b14c4769f
[INFO] [stdout]                                at /rustc/1b7dd2252b99671ce5d1cb9664c5f8636329436d/library/alloc/src/boxed.rs:1987:9
[INFO] [stdout]   13:     0x5563ed668824 - std::panicking::rust_panic_with_hook::h2bb3722bbaf2f6df
[INFO] [stdout]                                at /rustc/1b7dd2252b99671ce5d1cb9664c5f8636329436d/library/std/src/panicking.rs:695:13
[INFO] [stdout]   14:     0x5563ed668599 - std::panicking::begin_panic_handler::{{closure}}::h91bc7f36a4be011b
[INFO] [stdout]                                at /rustc/1b7dd2252b99671ce5d1cb9664c5f8636329436d/library/std/src/panicking.rs:582:13
[INFO] [stdout]   15:     0x5563ed666b26 - std::sys_common::backtrace::__rust_end_short_backtrace::h8b3d3717114f9e59
[INFO] [stdout]                                at /rustc/1b7dd2252b99671ce5d1cb9664c5f8636329436d/library/std/src/sys_common/backtrace.rs:150:18
[INFO] [stdout]   16:     0x5563ed6682f2 - rust_begin_unwind
[INFO] [stdout]                                at /rustc/1b7dd2252b99671ce5d1cb9664c5f8636329436d/library/std/src/panicking.rs:578:5
[INFO] [stdout]   17:     0x5563ed546093 - core::panicking::panic_fmt::hfd368e3fbdabea26
[INFO] [stdout]                                at /rustc/1b7dd2252b99671ce5d1cb9664c5f8636329436d/library/core/src/panicking.rs:67:14
[INFO] [stdout]   18:     0x5563ed5464bf - core::panicking::assert_failed_inner::haef49168e1798a91
[INFO] [stdout]   19:     0x5563ed56598a - core::panicking::assert_failed::h905851acede2e621
[INFO] [stdout]                                at /rustc/1b7dd2252b99671ce5d1cb9664c5f8636329436d/library/core/src/panicking.rs:228:5
[INFO] [stdout]   20:     0x5563ed566d86 - tdm::db::data_file_handler_tests::test_create_default_task_file::h08e6682f74c478e9
[INFO] [stdout]                                at /opt/rustwide/workdir/src/db.rs:284:9
[INFO] [stdout]   21:     0x5563ed566c17 - tdm::db::data_file_handler_tests::test_create_default_task_file::{{closure}}::had23c7a4c0f93cef
[INFO] [stdout]                                at /opt/rustwide/workdir/src/db.rs:282:40
[INFO] [stdout]   22:     0x5563ed559325 - core::ops::function::FnOnce::call_once::h9c62021e1a869a23
[INFO] [stdout]                                at /rustc/1b7dd2252b99671ce5d1cb9664c5f8636329436d/library/core/src/ops/function.rs:250:5
[INFO] [stdout]   23:     0x5563ed5fe69f - core::ops::function::FnOnce::call_once::ha6a70e79f7481a7e
[INFO] [stdout]                                at /rustc/1b7dd2252b99671ce5d1cb9664c5f8636329436d/library/core/src/ops/function.rs:250:5
[INFO] [stdout]   24:     0x5563ed5fe69f - test::__rust_begin_short_backtrace::hce33033019b61e69
[INFO] [stdout]                                at /rustc/1b7dd2252b99671ce5d1cb9664c5f8636329436d/library/test/src/lib.rs:655:18
[INFO] [stdout]   25:     0x5563ed5cbe8c - test::run_test::{{closure}}::h858d3528838ae3e5
[INFO] [stdout]                                at /rustc/1b7dd2252b99671ce5d1cb9664c5f8636329436d/library/test/src/lib.rs:646:30
[INFO] [stdout]   26:     0x5563ed5cbe8c - core::ops::function::FnOnce::call_once{{vtable.shim}}::he8ac2b00f01ae79e
[INFO] [stdout]                                at /rustc/1b7dd2252b99671ce5d1cb9664c5f8636329436d/library/core/src/ops/function.rs:250:5
[INFO] [stdout]   27:     0x5563ed5fd776 - <alloc::boxed::Box<F,A> as core::ops::function::FnOnce<Args>>::call_once::h8093d25b522725ef
[INFO] [stdout]                                at /rustc/1b7dd2252b99671ce5d1cb9664c5f8636329436d/library/alloc/src/boxed.rs:1973:9
[INFO] [stdout]   28:     0x5563ed5fd776 - <core::panic::unwind_safe::AssertUnwindSafe<F> as core::ops::function::FnOnce<()>>::call_once::h5c334c204e4a3913
[INFO] [stdout]                                at /rustc/1b7dd2252b99671ce5d1cb9664c5f8636329436d/library/core/src/panic/unwind_safe.rs:271:9
[INFO] [stdout]   29:     0x5563ed5fd776 - std::panicking::try::do_call::ha8b740c7b9478074
[INFO] [stdout]                                at /rustc/1b7dd2252b99671ce5d1cb9664c5f8636329436d/library/std/src/panicking.rs:485:40
[INFO] [stdout]   30:     0x5563ed5fd776 - std::panicking::try::h5d34f63d0e41b64e
[INFO] [stdout]                                at /rustc/1b7dd2252b99671ce5d1cb9664c5f8636329436d/library/std/src/panicking.rs:449:19
[INFO] [stdout]   31:     0x5563ed5fd776 - std::panic::catch_unwind::hcfbb511e1aa7fc67
[INFO] [stdout]                                at /rustc/1b7dd2252b99671ce5d1cb9664c5f8636329436d/library/std/src/panic.rs:140:14
[INFO] [stdout]   32:     0x5563ed5fd776 - test::run_test_in_process::h9abda90f802eaf21
[INFO] [stdout]                                at /rustc/1b7dd2252b99671ce5d1cb9664c5f8636329436d/library/test/src/lib.rs:678:27
[INFO] [stdout]   33:     0x5563ed5fd776 - test::run_test::run_test_inner::{{closure}}::h0f058de91f6c6edf
[INFO] [stdout]                                at /rustc/1b7dd2252b99671ce5d1cb9664c5f8636329436d/library/test/src/lib.rs:572:39
[INFO] [stdout]   34:     0x5563ed5c6695 - test::run_test::run_test_inner::{{closure}}::h5ca48a4c59c6c1fb
[INFO] [stdout]                                at /rustc/1b7dd2252b99671ce5d1cb9664c5f8636329436d/library/test/src/lib.rs:599:37
[INFO] [stdout]   35:     0x5563ed5c6695 - std::sys_common::backtrace::__rust_begin_short_backtrace::h32bd51e1495d4a33
[INFO] [stdout]                                at /rustc/1b7dd2252b99671ce5d1cb9664c5f8636329436d/library/std/src/sys_common/backtrace.rs:134:18
[INFO] [stdout]   36:     0x5563ed5cbbd1 - std::thread::Builder::spawn_unchecked_::{{closure}}::{{closure}}::hc086fae9b128b2db
[INFO] [stdout]                                at /rustc/1b7dd2252b99671ce5d1cb9664c5f8636329436d/library/std/src/thread/mod.rs:526:17
[INFO] [stdout]   37:     0x5563ed5cbbd1 - <core::panic::unwind_safe::AssertUnwindSafe<F> as core::ops::function::FnOnce<()>>::call_once::hb66571888d270d43
[INFO] [stdout]                                at /rustc/1b7dd2252b99671ce5d1cb9664c5f8636329436d/library/core/src/panic/unwind_safe.rs:271:9
[INFO] [stdout]   38:     0x5563ed5cbbd1 - std::panicking::try::do_call::h4fa2ef4f6e51fecf
[INFO] [stdout]                                at /rustc/1b7dd2252b99671ce5d1cb9664c5f8636329436d/library/std/src/panicking.rs:485:40
[INFO] [stdout]   39:     0x5563ed5cbbd1 - std::panicking::try::h1e9e22b8584489b5
[INFO] [stdout]                                at /rustc/1b7dd2252b99671ce5d1cb9664c5f8636329436d/library/std/src/panicking.rs:449:19
[INFO] [stdout]   40:     0x5563ed5cbbd1 - std::panic::catch_unwind::h44698a3de0e0769e
[INFO] [stdout]                                at /rustc/1b7dd2252b99671ce5d1cb9664c5f8636329436d/library/std/src/panic.rs:140:14
[INFO] [stdout]   41:     0x5563ed5cbbd1 - std::thread::Builder::spawn_unchecked_::{{closure}}::h50153abde3fe239e
[INFO] [stdout]                                at /rustc/1b7dd2252b99671ce5d1cb9664c5f8636329436d/library/std/src/thread/mod.rs:525:30
[INFO] [stdout]   42:     0x5563ed5cbbd1 - core::ops::function::FnOnce::call_once{{vtable.shim}}::hbe5bbf6f38394364
[INFO] [stdout]                                at /rustc/1b7dd2252b99671ce5d1cb9664c5f8636329436d/library/core/src/ops/function.rs:250:5
[INFO] [stdout]   43:     0x5563ed66ce45 - <alloc::boxed::Box<F,A> as core::ops::function::FnOnce<Args>>::call_once::h0d83cb2920a49046
[INFO] [stdout]                                at /rustc/1b7dd2252b99671ce5d1cb9664c5f8636329436d/library/alloc/src/boxed.rs:1973:9
[INFO] [stdout]   44:     0x5563ed66ce45 - <alloc::boxed::Box<F,A> as core::ops::function::FnOnce<Args>>::call_once::hbe0a008aa7d9ef59
[INFO] [stdout]                                at /rustc/1b7dd2252b99671ce5d1cb9664c5f8636329436d/library/alloc/src/boxed.rs:1973:9
[INFO] [stdout]   45:     0x5563ed66ce45 - std::sys::unix::thread::Thread::new::thread_start::h3a466996bdf6b1f9
[INFO] [stdout]                                at /rustc/1b7dd2252b99671ce5d1cb9664c5f8636329436d/library/std/src/sys/unix/thread.rs:108:17
[INFO] [stdout]   46:     0x7f42f14a8b43 - <unknown>
[INFO] [stdout]   47:     0x7f42f1539bb4 - __clone
[INFO] [stdout]   48:                0x0 - <unknown>
[INFO] [stdout] 
[INFO] [stdout] 
[INFO] [stdout] failures:
[INFO] [stdout]     db::data_file_handler_tests::test_create_default_task_file
[INFO] [stdout]     db::data_file_handler_tests::test_create_task_file_if_inexistant
[INFO] [stdout] 
[INFO] [stdout] test result: FAILED. 12 passed; 2 failed; 0 ignored; 0 measured; 0 filtered out; finished in 0.06s
[INFO] [stdout] 
[INFO] running `Command { std: "docker" "inspect" "77834bc6012715d07f250c04c917e5459b0bc7f0a2988eaa6776e4921a40fe2e", kill_on_drop: false }`
[INFO] running `Command { std: "docker" "rm" "-f" "77834bc6012715d07f250c04c917e5459b0bc7f0a2988eaa6776e4921a40fe2e", kill_on_drop: false }`
[INFO] [stdout] 77834bc6012715d07f250c04c917e5459b0bc7f0a2988eaa6776e4921a40fe2e
