[INFO] cloning repository https://github.com/elbart/aurelia
[INFO] running `Command { std: "git" "-c" "credential.helper=" "-c" "credential.helper=/workspace/cargo-home/bin/git-credential-null" "clone" "--bare" "https://github.com/elbart/aurelia" "/workspace/cache/git-repos/https%3A%2F%2Fgithub.com%2Felbart%2Faurelia", kill_on_drop: false }`
[INFO] [stderr] Cloning into bare repository '/workspace/cache/git-repos/https%3A%2F%2Fgithub.com%2Felbart%2Faurelia'...
[INFO] running `Command { std: "git" "rev-parse" "HEAD", kill_on_drop: false }`
[INFO] [stdout] 7551c71356ce47f633d713c7f1d557fac2f2e223
[INFO] testing elbart/aurelia against 1.69.0 for beta-1.70-1
[INFO] running `Command { std: "git" "clone" "/workspace/cache/git-repos/https%3A%2F%2Fgithub.com%2Felbart%2Faurelia" "/workspace/builds/worker-2-tc1/source", kill_on_drop: false }`
[INFO] [stderr] Cloning into '/workspace/builds/worker-2-tc1/source'...
[INFO] [stderr] done.
[INFO] validating manifest of git repo https://github.com/elbart/aurelia on toolchain 1.69.0
[INFO] running `Command { std: CARGO_HOME="/workspace/cargo-home" RUSTUP_HOME="/workspace/rustup-home" "/workspace/cargo-home/bin/cargo" "+1.69.0" "metadata" "--manifest-path" "Cargo.toml" "--no-deps", kill_on_drop: false }`
[INFO] started tweaking git repo https://github.com/elbart/aurelia
[INFO] finished tweaking git repo https://github.com/elbart/aurelia
[INFO] tweaked toml for git repo https://github.com/elbart/aurelia written to /workspace/builds/worker-2-tc1/source/Cargo.toml
[INFO] crate git repo https://github.com/elbart/aurelia already has a lockfile, it will not be regenerated
[INFO] running `Command { std: CARGO_HOME="/workspace/cargo-home" RUSTUP_HOME="/workspace/rustup-home" "/workspace/cargo-home/bin/cargo" "+1.69.0" "fetch" "--manifest-path" "Cargo.toml", kill_on_drop: false }`
[INFO] [stderr]     Updating git repository `https://github.com/elbart/sql-press`
[INFO] [stderr]  Downloading crates ...
[INFO] [stderr]   Downloaded postgres-protocol v0.6.4
[INFO] [stderr]   Downloaded tokio-postgres v0.7.6
[INFO] [stderr]   Downloaded refinery-macros v0.8.4
[INFO] [stderr]   Downloaded refinery v0.8.4
[INFO] [stderr]   Downloaded axum-core v0.2.4
[INFO] [stderr]   Downloaded postgres-types v0.2.3
[INFO] [stderr]   Downloaded config v0.13.1
[INFO] [stderr]   Downloaded oauth2 v4.2.0
[INFO] [stderr]   Downloaded refinery-core v0.8.4
[INFO] [stderr]   Downloaded axum v0.5.5
[INFO] [stderr]   Downloaded jsonwebtoken v8.1.0
[INFO] [stderr]   Downloaded openidconnect v2.3.1
[INFO] [stderr]   Downloaded rustls v0.20.5
[INFO] [stderr]   Downloaded fast_log v1.5.4
[INFO] running `Command { std: "docker" "create" "-v" "/var/lib/crater-agent-workspace/builds/worker-2-tc1/target:/opt/rustwide/target:rw,Z" "-v" "/var/lib/crater-agent-workspace/builds/worker-2-tc1/source:/opt/rustwide/workdir:ro,Z" "-v" "/var/lib/crater-agent-workspace/cargo-home:/opt/rustwide/cargo-home:ro,Z" "-v" "/var/lib/crater-agent-workspace/rustup-home:/opt/rustwide/rustup-home:ro,Z" "-e" "SOURCE_DIR=/opt/rustwide/workdir" "-e" "CARGO_TARGET_DIR=/opt/rustwide/target" "-e" "CARGO_HOME=/opt/rustwide/cargo-home" "-e" "RUSTUP_HOME=/opt/rustwide/rustup-home" "-w" "/opt/rustwide/workdir" "-m" "1610612736" "--user" "0:0" "--network" "none" "ghcr.io/rust-lang/crates-build-env/linux@sha256:5ff2268d62e97bff2cde7d5815dd6ed5b47097566f13b8d0ca110b04b60e07ed" "/opt/rustwide/cargo-home/bin/cargo" "+1.69.0" "metadata" "--no-deps" "--format-version=1", kill_on_drop: false }`
[INFO] [stdout] 49988a34a82a4841977bce0085dec7690510a45d80a222dcf91347fe85f5bd0d
[INFO] running `Command { std: "docker" "start" "-a" "49988a34a82a4841977bce0085dec7690510a45d80a222dcf91347fe85f5bd0d", kill_on_drop: false }`
[INFO] running `Command { std: "docker" "inspect" "49988a34a82a4841977bce0085dec7690510a45d80a222dcf91347fe85f5bd0d", kill_on_drop: false }`
[INFO] running `Command { std: "docker" "rm" "-f" "49988a34a82a4841977bce0085dec7690510a45d80a222dcf91347fe85f5bd0d", kill_on_drop: false }`
[INFO] [stdout] 49988a34a82a4841977bce0085dec7690510a45d80a222dcf91347fe85f5bd0d
[INFO] running `Command { std: "docker" "create" "-v" "/var/lib/crater-agent-workspace/builds/worker-2-tc1/target:/opt/rustwide/target:rw,Z" "-v" "/var/lib/crater-agent-workspace/builds/worker-2-tc1/source:/opt/rustwide/workdir:ro,Z" "-v" "/var/lib/crater-agent-workspace/cargo-home:/opt/rustwide/cargo-home:ro,Z" "-v" "/var/lib/crater-agent-workspace/rustup-home:/opt/rustwide/rustup-home:ro,Z" "-e" "SOURCE_DIR=/opt/rustwide/workdir" "-e" "CARGO_TARGET_DIR=/opt/rustwide/target" "-e" "CARGO_INCREMENTAL=0" "-e" "RUST_BACKTRACE=full" "-e" "RUSTFLAGS=--cap-lints=warn" "-e" "RUSTDOCFLAGS=--cap-lints=warn" "-e" "CARGO_HOME=/opt/rustwide/cargo-home" "-e" "RUSTUP_HOME=/opt/rustwide/rustup-home" "-w" "/opt/rustwide/workdir" "-m" "1610612736" "--user" "0:0" "--network" "none" "ghcr.io/rust-lang/crates-build-env/linux@sha256:5ff2268d62e97bff2cde7d5815dd6ed5b47097566f13b8d0ca110b04b60e07ed" "/opt/rustwide/cargo-home/bin/cargo" "+1.69.0" "build" "--frozen" "--message-format=json", kill_on_drop: false }`
[INFO] [stdout] 3b75d3c383c3f65fd5d42bbc0d2adc048ddbdcef50281505719f0ed58bf7ab8c
[INFO] running `Command { std: "docker" "start" "-a" "3b75d3c383c3f65fd5d42bbc0d2adc048ddbdcef50281505719f0ed58bf7ab8c", kill_on_drop: false }`
[INFO] [stderr]    Compiling libc v0.2.125
[INFO] [stderr]    Compiling cfg-if v1.0.0
[INFO] [stderr]    Compiling autocfg v1.1.0
[INFO] [stderr]    Compiling proc-macro2 v1.0.38
[INFO] [stderr]    Compiling unicode-xid v0.2.3
[INFO] [stderr]    Compiling syn v1.0.94
[INFO] [stderr]    Compiling version_check v0.9.4
[INFO] [stderr]    Compiling once_cell v1.10.0
[INFO] [stderr]    Compiling memchr v2.5.0
[INFO] [stderr]    Compiling cc v1.0.73
[INFO] [stderr]    Compiling lazy_static v1.4.0
[INFO] [stderr]    Compiling log v0.4.17
[INFO] [stderr]    Compiling pin-project-lite v0.2.9
[INFO] [stderr]    Compiling bytes v1.1.0
[INFO] [stderr]    Compiling itoa v1.0.1
[INFO] [stderr]    Compiling scopeguard v1.1.0
[INFO] [stderr]    Compiling serde_derive v1.0.137
[INFO] [stderr]    Compiling smallvec v1.8.0
[INFO] [stderr]    Compiling quote v1.0.18
[INFO] [stderr]    Compiling getrandom v0.2.6
[INFO] [stderr]    Compiling futures-core v0.3.21
[INFO] [stderr]    Compiling serde v1.0.137
[INFO] [stderr]    Compiling lock_api v0.4.7
[INFO] [stderr]    Compiling num_cpus v1.13.1
[INFO] [stderr]    Compiling socket2 v0.4.4
[INFO] [stderr]    Compiling spin v0.5.2
[INFO] [stderr]    Compiling untrusted v0.7.1
[INFO] [stderr]    Compiling typenum v1.15.0
[INFO] [stderr]    Compiling rand_core v0.6.3
[INFO] [stderr]    Compiling generic-array v0.14.5
[INFO] [stderr]    Compiling parking_lot_core v0.9.3
[INFO] [stderr]    Compiling base64 v0.13.0
[INFO] [stderr]    Compiling ppv-lite86 v0.2.16
[INFO] [stderr]    Compiling mio v0.8.3
[INFO] [stderr]    Compiling signal-hook-registry v1.4.0
[INFO] [stderr]    Compiling ahash v0.7.6
[INFO] [stderr]    Compiling pin-utils v0.1.0
[INFO] [stderr]    Compiling rand_chacha v0.3.1
[INFO] [stderr]    Compiling parking_lot v0.12.0
[INFO] [stderr]    Compiling ring v0.16.20
[INFO] [stderr]    Compiling rand v0.8.5
[INFO] [stderr]    Compiling futures-sink v0.3.21
[INFO] [stderr]    Compiling futures-channel v0.3.21
[INFO] [stderr]    Compiling subtle v2.4.1
[INFO] [stderr]    Compiling futures-task v0.3.21
[INFO] [stderr]    Compiling futures-util v0.3.21
[INFO] [stderr]    Compiling tinyvec_macros v0.1.0
[INFO] [stderr]    Compiling tinyvec v1.6.0
[INFO] [stderr]    Compiling percent-encoding v2.1.0
[INFO] [stderr]    Compiling slab v0.4.6
[INFO] [stderr]    Compiling futures-io v0.3.21
[INFO] [stderr]    Compiling tracing-core v0.1.26
[INFO] [stderr]    Compiling regex-syntax v0.6.25
[INFO] [stderr]    Compiling block-buffer v0.10.2
[INFO] [stderr]    Compiling crypto-common v0.1.3
[INFO] [stderr]    Compiling fnv v1.0.7
[INFO] [stderr]    Compiling unicode-bidi v0.3.8
[INFO] [stderr]    Compiling digest v0.10.3
[INFO] [stderr]    Compiling num-traits v0.2.15
[INFO] [stderr]    Compiling matches v0.1.9
[INFO] [stderr]    Compiling unicode-normalization v0.1.19
[INFO] [stderr]    Compiling aho-corasick v0.7.18
[INFO] [stderr]    Compiling uncased v0.9.6
[INFO] [stderr]    Compiling cpufeatures v0.2.2
[INFO] [stderr]    Compiling bitflags v1.3.2
[INFO] [stderr]    Compiling siphasher v0.3.10
[INFO] [stderr]    Compiling form_urlencoded v1.0.1
[INFO] [stderr]    Compiling hashbrown v0.11.2
[INFO] [stderr]    Compiling ryu v1.0.9
[INFO] [stderr]    Compiling serde_json v1.0.81
[INFO] [stderr]    Compiling regex v1.5.5
[INFO] [stderr]    Compiling idna v0.2.3
[INFO] [stderr]    Compiling http v0.2.7
[INFO] [stderr]    Compiling num-integer v0.1.45
[INFO] [stderr]    Compiling crossbeam-utils v0.8.8
[INFO] [stderr]    Compiling indexmap v1.8.1
[INFO] [stderr]    Compiling pkg-config v0.3.25
[INFO] [stderr]    Compiling sha2 v0.10.2
[INFO] [stderr]    Compiling openssl-sys v0.9.73
[INFO] [stderr]    Compiling hmac v0.12.1
[INFO] [stderr]    Compiling async-trait v0.1.53
[INFO] [stderr]    Compiling http-body v0.4.4
[INFO] [stderr]    Compiling stringprep v0.1.2
[INFO] [stderr]    Compiling crossbeam-queue v0.3.5
[INFO] [stderr]    Compiling httparse v1.7.1
[INFO] [stderr]    Compiling httpdate v1.0.2
[INFO] [stderr]    Compiling tokio-macros v1.7.0
[INFO] [stderr]    Compiling futures-macro v0.3.21
[INFO] [stderr]    Compiling tracing-attributes v0.1.21
[INFO] [stderr]    Compiling thiserror-impl v1.0.31
[INFO] [stderr]    Compiling num_threads v0.1.6
[INFO] [stderr]    Compiling tower-service v0.3.1
[INFO] [stderr]    Compiling tokio v1.18.2
[INFO] [stderr]    Compiling tracing v0.1.34
[INFO] [stderr]    Compiling thiserror v1.0.31
[INFO] [stderr]    Compiling phf_shared v0.10.0
[INFO] [stderr]    Compiling time v0.1.43
[INFO] [stderr]    Compiling parking_lot_core v0.8.5
[INFO] [stderr]    Compiling openssl v0.10.40
[INFO] [stderr]    Compiling same-file v1.0.6
[INFO] [stderr]    Compiling foreign-types-shared v0.1.1
[INFO] [stderr]    Compiling try-lock v0.2.3
[INFO] [stderr]    Compiling mime v0.3.16
[INFO] [stderr]    Compiling want v0.3.0
[INFO] [stderr]    Compiling foreign-types v0.3.2
[INFO] [stderr]    Compiling walkdir v2.3.2
[INFO] [stderr]    Compiling webpki v0.21.4
[INFO] [stderr]    Compiling openssl-macros v0.1.0
[INFO] [stderr]    Compiling webpki v0.22.0
[INFO] [stderr]    Compiling md-5 v0.10.1
[INFO] [stderr]    Compiling unicase v2.6.0
[INFO] [stderr]    Compiling instant v0.1.12
[INFO] [stderr]    Compiling minimal-lexical v0.2.1
[INFO] [stderr]    Compiling ucd-trie v0.1.3
[INFO] [stderr]    Compiling rustls v0.20.5
[INFO] [stderr]    Compiling either v1.6.1
[INFO] [stderr]    Compiling byteorder v1.4.3
[INFO] [stderr]    Compiling native-tls v0.2.10
[INFO] [stderr]    Compiling itertools v0.10.3
[INFO] [stderr]    Compiling nom v7.1.1
[INFO] [stderr]    Compiling pest v2.1.3
[INFO] [stderr]    Compiling tokio-util v0.7.1
[INFO] [stderr]    Compiling sct v0.6.1
[INFO] [stderr]    Compiling h2 v0.3.13
[INFO] [stderr]    Compiling phf_generator v0.10.0
[INFO] [stderr]    Compiling sct v0.7.0
[INFO] [stderr]    Compiling url v2.2.2
[INFO] [stderr]    Compiling quickcheck v1.0.3
[INFO] [stderr]    Compiling memoffset v0.6.5
[INFO] [stderr]    Compiling time-macros v0.2.4
[INFO] [stderr]    Compiling maplit v1.0.2
[INFO] [stderr]    Compiling openssl-probe v0.1.5
[INFO] [stderr]    Compiling chrono v0.4.19
[INFO] [stderr]    Compiling time v0.3.9
[INFO] [stderr]    Compiling toml v0.5.9
[INFO] [stderr]    Compiling pest_meta v2.1.3
[INFO] [stderr]    Compiling phf v0.10.1
[INFO] [stderr]    Compiling phf_codegen v0.10.0
[INFO] [stderr]    Compiling rustls v0.19.1
[INFO] [stderr]    Compiling parking_lot v0.11.2
[INFO] [stderr]    Compiling hyper v0.14.18
[INFO] [stderr]    Compiling parse-zoneinfo v0.3.0
[INFO] [stderr]    Compiling dirs-sys v0.3.7
[INFO] [stderr]    Compiling num-bigint v0.4.3
[INFO] [stderr]    Compiling crossbeam-epoch v0.9.8
[INFO] [stderr]    Compiling thread_local v1.1.4
[INFO] [stderr]    Compiling crc-catalog v1.1.1
[INFO] [stderr]    Compiling unicode_categories v0.1.1
[INFO] [stderr]    Compiling fallible-iterator v0.2.0
[INFO] [stderr]    Compiling encoding_rs v0.8.31
[INFO] [stderr]    Compiling sqlformat v0.1.8
[INFO] [stderr]    Compiling tokio-rustls v0.22.0
[INFO] [stderr]    Compiling postgres-protocol v0.6.4
[INFO] [stderr]    Compiling tokio-rustls v0.23.4
[INFO] [stderr]    Compiling crc v2.1.0
[INFO] [stderr]    Compiling dirs v4.0.0
[INFO] [stderr]    Compiling chrono-tz-build v0.0.2
[INFO] [stderr]    Compiling mime_guess v2.0.4
[INFO] [stderr]    Compiling futures-intrusive v0.4.0
[INFO] [stderr]    Compiling pest_generator v2.1.3
[INFO] [stderr]    Compiling tokio-native-tls v0.3.0
[INFO] [stderr]    Compiling serde_urlencoded v0.7.1
[INFO] [stderr]    Compiling futures-executor v0.3.21
[INFO] [stderr]    Compiling pin-project-internal v1.0.10
[INFO] [stderr]    Compiling hkdf v0.12.3
[INFO] [stderr]    Compiling hashlink v0.7.0
[INFO] [stderr]    Compiling sha-1 v0.10.0
[INFO] [stderr]    Compiling bstr v0.2.17
[INFO] [stderr]    Compiling whoami v1.2.1
[INFO] [stderr]    Compiling hex v0.4.3
[INFO] [stderr]    Compiling event-listener v2.5.2
[INFO] [stderr]    Compiling unic-common v0.9.0
[INFO] [stderr]    Compiling paste v1.0.7
[INFO] [stderr]    Compiling unic-char-range v0.9.0
[INFO] [stderr]    Compiling unic-ucd-version v0.9.0
[INFO] [stderr]    Compiling unic-char-property v0.9.0
[INFO] [stderr]    Compiling globset v0.4.8
[INFO] [stderr]    Compiling pest_derive v2.1.0
[INFO] [stderr]    Compiling futures v0.3.21
[INFO] [stderr]    Compiling hyper-tls v0.5.0
[INFO] [stderr]    Compiling hyper-rustls v0.23.0
[INFO] [stderr]    Compiling pin-project v1.0.10
[INFO] [stderr]    Compiling chrono-tz v0.6.1
[INFO] [stderr]    Compiling postgres-types v0.2.3
[INFO] [stderr]    Compiling sqlx-rt v0.5.13
[INFO] [stderr]    Compiling tokio-stream v0.1.8
[INFO] [stderr]    Compiling atoi v0.4.0
[INFO] [stderr]    Compiling webpki-roots v0.22.3
[INFO] [stderr]    Compiling webpki-roots v0.21.1
[INFO] [stderr]    Compiling regex-automata v0.1.10
[INFO] [stderr]    Compiling hashbrown v0.12.1
[INFO] [stderr]    Compiling rustls-pemfile v0.3.0
[INFO] [stderr]    Compiling tower-layer v0.3.1
[INFO] [stderr]    Compiling ipnet v2.5.0
[INFO] [stderr]    Compiling uuid v0.8.2
[INFO] [stderr]    Compiling unicode-segmentation v1.9.0
[INFO] [stderr]    Compiling dlv-list v0.3.0
[INFO] [stderr]    Compiling sqlx-core v0.5.13
[INFO] [stderr]    Compiling heck v0.4.0
[INFO] [stderr]    Compiling ordered-multimap v0.4.3
[INFO] [stderr]    Compiling refinery-core v0.8.4
[INFO] [stderr]    Compiling reqwest v0.11.10
[INFO] [stderr]    Compiling matchers v0.1.0
[INFO] [stderr]    Compiling tower v0.4.12
[INFO] [stderr]    Compiling tokio-postgres v0.7.6
[INFO] [stderr]    Compiling crossbeam-deque v0.8.1
[INFO] [stderr]    Compiling ignore v0.4.18
[INFO] [stderr]    Compiling unic-ucd-segment v0.9.0
[INFO] [stderr]    Compiling serde_path_to_error v0.1.7
[INFO] [stderr]    Compiling crossbeam-channel v0.5.4
[INFO] [stderr]    Compiling headers-core v0.2.0
[INFO] [stderr]    Compiling ordered-float v2.10.0
[INFO] [stderr]    Compiling tracing-log v0.1.3
[INFO] [stderr]    Compiling sharded-slab v0.1.4
[INFO] [stderr]    Compiling linked-hash-map v0.5.4
[INFO] [stderr]    Compiling ansi_term v0.12.1
[INFO] [stderr]    Compiling http-range-header v0.3.0
[INFO] [stderr]    Compiling anyhow v1.0.57
[INFO] [stderr]    Compiling dotenv v0.15.0
[INFO] [stderr]    Compiling deunicode v0.4.3
[INFO] [stderr]    Compiling slug v0.1.4
[INFO] [stderr]    Compiling tracing-subscriber v0.3.11
[INFO] [stderr]    Compiling tower-http v0.3.3
[INFO] [stderr]    Compiling yaml-rust v0.4.5
[INFO] [stderr]    Compiling crossbeam v0.8.1
[INFO] [stderr]    Compiling serde-value v0.7.0
[INFO] [stderr]    Compiling oauth2 v4.2.0
[INFO] [stderr]    Compiling headers v0.3.7
[INFO] [stderr]    Compiling unic-segment v0.9.0
[INFO] [stderr]    Compiling globwalk v0.8.1
[INFO] [stderr]    Compiling refinery-macros v0.8.4
[INFO] [stderr]    Compiling rust-ini v0.18.0
[INFO] [stderr]    Compiling simple_asn1 v0.6.1
[INFO] [stderr]    Compiling json5 v0.4.1
[INFO] [stderr]    Compiling ron v0.7.0
[INFO] [stderr]    Compiling axum-core v0.2.4
[INFO] [stderr]    Compiling dyn-clonable-impl v0.9.0
[INFO] [stderr]    Compiling pem v1.0.2
[INFO] [stderr]    Compiling gethostname v0.2.3
[INFO] [stderr]    Compiling matchit v0.5.0
[INFO] [stderr]    Compiling pathdiff v0.2.1
[INFO] [stderr]    Compiling humansize v1.1.1
[INFO] [stderr]    Compiling sync_wrapper v0.1.1
[INFO] [stderr]    Compiling dyn-clone v1.0.5
[INFO] [stderr]    Compiling dyn-clonable v0.9.0
[INFO] [stderr]    Compiling axum v0.5.5
[INFO] [stderr]    Compiling config v0.13.1
[INFO] [stderr]    Compiling tracing-bunyan-formatter v0.3.2
[INFO] [stderr]    Compiling jsonwebtoken v8.1.0
[INFO] [stderr]    Compiling refinery v0.8.4
[INFO] [stderr]    Compiling openidconnect v2.3.1
[INFO] [stderr]    Compiling tera v1.15.0
[INFO] [stderr]    Compiling fast_log v1.5.4
[INFO] [stderr]    Compiling sql-press v0.1.0 (https://github.com/elbart/sql-press#9f65949b)
[INFO] [stderr]    Compiling sqlx-macros v0.5.13
[INFO] [stderr]    Compiling sqlx v0.5.13
[INFO] [stderr]    Compiling aurelia v0.1.2 (/opt/rustwide/workdir)
[INFO] [stderr]     Finished dev [unoptimized + debuginfo] target(s) in 2m 19s
[INFO] running `Command { std: "docker" "inspect" "3b75d3c383c3f65fd5d42bbc0d2adc048ddbdcef50281505719f0ed58bf7ab8c", kill_on_drop: false }`
[INFO] running `Command { std: "docker" "rm" "-f" "3b75d3c383c3f65fd5d42bbc0d2adc048ddbdcef50281505719f0ed58bf7ab8c", kill_on_drop: false }`
[INFO] [stdout] 3b75d3c383c3f65fd5d42bbc0d2adc048ddbdcef50281505719f0ed58bf7ab8c
[INFO] running `Command { std: "docker" "create" "-v" "/var/lib/crater-agent-workspace/builds/worker-2-tc1/target:/opt/rustwide/target:rw,Z" "-v" "/var/lib/crater-agent-workspace/builds/worker-2-tc1/source:/opt/rustwide/workdir:ro,Z" "-v" "/var/lib/crater-agent-workspace/cargo-home:/opt/rustwide/cargo-home:ro,Z" "-v" "/var/lib/crater-agent-workspace/rustup-home:/opt/rustwide/rustup-home:ro,Z" "-e" "SOURCE_DIR=/opt/rustwide/workdir" "-e" "CARGO_TARGET_DIR=/opt/rustwide/target" "-e" "CARGO_INCREMENTAL=0" "-e" "RUST_BACKTRACE=full" "-e" "RUSTFLAGS=--cap-lints=warn" "-e" "RUSTDOCFLAGS=--cap-lints=warn" "-e" "CARGO_HOME=/opt/rustwide/cargo-home" "-e" "RUSTUP_HOME=/opt/rustwide/rustup-home" "-w" "/opt/rustwide/workdir" "-m" "1610612736" "--user" "0:0" "--network" "none" "ghcr.io/rust-lang/crates-build-env/linux@sha256:5ff2268d62e97bff2cde7d5815dd6ed5b47097566f13b8d0ca110b04b60e07ed" "/opt/rustwide/cargo-home/bin/cargo" "+1.69.0" "test" "--frozen" "--no-run" "--message-format=json", kill_on_drop: false }`
[INFO] [stdout] 13038bb9359bf8e03cf58522531a6dd774517a998ff6381e0a99533339620525
[INFO] running `Command { std: "docker" "start" "-a" "13038bb9359bf8e03cf58522531a6dd774517a998ff6381e0a99533339620525", kill_on_drop: false }`
[INFO] [stderr]    Compiling aurelia v0.1.2 (/opt/rustwide/workdir)
[INFO] [stderr]     Finished test [unoptimized + debuginfo] target(s) in 10.55s
[INFO] running `Command { std: "docker" "inspect" "13038bb9359bf8e03cf58522531a6dd774517a998ff6381e0a99533339620525", kill_on_drop: false }`
[INFO] running `Command { std: "docker" "rm" "-f" "13038bb9359bf8e03cf58522531a6dd774517a998ff6381e0a99533339620525", kill_on_drop: false }`
[INFO] [stdout] 13038bb9359bf8e03cf58522531a6dd774517a998ff6381e0a99533339620525
[INFO] running `Command { std: "docker" "create" "-v" "/var/lib/crater-agent-workspace/builds/worker-2-tc1/target:/opt/rustwide/target:rw,Z" "-v" "/var/lib/crater-agent-workspace/builds/worker-2-tc1/source:/opt/rustwide/workdir:ro,Z" "-v" "/var/lib/crater-agent-workspace/cargo-home:/opt/rustwide/cargo-home:ro,Z" "-v" "/var/lib/crater-agent-workspace/rustup-home:/opt/rustwide/rustup-home:ro,Z" "-e" "SOURCE_DIR=/opt/rustwide/workdir" "-e" "CARGO_TARGET_DIR=/opt/rustwide/target" "-e" "CARGO_INCREMENTAL=0" "-e" "RUST_BACKTRACE=full" "-e" "RUSTFLAGS=--cap-lints=warn" "-e" "RUSTDOCFLAGS=--cap-lints=warn" "-e" "CARGO_HOME=/opt/rustwide/cargo-home" "-e" "RUSTUP_HOME=/opt/rustwide/rustup-home" "-w" "/opt/rustwide/workdir" "-m" "1610612736" "--user" "0:0" "--network" "none" "ghcr.io/rust-lang/crates-build-env/linux@sha256:5ff2268d62e97bff2cde7d5815dd6ed5b47097566f13b8d0ca110b04b60e07ed" "/opt/rustwide/cargo-home/bin/cargo" "+1.69.0" "test" "--frozen", kill_on_drop: false }`
[INFO] [stdout] 5cccd8d3c6c6e9d0a6f953006dc801f33a40cf1566a56c2ef998f4f287df1a2f
[INFO] running `Command { std: "docker" "start" "-a" "5cccd8d3c6c6e9d0a6f953006dc801f33a40cf1566a56c2ef998f4f287df1a2f", kill_on_drop: false }`
[INFO] [stderr]     Finished test [unoptimized + debuginfo] target(s) in 0.33s
[INFO] [stderr]      Running unittests src/lib.rs (/opt/rustwide/target/debug/deps/aurelia-e1fa70655dd684c6)
[INFO] [stdout] 
[INFO] [stdout] running 0 tests
[INFO] [stdout] 
[INFO] [stdout] test result: ok. 0 passed; 0 failed; 0 ignored; 0 measured; 0 filtered out; finished in 0.00s
[INFO] [stdout] 
[INFO] [stderr]      Running tests/api/main.rs (/opt/rustwide/target/debug/deps/api-ddd8f0656182e4ab)
[INFO] [stdout] 
[INFO] [stdout] running 2 tests
[INFO] [stdout] test handler::authentication::test_oidc_login ... FAILED
[INFO] [stdout] test handler::authentication::test_oidc_login_cb ... FAILED
[INFO] [stdout] 
[INFO] [stdout] failures:
[INFO] [stdout] 
[INFO] [stdout] ---- handler::authentication::test_oidc_login stdout ----
[INFO] [stdout] thread 'handler::authentication::test_oidc_login' panicked at 'Error connecting to database with URL: postgresql://aurelia:aurelia@localhost:5430/aurelia', /opt/rustwide/workdir/src/database/mod.rs:14:13
[INFO] [stdout] stack backtrace:
[INFO] [stdout]    0:     0x55fcb423378a - std::backtrace_rs::backtrace::libunwind::trace::ha9053a9a07ca49cb
[INFO] [stdout]                                at /rustc/84c898d65adf2f39a5a98507f1fe0ce10a2b8dbc/library/std/src/../../backtrace/src/backtrace/libunwind.rs:93:5
[INFO] [stdout]    1:     0x55fcb423378a - std::backtrace_rs::backtrace::trace_unsynchronized::h9c2852a457ad564e
[INFO] [stdout]                                at /rustc/84c898d65adf2f39a5a98507f1fe0ce10a2b8dbc/library/std/src/../../backtrace/src/backtrace/mod.rs:66:5
[INFO] [stdout]    2:     0x55fcb423378a - std::sys_common::backtrace::_print_fmt::h457936fbfaa0070f
[INFO] [stdout]                                at /rustc/84c898d65adf2f39a5a98507f1fe0ce10a2b8dbc/library/std/src/sys_common/backtrace.rs:65:5
[INFO] [stdout]    3:     0x55fcb423378a - <std::sys_common::backtrace::_print::DisplayBacktrace as core::fmt::Display>::fmt::h5779d7bf7f70cb0c
[INFO] [stdout]                                at /rustc/84c898d65adf2f39a5a98507f1fe0ce10a2b8dbc/library/std/src/sys_common/backtrace.rs:44:22
[INFO] [stdout]    4:     0x55fcb425cd1e - core::fmt::write::h5a4baaff1bcd3eb5
[INFO] [stdout]                                at /rustc/84c898d65adf2f39a5a98507f1fe0ce10a2b8dbc/library/core/src/fmt/mod.rs:1232:17
[INFO] [stdout]    5:     0x55fcb422fa75 - std::io::Write::write_fmt::h478f79c628ef31d1
[INFO] [stdout]                                at /rustc/84c898d65adf2f39a5a98507f1fe0ce10a2b8dbc/library/std/src/io/mod.rs:1684:15
[INFO] [stdout]    6:     0x55fcb4233555 - std::sys_common::backtrace::_print::h5fcdc36060f177e8
[INFO] [stdout]                                at /rustc/84c898d65adf2f39a5a98507f1fe0ce10a2b8dbc/library/std/src/sys_common/backtrace.rs:47:5
[INFO] [stdout]    7:     0x55fcb4233555 - std::sys_common::backtrace::print::h54ca9458b876c8bf
[INFO] [stdout]                                at /rustc/84c898d65adf2f39a5a98507f1fe0ce10a2b8dbc/library/std/src/sys_common/backtrace.rs:34:9
[INFO] [stdout]    8:     0x55fcb423531f - std::panicking::default_hook::{{closure}}::hbe471161c7664ed6
[INFO] [stdout]                                at /rustc/84c898d65adf2f39a5a98507f1fe0ce10a2b8dbc/library/std/src/panicking.rs:271:22
[INFO] [stdout]    9:     0x55fcb4234fdf - std::panicking::default_hook::ha3500da57aa4ac4f
[INFO] [stdout]                                at /rustc/84c898d65adf2f39a5a98507f1fe0ce10a2b8dbc/library/std/src/panicking.rs:287:9
[INFO] [stdout]   10:     0x55fcb32707c7 - <alloc::boxed::Box<F,A> as core::ops::function::Fn<Args>>::call::hdf1b89dd137ece34
[INFO] [stdout]                                at /rustc/84c898d65adf2f39a5a98507f1fe0ce10a2b8dbc/library/alloc/src/boxed.rs:2001:9
[INFO] [stdout]   11:     0x55fcb32707c7 - test::test_main::{{closure}}::h9081a79f20e75698
[INFO] [stdout]                                at /rustc/84c898d65adf2f39a5a98507f1fe0ce10a2b8dbc/library/test/src/lib.rs:135:21
[INFO] [stdout]   12:     0x55fcb4235a4d - <alloc::boxed::Box<F,A> as core::ops::function::Fn<Args>>::call::h6507bddc3eebb4a5
[INFO] [stdout]                                at /rustc/84c898d65adf2f39a5a98507f1fe0ce10a2b8dbc/library/alloc/src/boxed.rs:2001:9
[INFO] [stdout]   13:     0x55fcb4235a4d - std::panicking::rust_panic_with_hook::h50c09d000dc561d2
[INFO] [stdout]                                at /rustc/84c898d65adf2f39a5a98507f1fe0ce10a2b8dbc/library/std/src/panicking.rs:696:13
[INFO] [stdout]   14:     0x55fcb42357c9 - std::panicking::begin_panic_handler::{{closure}}::h9e2b2176e00e0d9c
[INFO] [stdout]                                at /rustc/84c898d65adf2f39a5a98507f1fe0ce10a2b8dbc/library/std/src/panicking.rs:583:13
[INFO] [stdout]   15:     0x55fcb4233bf6 - std::sys_common::backtrace::__rust_end_short_backtrace::h5739b8e512c09d02
[INFO] [stdout]                                at /rustc/84c898d65adf2f39a5a98507f1fe0ce10a2b8dbc/library/std/src/sys_common/backtrace.rs:150:18
[INFO] [stdout]   16:     0x55fcb42354d2 - rust_begin_unwind
[INFO] [stdout]                                at /rustc/84c898d65adf2f39a5a98507f1fe0ce10a2b8dbc/library/std/src/panicking.rs:579:5
[INFO] [stdout]   17:     0x55fcb31844f3 - core::panicking::panic_fmt::hf33a1475b4dc5c3e
[INFO] [stdout]                                at /rustc/84c898d65adf2f39a5a98507f1fe0ce10a2b8dbc/library/core/src/panicking.rs:64:14
[INFO] [stdout]   18:     0x55fcb31d6933 - aurelia::database::init_connection::{{closure}}::{{closure}}::h76dc97659dee2954
[INFO] [stdout]                                at /opt/rustwide/workdir/src/database/mod.rs:14:13
[INFO] [stdout]   19:     0x55fcb320dd9d - core::result::Result<T,E>::unwrap_or_else::h71bae98f9c4fd60d
[INFO] [stdout]                                at /rustc/84c898d65adf2f39a5a98507f1fe0ce10a2b8dbc/library/core/src/result.rs:1465:23
[INFO] [stdout]   20:     0x55fcb31d67d0 - aurelia::database::init_connection::{{closure}}::hea928cbdb021f977
[INFO] [stdout]                                at /opt/rustwide/workdir/src/database/mod.rs:9:16
[INFO] [stdout]   21:     0x55fcb324012a - aurelia::application::Application::prepare::{{closure}}::ha5b002b145f29ec5
[INFO] [stdout]                                at /opt/rustwide/workdir/src/application.rs:124:60
[INFO] [stdout]   22:     0x55fcb3226419 - aurelia::testing::util::spawn_test_application::{{closure}}::h9f2d085d4464fe57
[INFO] [stdout]                                at /opt/rustwide/workdir/src/testing/util.rs:26:45
[INFO] [stdout]   23:     0x55fcb3227838 - aurelia::testing::util::get_tc::{{closure}}::h3addb4ed14c14c95
[INFO] [stdout]                                at /opt/rustwide/workdir/src/testing/util.rs:45:9
[INFO] [stdout]   24:     0x55fcb31db1e7 - api::handler::authentication::test_oidc_login::{{closure}}::h7194a0eb7bae9e64
[INFO] [stdout]                                at /opt/rustwide/workdir/tests/api/handler/authentication.rs:7:51
[INFO] [stdout]   25:     0x55fcb3234f9b - <core::pin::Pin<P> as core::future::future::Future>::poll::h88657b174f8cf4be
[INFO] [stdout]                                at /rustc/84c898d65adf2f39a5a98507f1fe0ce10a2b8dbc/library/core/src/future/future.rs:125:9
[INFO] [stdout]   26:     0x55fcb31f73a4 - tokio::runtime::basic_scheduler::CoreGuard::block_on::{{closure}}::{{closure}}::{{closure}}::h624bdc098e5aba8d
[INFO] [stdout]                                at /opt/rustwide/cargo-home/registry/src/github.com-1ecc6299db9ec823/tokio-1.18.2/src/runtime/basic_scheduler.rs:507:48
[INFO] [stdout]   27:     0x55fcb32119c0 - tokio::coop::with_budget::{{closure}}::h6862538025be985d
[INFO] [stdout]                                at /opt/rustwide/cargo-home/registry/src/github.com-1ecc6299db9ec823/tokio-1.18.2/src/coop.rs:102:9
[INFO] [stdout]   28:     0x55fcb31ba794 - std::thread::local::LocalKey<T>::try_with::h8995a51551e5fb1b
[INFO] [stdout]                                at /rustc/84c898d65adf2f39a5a98507f1fe0ce10a2b8dbc/library/std/src/thread/local.rs:446:16
[INFO] [stdout]   29:     0x55fcb31b9dda - std::thread::local::LocalKey<T>::with::h2d166eba3ef5087e
[INFO] [stdout]                                at /rustc/84c898d65adf2f39a5a98507f1fe0ce10a2b8dbc/library/std/src/thread/local.rs:422:9
[INFO] [stdout]   30:     0x55fcb31f7186 - tokio::coop::with_budget::hbe07359a754c3fd6
[INFO] [stdout]                                at /opt/rustwide/cargo-home/registry/src/github.com-1ecc6299db9ec823/tokio-1.18.2/src/coop.rs:95:5
[INFO] [stdout]   31:     0x55fcb31f7186 - tokio::coop::budget::hfa50e6c29f91c7ea
[INFO] [stdout]                                at /opt/rustwide/cargo-home/registry/src/github.com-1ecc6299db9ec823/tokio-1.18.2/src/coop.rs:72:5
[INFO] [stdout]   32:     0x55fcb31f7186 - tokio::runtime::basic_scheduler::CoreGuard::block_on::{{closure}}::{{closure}}::h2cde182221d891b7
[INFO] [stdout]                                at /opt/rustwide/cargo-home/registry/src/github.com-1ecc6299db9ec823/tokio-1.18.2/src/runtime/basic_scheduler.rs:507:25
[INFO] [stdout]   33:     0x55fcb31f3d3e - tokio::runtime::basic_scheduler::Context::enter::h8b85e8a0bb0f354e
[INFO] [stdout]                                at /opt/rustwide/cargo-home/registry/src/github.com-1ecc6299db9ec823/tokio-1.18.2/src/runtime/basic_scheduler.rs:361:19
[INFO] [stdout]   34:     0x55fcb31f6bd4 - tokio::runtime::basic_scheduler::CoreGuard::block_on::{{closure}}::ha450c9945ed16a2b
[INFO] [stdout]                                at /opt/rustwide/cargo-home/registry/src/github.com-1ecc6299db9ec823/tokio-1.18.2/src/runtime/basic_scheduler.rs:506:36
[INFO] [stdout]   35:     0x55fcb31f619b - tokio::runtime::basic_scheduler::CoreGuard::enter::{{closure}}::h9b4c05cee9310405
[INFO] [stdout]                                at /opt/rustwide/cargo-home/registry/src/github.com-1ecc6299db9ec823/tokio-1.18.2/src/runtime/basic_scheduler.rs:564:57
[INFO] [stdout]   36:     0x55fcb31c07e7 - tokio::macros::scoped_tls::ScopedKey<T>::set::hc642692e3499a606
[INFO] [stdout]                                at /opt/rustwide/cargo-home/registry/src/github.com-1ecc6299db9ec823/tokio-1.18.2/src/macros/scoped_tls.rs:61:9
[INFO] [stdout]   37:     0x55fcb31f5ba3 - tokio::runtime::basic_scheduler::CoreGuard::enter::h704c28e2c1167b58
[INFO] [stdout]                                at /opt/rustwide/cargo-home/registry/src/github.com-1ecc6299db9ec823/tokio-1.18.2/src/runtime/basic_scheduler.rs:564:27
[INFO] [stdout]   38:     0x55fcb31f6208 - tokio::runtime::basic_scheduler::CoreGuard::block_on::hbc60a9b8d259e887
[INFO] [stdout]                                at /opt/rustwide/cargo-home/registry/src/github.com-1ecc6299db9ec823/tokio-1.18.2/src/runtime/basic_scheduler.rs:497:9
[INFO] [stdout]   39:     0x55fcb31f2be2 - tokio::runtime::basic_scheduler::BasicScheduler::block_on::had1ccf1201e7ed80
[INFO] [stdout]                                at /opt/rustwide/cargo-home/registry/src/github.com-1ecc6299db9ec823/tokio-1.18.2/src/runtime/basic_scheduler.rs:173:24
[INFO] [stdout]   40:     0x55fcb31d5e18 - tokio::runtime::Runtime::block_on::h6b95c4ce943ec78c
[INFO] [stdout]                                at /opt/rustwide/cargo-home/registry/src/github.com-1ecc6299db9ec823/tokio-1.18.2/src/runtime/mod.rs:475:46
[INFO] [stdout]   41:     0x55fcb31daf39 - api::handler::authentication::test_oidc_login::h5a4027e551c64f24
[INFO] [stdout]                                at /opt/rustwide/workdir/tests/api/handler/authentication.rs:16:5
[INFO] [stdout]   42:     0x55fcb31dadd7 - api::handler::authentication::test_oidc_login::{{closure}}::h6872da7ad6784e2c
[INFO] [stdout]                                at /opt/rustwide/workdir/tests/api/handler/authentication.rs:6:28
[INFO] [stdout]   43:     0x55fcb322bed5 - core::ops::function::FnOnce::call_once::h1bc473d7d9708c8c
[INFO] [stdout]                                at /rustc/84c898d65adf2f39a5a98507f1fe0ce10a2b8dbc/library/core/src/ops/function.rs:250:5
[INFO] [stdout]   44:     0x55fcb3275baf - core::ops::function::FnOnce::call_once::h7d969581be7d0075
[INFO] [stdout]                                at /rustc/84c898d65adf2f39a5a98507f1fe0ce10a2b8dbc/library/core/src/ops/function.rs:250:5
[INFO] [stdout]   45:     0x55fcb3275baf - test::__rust_begin_short_backtrace::hca25a52684e56655
[INFO] [stdout]                                at /rustc/84c898d65adf2f39a5a98507f1fe0ce10a2b8dbc/library/test/src/lib.rs:656:18
[INFO] [stdout]   46:     0x55fcb32471cc - test::run_test::{{closure}}::ha8ac744c4af1a4bb
[INFO] [stdout]                                at /rustc/84c898d65adf2f39a5a98507f1fe0ce10a2b8dbc/library/test/src/lib.rs:647:30
[INFO] [stdout]   47:     0x55fcb32471cc - core::ops::function::FnOnce::call_once{{vtable.shim}}::h7b411a9ed45bdecf
[INFO] [stdout]                                at /rustc/84c898d65adf2f39a5a98507f1fe0ce10a2b8dbc/library/core/src/ops/function.rs:250:5
[INFO] [stdout]   48:     0x55fcb3274b76 - <alloc::boxed::Box<F,A> as core::ops::function::FnOnce<Args>>::call_once::hd05328869a8ed200
[INFO] [stdout]                                at /rustc/84c898d65adf2f39a5a98507f1fe0ce10a2b8dbc/library/alloc/src/boxed.rs:1987:9
[INFO] [stdout]   49:     0x55fcb3274b76 - <core::panic::unwind_safe::AssertUnwindSafe<F> as core::ops::function::FnOnce<()>>::call_once::h0c601ce20bd5b2be
[INFO] [stdout]                                at /rustc/84c898d65adf2f39a5a98507f1fe0ce10a2b8dbc/library/core/src/panic/unwind_safe.rs:271:9
[INFO] [stdout]   50:     0x55fcb3274b76 - std::panicking::try::do_call::ha4be5c164fe30854
[INFO] [stdout]                                at /rustc/84c898d65adf2f39a5a98507f1fe0ce10a2b8dbc/library/std/src/panicking.rs:487:40
[INFO] [stdout]   51:     0x55fcb3274b76 - std::panicking::try::h604546f3609af05f
[INFO] [stdout]                                at /rustc/84c898d65adf2f39a5a98507f1fe0ce10a2b8dbc/library/std/src/panicking.rs:451:19
[INFO] [stdout]   52:     0x55fcb3274b76 - std::panic::catch_unwind::h5bfa8afe44c9c2f9
[INFO] [stdout]                                at /rustc/84c898d65adf2f39a5a98507f1fe0ce10a2b8dbc/library/std/src/panic.rs:140:14
[INFO] [stdout]   53:     0x55fcb3274b76 - test::run_test_in_process::hd50dee55dd63e6aa
[INFO] [stdout]                                at /rustc/84c898d65adf2f39a5a98507f1fe0ce10a2b8dbc/library/test/src/lib.rs:679:27
[INFO] [stdout]   54:     0x55fcb3274b76 - test::run_test::run_test_inner::{{closure}}::h4aa0f433aa85cea8
[INFO] [stdout]                                at /rustc/84c898d65adf2f39a5a98507f1fe0ce10a2b8dbc/library/test/src/lib.rs:573:39
[INFO] [stdout]   55:     0x55fcb3241841 - test::run_test::run_test_inner::{{closure}}::had56431adf24b4d6
[INFO] [stdout]                                at /rustc/84c898d65adf2f39a5a98507f1fe0ce10a2b8dbc/library/test/src/lib.rs:600:37
[INFO] [stdout]   56:     0x55fcb3241841 - std::sys_common::backtrace::__rust_begin_short_backtrace::ha8d9890e0c73bf13
[INFO] [stdout]                                at /rustc/84c898d65adf2f39a5a98507f1fe0ce10a2b8dbc/library/std/src/sys_common/backtrace.rs:134:18
[INFO] [stdout]   57:     0x55fcb324725b - std::thread::Builder::spawn_unchecked_::{{closure}}::{{closure}}::h251832bcb4a95327
[INFO] [stdout]                                at /rustc/84c898d65adf2f39a5a98507f1fe0ce10a2b8dbc/library/std/src/thread/mod.rs:560:17
[INFO] [stdout]   58:     0x55fcb324725b - <core::panic::unwind_safe::AssertUnwindSafe<F> as core::ops::function::FnOnce<()>>::call_once::h8fdff598fa414831
[INFO] [stdout]                                at /rustc/84c898d65adf2f39a5a98507f1fe0ce10a2b8dbc/library/core/src/panic/unwind_safe.rs:271:9
[INFO] [stdout]   59:     0x55fcb324725b - std::panicking::try::do_call::h455dd2f7764a950f
[INFO] [stdout]                                at /rustc/84c898d65adf2f39a5a98507f1fe0ce10a2b8dbc/library/std/src/panicking.rs:487:40
[INFO] [stdout]   60:     0x55fcb324725b - std::panicking::try::had6f23b7b73ae72a
[INFO] [stdout]                                at /rustc/84c898d65adf2f39a5a98507f1fe0ce10a2b8dbc/library/std/src/panicking.rs:451:19
[INFO] [stdout]   61:     0x55fcb324725b - std::panic::catch_unwind::ha6a5ca3915b4dad0
[INFO] [stdout]                                at /rustc/84c898d65adf2f39a5a98507f1fe0ce10a2b8dbc/library/std/src/panic.rs:140:14
[INFO] [stdout]   62:     0x55fcb324725b - std::thread::Builder::spawn_unchecked_::{{closure}}::h883b72ef75da6231
[INFO] [stdout]                                at /rustc/84c898d65adf2f39a5a98507f1fe0ce10a2b8dbc/library/std/src/thread/mod.rs:559:30
[INFO] [stdout]   63:     0x55fcb324725b - core::ops::function::FnOnce::call_once{{vtable.shim}}::hb7dff73dc8bd2ccb
[INFO] [stdout]                                at /rustc/84c898d65adf2f39a5a98507f1fe0ce10a2b8dbc/library/core/src/ops/function.rs:250:5
[INFO] [stdout]   64:     0x55fcb423a073 - <alloc::boxed::Box<F,A> as core::ops::function::FnOnce<Args>>::call_once::h39990b24eedef2ab
[INFO] [stdout]                                at /rustc/84c898d65adf2f39a5a98507f1fe0ce10a2b8dbc/library/alloc/src/boxed.rs:1987:9
[INFO] [stdout]   65:     0x55fcb423a073 - <alloc::boxed::Box<F,A> as core::ops::function::FnOnce<Args>>::call_once::h01a027258444143b
[INFO] [stdout]                                at /rustc/84c898d65adf2f39a5a98507f1fe0ce10a2b8dbc/library/alloc/src/boxed.rs:1987:9
[INFO] [stdout]   66:     0x55fcb423a073 - std::sys::unix::thread::Thread::new::thread_start::ha4f1cdd9c25884ba
[INFO] [stdout]                                at /rustc/84c898d65adf2f39a5a98507f1fe0ce10a2b8dbc/library/std/src/sys/unix/thread.rs:108:17
[INFO] [stdout]   67:     0x7f0c8e123b43 - <unknown>
[INFO] [stdout]   68:     0x7f0c8e1b4bb4 - __clone
[INFO] [stdout]   69:                0x0 - <unknown>
[INFO] [stdout] 
[INFO] [stdout] ---- handler::authentication::test_oidc_login_cb stdout ----
[INFO] [stdout] thread 'handler::authentication::test_oidc_login_cb' panicked at 'Error connecting to database with URL: postgresql://aurelia:aurelia@localhost:5430/aurelia', /opt/rustwide/workdir/src/database/mod.rs:14:13
[INFO] [stdout] stack backtrace:
[INFO] [stdout]    0:     0x55fcb423378a - std::backtrace_rs::backtrace::libunwind::trace::ha9053a9a07ca49cb
[INFO] [stdout]                                at /rustc/84c898d65adf2f39a5a98507f1fe0ce10a2b8dbc/library/std/src/../../backtrace/src/backtrace/libunwind.rs:93:5
[INFO] [stdout]    1:     0x55fcb423378a - std::backtrace_rs::backtrace::trace_unsynchronized::h9c2852a457ad564e
[INFO] [stdout]                                at /rustc/84c898d65adf2f39a5a98507f1fe0ce10a2b8dbc/library/std/src/../../backtrace/src/backtrace/mod.rs:66:5
[INFO] [stdout]    2:     0x55fcb423378a - std::sys_common::backtrace::_print_fmt::h457936fbfaa0070f
[INFO] [stdout]                                at /rustc/84c898d65adf2f39a5a98507f1fe0ce10a2b8dbc/library/std/src/sys_common/backtrace.rs:65:5
[INFO] [stdout]    3:     0x55fcb423378a - <std::sys_common::backtrace::_print::DisplayBacktrace as core::fmt::Display>::fmt::h5779d7bf7f70cb0c
[INFO] [stdout]                                at /rustc/84c898d65adf2f39a5a98507f1fe0ce10a2b8dbc/library/std/src/sys_common/backtrace.rs:44:22
[INFO] [stdout]    4:     0x55fcb425cd1e - core::fmt::write::h5a4baaff1bcd3eb5
[INFO] [stdout]                                at /rustc/84c898d65adf2f39a5a98507f1fe0ce10a2b8dbc/library/core/src/fmt/mod.rs:1232:17
[INFO] [stdout]    5:     0x55fcb422fa75 - std::io::Write::write_fmt::h478f79c628ef31d1
[INFO] [stdout]                                at /rustc/84c898d65adf2f39a5a98507f1fe0ce10a2b8dbc/library/std/src/io/mod.rs:1684:15
[INFO] [stdout]    6:     0x55fcb4233555 - std::sys_common::backtrace::_print::h5fcdc36060f177e8
[INFO] [stdout]                                at /rustc/84c898d65adf2f39a5a98507f1fe0ce10a2b8dbc/library/std/src/sys_common/backtrace.rs:47:5
[INFO] [stdout]    7:     0x55fcb4233555 - std::sys_common::backtrace::print::h54ca9458b876c8bf
[INFO] [stdout]                                at /rustc/84c898d65adf2f39a5a98507f1fe0ce10a2b8dbc/library/std/src/sys_common/backtrace.rs:34:9
[INFO] [stdout]    8:     0x55fcb423531f - std::panicking::default_hook::{{closure}}::hbe471161c7664ed6
[INFO] [stdout]                                at /rustc/84c898d65adf2f39a5a98507f1fe0ce10a2b8dbc/library/std/src/panicking.rs:271:22
[INFO] [stdout]    9:     0x55fcb4234fdf - std::panicking::default_hook::ha3500da57aa4ac4f
[INFO] [stdout]                                at /rustc/84c898d65adf2f39a5a98507f1fe0ce10a2b8dbc/library/std/src/panicking.rs:287:9
[INFO] [stdout]   10:     0x55fcb32707c7 - <alloc::boxed::Box<F,A> as core::ops::function::Fn<Args>>::call::hdf1b89dd137ece34
[INFO] [stdout]                                at /rustc/84c898d65adf2f39a5a98507f1fe0ce10a2b8dbc/library/alloc/src/boxed.rs:2001:9
[INFO] [stdout]   11:     0x55fcb32707c7 - test::test_main::{{closure}}::h9081a79f20e75698
[INFO] [stdout]                                at /rustc/84c898d65adf2f39a5a98507f1fe0ce10a2b8dbc/library/test/src/lib.rs:135:21
[INFO] [stdout]   12:     0x55fcb4235a4d - <alloc::boxed::Box<F,A> as core::ops::function::Fn<Args>>::call::h6507bddc3eebb4a5
[INFO] [stdout]                                at /rustc/84c898d65adf2f39a5a98507f1fe0ce10a2b8dbc/library/alloc/src/boxed.rs:2001:9
[INFO] [stdout]   13:     0x55fcb4235a4d - std::panicking::rust_panic_with_hook::h50c09d000dc561d2
[INFO] [stdout]                                at /rustc/84c898d65adf2f39a5a98507f1fe0ce10a2b8dbc/library/std/src/panicking.rs:696:13
[INFO] [stdout]   14:     0x55fcb42357c9 - std::panicking::begin_panic_handler::{{closure}}::h9e2b2176e00e0d9c
[INFO] [stdout]                                at /rustc/84c898d65adf2f39a5a98507f1fe0ce10a2b8dbc/library/std/src/panicking.rs:583:13
[INFO] [stdout]   15:     0x55fcb4233bf6 - std::sys_common::backtrace::__rust_end_short_backtrace::h5739b8e512c09d02
[INFO] [stdout]                                at /rustc/84c898d65adf2f39a5a98507f1fe0ce10a2b8dbc/library/std/src/sys_common/backtrace.rs:150:18
[INFO] [stdout]   16:     0x55fcb42354d2 - rust_begin_unwind
[INFO] [stdout]                                at /rustc/84c898d65adf2f39a5a98507f1fe0ce10a2b8dbc/library/std/src/panicking.rs:579:5
[INFO] [stdout]   17:     0x55fcb31844f3 - core::panicking::panic_fmt::hf33a1475b4dc5c3e
[INFO] [stdout]                                at /rustc/84c898d65adf2f39a5a98507f1fe0ce10a2b8dbc/library/core/src/panicking.rs:64:14
[INFO] [stdout]   18:     0x55fcb31d6933 - aurelia::database::init_connection::{{closure}}::{{closure}}::h76dc97659dee2954
[INFO] [stdout]                                at /opt/rustwide/workdir/src/database/mod.rs:14:13
[INFO] [stdout]   19:     0x55fcb320dd9d - core::result::Result<T,E>::unwrap_or_else::h71bae98f9c4fd60d
[INFO] [stdout]                                at /rustc/84c898d65adf2f39a5a98507f1fe0ce10a2b8dbc/library/core/src/result.rs:1465:23
[INFO] [stdout]   20:     0x55fcb31d67d0 - aurelia::database::init_connection::{{closure}}::hea928cbdb021f977
[INFO] [stdout]                                at /opt/rustwide/workdir/src/database/mod.rs:9:16
[INFO] [stdout]   21:     0x55fcb324012a - aurelia::application::Application::prepare::{{closure}}::ha5b002b145f29ec5
[INFO] [stdout]                                at /opt/rustwide/workdir/src/application.rs:124:60
[INFO] [stdout]   22:     0x55fcb3226419 - aurelia::testing::util::spawn_test_application::{{closure}}::h9f2d085d4464fe57
[INFO] [stdout]                                at /opt/rustwide/workdir/src/testing/util.rs:26:45
[INFO] [stdout]   23:     0x55fcb3227838 - aurelia::testing::util::get_tc::{{closure}}::h3addb4ed14c14c95
[INFO] [stdout]                                at /opt/rustwide/workdir/src/testing/util.rs:45:9
[INFO] [stdout]   24:     0x55fcb31dbb8e - api::handler::authentication::test_oidc_login_cb::{{closure}}::h7e3d4ce4664fbb68
[INFO] [stdout]                                at /opt/rustwide/workdir/tests/api/handler/authentication.rs:26:51
[INFO] [stdout]   25:     0x55fcb3234f4b - <core::pin::Pin<P> as core::future::future::Future>::poll::h5d4e3d225a7c9298
[INFO] [stdout]                                at /rustc/84c898d65adf2f39a5a98507f1fe0ce10a2b8dbc/library/core/src/future/future.rs:125:9
[INFO] [stdout]   26:     0x55fcb31f7364 - tokio::runtime::basic_scheduler::CoreGuard::block_on::{{closure}}::{{closure}}::{{closure}}::h3d781385ef3628c4
[INFO] [stdout]                                at /opt/rustwide/cargo-home/registry/src/github.com-1ecc6299db9ec823/tokio-1.18.2/src/runtime/basic_scheduler.rs:507:48
[INFO] [stdout]   27:     0x55fcb3211af0 - tokio::coop::with_budget::{{closure}}::h78d7fa56d8c1e90d
[INFO] [stdout]                                at /opt/rustwide/cargo-home/registry/src/github.com-1ecc6299db9ec823/tokio-1.18.2/src/coop.rs:102:9
[INFO] [stdout]   28:     0x55fcb31bad14 - std::thread::local::LocalKey<T>::try_with::he7b9d59d1574ae06
[INFO] [stdout]                                at /rustc/84c898d65adf2f39a5a98507f1fe0ce10a2b8dbc/library/std/src/thread/local.rs:446:16
[INFO] [stdout]   29:     0x55fcb31b9eaa - std::thread::local::LocalKey<T>::with::h9db95d68cee701ac
[INFO] [stdout]                                at /rustc/84c898d65adf2f39a5a98507f1fe0ce10a2b8dbc/library/std/src/thread/local.rs:422:9
[INFO] [stdout]   30:     0x55fcb31f7296 - tokio::coop::with_budget::h9c8943348f51833f
[INFO] [stdout]                                at /opt/rustwide/cargo-home/registry/src/github.com-1ecc6299db9ec823/tokio-1.18.2/src/coop.rs:95:5
[INFO] [stdout]   31:     0x55fcb31f7296 - tokio::coop::budget::h5eca2dfe9d495ff6
[INFO] [stdout]                                at /opt/rustwide/cargo-home/registry/src/github.com-1ecc6299db9ec823/tokio-1.18.2/src/coop.rs:72:5
[INFO] [stdout]   32:     0x55fcb31f7296 - tokio::runtime::basic_scheduler::CoreGuard::block_on::{{closure}}::{{closure}}::h9637308b7d835b20
[INFO] [stdout]                                at /opt/rustwide/cargo-home/registry/src/github.com-1ecc6299db9ec823/tokio-1.18.2/src/runtime/basic_scheduler.rs:507:25
[INFO] [stdout]   33:     0x55fcb31f39fe - tokio::runtime::basic_scheduler::Context::enter::h1d92915c83b94afa
[INFO] [stdout]                                at /opt/rustwide/cargo-home/registry/src/github.com-1ecc6299db9ec823/tokio-1.18.2/src/runtime/basic_scheduler.rs:361:19
[INFO] [stdout]   34:     0x55fcb31f6494 - tokio::runtime::basic_scheduler::CoreGuard::block_on::{{closure}}::h17ddd9f88fc19345
[INFO] [stdout]                                at /opt/rustwide/cargo-home/registry/src/github.com-1ecc6299db9ec823/tokio-1.18.2/src/runtime/basic_scheduler.rs:506:36
[INFO] [stdout]   35:     0x55fcb31f61cb - tokio::runtime::basic_scheduler::CoreGuard::enter::{{closure}}::had28295d1333134d
[INFO] [stdout]                                at /opt/rustwide/cargo-home/registry/src/github.com-1ecc6299db9ec823/tokio-1.18.2/src/runtime/basic_scheduler.rs:564:57
[INFO] [stdout]   36:     0x55fcb31c06d7 - tokio::macros::scoped_tls::ScopedKey<T>::set::h2abd33a80304aa8a
[INFO] [stdout]                                at /opt/rustwide/cargo-home/registry/src/github.com-1ecc6299db9ec823/tokio-1.18.2/src/macros/scoped_tls.rs:61:9
[INFO] [stdout]   37:     0x55fcb31f5f63 - tokio::runtime::basic_scheduler::CoreGuard::enter::h7b43cc269244adc6
[INFO] [stdout]                                at /opt/rustwide/cargo-home/registry/src/github.com-1ecc6299db9ec823/tokio-1.18.2/src/runtime/basic_scheduler.rs:564:27
[INFO] [stdout]   38:     0x55fcb31f61e8 - tokio::runtime::basic_scheduler::CoreGuard::block_on::h6afccc9a9dc1a191
[INFO] [stdout]                                at /opt/rustwide/cargo-home/registry/src/github.com-1ecc6299db9ec823/tokio-1.18.2/src/runtime/basic_scheduler.rs:497:9
[INFO] [stdout]   39:     0x55fcb31f3052 - tokio::runtime::basic_scheduler::BasicScheduler::block_on::hf456f6e8423a111a
[INFO] [stdout]                                at /opt/rustwide/cargo-home/registry/src/github.com-1ecc6299db9ec823/tokio-1.18.2/src/runtime/basic_scheduler.rs:173:24
[INFO] [stdout]   40:     0x55fcb31d5fb8 - tokio::runtime::Runtime::block_on::hd4992fa53d5fec24
[INFO] [stdout]                                at /opt/rustwide/cargo-home/registry/src/github.com-1ecc6299db9ec823/tokio-1.18.2/src/runtime/mod.rs:475:46
[INFO] [stdout]   41:     0x55fcb31db889 - api::handler::authentication::test_oidc_login_cb::h9e8d84171471d176
[INFO] [stdout]                                at /opt/rustwide/workdir/tests/api/handler/authentication.rs:47:5
[INFO] [stdout]   42:     0x55fcb31db727 - api::handler::authentication::test_oidc_login_cb::{{closure}}::h36dd05bd4ffee4f4
[INFO] [stdout]                                at /opt/rustwide/workdir/tests/api/handler/authentication.rs:25:31
[INFO] [stdout]   43:     0x55fcb322c425 - core::ops::function::FnOnce::call_once::h8a92175add4d286d
[INFO] [stdout]                                at /rustc/84c898d65adf2f39a5a98507f1fe0ce10a2b8dbc/library/core/src/ops/function.rs:250:5
[INFO] [stdout]   44:     0x55fcb3275baf - core::ops::function::FnOnce::call_once::h7d969581be7d0075
[INFO] [stdout]                                at /rustc/84c898d65adf2f39a5a98507f1fe0ce10a2b8dbc/library/core/src/ops/function.rs:250:5
[INFO] [stdout]   45:     0x55fcb3275baf - test::__rust_begin_short_backtrace::hca25a52684e56655
[INFO] [stdout]                                at /rustc/84c898d65adf2f39a5a98507f1fe0ce10a2b8dbc/library/test/src/lib.rs:656:18
[INFO] [stdout]   46:     0x55fcb32471cc - test::run_test::{{closure}}::ha8ac744c4af1a4bb
[INFO] [stdout]                                at /rustc/84c898d65adf2f39a5a98507f1fe0ce10a2b8dbc/library/test/src/lib.rs:647:30
[INFO] [stdout]   47:     0x55fcb32471cc - core::ops::function::FnOnce::call_once{{vtable.shim}}::h7b411a9ed45bdecf
[INFO] [stdout]                                at /rustc/84c898d65adf2f39a5a98507f1fe0ce10a2b8dbc/library/core/src/ops/function.rs:250:5
[INFO] [stdout]   48:     0x55fcb3274b76 - <alloc::boxed::Box<F,A> as core::ops::function::FnOnce<Args>>::call_once::hd05328869a8ed200
[INFO] [stdout]                                at /rustc/84c898d65adf2f39a5a98507f1fe0ce10a2b8dbc/library/alloc/src/boxed.rs:1987:9
[INFO] [stdout]   49:     0x55fcb3274b76 - <core::panic::unwind_safe::AssertUnwindSafe<F> as core::ops::function::FnOnce<()>>::call_once::h0c601ce20bd5b2be
[INFO] [stdout]                                at /rustc/84c898d65adf2f39a5a98507f1fe0ce10a2b8dbc/library/core/src/panic/unwind_safe.rs:271:9
[INFO] [stdout]   50:     0x55fcb3274b76 - std::panicking::try::do_call::ha4be5c164fe30854
[INFO] [stdout]                                at /rustc/84c898d65adf2f39a5a98507f1fe0ce10a2b8dbc/library/std/src/panicking.rs:487:40
[INFO] [stdout]   51:     0x55fcb3274b76 - std::panicking::try::h604546f3609af05f
[INFO] [stdout]                                at /rustc/84c898d65adf2f39a5a98507f1fe0ce10a2b8dbc/library/std/src/panicking.rs:451:19
[INFO] [stdout]   52:     0x55fcb3274b76 - std::panic::catch_unwind::h5bfa8afe44c9c2f9
[INFO] [stdout]                                at /rustc/84c898d65adf2f39a5a98507f1fe0ce10a2b8dbc/library/std/src/panic.rs:140:14
[INFO] [stdout]   53:     0x55fcb3274b76 - test::run_test_in_process::hd50dee55dd63e6aa
[INFO] [stdout]                                at /rustc/84c898d65adf2f39a5a98507f1fe0ce10a2b8dbc/library/test/src/lib.rs:679:27
[INFO] [stdout]   54:     0x55fcb3274b76 - test::run_test::run_test_inner::{{closure}}::h4aa0f433aa85cea8
[INFO] [stdout]                                at /rustc/84c898d65adf2f39a5a98507f1fe0ce10a2b8dbc/library/test/src/lib.rs:573:39
[INFO] [stdout]   55:     0x55fcb3241841 - test::run_test::run_test_inner::{{closure}}::had56431adf24b4d6
[INFO] [stdout]                                at /rustc/84c898d65adf2f39a5a98507f1fe0ce10a2b8dbc/library/test/src/lib.rs:600:37
[INFO] [stdout]   56:     0x55fcb3241841 - std::sys_common::backtrace::__rust_begin_short_backtrace::ha8d9890e0c73bf13
[INFO] [stdout]                                at /rustc/84c898d65adf2f39a5a98507f1fe0ce10a2b8dbc/library/std/src/sys_common/backtrace.rs:134:18
[INFO] [stdout]   57:     0x55fcb324725b - std::thread::Builder::spawn_unchecked_::{{closure}}::{{closure}}::h251832bcb4a95327
[INFO] [stdout]                                at /rustc/84c898d65adf2f39a5a98507f1fe0ce10a2b8dbc/library/std/src/thread/mod.rs:560:17
[INFO] [stdout]   58:     0x55fcb324725b - <core::panic::unwind_safe::AssertUnwindSafe<F> as core::ops::function::FnOnce<()>>::call_once::h8fdff598fa414831
[INFO] [stdout]                                at /rustc/84c898d65adf2f39a5a98507f1fe0ce10a2b8dbc/library/core/src/panic/unwind_safe.rs:271:9
[INFO] [stdout]   59:     0x55fcb324725b - std::panicking::try::do_call::h455dd2f7764a950f
[INFO] [stdout]                                at /rustc/84c898d65adf2f39a5a98507f1fe0ce10a2b8dbc/library/std/src/panicking.rs:487:40
[INFO] [stdout]   60:     0x55fcb324725b - std::panicking::try::had6f23b7b73ae72a
[INFO] [stdout]                                at /rustc/84c898d65adf2f39a5a98507f1fe0ce10a2b8dbc/library/std/src/panicking.rs:451:19
[INFO] [stdout]   61:     0x55fcb324725b - std::panic::catch_unwind::ha6a5ca3915b4dad0
[INFO] [stdout]                                at /rustc/84c898d65adf2f39a5a98507f1fe0ce10a2b8dbc/library/std/src/panic.rs:140:14
[INFO] [stdout]   62:     0x55fcb324725b - std::thread::Builder::spawn_unchecked_::{{closure}}::h883b72ef75da6231
[INFO] [stdout]                                at /rustc/84c898d65adf2f39a5a98507f1fe0ce10a2b8dbc/library/std/src/thread/mod.rs:559:30
[INFO] [stdout]   63:     0x55fcb324725b - core::ops::function::FnOnce::call_once{{vtable.shim}}::hb7dff73dc8bd2ccb
[INFO] [stdout]                                at /rustc/84c898d65adf2f39a5a98507f1fe0ce10a2b8dbc/library/core/src/ops/function.rs:250:5
[INFO] [stdout]   64:     0x55fcb423a073 - <alloc::boxed::Box<F,A> as core::ops::function::FnOnce<Args>>::call_once::h39990b24eedef2ab
[INFO] [stdout]                                at /rustc/84c898d65adf2f39a5a98507f1fe0ce10a2b8dbc/library/alloc/src/boxed.rs:1987:9
[INFO] [stdout]   65:     0x55fcb423a073 - <alloc::boxed::Box<F,A> as core::ops::function::FnOnce<Args>>::call_once::h01a027258444143b
[INFO] [stdout]                                at /rustc/84c898d65adf2f39a5a98507f1fe0ce10a2b8dbc/library/alloc/src/boxed.rs:1987:9
[INFO] [stdout]   66:     0x55fcb423a073 - std::sys::unix::thread::Thread::new::thread_start::ha4f1cdd9c25884ba
[INFO] [stdout]                                at /rustc/84c898d65adf2f39a5a98507f1fe0ce10a2b8dbc/library/std/src/sys/unix/thread.rs:108:17
[INFO] [stdout]   67:     0x7f0c8e123b43 - <unknown>
[INFO] [stdout]   68:     0x7f0c8e1b4bb4 - __clone
[INFO] [stdout]   69:                0x0 - <unknown>
[INFO] [stdout] 
[INFO] [stdout] 
[INFO] [stdout] failures:
[INFO] [stdout]     handler::authentication::test_oidc_login
[INFO] [stdout]     handler::authentication::test_oidc_login_cb
[INFO] [stdout] 
[INFO] [stdout] test result: FAILED. 0 passed; 2 failed; 0 ignored; 0 measured; 0 filtered out; finished in 0.05s
[INFO] [stdout] 
[INFO] [stderr] error: test failed, to rerun pass `--test api`
[INFO] running `Command { std: "docker" "inspect" "5cccd8d3c6c6e9d0a6f953006dc801f33a40cf1566a56c2ef998f4f287df1a2f", kill_on_drop: false }`
[INFO] running `Command { std: "docker" "rm" "-f" "5cccd8d3c6c6e9d0a6f953006dc801f33a40cf1566a56c2ef998f4f287df1a2f", kill_on_drop: false }`
[INFO] [stdout] 5cccd8d3c6c6e9d0a6f953006dc801f33a40cf1566a56c2ef998f4f287df1a2f
