[INFO] cloning repository https://github.com/e-monkeys-tech/ruster
[INFO] running `Command { std: "git" "-c" "credential.helper=" "-c" "credential.helper=/workspace/cargo-home/bin/git-credential-null" "clone" "--bare" "https://github.com/e-monkeys-tech/ruster" "/workspace/cache/git-repos/https%3A%2F%2Fgithub.com%2Fe-monkeys-tech%2Fruster", kill_on_drop: false }`
[INFO] [stderr] Cloning into bare repository '/workspace/cache/git-repos/https%3A%2F%2Fgithub.com%2Fe-monkeys-tech%2Fruster'...
[INFO] running `Command { std: "git" "rev-parse" "HEAD", kill_on_drop: false }`
[INFO] [stdout] 41b6f36bcfb575d2f1caea7b2ae19f9f8d365432
[INFO] testing e-monkeys-tech/ruster against 1.69.0 for beta-1.70-1
[INFO] running `Command { std: "git" "clone" "/workspace/cache/git-repos/https%3A%2F%2Fgithub.com%2Fe-monkeys-tech%2Fruster" "/workspace/builds/worker-3-tc1/source", kill_on_drop: false }`
[INFO] [stderr] Cloning into '/workspace/builds/worker-3-tc1/source'...
[INFO] [stderr] done.
[INFO] validating manifest of git repo https://github.com/e-monkeys-tech/ruster on toolchain 1.69.0
[INFO] running `Command { std: CARGO_HOME="/workspace/cargo-home" RUSTUP_HOME="/workspace/rustup-home" "/workspace/cargo-home/bin/cargo" "+1.69.0" "metadata" "--manifest-path" "Cargo.toml" "--no-deps", kill_on_drop: false }`
[INFO] started tweaking git repo https://github.com/e-monkeys-tech/ruster
[INFO] finished tweaking git repo https://github.com/e-monkeys-tech/ruster
[INFO] tweaked toml for git repo https://github.com/e-monkeys-tech/ruster written to /workspace/builds/worker-3-tc1/source/Cargo.toml
[INFO] crate git repo https://github.com/e-monkeys-tech/ruster already has a lockfile, it will not be regenerated
[INFO] running `Command { std: CARGO_HOME="/workspace/cargo-home" RUSTUP_HOME="/workspace/rustup-home" "/workspace/cargo-home/bin/cargo" "+1.69.0" "fetch" "--manifest-path" "Cargo.toml", kill_on_drop: false }`
[INFO] running `Command { std: "docker" "create" "-v" "/var/lib/crater-agent-workspace/builds/worker-3-tc1/target:/opt/rustwide/target:rw,Z" "-v" "/var/lib/crater-agent-workspace/builds/worker-3-tc1/source:/opt/rustwide/workdir:ro,Z" "-v" "/var/lib/crater-agent-workspace/cargo-home:/opt/rustwide/cargo-home:ro,Z" "-v" "/var/lib/crater-agent-workspace/rustup-home:/opt/rustwide/rustup-home:ro,Z" "-e" "SOURCE_DIR=/opt/rustwide/workdir" "-e" "CARGO_TARGET_DIR=/opt/rustwide/target" "-e" "CARGO_HOME=/opt/rustwide/cargo-home" "-e" "RUSTUP_HOME=/opt/rustwide/rustup-home" "-w" "/opt/rustwide/workdir" "-m" "1610612736" "--user" "0:0" "--network" "none" "ghcr.io/rust-lang/crates-build-env/linux@sha256:5ff2268d62e97bff2cde7d5815dd6ed5b47097566f13b8d0ca110b04b60e07ed" "/opt/rustwide/cargo-home/bin/cargo" "+1.69.0" "metadata" "--no-deps" "--format-version=1", kill_on_drop: false }`
[INFO] [stdout] fb28ab36aa67064d2a7d007915e58651b892e54c7189455aeb4b6f3ceeab84fb
[INFO] running `Command { std: "docker" "start" "-a" "fb28ab36aa67064d2a7d007915e58651b892e54c7189455aeb4b6f3ceeab84fb", kill_on_drop: false }`
[INFO] running `Command { std: "docker" "inspect" "fb28ab36aa67064d2a7d007915e58651b892e54c7189455aeb4b6f3ceeab84fb", kill_on_drop: false }`
[INFO] running `Command { std: "docker" "rm" "-f" "fb28ab36aa67064d2a7d007915e58651b892e54c7189455aeb4b6f3ceeab84fb", kill_on_drop: false }`
[INFO] [stdout] fb28ab36aa67064d2a7d007915e58651b892e54c7189455aeb4b6f3ceeab84fb
[INFO] running `Command { std: "docker" "create" "-v" "/var/lib/crater-agent-workspace/builds/worker-3-tc1/target:/opt/rustwide/target:rw,Z" "-v" "/var/lib/crater-agent-workspace/builds/worker-3-tc1/source:/opt/rustwide/workdir:ro,Z" "-v" "/var/lib/crater-agent-workspace/cargo-home:/opt/rustwide/cargo-home:ro,Z" "-v" "/var/lib/crater-agent-workspace/rustup-home:/opt/rustwide/rustup-home:ro,Z" "-e" "SOURCE_DIR=/opt/rustwide/workdir" "-e" "CARGO_TARGET_DIR=/opt/rustwide/target" "-e" "CARGO_INCREMENTAL=0" "-e" "RUST_BACKTRACE=full" "-e" "RUSTFLAGS=--cap-lints=warn" "-e" "RUSTDOCFLAGS=--cap-lints=warn" "-e" "CARGO_HOME=/opt/rustwide/cargo-home" "-e" "RUSTUP_HOME=/opt/rustwide/rustup-home" "-w" "/opt/rustwide/workdir" "-m" "1610612736" "--user" "0:0" "--network" "none" "ghcr.io/rust-lang/crates-build-env/linux@sha256:5ff2268d62e97bff2cde7d5815dd6ed5b47097566f13b8d0ca110b04b60e07ed" "/opt/rustwide/cargo-home/bin/cargo" "+1.69.0" "build" "--frozen" "--message-format=json", kill_on_drop: false }`
[INFO] [stdout] 11f01a5cc8a248cad44e6d8b64beef93a8a77e98002ce2b5b4b5330b5a5e852c
[INFO] running `Command { std: "docker" "start" "-a" "11f01a5cc8a248cad44e6d8b64beef93a8a77e98002ce2b5b4b5330b5a5e852c", kill_on_drop: false }`
[INFO] [stderr]    Compiling memchr v2.4.1
[INFO] [stderr]    Compiling libc v0.2.108
[INFO] [stderr]    Compiling regex-syntax v0.6.25
[INFO] [stderr]    Compiling termcolor v1.1.2
[INFO] [stderr]    Compiling humantime v2.1.0
[INFO] [stderr]    Compiling aho-corasick v0.7.18
[INFO] [stderr]    Compiling atty v0.2.14
[INFO] [stderr]    Compiling regex v1.5.4
[INFO] [stderr]    Compiling env_logger v0.8.4
[INFO] [stderr]    Compiling libruster v1.3.1 (/opt/rustwide/workdir)
[INFO] [stderr]     Finished dev [unoptimized + debuginfo] target(s) in 3.55s
[INFO] running `Command { std: "docker" "inspect" "11f01a5cc8a248cad44e6d8b64beef93a8a77e98002ce2b5b4b5330b5a5e852c", kill_on_drop: false }`
[INFO] running `Command { std: "docker" "rm" "-f" "11f01a5cc8a248cad44e6d8b64beef93a8a77e98002ce2b5b4b5330b5a5e852c", kill_on_drop: false }`
[INFO] [stdout] 11f01a5cc8a248cad44e6d8b64beef93a8a77e98002ce2b5b4b5330b5a5e852c
[INFO] running `Command { std: "docker" "create" "-v" "/var/lib/crater-agent-workspace/builds/worker-3-tc1/target:/opt/rustwide/target:rw,Z" "-v" "/var/lib/crater-agent-workspace/builds/worker-3-tc1/source:/opt/rustwide/workdir:ro,Z" "-v" "/var/lib/crater-agent-workspace/cargo-home:/opt/rustwide/cargo-home:ro,Z" "-v" "/var/lib/crater-agent-workspace/rustup-home:/opt/rustwide/rustup-home:ro,Z" "-e" "SOURCE_DIR=/opt/rustwide/workdir" "-e" "CARGO_TARGET_DIR=/opt/rustwide/target" "-e" "CARGO_INCREMENTAL=0" "-e" "RUST_BACKTRACE=full" "-e" "RUSTFLAGS=--cap-lints=warn" "-e" "RUSTDOCFLAGS=--cap-lints=warn" "-e" "CARGO_HOME=/opt/rustwide/cargo-home" "-e" "RUSTUP_HOME=/opt/rustwide/rustup-home" "-w" "/opt/rustwide/workdir" "-m" "1610612736" "--user" "0:0" "--network" "none" "ghcr.io/rust-lang/crates-build-env/linux@sha256:5ff2268d62e97bff2cde7d5815dd6ed5b47097566f13b8d0ca110b04b60e07ed" "/opt/rustwide/cargo-home/bin/cargo" "+1.69.0" "test" "--frozen" "--no-run" "--message-format=json", kill_on_drop: false }`
[INFO] [stdout] c974ed13d26cdf1fac62bab5fb7791a46db9a99cb7a1fae296345fe1c31f7af3
[INFO] running `Command { std: "docker" "start" "-a" "c974ed13d26cdf1fac62bab5fb7791a46db9a99cb7a1fae296345fe1c31f7af3", kill_on_drop: false }`
[INFO] [stderr]    Compiling libruster v1.3.1 (/opt/rustwide/workdir)
[INFO] [stderr]     Finished test [unoptimized + debuginfo] target(s) in 0.58s
[INFO] running `Command { std: "docker" "inspect" "c974ed13d26cdf1fac62bab5fb7791a46db9a99cb7a1fae296345fe1c31f7af3", kill_on_drop: false }`
[INFO] running `Command { std: "docker" "rm" "-f" "c974ed13d26cdf1fac62bab5fb7791a46db9a99cb7a1fae296345fe1c31f7af3", kill_on_drop: false }`
[INFO] [stdout] c974ed13d26cdf1fac62bab5fb7791a46db9a99cb7a1fae296345fe1c31f7af3
[INFO] running `Command { std: "docker" "create" "-v" "/var/lib/crater-agent-workspace/builds/worker-3-tc1/target:/opt/rustwide/target:rw,Z" "-v" "/var/lib/crater-agent-workspace/builds/worker-3-tc1/source:/opt/rustwide/workdir:ro,Z" "-v" "/var/lib/crater-agent-workspace/cargo-home:/opt/rustwide/cargo-home:ro,Z" "-v" "/var/lib/crater-agent-workspace/rustup-home:/opt/rustwide/rustup-home:ro,Z" "-e" "SOURCE_DIR=/opt/rustwide/workdir" "-e" "CARGO_TARGET_DIR=/opt/rustwide/target" "-e" "CARGO_INCREMENTAL=0" "-e" "RUST_BACKTRACE=full" "-e" "RUSTFLAGS=--cap-lints=warn" "-e" "RUSTDOCFLAGS=--cap-lints=warn" "-e" "CARGO_HOME=/opt/rustwide/cargo-home" "-e" "RUSTUP_HOME=/opt/rustwide/rustup-home" "-w" "/opt/rustwide/workdir" "-m" "1610612736" "--user" "0:0" "--network" "none" "ghcr.io/rust-lang/crates-build-env/linux@sha256:5ff2268d62e97bff2cde7d5815dd6ed5b47097566f13b8d0ca110b04b60e07ed" "/opt/rustwide/cargo-home/bin/cargo" "+1.69.0" "test" "--frozen", kill_on_drop: false }`
[INFO] [stdout] 79e938a4c350c66a2a31d5c2cfa97edba682fb7fb448b0c5c65849ba48ecfca0
[INFO] running `Command { std: "docker" "start" "-a" "79e938a4c350c66a2a31d5c2cfa97edba682fb7fb448b0c5c65849ba48ecfca0", kill_on_drop: false }`
[INFO] [stderr]     Finished test [unoptimized + debuginfo] target(s) in 0.02s
[INFO] [stderr]      Running unittests lib/ruster.rs (/opt/rustwide/target/debug/deps/libruster-bdd50b1c46f15e87)
[INFO] [stdout] 
[INFO] [stdout] running 0 tests
[INFO] [stdout] 
[INFO] [stdout] test result: ok. 0 passed; 0 failed; 0 ignored; 0 measured; 0 filtered out; finished in 0.00s
[INFO] [stdout] 
[INFO] [stderr]    Doc-tests libruster
[INFO] [stdout] 
[INFO] [stdout] running 8 tests
[INFO] [stdout] test lib/ruster.rs - pg_dump_database (line 332) - compile ... FAILED
[INFO] [stdout] test lib/ruster.rs - mysqldump_all_databases (line 12) - compile ... FAILED
[INFO] [stdout] test lib/ruster.rs - pg_dump_all_databases (line 420) - compile ... FAILED
[INFO] [stdout] test lib/ruster.rs - mysql_restore_all_databases (line 259) - compile ... FAILED
[INFO] [stdout] test lib/ruster.rs - psql_restore_all_databases (line 586) - compile ... FAILED
[INFO] [stdout] test lib/ruster.rs - mysqldump_database (line 93) - compile ... FAILED
[INFO] [stdout] test lib/ruster.rs - psql_restore_database (line 507) - compile ... FAILED
[INFO] [stdout] test lib/ruster.rs - mysql_restore_database (line 179) - compile ... FAILED
[INFO] [stderr] error: doctest failed, to rerun pass `--doc`
[INFO] [stdout] 
[INFO] [stdout] failures:
[INFO] [stdout] 
[INFO] [stdout] ---- lib/ruster.rs - pg_dump_database (line 332) stdout ----
[INFO] [stdout] error[E0425]: cannot find value `os` in this scope
[INFO] [stdout]  --> lib/ruster.rs:334:1
[INFO] [stdout]   |
[INFO] [stdout] 4 | os.Getenv("PGPASSWORD");
[INFO] [stdout]   | ^^ not found in this scope
[INFO] [stdout] 
[INFO] [stdout] error[E0425]: cannot find value `C` in this scope
[INFO] [stdout]  --> lib/ruster.rs:335:1
[INFO] [stdout]   |
[INFO] [stdout] 5 | C.pg_dump_database(
[INFO] [stdout]   | ^ not found in this scope
[INFO] [stdout] 
[INFO] [stdout] error[E0425]: cannot find value `C` in this scope
[INFO] [stdout]  --> lib/ruster.rs:336:2
[INFO] [stdout]   |
[INFO] [stdout] 6 |     C.CString("localhost"),
[INFO] [stdout]   |     ^ not found in this scope
[INFO] [stdout] 
[INFO] [stdout] error[E0425]: cannot find value `C` in this scope
[INFO] [stdout]  --> lib/ruster.rs:337:2
[INFO] [stdout]   |
[INFO] [stdout] 7 |     C.CString("5432"),
[INFO] [stdout]   |     ^ not found in this scope
[INFO] [stdout] 
[INFO] [stdout] error[E0425]: cannot find value `C` in this scope
[INFO] [stdout]  --> lib/ruster.rs:338:2
[INFO] [stdout]   |
[INFO] [stdout] 8 |     C.CString("postgres"),
[INFO] [stdout]   |     ^ not found in this scope
[INFO] [stdout] 
[INFO] [stdout] error[E0425]: cannot find value `C` in this scope
[INFO] [stdout]  --> lib/ruster.rs:339:2
[INFO] [stdout]   |
[INFO] [stdout] 9 |     C.CString("postgres"),
[INFO] [stdout]   |     ^ not found in this scope
[INFO] [stdout] 
[INFO] [stdout] error[E0425]: cannot find value `C` in this scope
[INFO] [stdout]   --> lib/ruster.rs:340:2
[INFO] [stdout]    |
[INFO] [stdout] 10 |     C.CString("dump.sql"),
[INFO] [stdout]    |     ^ not found in this scope
[INFO] [stdout] 
[INFO] [stdout] error[E0425]: cannot find value `C` in this scope
[INFO] [stdout]   --> lib/ruster.rs:341:2
[INFO] [stdout]    |
[INFO] [stdout] 11 |     C.CString("true"),
[INFO] [stdout]    |     ^ not found in this scope
[INFO] [stdout] 
[INFO] [stdout] error: aborting due to 8 previous errors
[INFO] [stdout] 
[INFO] [stdout] For more information about this error, try `rustc --explain E0425`.
[INFO] [stdout] Couldn't compile the test.
[INFO] [stdout] ---- lib/ruster.rs - mysqldump_all_databases (line 12) stdout ----
[INFO] [stdout] error[E0425]: cannot find value `os` in this scope
[INFO] [stdout]  --> lib/ruster.rs:14:1
[INFO] [stdout]   |
[INFO] [stdout] 4 | os.Getenv("MYSQL_ROOT_PASSWORD");
[INFO] [stdout]   | ^^ not found in this scope
[INFO] [stdout] 
[INFO] [stdout] error[E0425]: cannot find value `C` in this scope
[INFO] [stdout]  --> lib/ruster.rs:15:1
[INFO] [stdout]   |
[INFO] [stdout] 5 | C.mysqldump_all_databases(
[INFO] [stdout]   | ^ not found in this scope
[INFO] [stdout] 
[INFO] [stdout] error[E0425]: cannot find value `C` in this scope
[INFO] [stdout]  --> lib/ruster.rs:16:2
[INFO] [stdout]   |
[INFO] [stdout] 6 |     C.CString("localhost"),
[INFO] [stdout]   |     ^ not found in this scope
[INFO] [stdout] 
[INFO] [stdout] error[E0425]: cannot find value `C` in this scope
[INFO] [stdout]  --> lib/ruster.rs:17:2
[INFO] [stdout]   |
[INFO] [stdout] 7 |     C.CString("3306"),
[INFO] [stdout]   |     ^ not found in this scope
[INFO] [stdout] 
[INFO] [stdout] error[E0425]: cannot find value `C` in this scope
[INFO] [stdout]  --> lib/ruster.rs:18:2
[INFO] [stdout]   |
[INFO] [stdout] 8 |     C.CString("root"),
[INFO] [stdout]   |     ^ not found in this scope
[INFO] [stdout] 
[INFO] [stdout] error[E0425]: cannot find value `C` in this scope
[INFO] [stdout]  --> lib/ruster.rs:19:2
[INFO] [stdout]   |
[INFO] [stdout] 9 |     C.CString("dump.sql"),
[INFO] [stdout]   |     ^ not found in this scope
[INFO] [stdout] 
[INFO] [stdout] error[E0425]: cannot find value `C` in this scope
[INFO] [stdout]   --> lib/ruster.rs:20:2
[INFO] [stdout]    |
[INFO] [stdout] 10 |     C.CString("true"),
[INFO] [stdout]    |     ^ not found in this scope
[INFO] [stdout] 
[INFO] [stdout] error: aborting due to 7 previous errors
[INFO] [stdout] 
[INFO] [stdout] For more information about this error, try `rustc --explain E0425`.
[INFO] [stdout] Couldn't compile the test.
[INFO] [stdout] ---- lib/ruster.rs - pg_dump_all_databases (line 420) stdout ----
[INFO] [stdout] error[E0425]: cannot find value `os` in this scope
[INFO] [stdout]  --> lib/ruster.rs:422:1
[INFO] [stdout]   |
[INFO] [stdout] 4 | os.Getenv("PGPASSWORD");
[INFO] [stdout]   | ^^ not found in this scope
[INFO] [stdout] 
[INFO] [stdout] error[E0425]: cannot find value `C` in this scope
[INFO] [stdout]  --> lib/ruster.rs:423:1
[INFO] [stdout]   |
[INFO] [stdout] 5 | C.pg_dump_all_databases(
[INFO] [stdout]   | ^ not found in this scope
[INFO] [stdout] 
[INFO] [stdout] error[E0425]: cannot find value `C` in this scope
[INFO] [stdout]  --> lib/ruster.rs:424:2
[INFO] [stdout]   |
[INFO] [stdout] 6 |     C.CString("localhost"),
[INFO] [stdout]   |     ^ not found in this scope
[INFO] [stdout] 
[INFO] [stdout] error[E0425]: cannot find value `C` in this scope
[INFO] [stdout]  --> lib/ruster.rs:425:2
[INFO] [stdout]   |
[INFO] [stdout] 7 |     C.CString("5432"),
[INFO] [stdout]   |     ^ not found in this scope
[INFO] [stdout] 
[INFO] [stdout] error[E0425]: cannot find value `C` in this scope
[INFO] [stdout]  --> lib/ruster.rs:426:2
[INFO] [stdout]   |
[INFO] [stdout] 8 |     C.CString("postgres"),
[INFO] [stdout]   |     ^ not found in this scope
[INFO] [stdout] 
[INFO] [stdout] error[E0425]: cannot find value `C` in this scope
[INFO] [stdout]  --> lib/ruster.rs:427:2
[INFO] [stdout]   |
[INFO] [stdout] 9 |     C.CString("dump.sql"),
[INFO] [stdout]   |     ^ not found in this scope
[INFO] [stdout] 
[INFO] [stdout] error[E0425]: cannot find value `C` in this scope
[INFO] [stdout]   --> lib/ruster.rs:428:2
[INFO] [stdout]    |
[INFO] [stdout] 10 |     C.CString("true"),
[INFO] [stdout]    |     ^ not found in this scope
[INFO] [stdout] 
[INFO] [stdout] error: aborting due to 7 previous errors
[INFO] [stdout] 
[INFO] [stdout] For more information about this error, try `rustc --explain E0425`.
[INFO] [stdout] Couldn't compile the test.
[INFO] [stdout] ---- lib/ruster.rs - mysql_restore_all_databases (line 259) stdout ----
[INFO] [stdout] error[E0425]: cannot find value `os` in this scope
[INFO] [stdout]  --> lib/ruster.rs:261:1
[INFO] [stdout]   |
[INFO] [stdout] 4 | os.Getenv("MYSQL_ROOT_PASSWORD");
[INFO] [stdout]   | ^^ not found in this scope
[INFO] [stdout] 
[INFO] [stdout] error[E0425]: cannot find value `C` in this scope
[INFO] [stdout]  --> lib/ruster.rs:262:1
[INFO] [stdout]   |
[INFO] [stdout] 5 | C.mysql_restore_all_databases(
[INFO] [stdout]   | ^ not found in this scope
[INFO] [stdout] 
[INFO] [stdout] error[E0425]: cannot find value `C` in this scope
[INFO] [stdout]  --> lib/ruster.rs:263:2
[INFO] [stdout]   |
[INFO] [stdout] 6 |     C.CString("localhost"),
[INFO] [stdout]   |     ^ not found in this scope
[INFO] [stdout] 
[INFO] [stdout] error[E0425]: cannot find value `C` in this scope
[INFO] [stdout]  --> lib/ruster.rs:264:2
[INFO] [stdout]   |
[INFO] [stdout] 7 |     C.CString("3306"),
[INFO] [stdout]   |     ^ not found in this scope
[INFO] [stdout] 
[INFO] [stdout] error[E0425]: cannot find value `C` in this scope
[INFO] [stdout]  --> lib/ruster.rs:265:2
[INFO] [stdout]   |
[INFO] [stdout] 8 |     C.CString("root"),
[INFO] [stdout]   |     ^ not found in this scope
[INFO] [stdout] 
[INFO] [stdout] error[E0425]: cannot find value `C` in this scope
[INFO] [stdout]  --> lib/ruster.rs:266:2
[INFO] [stdout]   |
[INFO] [stdout] 9 |     C.CString("dump.sql"),
[INFO] [stdout]   |     ^ not found in this scope
[INFO] [stdout] 
[INFO] [stdout] error[E0425]: cannot find value `C` in this scope
[INFO] [stdout]   --> lib/ruster.rs:267:2
[INFO] [stdout]    |
[INFO] [stdout] 10 |     C.CString("true"),
[INFO] [stdout]    |     ^ not found in this scope
[INFO] [stdout] 
[INFO] [stdout] error: aborting due to 7 previous errors
[INFO] [stdout] 
[INFO] [stdout] For more information about this error, try `rustc --explain E0425`.
[INFO] [stdout] Couldn't compile the test.
[INFO] [stdout] ---- lib/ruster.rs - psql_restore_all_databases (line 586) stdout ----
[INFO] [stdout] error[E0425]: cannot find value `os` in this scope
[INFO] [stdout]  --> lib/ruster.rs:588:1
[INFO] [stdout]   |
[INFO] [stdout] 4 | os.Getenv("PGPASSWORD");
[INFO] [stdout]   | ^^ not found in this scope
[INFO] [stdout] 
[INFO] [stdout] error[E0425]: cannot find value `C` in this scope
[INFO] [stdout]  --> lib/ruster.rs:589:1
[INFO] [stdout]   |
[INFO] [stdout] 5 | C.psql_restore_all_databases(
[INFO] [stdout]   | ^ not found in this scope
[INFO] [stdout] 
[INFO] [stdout] error[E0425]: cannot find value `C` in this scope
[INFO] [stdout]  --> lib/ruster.rs:590:2
[INFO] [stdout]   |
[INFO] [stdout] 6 |     C.CString("localhost"),
[INFO] [stdout]   |     ^ not found in this scope
[INFO] [stdout] 
[INFO] [stdout] error[E0425]: cannot find value `C` in this scope
[INFO] [stdout]  --> lib/ruster.rs:591:2
[INFO] [stdout]   |
[INFO] [stdout] 7 |     C.CString("5432"),
[INFO] [stdout]   |     ^ not found in this scope
[INFO] [stdout] 
[INFO] [stdout] error[E0425]: cannot find value `C` in this scope
[INFO] [stdout]  --> lib/ruster.rs:592:2
[INFO] [stdout]   |
[INFO] [stdout] 8 |     C.CString("postgres"),
[INFO] [stdout]   |     ^ not found in this scope
[INFO] [stdout] 
[INFO] [stdout] error[E0425]: cannot find value `C` in this scope
[INFO] [stdout]  --> lib/ruster.rs:593:2
[INFO] [stdout]   |
[INFO] [stdout] 9 |     C.CString("dump.sql"),
[INFO] [stdout]   |     ^ not found in this scope
[INFO] [stdout] 
[INFO] [stdout] error[E0425]: cannot find value `C` in this scope
[INFO] [stdout]   --> lib/ruster.rs:594:2
[INFO] [stdout]    |
[INFO] [stdout] 10 |     C.CString("true"),
[INFO] [stdout]    |     ^ not found in this scope
[INFO] [stdout] 
[INFO] [stdout] error: aborting due to 7 previous errors
[INFO] [stdout] 
[INFO] [stdout] For more information about this error, try `rustc --explain E0425`.
[INFO] [stdout] Couldn't compile the test.
[INFO] [stdout] ---- lib/ruster.rs - mysqldump_database (line 93) stdout ----
[INFO] [stdout] error[E0425]: cannot find value `os` in this scope
[INFO] [stdout]  --> lib/ruster.rs:95:1
[INFO] [stdout]   |
[INFO] [stdout] 4 | os.Getenv("MYSQL_ROOT_PASSWORD");
[INFO] [stdout]   | ^^ not found in this scope
[INFO] [stdout] 
[INFO] [stdout] error[E0425]: cannot find value `C` in this scope
[INFO] [stdout]  --> lib/ruster.rs:96:1
[INFO] [stdout]   |
[INFO] [stdout] 5 | C.mysqldump_database(
[INFO] [stdout]   | ^ not found in this scope
[INFO] [stdout] 
[INFO] [stdout] error[E0425]: cannot find value `C` in this scope
[INFO] [stdout]  --> lib/ruster.rs:97:2
[INFO] [stdout]   |
[INFO] [stdout] 6 |     C.CString("localhost"),
[INFO] [stdout]   |     ^ not found in this scope
[INFO] [stdout] 
[INFO] [stdout] error[E0425]: cannot find value `C` in this scope
[INFO] [stdout]  --> lib/ruster.rs:98:2
[INFO] [stdout]   |
[INFO] [stdout] 7 |     C.CString("3306"),
[INFO] [stdout]   |     ^ not found in this scope
[INFO] [stdout] 
[INFO] [stdout] error[E0425]: cannot find value `C` in this scope
[INFO] [stdout]  --> lib/ruster.rs:99:2
[INFO] [stdout]   |
[INFO] [stdout] 8 |     C.CString("root"),
[INFO] [stdout]   |     ^ not found in this scope
[INFO] [stdout] 
[INFO] [stdout] error[E0425]: cannot find value `C` in this scope
[INFO] [stdout]  --> lib/ruster.rs:100:2
[INFO] [stdout]   |
[INFO] [stdout] 9 |     C.CString("mysql"),
[INFO] [stdout]   |     ^ not found in this scope
[INFO] [stdout] 
[INFO] [stdout] error[E0425]: cannot find value `C` in this scope
[INFO] [stdout]   --> lib/ruster.rs:101:2
[INFO] [stdout]    |
[INFO] [stdout] 10 |     C.CString("dump.sql"),
[INFO] [stdout]    |     ^ not found in this scope
[INFO] [stdout] 
[INFO] [stdout] error[E0425]: cannot find value `C` in this scope
[INFO] [stdout]   --> lib/ruster.rs:102:2
[INFO] [stdout]    |
[INFO] [stdout] 11 |     C.CString("true"),
[INFO] [stdout]    |     ^ not found in this scope
[INFO] [stdout] 
[INFO] [stdout] error: aborting due to 8 previous errors
[INFO] [stdout] 
[INFO] [stdout] For more information about this error, try `rustc --explain E0425`.
[INFO] [stdout] Couldn't compile the test.
[INFO] [stdout] ---- lib/ruster.rs - psql_restore_database (line 507) stdout ----
[INFO] [stdout] error[E0425]: cannot find value `os` in this scope
[INFO] [stdout]  --> lib/ruster.rs:509:1
[INFO] [stdout]   |
[INFO] [stdout] 4 | os.Getenv("PGPASSWORD");
[INFO] [stdout]   | ^^ not found in this scope
[INFO] [stdout] 
[INFO] [stdout] error[E0425]: cannot find value `C` in this scope
[INFO] [stdout]  --> lib/ruster.rs:510:1
[INFO] [stdout]   |
[INFO] [stdout] 5 | C.psql_restore_database(
[INFO] [stdout]   | ^ not found in this scope
[INFO] [stdout] 
[INFO] [stdout] error[E0425]: cannot find value `C` in this scope
[INFO] [stdout]  --> lib/ruster.rs:511:2
[INFO] [stdout]   |
[INFO] [stdout] 6 |     C.CString("localhost"),
[INFO] [stdout]   |     ^ not found in this scope
[INFO] [stdout] 
[INFO] [stdout] error[E0425]: cannot find value `C` in this scope
[INFO] [stdout]  --> lib/ruster.rs:512:2
[INFO] [stdout]   |
[INFO] [stdout] 7 |     C.CString("5432"),
[INFO] [stdout]   |     ^ not found in this scope
[INFO] [stdout] 
[INFO] [stdout] error[E0425]: cannot find value `C` in this scope
[INFO] [stdout]  --> lib/ruster.rs:513:2
[INFO] [stdout]   |
[INFO] [stdout] 8 |     C.CString("postgres"),
[INFO] [stdout]   |     ^ not found in this scope
[INFO] [stdout] 
[INFO] [stdout] error[E0425]: cannot find value `C` in this scope
[INFO] [stdout]  --> lib/ruster.rs:514:2
[INFO] [stdout]   |
[INFO] [stdout] 9 |     C.CString("postgres"),
[INFO] [stdout]   |     ^ not found in this scope
[INFO] [stdout] 
[INFO] [stdout] error[E0425]: cannot find value `C` in this scope
[INFO] [stdout]   --> lib/ruster.rs:515:2
[INFO] [stdout]    |
[INFO] [stdout] 10 |     C.CString("dump.sql"),
[INFO] [stdout]    |     ^ not found in this scope
[INFO] [stdout] 
[INFO] [stdout] error[E0425]: cannot find value `C` in this scope
[INFO] [stdout]   --> lib/ruster.rs:516:2
[INFO] [stdout]    |
[INFO] [stdout] 11 |     C.CString("true"),
[INFO] [stdout]    |     ^ not found in this scope
[INFO] [stdout] 
[INFO] [stdout] error: aborting due to 8 previous errors
[INFO] [stdout] 
[INFO] [stdout] For more information about this error, try `rustc --explain E0425`.
[INFO] [stdout] Couldn't compile the test.
[INFO] [stdout] ---- lib/ruster.rs - mysql_restore_database (line 179) stdout ----
[INFO] [stdout] error[E0425]: cannot find value `os` in this scope
[INFO] [stdout]  --> lib/ruster.rs:181:1
[INFO] [stdout]   |
[INFO] [stdout] 4 | os.Getenv("MYSQL_ROOT_PASSWORD");
[INFO] [stdout]   | ^^ not found in this scope
[INFO] [stdout] 
[INFO] [stdout] error[E0425]: cannot find value `C` in this scope
[INFO] [stdout]  --> lib/ruster.rs:182:1
[INFO] [stdout]   |
[INFO] [stdout] 5 | C.mysql_restore_database(
[INFO] [stdout]   | ^ not found in this scope
[INFO] [stdout] 
[INFO] [stdout] error[E0425]: cannot find value `C` in this scope
[INFO] [stdout]  --> lib/ruster.rs:183:2
[INFO] [stdout]   |
[INFO] [stdout] 6 |     C.CString("localhost"),
[INFO] [stdout]   |     ^ not found in this scope
[INFO] [stdout] 
[INFO] [stdout] error[E0425]: cannot find value `C` in this scope
[INFO] [stdout]  --> lib/ruster.rs:184:2
[INFO] [stdout]   |
[INFO] [stdout] 7 |     C.CString("3306"),
[INFO] [stdout]   |     ^ not found in this scope
[INFO] [stdout] 
[INFO] [stdout] error[E0425]: cannot find value `C` in this scope
[INFO] [stdout]  --> lib/ruster.rs:185:2
[INFO] [stdout]   |
[INFO] [stdout] 8 |     C.CString("root"),
[INFO] [stdout]   |     ^ not found in this scope
[INFO] [stdout] 
[INFO] [stdout] error[E0425]: cannot find value `C` in this scope
[INFO] [stdout]  --> lib/ruster.rs:186:2
[INFO] [stdout]   |
[INFO] [stdout] 9 |     C.CString("mysql"),
[INFO] [stdout]   |     ^ not found in this scope
[INFO] [stdout] 
[INFO] [stdout] error[E0425]: cannot find value `C` in this scope
[INFO] [stdout]   --> lib/ruster.rs:187:2
[INFO] [stdout]    |
[INFO] [stdout] 10 |     C.CString("dump.sql"),
[INFO] [stdout]    |     ^ not found in this scope
[INFO] [stdout] 
[INFO] [stdout] error[E0425]: cannot find value `C` in this scope
[INFO] [stdout]   --> lib/ruster.rs:188:2
[INFO] [stdout]    |
[INFO] [stdout] 11 |     C.CString("true"),
[INFO] [stdout]    |     ^ not found in this scope
[INFO] [stdout] 
[INFO] [stdout] error: aborting due to 8 previous errors
[INFO] [stdout] 
[INFO] [stdout] For more information about this error, try `rustc --explain E0425`.
[INFO] [stdout] Couldn't compile the test.
[INFO] [stdout] 
[INFO] [stdout] failures:
[INFO] [stdout]     lib/ruster.rs - mysql_restore_all_databases (line 259)
[INFO] [stdout]     lib/ruster.rs - mysql_restore_database (line 179)
[INFO] [stdout]     lib/ruster.rs - mysqldump_all_databases (line 12)
[INFO] [stdout]     lib/ruster.rs - mysqldump_database (line 93)
[INFO] [stdout]     lib/ruster.rs - pg_dump_all_databases (line 420)
[INFO] [stdout]     lib/ruster.rs - pg_dump_database (line 332)
[INFO] [stdout]     lib/ruster.rs - psql_restore_all_databases (line 586)
[INFO] [stdout]     lib/ruster.rs - psql_restore_database (line 507)
[INFO] [stdout] 
[INFO] [stdout] test result: FAILED. 0 passed; 8 failed; 0 ignored; 0 measured; 0 filtered out; finished in 0.17s
[INFO] [stdout] 
[INFO] running `Command { std: "docker" "inspect" "79e938a4c350c66a2a31d5c2cfa97edba682fb7fb448b0c5c65849ba48ecfca0", kill_on_drop: false }`
[INFO] running `Command { std: "docker" "rm" "-f" "79e938a4c350c66a2a31d5c2cfa97edba682fb7fb448b0c5c65849ba48ecfca0", kill_on_drop: false }`
[INFO] [stdout] 79e938a4c350c66a2a31d5c2cfa97edba682fb7fb448b0c5c65849ba48ecfca0
