[INFO] cloning repository https://github.com/durka/cellsplit
[INFO] running `Command { std: "git" "-c" "credential.helper=" "-c" "credential.helper=/workspace/cargo-home/bin/git-credential-null" "clone" "--bare" "https://github.com/durka/cellsplit" "/workspace/cache/git-repos/https%3A%2F%2Fgithub.com%2Fdurka%2Fcellsplit", kill_on_drop: false }`
[INFO] [stderr] Cloning into bare repository '/workspace/cache/git-repos/https%3A%2F%2Fgithub.com%2Fdurka%2Fcellsplit'...
[INFO] running `Command { std: "git" "rev-parse" "HEAD", kill_on_drop: false }`
[INFO] [stdout] 2fdff1942972e2c37baaf0bc05ec6a7fdc588113
[INFO] testing durka/cellsplit against beta-2023-04-20 for beta-1.70-1
[INFO] running `Command { std: "git" "clone" "/workspace/cache/git-repos/https%3A%2F%2Fgithub.com%2Fdurka%2Fcellsplit" "/workspace/builds/worker-6-tc2/source", kill_on_drop: false }`
[INFO] [stderr] Cloning into '/workspace/builds/worker-6-tc2/source'...
[INFO] [stderr] done.
[INFO] validating manifest of git repo https://github.com/durka/cellsplit on toolchain beta-2023-04-20
[INFO] running `Command { std: CARGO_HOME="/workspace/cargo-home" RUSTUP_HOME="/workspace/rustup-home" "/workspace/cargo-home/bin/cargo" "+beta-2023-04-20" "metadata" "--manifest-path" "Cargo.toml" "--no-deps", kill_on_drop: false }`
[INFO] started tweaking git repo https://github.com/durka/cellsplit
[INFO] finished tweaking git repo https://github.com/durka/cellsplit
[INFO] tweaked toml for git repo https://github.com/durka/cellsplit written to /workspace/builds/worker-6-tc2/source/Cargo.toml
[INFO] crate git repo https://github.com/durka/cellsplit already has a lockfile, it will not be regenerated
[INFO] running `Command { std: CARGO_HOME="/workspace/cargo-home" RUSTUP_HOME="/workspace/rustup-home" "/workspace/cargo-home/bin/cargo" "+beta-2023-04-20" "fetch" "--manifest-path" "Cargo.toml", kill_on_drop: false }`
[INFO] [stderr]     Updating crates.io index
[INFO] [stderr]  Downloading crates ...
[INFO] [stderr]   Downloaded backtrace v0.3.2
[INFO] [stderr]   Downloaded slug v0.1.2
[INFO] [stderr]   Downloaded unborrow v0.3.1
[INFO] [stderr]   Downloaded clap v2.25.0
[INFO] [stderr]   Downloaded unidecode v0.2.0
[INFO] [stderr]   Downloaded backtrace-sys v0.1.11
[INFO] running `Command { std: "docker" "create" "-v" "/var/lib/crater-agent-workspace/builds/worker-6-tc2/target:/opt/rustwide/target:rw,Z" "-v" "/var/lib/crater-agent-workspace/builds/worker-6-tc2/source:/opt/rustwide/workdir:ro,Z" "-v" "/var/lib/crater-agent-workspace/cargo-home:/opt/rustwide/cargo-home:ro,Z" "-v" "/var/lib/crater-agent-workspace/rustup-home:/opt/rustwide/rustup-home:ro,Z" "-e" "SOURCE_DIR=/opt/rustwide/workdir" "-e" "CARGO_TARGET_DIR=/opt/rustwide/target" "-e" "CARGO_HOME=/opt/rustwide/cargo-home" "-e" "RUSTUP_HOME=/opt/rustwide/rustup-home" "-w" "/opt/rustwide/workdir" "-m" "1610612736" "--user" "0:0" "--network" "none" "ghcr.io/rust-lang/crates-build-env/linux@sha256:5ff2268d62e97bff2cde7d5815dd6ed5b47097566f13b8d0ca110b04b60e07ed" "/opt/rustwide/cargo-home/bin/cargo" "+beta-2023-04-20" "metadata" "--no-deps" "--format-version=1", kill_on_drop: false }`
[INFO] [stdout] 5566224046a99c03efc79d21463f58f8daabef649fa3868e9d59027b5e818821
[INFO] running `Command { std: "docker" "start" "-a" "5566224046a99c03efc79d21463f58f8daabef649fa3868e9d59027b5e818821", kill_on_drop: false }`
[INFO] running `Command { std: "docker" "inspect" "5566224046a99c03efc79d21463f58f8daabef649fa3868e9d59027b5e818821", kill_on_drop: false }`
[INFO] running `Command { std: "docker" "rm" "-f" "5566224046a99c03efc79d21463f58f8daabef649fa3868e9d59027b5e818821", kill_on_drop: false }`
[INFO] [stdout] 5566224046a99c03efc79d21463f58f8daabef649fa3868e9d59027b5e818821
[INFO] running `Command { std: "docker" "create" "-v" "/var/lib/crater-agent-workspace/builds/worker-6-tc2/target:/opt/rustwide/target:rw,Z" "-v" "/var/lib/crater-agent-workspace/builds/worker-6-tc2/source:/opt/rustwide/workdir:ro,Z" "-v" "/var/lib/crater-agent-workspace/cargo-home:/opt/rustwide/cargo-home:ro,Z" "-v" "/var/lib/crater-agent-workspace/rustup-home:/opt/rustwide/rustup-home:ro,Z" "-e" "SOURCE_DIR=/opt/rustwide/workdir" "-e" "CARGO_TARGET_DIR=/opt/rustwide/target" "-e" "CARGO_INCREMENTAL=0" "-e" "RUST_BACKTRACE=full" "-e" "RUSTFLAGS=--cap-lints=warn" "-e" "RUSTDOCFLAGS=--cap-lints=warn" "-e" "CARGO_HOME=/opt/rustwide/cargo-home" "-e" "RUSTUP_HOME=/opt/rustwide/rustup-home" "-w" "/opt/rustwide/workdir" "-m" "1610612736" "--user" "0:0" "--network" "none" "ghcr.io/rust-lang/crates-build-env/linux@sha256:5ff2268d62e97bff2cde7d5815dd6ed5b47097566f13b8d0ca110b04b60e07ed" "/opt/rustwide/cargo-home/bin/cargo" "+beta-2023-04-20" "build" "--frozen" "--message-format=json", kill_on_drop: false }`
[INFO] [stdout] 299b50fe3aa2f47a2d101effbf507474f04cba7f7527cbcf157d8e85fa1a2fb6
[INFO] running `Command { std: "docker" "start" "-a" "299b50fe3aa2f47a2d101effbf507474f04cba7f7527cbcf157d8e85fa1a2fb6", kill_on_drop: false }`
[INFO] [stderr]    Compiling libc v0.2.26
[INFO] [stderr]    Compiling gcc v0.3.51
[INFO] [stderr]    Compiling void v1.0.2
[INFO] [stderr]    Compiling unicode-width v0.1.4
[INFO] [stderr]    Compiling cfg-if v0.1.2
[INFO] [stderr]    Compiling lazy_static v0.2.8
[INFO] [stderr]    Compiling rustc-demangle v0.1.4
[INFO] [stderr]    Compiling regex-syntax v0.4.1
[INFO] [stderr]    Compiling unreachable v1.0.0
[INFO] [stderr]    Compiling vec_map v0.8.0
[INFO] [stderr]    Compiling bitflags v0.9.1
[INFO] [stderr]    Compiling unicode-segmentation v1.1.0
[INFO] [stderr]    Compiling thread_local v0.3.4
[INFO] [stderr]    Compiling strsim v0.6.0
[INFO] [stderr]    Compiling term_size v0.3.0
[INFO] [stderr]    Compiling memchr v1.0.1
[INFO] [stderr]    Compiling atty v0.2.2
[INFO] [stderr]    Compiling textwrap v0.6.0
[INFO] [stderr]    Compiling aho-corasick v0.6.3
[INFO] [stderr]    Compiling ansi_term v0.9.0
[INFO] [stderr]    Compiling utf8-ranges v1.0.0
[INFO] [stderr]    Compiling unidecode v0.2.0
[INFO] [stderr]    Compiling clap v2.25.0
[INFO] [stderr]    Compiling backtrace-sys v0.1.11
[INFO] [stderr]    Compiling unborrow v0.3.1
[INFO] [stderr]    Compiling regex v0.2.2
[INFO] [stderr]    Compiling slug v0.1.2
[INFO] [stderr]    Compiling backtrace v0.3.2
[INFO] [stderr]    Compiling error-chain v0.8.1
[INFO] [stderr]    Compiling cellsplit v0.2.2 (/opt/rustwide/workdir)
[INFO] [stdout] warning: use of deprecated constant `std::sync::ONCE_INIT`: the `new` function is now preferred
[INFO] [stdout]   --> src/expand.rs:41:5
[INFO] [stdout]    |
[INFO] [stdout] 41 | /     lazy_static! {
[INFO] [stdout] 42 | |         static ref RE: Regex = Regex::new(r"^\s*([^\s]+) %cellsplit<\d+>$").unwrap();
[INFO] [stdout] 43 | |     }
[INFO] [stdout]    | |_____^
[INFO] [stdout]    |
[INFO] [stdout]    = note: `#[warn(deprecated)]` on by default
[INFO] [stdout]    = note: this warning originates in the macro `__lazy_static_create` which comes from the expansion of the macro `lazy_static` (in Nightly builds, run with -Z macro-backtrace for more info)
[INFO] [stdout] 
[INFO] [stdout] 
[INFO] [stdout] warning: use of deprecated constant `std::sync::ONCE_INIT`: the `new` function is now preferred
[INFO] [stdout]   --> src/expand.rs:41:5
[INFO] [stdout]    |
[INFO] [stdout] 41 | /     lazy_static! {
[INFO] [stdout] 42 | |         static ref RE: Regex = Regex::new(r"^\s*([^\s]+) %cellsplit<\d+>$").unwrap();
[INFO] [stdout] 43 | |     }
[INFO] [stdout]    | |_____^
[INFO] [stdout]    |
[INFO] [stdout]    = note: this warning originates in the macro `__lazy_static_create` which comes from the expansion of the macro `lazy_static` (in Nightly builds, run with -Z macro-backtrace for more info)
[INFO] [stdout] 
[INFO] [stdout] 
[INFO] [stdout] warning: use of deprecated constant `std::sync::ONCE_INIT`: the `new` function is now preferred
[INFO] [stdout]   --> src/collapse.rs:11:5
[INFO] [stdout]    |
[INFO] [stdout] 11 | /     lazy_static! {
[INFO] [stdout] 12 | |         static ref RE: Regex = Regex::new(r"^\s*([^\s]+) %cellsplit<\d+>$").unwrap();
[INFO] [stdout] 13 | |     }
[INFO] [stdout]    | |_____^
[INFO] [stdout]    |
[INFO] [stdout]    = note: this warning originates in the macro `__lazy_static_create` which comes from the expansion of the macro `lazy_static` (in Nightly builds, run with -Z macro-backtrace for more info)
[INFO] [stdout] 
[INFO] [stdout] 
[INFO] [stdout] warning: use of deprecated constant `std::sync::ONCE_INIT`: the `new` function is now preferred
[INFO] [stdout]   --> src/collapse.rs:11:5
[INFO] [stdout]    |
[INFO] [stdout] 11 | /     lazy_static! {
[INFO] [stdout] 12 | |         static ref RE: Regex = Regex::new(r"^\s*([^\s]+) %cellsplit<\d+>$").unwrap();
[INFO] [stdout] 13 | |     }
[INFO] [stdout]    | |_____^
[INFO] [stdout]    |
[INFO] [stdout]    = note: this warning originates in the macro `__lazy_static_create` which comes from the expansion of the macro `lazy_static` (in Nightly builds, run with -Z macro-backtrace for more info)
[INFO] [stdout] 
[INFO] [stdout] 
[INFO] [stdout] warning: use of deprecated method `core::str::<impl str>::trim_left_matches`: superseded by `trim_start_matches`
[INFO] [stdout]   --> src/expand.rs:24:66
[INFO] [stdout]    |
[INFO] [stdout] 24 |     let name = pat.replace("{}", &format!("{}_{}", slugify(title.trim_left_matches('%'), 20), n));
[INFO] [stdout]    |                                                                  ^^^^^^^^^^^^^^^^^
[INFO] [stdout]    |
[INFO] [stdout] help: replace the use of the deprecated method
[INFO] [stdout]    |
[INFO] [stdout] 24 |     let name = pat.replace("{}", &format!("{}_{}", slugify(title.trim_start_matches('%'), 20), n));
[INFO] [stdout]    |                                                                  ~~~~~~~~~~~~~~~~~~
[INFO] [stdout] 
[INFO] [stdout] 
[INFO] [stdout] warning: use of deprecated method `core::str::<impl str>::trim_left`: superseded by `trim_start`
[INFO] [stdout]   --> src/expand.rs:33:25
[INFO] [stdout]    |
[INFO] [stdout] 33 |     let trimline = line.trim_left();
[INFO] [stdout]    |                         ^^^^^^^^^
[INFO] [stdout]    |
[INFO] [stdout] help: replace the use of the deprecated method
[INFO] [stdout]    |
[INFO] [stdout] 33 |     let trimline = line.trim_start();
[INFO] [stdout]    |                         ~~~~~~~~~~
[INFO] [stdout] 
[INFO] [stdout] 
[INFO] [stdout] warning: use of deprecated method `core::str::<impl str>::trim_left`: superseded by `trim_start`
[INFO] [stdout]   --> src/expand.rs:90:29
[INFO] [stdout]    |
[INFO] [stdout] 90 |         let trimline = line.trim_left();
[INFO] [stdout]    |                             ^^^^^^^^^
[INFO] [stdout]    |
[INFO] [stdout] help: replace the use of the deprecated method
[INFO] [stdout]    |
[INFO] [stdout] 90 |         let trimline = line.trim_start();
[INFO] [stdout]    |                             ~~~~~~~~~~
[INFO] [stdout] 
[INFO] [stdout] 
[INFO] [stdout] warning: 7 warnings emitted
[INFO] [stdout] 
[INFO] [stdout] 
[INFO] [stderr]     Finished dev [unoptimized + debuginfo] target(s) in 11.27s
[INFO] running `Command { std: "docker" "inspect" "299b50fe3aa2f47a2d101effbf507474f04cba7f7527cbcf157d8e85fa1a2fb6", kill_on_drop: false }`
[INFO] running `Command { std: "docker" "rm" "-f" "299b50fe3aa2f47a2d101effbf507474f04cba7f7527cbcf157d8e85fa1a2fb6", kill_on_drop: false }`
[INFO] [stdout] 299b50fe3aa2f47a2d101effbf507474f04cba7f7527cbcf157d8e85fa1a2fb6
[INFO] running `Command { std: "docker" "create" "-v" "/var/lib/crater-agent-workspace/builds/worker-6-tc2/target:/opt/rustwide/target:rw,Z" "-v" "/var/lib/crater-agent-workspace/builds/worker-6-tc2/source:/opt/rustwide/workdir:ro,Z" "-v" "/var/lib/crater-agent-workspace/cargo-home:/opt/rustwide/cargo-home:ro,Z" "-v" "/var/lib/crater-agent-workspace/rustup-home:/opt/rustwide/rustup-home:ro,Z" "-e" "SOURCE_DIR=/opt/rustwide/workdir" "-e" "CARGO_TARGET_DIR=/opt/rustwide/target" "-e" "CARGO_INCREMENTAL=0" "-e" "RUST_BACKTRACE=full" "-e" "RUSTFLAGS=--cap-lints=warn" "-e" "RUSTDOCFLAGS=--cap-lints=warn" "-e" "CARGO_HOME=/opt/rustwide/cargo-home" "-e" "RUSTUP_HOME=/opt/rustwide/rustup-home" "-w" "/opt/rustwide/workdir" "-m" "1610612736" "--user" "0:0" "--network" "none" "ghcr.io/rust-lang/crates-build-env/linux@sha256:5ff2268d62e97bff2cde7d5815dd6ed5b47097566f13b8d0ca110b04b60e07ed" "/opt/rustwide/cargo-home/bin/cargo" "+beta-2023-04-20" "test" "--frozen" "--no-run" "--message-format=json", kill_on_drop: false }`
[INFO] [stdout] def0700e3c21e2f2c0988dd2f93b4001dd60346387162d61de7f61fa34b18d7a
[INFO] running `Command { std: "docker" "start" "-a" "def0700e3c21e2f2c0988dd2f93b4001dd60346387162d61de7f61fa34b18d7a", kill_on_drop: false }`
[INFO] [stdout] warning: use of deprecated constant `std::sync::ONCE_INIT`: the `new` function is now preferred
[INFO] [stdout]   --> src/expand.rs:41:5
[INFO] [stdout]    |
[INFO] [stdout] 41 | /     lazy_static! {
[INFO] [stdout] 42 | |         static ref RE: Regex = Regex::new(r"^\s*([^\s]+) %cellsplit<\d+>$").unwrap();
[INFO] [stdout] 43 | |     }
[INFO] [stdout]    | |_____^
[INFO] [stdout]    |
[INFO] [stdout]    = note: `#[warn(deprecated)]` on by default
[INFO] [stdout]    = note: this warning originates in the macro `__lazy_static_create` which comes from the expansion of the macro `lazy_static` (in Nightly builds, run with -Z macro-backtrace for more info)
[INFO] [stdout] 
[INFO] [stdout] 
[INFO] [stdout] warning: use of deprecated constant `std::sync::ONCE_INIT`: the `new` function is now preferred
[INFO] [stdout]   --> src/expand.rs:41:5
[INFO] [stdout]    |
[INFO] [stdout] 41 | /     lazy_static! {
[INFO] [stdout] 42 | |         static ref RE: Regex = Regex::new(r"^\s*([^\s]+) %cellsplit<\d+>$").unwrap();
[INFO] [stdout] 43 | |     }
[INFO] [stdout]    | |_____^
[INFO] [stdout]    |
[INFO] [stdout]    = note: this warning originates in the macro `__lazy_static_create` which comes from the expansion of the macro `lazy_static` (in Nightly builds, run with -Z macro-backtrace for more info)
[INFO] [stdout] 
[INFO] [stdout] 
[INFO] [stdout] warning: use of deprecated constant `std::sync::ONCE_INIT`: the `new` function is now preferred
[INFO] [stdout]   --> src/collapse.rs:11:5
[INFO] [stdout]    |
[INFO] [stdout] 11 | /     lazy_static! {
[INFO] [stdout] 12 | |         static ref RE: Regex = Regex::new(r"^\s*([^\s]+) %cellsplit<\d+>$").unwrap();
[INFO] [stdout] 13 | |     }
[INFO] [stdout]    | |_____^
[INFO] [stdout]    |
[INFO] [stdout]    = note: this warning originates in the macro `__lazy_static_create` which comes from the expansion of the macro `lazy_static` (in Nightly builds, run with -Z macro-backtrace for more info)
[INFO] [stdout] 
[INFO] [stdout] 
[INFO] [stdout] warning: use of deprecated constant `std::sync::ONCE_INIT`: the `new` function is now preferred
[INFO] [stdout]   --> src/collapse.rs:11:5
[INFO] [stdout]    |
[INFO] [stdout] 11 | /     lazy_static! {
[INFO] [stdout] 12 | |         static ref RE: Regex = Regex::new(r"^\s*([^\s]+) %cellsplit<\d+>$").unwrap();
[INFO] [stdout] 13 | |     }
[INFO] [stdout]    | |_____^
[INFO] [stdout]    |
[INFO] [stdout]    = note: this warning originates in the macro `__lazy_static_create` which comes from the expansion of the macro `lazy_static` (in Nightly builds, run with -Z macro-backtrace for more info)
[INFO] [stdout] 
[INFO] [stdout] 
[INFO] [stdout] warning: use of deprecated method `core::str::<impl str>::trim_left_matches`: superseded by `trim_start_matches`
[INFO] [stdout]   --> src/expand.rs:24:66
[INFO] [stdout]    |
[INFO] [stdout] 24 |     let name = pat.replace("{}", &format!("{}_{}", slugify(title.trim_left_matches('%'), 20), n));
[INFO] [stdout]    |                                                                  ^^^^^^^^^^^^^^^^^
[INFO] [stdout]    |
[INFO] [stdout] help: replace the use of the deprecated method
[INFO] [stdout]    |
[INFO] [stdout] 24 |     let name = pat.replace("{}", &format!("{}_{}", slugify(title.trim_start_matches('%'), 20), n));
[INFO] [stdout]    |                                                                  ~~~~~~~~~~~~~~~~~~
[INFO] [stdout] 
[INFO] [stdout] 
[INFO] [stdout] warning: use of deprecated method `core::str::<impl str>::trim_left`: superseded by `trim_start`
[INFO] [stdout]   --> src/expand.rs:33:25
[INFO] [stdout]    |
[INFO] [stdout] 33 |     let trimline = line.trim_left();
[INFO] [stdout]    |                         ^^^^^^^^^
[INFO] [stdout]    |
[INFO] [stdout] help: replace the use of the deprecated method
[INFO] [stdout]    |
[INFO] [stdout] 33 |     let trimline = line.trim_start();
[INFO] [stdout]    |                         ~~~~~~~~~~
[INFO] [stdout] 
[INFO] [stdout] 
[INFO] [stdout] warning: use of deprecated method `core::str::<impl str>::trim_left`: superseded by `trim_start`
[INFO] [stdout]   --> src/expand.rs:90:29
[INFO] [stdout]    |
[INFO] [stdout] 90 |         let trimline = line.trim_left();
[INFO] [stdout]    |                             ^^^^^^^^^
[INFO] [stdout]    |
[INFO] [stdout] help: replace the use of the deprecated method
[INFO] [stdout]    |
[INFO] [stdout] 90 |         let trimline = line.trim_start();
[INFO] [stdout]    |                             ~~~~~~~~~~
[INFO] [stdout] 
[INFO] [stdout] 
[INFO] [stdout] warning: 7 warnings emitted
[INFO] [stdout] 
[INFO] [stdout] 
[INFO] [stderr]    Compiling cellsplit v0.2.2 (/opt/rustwide/workdir)
[INFO] [stdout] warning: use of deprecated constant `std::sync::ONCE_INIT`: the `new` function is now preferred
[INFO] [stdout]   --> src/expand.rs:41:5
[INFO] [stdout]    |
[INFO] [stdout] 41 | /     lazy_static! {
[INFO] [stdout] 42 | |         static ref RE: Regex = Regex::new(r"^\s*([^\s]+) %cellsplit<\d+>$").unwrap();
[INFO] [stdout] 43 | |     }
[INFO] [stdout]    | |_____^
[INFO] [stdout]    |
[INFO] [stdout]    = note: `#[warn(deprecated)]` on by default
[INFO] [stdout]    = note: this warning originates in the macro `__lazy_static_create` which comes from the expansion of the macro `lazy_static` (in Nightly builds, run with -Z macro-backtrace for more info)
[INFO] [stdout] 
[INFO] [stdout] 
[INFO] [stdout] warning: use of deprecated constant `std::sync::ONCE_INIT`: the `new` function is now preferred
[INFO] [stdout]   --> src/expand.rs:41:5
[INFO] [stdout]    |
[INFO] [stdout] 41 | /     lazy_static! {
[INFO] [stdout] 42 | |         static ref RE: Regex = Regex::new(r"^\s*([^\s]+) %cellsplit<\d+>$").unwrap();
[INFO] [stdout] 43 | |     }
[INFO] [stdout]    | |_____^
[INFO] [stdout]    |
[INFO] [stdout]    = note: this warning originates in the macro `__lazy_static_create` which comes from the expansion of the macro `lazy_static` (in Nightly builds, run with -Z macro-backtrace for more info)
[INFO] [stdout] 
[INFO] [stdout] 
[INFO] [stdout] warning: use of deprecated constant `std::sync::ONCE_INIT`: the `new` function is now preferred
[INFO] [stdout]   --> src/collapse.rs:11:5
[INFO] [stdout]    |
[INFO] [stdout] 11 | /     lazy_static! {
[INFO] [stdout] 12 | |         static ref RE: Regex = Regex::new(r"^\s*([^\s]+) %cellsplit<\d+>$").unwrap();
[INFO] [stdout] 13 | |     }
[INFO] [stdout]    | |_____^
[INFO] [stdout]    |
[INFO] [stdout]    = note: this warning originates in the macro `__lazy_static_create` which comes from the expansion of the macro `lazy_static` (in Nightly builds, run with -Z macro-backtrace for more info)
[INFO] [stdout] 
[INFO] [stdout] 
[INFO] [stdout] warning: use of deprecated constant `std::sync::ONCE_INIT`: the `new` function is now preferred
[INFO] [stdout]   --> src/collapse.rs:11:5
[INFO] [stdout]    |
[INFO] [stdout] 11 | /     lazy_static! {
[INFO] [stdout] 12 | |         static ref RE: Regex = Regex::new(r"^\s*([^\s]+) %cellsplit<\d+>$").unwrap();
[INFO] [stdout] 13 | |     }
[INFO] [stdout]    | |_____^
[INFO] [stdout]    |
[INFO] [stdout]    = note: this warning originates in the macro `__lazy_static_create` which comes from the expansion of the macro `lazy_static` (in Nightly builds, run with -Z macro-backtrace for more info)
[INFO] [stdout] 
[INFO] [stdout] 
[INFO] [stdout] warning: use of deprecated constant `std::sync::ONCE_INIT`: the `new` function is now preferred
[INFO] [stdout]   --> src/tests/mod.rs:10:1
[INFO] [stdout]    |
[INFO] [stdout] 10 | / lazy_static! {
[INFO] [stdout] 11 | |     static ref CURRENT_DIR: PathBuf = {
[INFO] [stdout] 12 | |         let path = fs::canonicalize(Path::new(file!()).parent().unwrap()).unwrap();
[INFO] [stdout] 13 | |         println!("setting current dir to {}", path.display());
[INFO] [stdout] ...  |
[INFO] [stdout] 17 | |     static ref GIL: Mutex<()> = Mutex::new(());
[INFO] [stdout] 18 | | }
[INFO] [stdout]    | |_^
[INFO] [stdout]    |
[INFO] [stdout]    = note: this warning originates in the macro `__lazy_static_create` which comes from the expansion of the macro `lazy_static` (in Nightly builds, run with -Z macro-backtrace for more info)
[INFO] [stdout] 
[INFO] [stdout] 
[INFO] [stdout] warning: use of deprecated constant `std::sync::ONCE_INIT`: the `new` function is now preferred
[INFO] [stdout]   --> src/tests/mod.rs:10:1
[INFO] [stdout]    |
[INFO] [stdout] 10 | / lazy_static! {
[INFO] [stdout] 11 | |     static ref CURRENT_DIR: PathBuf = {
[INFO] [stdout] 12 | |         let path = fs::canonicalize(Path::new(file!()).parent().unwrap()).unwrap();
[INFO] [stdout] 13 | |         println!("setting current dir to {}", path.display());
[INFO] [stdout] ...  |
[INFO] [stdout] 17 | |     static ref GIL: Mutex<()> = Mutex::new(());
[INFO] [stdout] 18 | | }
[INFO] [stdout]    | |_^
[INFO] [stdout]    |
[INFO] [stdout]    = note: this warning originates in the macro `__lazy_static_create` which comes from the expansion of the macro `lazy_static` (in Nightly builds, run with -Z macro-backtrace for more info)
[INFO] [stdout] 
[INFO] [stdout] 
[INFO] [stdout] warning: use of deprecated constant `std::sync::ONCE_INIT`: the `new` function is now preferred
[INFO] [stdout]   --> src/tests/mod.rs:10:1
[INFO] [stdout]    |
[INFO] [stdout] 10 | / lazy_static! {
[INFO] [stdout] 11 | |     static ref CURRENT_DIR: PathBuf = {
[INFO] [stdout] 12 | |         let path = fs::canonicalize(Path::new(file!()).parent().unwrap()).unwrap();
[INFO] [stdout] 13 | |         println!("setting current dir to {}", path.display());
[INFO] [stdout] ...  |
[INFO] [stdout] 17 | |     static ref GIL: Mutex<()> = Mutex::new(());
[INFO] [stdout] 18 | | }
[INFO] [stdout]    | |_^
[INFO] [stdout]    |
[INFO] [stdout]    = note: this warning originates in the macro `__lazy_static_create` which comes from the expansion of the macro `lazy_static` (in Nightly builds, run with -Z macro-backtrace for more info)
[INFO] [stdout] 
[INFO] [stdout] 
[INFO] [stdout] warning: use of deprecated constant `std::sync::ONCE_INIT`: the `new` function is now preferred
[INFO] [stdout]   --> src/tests/mod.rs:10:1
[INFO] [stdout]    |
[INFO] [stdout] 10 | / lazy_static! {
[INFO] [stdout] 11 | |     static ref CURRENT_DIR: PathBuf = {
[INFO] [stdout] 12 | |         let path = fs::canonicalize(Path::new(file!()).parent().unwrap()).unwrap();
[INFO] [stdout] 13 | |         println!("setting current dir to {}", path.display());
[INFO] [stdout] ...  |
[INFO] [stdout] 17 | |     static ref GIL: Mutex<()> = Mutex::new(());
[INFO] [stdout] 18 | | }
[INFO] [stdout]    | |_^
[INFO] [stdout]    |
[INFO] [stdout]    = note: this warning originates in the macro `__lazy_static_create` which comes from the expansion of the macro `lazy_static` (in Nightly builds, run with -Z macro-backtrace for more info)
[INFO] [stdout] 
[INFO] [stdout] 
[INFO] [stdout] warning: use of deprecated method `core::str::<impl str>::trim_left_matches`: superseded by `trim_start_matches`
[INFO] [stdout]   --> src/expand.rs:24:66
[INFO] [stdout]    |
[INFO] [stdout] 24 |     let name = pat.replace("{}", &format!("{}_{}", slugify(title.trim_left_matches('%'), 20), n));
[INFO] [stdout]    |                                                                  ^^^^^^^^^^^^^^^^^
[INFO] [stdout]    |
[INFO] [stdout] help: replace the use of the deprecated method
[INFO] [stdout]    |
[INFO] [stdout] 24 |     let name = pat.replace("{}", &format!("{}_{}", slugify(title.trim_start_matches('%'), 20), n));
[INFO] [stdout]    |                                                                  ~~~~~~~~~~~~~~~~~~
[INFO] [stdout] 
[INFO] [stdout] 
[INFO] [stdout] warning: use of deprecated method `core::str::<impl str>::trim_left`: superseded by `trim_start`
[INFO] [stdout]   --> src/expand.rs:33:25
[INFO] [stdout]    |
[INFO] [stdout] 33 |     let trimline = line.trim_left();
[INFO] [stdout]    |                         ^^^^^^^^^
[INFO] [stdout]    |
[INFO] [stdout] help: replace the use of the deprecated method
[INFO] [stdout]    |
[INFO] [stdout] 33 |     let trimline = line.trim_start();
[INFO] [stdout]    |                         ~~~~~~~~~~
[INFO] [stdout] 
[INFO] [stdout] 
[INFO] [stdout] warning: use of deprecated method `core::str::<impl str>::trim_left`: superseded by `trim_start`
[INFO] [stdout]   --> src/expand.rs:90:29
[INFO] [stdout]    |
[INFO] [stdout] 90 |         let trimline = line.trim_left();
[INFO] [stdout]    |                             ^^^^^^^^^
[INFO] [stdout]    |
[INFO] [stdout] help: replace the use of the deprecated method
[INFO] [stdout]    |
[INFO] [stdout] 90 |         let trimline = line.trim_start();
[INFO] [stdout]    |                             ~~~~~~~~~~
[INFO] [stdout] 
[INFO] [stdout] 
[INFO] [stdout] warning: 11 warnings emitted
[INFO] [stdout] 
[INFO] [stdout] 
[INFO] [stderr]     Finished test [unoptimized + debuginfo] target(s) in 0.71s
[INFO] running `Command { std: "docker" "inspect" "def0700e3c21e2f2c0988dd2f93b4001dd60346387162d61de7f61fa34b18d7a", kill_on_drop: false }`
[INFO] running `Command { std: "docker" "rm" "-f" "def0700e3c21e2f2c0988dd2f93b4001dd60346387162d61de7f61fa34b18d7a", kill_on_drop: false }`
[INFO] [stdout] def0700e3c21e2f2c0988dd2f93b4001dd60346387162d61de7f61fa34b18d7a
[INFO] running `Command { std: "docker" "create" "-v" "/var/lib/crater-agent-workspace/builds/worker-6-tc2/target:/opt/rustwide/target:rw,Z" "-v" "/var/lib/crater-agent-workspace/builds/worker-6-tc2/source:/opt/rustwide/workdir:ro,Z" "-v" "/var/lib/crater-agent-workspace/cargo-home:/opt/rustwide/cargo-home:ro,Z" "-v" "/var/lib/crater-agent-workspace/rustup-home:/opt/rustwide/rustup-home:ro,Z" "-e" "SOURCE_DIR=/opt/rustwide/workdir" "-e" "CARGO_TARGET_DIR=/opt/rustwide/target" "-e" "CARGO_INCREMENTAL=0" "-e" "RUST_BACKTRACE=full" "-e" "RUSTFLAGS=--cap-lints=warn" "-e" "RUSTDOCFLAGS=--cap-lints=warn" "-e" "CARGO_HOME=/opt/rustwide/cargo-home" "-e" "RUSTUP_HOME=/opt/rustwide/rustup-home" "-w" "/opt/rustwide/workdir" "-m" "1610612736" "--user" "0:0" "--network" "none" "ghcr.io/rust-lang/crates-build-env/linux@sha256:5ff2268d62e97bff2cde7d5815dd6ed5b47097566f13b8d0ca110b04b60e07ed" "/opt/rustwide/cargo-home/bin/cargo" "+beta-2023-04-20" "test" "--frozen", kill_on_drop: false }`
[INFO] [stdout] 42ced85744eef12b0db5022d30fd837aa58ae54f25ce00e7c3108bd11e2bf509
[INFO] running `Command { std: "docker" "start" "-a" "42ced85744eef12b0db5022d30fd837aa58ae54f25ce00e7c3108bd11e2bf509", kill_on_drop: false }`
[INFO] [stderr] warning: use of deprecated constant `std::sync::ONCE_INIT`: the `new` function is now preferred
[INFO] [stderr]   --> src/expand.rs:41:5
[INFO] [stderr]    |
[INFO] [stderr] 41 | /     lazy_static! {
[INFO] [stderr] 42 | |         static ref RE: Regex = Regex::new(r"^\s*([^\s]+) %cellsplit<\d+>$").unwrap();
[INFO] [stderr] 43 | |     }
[INFO] [stderr]    | |_____^
[INFO] [stderr]    |
[INFO] [stderr]    = note: `#[warn(deprecated)]` on by default
[INFO] [stderr]    = note: this warning originates in the macro `__lazy_static_create` which comes from the expansion of the macro `lazy_static` (in Nightly builds, run with -Z macro-backtrace for more info)
[INFO] [stderr] 
[INFO] [stderr] warning: use of deprecated constant `std::sync::ONCE_INIT`: the `new` function is now preferred
[INFO] [stderr]   --> src/expand.rs:41:5
[INFO] [stderr]    |
[INFO] [stderr] 41 | /     lazy_static! {
[INFO] [stderr] 42 | |         static ref RE: Regex = Regex::new(r"^\s*([^\s]+) %cellsplit<\d+>$").unwrap();
[INFO] [stderr] 43 | |     }
[INFO] [stderr]    | |_____^
[INFO] [stderr]    |
[INFO] [stderr]    = note: this warning originates in the macro `__lazy_static_create` which comes from the expansion of the macro `lazy_static` (in Nightly builds, run with -Z macro-backtrace for more info)
[INFO] [stderr] 
[INFO] [stderr] warning: use of deprecated constant `std::sync::ONCE_INIT`: the `new` function is now preferred
[INFO] [stderr]   --> src/collapse.rs:11:5
[INFO] [stderr]    |
[INFO] [stderr] 11 | /     lazy_static! {
[INFO] [stderr] 12 | |         static ref RE: Regex = Regex::new(r"^\s*([^\s]+) %cellsplit<\d+>$").unwrap();
[INFO] [stderr] 13 | |     }
[INFO] [stderr]    | |_____^
[INFO] [stderr]    |
[INFO] [stderr]    = note: this warning originates in the macro `__lazy_static_create` which comes from the expansion of the macro `lazy_static` (in Nightly builds, run with -Z macro-backtrace for more info)
[INFO] [stderr] 
[INFO] [stderr] warning: use of deprecated method `core::str::<impl str>::trim_left_matches`: superseded by `trim_start_matches`
[INFO] [stderr]   --> src/expand.rs:24:66
[INFO] [stderr]    |
[INFO] [stderr] 24 |     let name = pat.replace("{}", &format!("{}_{}", slugify(title.trim_left_matches('%'), 20), n));
[INFO] [stderr]    |                                                                  ^^^^^^^^^^^^^^^^^
[INFO] [stderr]    |
[INFO] [stderr] help: replace the use of the deprecated method
[INFO] [stderr]    |
[INFO] [stderr] 24 |     let name = pat.replace("{}", &format!("{}_{}", slugify(title.trim_start_matches('%'), 20), n));
[INFO] [stderr]    |                                                                  ~~~~~~~~~~~~~~~~~~
[INFO] [stderr] 
[INFO] [stderr] warning: use of deprecated method `core::str::<impl str>::trim_left`: superseded by `trim_start`
[INFO] [stderr]   --> src/expand.rs:33:25
[INFO] [stderr]    |
[INFO] [stderr] 33 |     let trimline = line.trim_left();
[INFO] [stderr]    |                         ^^^^^^^^^
[INFO] [stderr]    |
[INFO] [stderr] help: replace the use of the deprecated method
[INFO] [stderr]    |
[INFO] [stderr] 33 |     let trimline = line.trim_start();
[INFO] [stderr]    |                         ~~~~~~~~~~
[INFO] [stderr] 
[INFO] [stderr] warning: use of deprecated method `core::str::<impl str>::trim_left`: superseded by `trim_start`
[INFO] [stderr]   --> src/expand.rs:90:29
[INFO] [stderr]    |
[INFO] [stderr] 90 |         let trimline = line.trim_left();
[INFO] [stderr]    |                             ^^^^^^^^^
[INFO] [stderr]    |
[INFO] [stderr] help: replace the use of the deprecated method
[INFO] [stderr]    |
[INFO] [stderr] 90 |         let trimline = line.trim_start();
[INFO] [stderr]    |                             ~~~~~~~~~~
[INFO] [stderr] 
[INFO] [stderr] warning: use of deprecated constant `std::sync::ONCE_INIT`: the `new` function is now preferred
[INFO] [stderr]   --> src/tests/mod.rs:10:1
[INFO] [stderr]    |
[INFO] [stderr] 10 | / lazy_static! {
[INFO] [stderr] 11 | |     static ref CURRENT_DIR: PathBuf = {
[INFO] [stderr] 12 | |         let path = fs::canonicalize(Path::new(file!()).parent().unwrap()).unwrap();
[INFO] [stderr] 13 | |         println!("setting current dir to {}", path.display());
[INFO] [stderr] ...  |
[INFO] [stderr] 17 | |     static ref GIL: Mutex<()> = Mutex::new(());
[INFO] [stderr] 18 | | }
[INFO] [stderr]    | |_^
[INFO] [stderr]    |
[INFO] [stderr]    = note: this warning originates in the macro `__lazy_static_create` which comes from the expansion of the macro `lazy_static` (in Nightly builds, run with -Z macro-backtrace for more info)
[INFO] [stderr] 
[INFO] [stderr] warning: `cellsplit` (lib) generated 7 warnings (1 duplicate) (run `cargo fix --lib -p cellsplit` to apply 3 suggestions)
[INFO] [stderr] warning: `cellsplit` (lib test) generated 11 warnings (10 duplicates)
[INFO] [stderr]     Finished test [unoptimized + debuginfo] target(s) in 0.01s
[INFO] [stderr]      Running unittests src/lib.rs (/opt/rustwide/target/debug/deps/cellsplit-1acf8165e25dbc19)
[INFO] [stdout] 
[INFO] [stdout] running 2 tests
[INFO] [stdout] test tests::collapsing ... FAILED
[INFO] [stdout] test tests::expanding ... FAILED
[INFO] [stdout] 
[INFO] [stdout] failures:
[INFO] [stdout] 
[INFO] [stdout] ---- tests::collapsing stdout ----
[INFO] [stdout] setting current dir to /opt/rustwide/workdir/src/tests
[INFO] [stdout] backing up script.m to script_backup.m
[INFO] [stdout] thread 'tests::collapsing' panicked at 'called `Result::unwrap()` on an `Err` value: Os { code: 30, kind: ReadOnlyFilesystem, message: "Read-only file system" }', src/tests/mod.rs:45:43
[INFO] [stdout] stack backtrace:
[INFO] [stdout]    0:     0x564fdb15523a - std::backtrace_rs::backtrace::libunwind::trace::h2f05d0192276a8f6
[INFO] [stdout]                                at /rustc/1b7dd2252b99671ce5d1cb9664c5f8636329436d/library/std/src/../../backtrace/src/backtrace/libunwind.rs:93:5
[INFO] [stdout]    1:     0x564fdb15523a - std::backtrace_rs::backtrace::trace_unsynchronized::hedc23dff7a1af150
[INFO] [stdout]                                at /rustc/1b7dd2252b99671ce5d1cb9664c5f8636329436d/library/std/src/../../backtrace/src/backtrace/mod.rs:66:5
[INFO] [stdout]    2:     0x564fdb15523a - std::sys_common::backtrace::_print_fmt::h17541ef7592f3ce2
[INFO] [stdout]                                at /rustc/1b7dd2252b99671ce5d1cb9664c5f8636329436d/library/std/src/sys_common/backtrace.rs:65:5
[INFO] [stdout]    3:     0x564fdb15523a - <std::sys_common::backtrace::_print::DisplayBacktrace as core::fmt::Display>::fmt::h20f75df5ab0c0792
[INFO] [stdout]                                at /rustc/1b7dd2252b99671ce5d1cb9664c5f8636329436d/library/std/src/sys_common/backtrace.rs:44:22
[INFO] [stdout]    4:     0x564fdb179f6f - core::fmt::write::h78109e6f466b3af6
[INFO] [stdout]                                at /rustc/1b7dd2252b99671ce5d1cb9664c5f8636329436d/library/core/src/fmt/mod.rs:1254:17
[INFO] [stdout]    5:     0x564fdb151f15 - std::io::Write::write_fmt::hd24bfb68a1b35a25
[INFO] [stdout]                                at /rustc/1b7dd2252b99671ce5d1cb9664c5f8636329436d/library/std/src/io/mod.rs:1698:15
[INFO] [stdout]    6:     0x564fdb155005 - std::sys_common::backtrace::_print::h8dac57a9f8fbf9a5
[INFO] [stdout]                                at /rustc/1b7dd2252b99671ce5d1cb9664c5f8636329436d/library/std/src/sys_common/backtrace.rs:47:5
[INFO] [stdout]    7:     0x564fdb155005 - std::sys_common::backtrace::print::hf9ecbf41d1aa712f
[INFO] [stdout]                                at /rustc/1b7dd2252b99671ce5d1cb9664c5f8636329436d/library/std/src/sys_common/backtrace.rs:34:9
[INFO] [stdout]    8:     0x564fdb156cbe - std::panicking::default_hook::{{closure}}::h04c07acfc84ca028
[INFO] [stdout]                                at /rustc/1b7dd2252b99671ce5d1cb9664c5f8636329436d/library/std/src/panicking.rs:269:22
[INFO] [stdout]    9:     0x564fdb1569f1 - std::panicking::default_hook::h01f6bb23e1eceb2c
[INFO] [stdout]                                at /rustc/1b7dd2252b99671ce5d1cb9664c5f8636329436d/library/std/src/panicking.rs:285:9
[INFO] [stderr] error: test failed, to rerun pass `--lib`
[INFO] [stdout]   10:     0x564fdb02f82b - <alloc::boxed::Box<F,A> as core::ops::function::Fn<Args>>::call::h87fe9f7b2fd49e4c
[INFO] [stdout]                                at /rustc/1b7dd2252b99671ce5d1cb9664c5f8636329436d/library/alloc/src/boxed.rs:1987:9
[INFO] [stdout]   11:     0x564fdb02f82b - test::test_main::{{closure}}::he94d679243a7531b
[INFO] [stdout]                                at /rustc/1b7dd2252b99671ce5d1cb9664c5f8636329436d/library/test/src/lib.rs:134:21
[INFO] [stdout]   12:     0x564fdb1573a4 - <alloc::boxed::Box<F,A> as core::ops::function::Fn<Args>>::call::h3f2d6d8b14c4769f
[INFO] [stdout]                                at /rustc/1b7dd2252b99671ce5d1cb9664c5f8636329436d/library/alloc/src/boxed.rs:1987:9
[INFO] [stdout]   13:     0x564fdb1573a4 - std::panicking::rust_panic_with_hook::h2bb3722bbaf2f6df
[INFO] [stdout]                                at /rustc/1b7dd2252b99671ce5d1cb9664c5f8636329436d/library/std/src/panicking.rs:695:13
[INFO] [stdout]   14:     0x564fdb157119 - std::panicking::begin_panic_handler::{{closure}}::h91bc7f36a4be011b
[INFO] [stdout]                                at /rustc/1b7dd2252b99671ce5d1cb9664c5f8636329436d/library/std/src/panicking.rs:582:13
[INFO] [stdout]   15:     0x564fdb1556a6 - std::sys_common::backtrace::__rust_end_short_backtrace::h8b3d3717114f9e59
[INFO] [stdout]                                at /rustc/1b7dd2252b99671ce5d1cb9664c5f8636329436d/library/std/src/sys_common/backtrace.rs:150:18
[INFO] [stdout]   16:     0x564fdb156e72 - rust_begin_unwind
[INFO] [stdout]                                at /rustc/1b7dd2252b99671ce5d1cb9664c5f8636329436d/library/std/src/panicking.rs:578:5
[INFO] [stdout]   17:     0x564fdafe2013 - core::panicking::panic_fmt::hfd368e3fbdabea26
[INFO] [stdout]                                at /rustc/1b7dd2252b99671ce5d1cb9664c5f8636329436d/library/core/src/panicking.rs:67:14
[INFO] [stdout]   18:     0x564fdafe25b3 - core::result::unwrap_failed::he54eb4b2f125b26f
[INFO] [stdout]                                at /rustc/1b7dd2252b99671ce5d1cb9664c5f8636329436d/library/core/src/result.rs:1687:5
[INFO] [stdout]   19:     0x564fdafe765b - core::result::Result<T,E>::unwrap::hec03c65db2d22189
[INFO] [stdout]                                at /rustc/1b7dd2252b99671ce5d1cb9664c5f8636329436d/library/core/src/result.rs:1089:23
[INFO] [stdout]   20:     0x564fdaff434f - cellsplit::tests::with_backup::h4ee79000587d7878
[INFO] [stdout]                                at /opt/rustwide/workdir/src/tests/mod.rs:45:5
[INFO] [stdout]   21:     0x564fdaff5924 - cellsplit::tests::collapsing::hdfd86cc535630d6a
[INFO] [stdout]                                at /opt/rustwide/workdir/src/tests/mod.rs:80:5
[INFO] [stdout]   22:     0x564fdaff5877 - cellsplit::tests::collapsing::{{closure}}::h9ab466749617bd44
[INFO] [stdout]                                at /opt/rustwide/workdir/src/tests/mod.rs:23:20
[INFO] [stdout]   23:     0x564fdaff5fe5 - core::ops::function::FnOnce::call_once::h278be99d41ccbddf
[INFO] [stdout]                                at /rustc/1b7dd2252b99671ce5d1cb9664c5f8636329436d/library/core/src/ops/function.rs:250:5
[INFO] [stdout]   24:     0x564fdb0346ff - core::ops::function::FnOnce::call_once::ha6a70e79f7481a7e
[INFO] [stdout]                                at /rustc/1b7dd2252b99671ce5d1cb9664c5f8636329436d/library/core/src/ops/function.rs:250:5
[INFO] [stdout]   25:     0x564fdb0346ff - test::__rust_begin_short_backtrace::hce33033019b61e69
[INFO] [stdout]                                at /rustc/1b7dd2252b99671ce5d1cb9664c5f8636329436d/library/test/src/lib.rs:655:18
[INFO] [stdout]   26:     0x564fdb001eec - test::run_test::{{closure}}::h858d3528838ae3e5
[INFO] [stdout]                                at /rustc/1b7dd2252b99671ce5d1cb9664c5f8636329436d/library/test/src/lib.rs:646:30
[INFO] [stdout]   27:     0x564fdb001eec - core::ops::function::FnOnce::call_once{{vtable.shim}}::he8ac2b00f01ae79e
[INFO] [stdout]                                at /rustc/1b7dd2252b99671ce5d1cb9664c5f8636329436d/library/core/src/ops/function.rs:250:5
[INFO] [stdout]   28:     0x564fdb0337d6 - <alloc::boxed::Box<F,A> as core::ops::function::FnOnce<Args>>::call_once::h8093d25b522725ef
[INFO] [stdout]                                at /rustc/1b7dd2252b99671ce5d1cb9664c5f8636329436d/library/alloc/src/boxed.rs:1973:9
[INFO] [stdout]   29:     0x564fdb0337d6 - <core::panic::unwind_safe::AssertUnwindSafe<F> as core::ops::function::FnOnce<()>>::call_once::h5c334c204e4a3913
[INFO] [stdout]                                at /rustc/1b7dd2252b99671ce5d1cb9664c5f8636329436d/library/core/src/panic/unwind_safe.rs:271:9
[INFO] [stdout]   30:     0x564fdb0337d6 - std::panicking::try::do_call::ha8b740c7b9478074
[INFO] [stdout]                                at /rustc/1b7dd2252b99671ce5d1cb9664c5f8636329436d/library/std/src/panicking.rs:485:40
[INFO] [stdout]   31:     0x564fdb0337d6 - std::panicking::try::h5d34f63d0e41b64e
[INFO] [stdout]                                at /rustc/1b7dd2252b99671ce5d1cb9664c5f8636329436d/library/std/src/panicking.rs:449:19
[INFO] [stdout]   32:     0x564fdb0337d6 - std::panic::catch_unwind::hcfbb511e1aa7fc67
[INFO] [stdout]                                at /rustc/1b7dd2252b99671ce5d1cb9664c5f8636329436d/library/std/src/panic.rs:140:14
[INFO] [stdout]   33:     0x564fdb0337d6 - test::run_test_in_process::h9abda90f802eaf21
[INFO] [stdout]                                at /rustc/1b7dd2252b99671ce5d1cb9664c5f8636329436d/library/test/src/lib.rs:678:27
[INFO] [stdout]   34:     0x564fdb0337d6 - test::run_test::run_test_inner::{{closure}}::h0f058de91f6c6edf
[INFO] [stdout]                                at /rustc/1b7dd2252b99671ce5d1cb9664c5f8636329436d/library/test/src/lib.rs:572:39
[INFO] [stdout]   35:     0x564fdaffc6f5 - test::run_test::run_test_inner::{{closure}}::h5ca48a4c59c6c1fb
[INFO] [stdout]                                at /rustc/1b7dd2252b99671ce5d1cb9664c5f8636329436d/library/test/src/lib.rs:599:37
[INFO] [stdout]   36:     0x564fdaffc6f5 - std::sys_common::backtrace::__rust_begin_short_backtrace::h32bd51e1495d4a33
[INFO] [stdout]                                at /rustc/1b7dd2252b99671ce5d1cb9664c5f8636329436d/library/std/src/sys_common/backtrace.rs:134:18
[INFO] [stdout]   37:     0x564fdb001c31 - std::thread::Builder::spawn_unchecked_::{{closure}}::{{closure}}::hc086fae9b128b2db
[INFO] [stdout]                                at /rustc/1b7dd2252b99671ce5d1cb9664c5f8636329436d/library/std/src/thread/mod.rs:526:17
[INFO] [stdout]   38:     0x564fdb001c31 - <core::panic::unwind_safe::AssertUnwindSafe<F> as core::ops::function::FnOnce<()>>::call_once::hb66571888d270d43
[INFO] [stdout]                                at /rustc/1b7dd2252b99671ce5d1cb9664c5f8636329436d/library/core/src/panic/unwind_safe.rs:271:9
[INFO] [stdout]   39:     0x564fdb001c31 - std::panicking::try::do_call::h4fa2ef4f6e51fecf
[INFO] [stdout]                                at /rustc/1b7dd2252b99671ce5d1cb9664c5f8636329436d/library/std/src/panicking.rs:485:40
[INFO] [stdout]   40:     0x564fdb001c31 - std::panicking::try::h1e9e22b8584489b5
[INFO] [stdout]                                at /rustc/1b7dd2252b99671ce5d1cb9664c5f8636329436d/library/std/src/panicking.rs:449:19
[INFO] [stdout]   41:     0x564fdb001c31 - std::panic::catch_unwind::h44698a3de0e0769e
[INFO] [stdout]                                at /rustc/1b7dd2252b99671ce5d1cb9664c5f8636329436d/library/std/src/panic.rs:140:14
[INFO] [stdout]   42:     0x564fdb001c31 - std::thread::Builder::spawn_unchecked_::{{closure}}::h50153abde3fe239e
[INFO] [stdout]                                at /rustc/1b7dd2252b99671ce5d1cb9664c5f8636329436d/library/std/src/thread/mod.rs:525:30
[INFO] [stdout]   43:     0x564fdb001c31 - core::ops::function::FnOnce::call_once{{vtable.shim}}::hbe5bbf6f38394364
[INFO] [stdout]                                at /rustc/1b7dd2252b99671ce5d1cb9664c5f8636329436d/library/core/src/ops/function.rs:250:5
[INFO] [stdout]   44:     0x564fdb15c6f5 - <alloc::boxed::Box<F,A> as core::ops::function::FnOnce<Args>>::call_once::h0d83cb2920a49046
[INFO] [stdout]                                at /rustc/1b7dd2252b99671ce5d1cb9664c5f8636329436d/library/alloc/src/boxed.rs:1973:9
[INFO] [stdout]   45:     0x564fdb15c6f5 - <alloc::boxed::Box<F,A> as core::ops::function::FnOnce<Args>>::call_once::hbe0a008aa7d9ef59
[INFO] [stdout]                                at /rustc/1b7dd2252b99671ce5d1cb9664c5f8636329436d/library/alloc/src/boxed.rs:1973:9
[INFO] [stdout]   46:     0x564fdb15c6f5 - std::sys::unix::thread::Thread::new::thread_start::h3a466996bdf6b1f9
[INFO] [stdout]                                at /rustc/1b7dd2252b99671ce5d1cb9664c5f8636329436d/library/std/src/sys/unix/thread.rs:108:17
[INFO] [stdout]   47:     0x7f21aa5ceb43 - <unknown>
[INFO] [stdout]   48:     0x7f21aa65fbb4 - __clone
[INFO] [stdout]   49:                0x0 - <unknown>
[INFO] [stdout] 
[INFO] [stdout] ---- tests::expanding stdout ----
[INFO] [stdout] thread 'tests::expanding' panicked at 'called `Result::unwrap()` on an `Err` value: PoisonError { .. }', src/tests/mod.rs:70:1
[INFO] [stdout] stack backtrace:
[INFO] [stdout]    0:     0x564fdb15523a - std::backtrace_rs::backtrace::libunwind::trace::h2f05d0192276a8f6
[INFO] [stdout]                                at /rustc/1b7dd2252b99671ce5d1cb9664c5f8636329436d/library/std/src/../../backtrace/src/backtrace/libunwind.rs:93:5
[INFO] [stdout]    1:     0x564fdb15523a - std::backtrace_rs::backtrace::trace_unsynchronized::hedc23dff7a1af150
[INFO] [stdout]                                at /rustc/1b7dd2252b99671ce5d1cb9664c5f8636329436d/library/std/src/../../backtrace/src/backtrace/mod.rs:66:5
[INFO] [stdout]    2:     0x564fdb15523a - std::sys_common::backtrace::_print_fmt::h17541ef7592f3ce2
[INFO] [stdout]                                at /rustc/1b7dd2252b99671ce5d1cb9664c5f8636329436d/library/std/src/sys_common/backtrace.rs:65:5
[INFO] [stdout]    3:     0x564fdb15523a - <std::sys_common::backtrace::_print::DisplayBacktrace as core::fmt::Display>::fmt::h20f75df5ab0c0792
[INFO] [stdout]                                at /rustc/1b7dd2252b99671ce5d1cb9664c5f8636329436d/library/std/src/sys_common/backtrace.rs:44:22
[INFO] [stdout]    4:     0x564fdb179f6f - core::fmt::write::h78109e6f466b3af6
[INFO] [stdout]                                at /rustc/1b7dd2252b99671ce5d1cb9664c5f8636329436d/library/core/src/fmt/mod.rs:1254:17
[INFO] [stdout]    5:     0x564fdb151f15 - std::io::Write::write_fmt::hd24bfb68a1b35a25
[INFO] [stdout]                                at /rustc/1b7dd2252b99671ce5d1cb9664c5f8636329436d/library/std/src/io/mod.rs:1698:15
[INFO] [stdout]    6:     0x564fdb155005 - std::sys_common::backtrace::_print::h8dac57a9f8fbf9a5
[INFO] [stdout]                                at /rustc/1b7dd2252b99671ce5d1cb9664c5f8636329436d/library/std/src/sys_common/backtrace.rs:47:5
[INFO] [stdout]    7:     0x564fdb155005 - std::sys_common::backtrace::print::hf9ecbf41d1aa712f
[INFO] [stdout]                                at /rustc/1b7dd2252b99671ce5d1cb9664c5f8636329436d/library/std/src/sys_common/backtrace.rs:34:9
[INFO] [stdout]    8:     0x564fdb156cbe - std::panicking::default_hook::{{closure}}::h04c07acfc84ca028
[INFO] [stdout]                                at /rustc/1b7dd2252b99671ce5d1cb9664c5f8636329436d/library/std/src/panicking.rs:269:22
[INFO] [stdout]    9:     0x564fdb1569f1 - std::panicking::default_hook::h01f6bb23e1eceb2c
[INFO] [stdout]                                at /rustc/1b7dd2252b99671ce5d1cb9664c5f8636329436d/library/std/src/panicking.rs:285:9
[INFO] [stdout]   10:     0x564fdb02f82b - <alloc::boxed::Box<F,A> as core::ops::function::Fn<Args>>::call::h87fe9f7b2fd49e4c
[INFO] [stdout]                                at /rustc/1b7dd2252b99671ce5d1cb9664c5f8636329436d/library/alloc/src/boxed.rs:1987:9
[INFO] [stdout]   11:     0x564fdb02f82b - test::test_main::{{closure}}::he94d679243a7531b
[INFO] [stdout]                                at /rustc/1b7dd2252b99671ce5d1cb9664c5f8636329436d/library/test/src/lib.rs:134:21
[INFO] [stdout]   12:     0x564fdb1573a4 - <alloc::boxed::Box<F,A> as core::ops::function::Fn<Args>>::call::h3f2d6d8b14c4769f
[INFO] [stdout]                                at /rustc/1b7dd2252b99671ce5d1cb9664c5f8636329436d/library/alloc/src/boxed.rs:1987:9
[INFO] [stdout]   13:     0x564fdb1573a4 - std::panicking::rust_panic_with_hook::h2bb3722bbaf2f6df
[INFO] [stdout]                                at /rustc/1b7dd2252b99671ce5d1cb9664c5f8636329436d/library/std/src/panicking.rs:695:13
[INFO] [stdout]   14:     0x564fdb157119 - std::panicking::begin_panic_handler::{{closure}}::h91bc7f36a4be011b
[INFO] [stdout]                                at /rustc/1b7dd2252b99671ce5d1cb9664c5f8636329436d/library/std/src/panicking.rs:582:13
[INFO] [stdout]   15:     0x564fdb1556a6 - std::sys_common::backtrace::__rust_end_short_backtrace::h8b3d3717114f9e59
[INFO] [stdout]                                at /rustc/1b7dd2252b99671ce5d1cb9664c5f8636329436d/library/std/src/sys_common/backtrace.rs:150:18
[INFO] [stdout]   16:     0x564fdb156e72 - rust_begin_unwind
[INFO] [stdout]                                at /rustc/1b7dd2252b99671ce5d1cb9664c5f8636329436d/library/std/src/panicking.rs:578:5
[INFO] [stdout]   17:     0x564fdafe2013 - core::panicking::panic_fmt::hfd368e3fbdabea26
[INFO] [stdout]                                at /rustc/1b7dd2252b99671ce5d1cb9664c5f8636329436d/library/core/src/panicking.rs:67:14
[INFO] [stdout]   18:     0x564fdafe25b3 - core::result::unwrap_failed::he54eb4b2f125b26f
[INFO] [stdout]                                at /rustc/1b7dd2252b99671ce5d1cb9664c5f8636329436d/library/core/src/result.rs:1687:5
[INFO] [stdout]   19:     0x564fdb11cc29 - core::result::Result<T,E>::unwrap::h42b6a48adf0228c8
[INFO] [stdout]                                at /rustc/1b7dd2252b99671ce5d1cb9664c5f8636329436d/library/core/src/result.rs:1089:23
[INFO] [stdout]   20:     0x564fdaff5502 - cellsplit::tests::expanding::h4b00a0d3677a3b43
[INFO] [stdout]                                at /opt/rustwide/workdir/src/tests/mod.rs:25:22
[INFO] [stdout]   21:     0x564fdaff5497 - cellsplit::tests::expanding::{{closure}}::h7dcf54f845005b3a
[INFO] [stdout]                                at /opt/rustwide/workdir/src/tests/mod.rs:23:20
[INFO] [stdout]   22:     0x564fdaff62e5 - core::ops::function::FnOnce::call_once::hbedcf63072918f9f
[INFO] [stdout]                                at /rustc/1b7dd2252b99671ce5d1cb9664c5f8636329436d/library/core/src/ops/function.rs:250:5
[INFO] [stdout]   23:     0x564fdb0346ff - core::ops::function::FnOnce::call_once::ha6a70e79f7481a7e
[INFO] [stdout]                                at /rustc/1b7dd2252b99671ce5d1cb9664c5f8636329436d/library/core/src/ops/function.rs:250:5
[INFO] [stdout]   24:     0x564fdb0346ff - test::__rust_begin_short_backtrace::hce33033019b61e69
[INFO] [stdout]                                at /rustc/1b7dd2252b99671ce5d1cb9664c5f8636329436d/library/test/src/lib.rs:655:18
[INFO] [stdout]   25:     0x564fdb001eec - test::run_test::{{closure}}::h858d3528838ae3e5
[INFO] [stdout]                                at /rustc/1b7dd2252b99671ce5d1cb9664c5f8636329436d/library/test/src/lib.rs:646:30
[INFO] [stdout]   26:     0x564fdb001eec - core::ops::function::FnOnce::call_once{{vtable.shim}}::he8ac2b00f01ae79e
[INFO] [stdout]                                at /rustc/1b7dd2252b99671ce5d1cb9664c5f8636329436d/library/core/src/ops/function.rs:250:5
[INFO] [stdout]   27:     0x564fdb0337d6 - <alloc::boxed::Box<F,A> as core::ops::function::FnOnce<Args>>::call_once::h8093d25b522725ef
[INFO] [stdout]                                at /rustc/1b7dd2252b99671ce5d1cb9664c5f8636329436d/library/alloc/src/boxed.rs:1973:9
[INFO] [stdout]   28:     0x564fdb0337d6 - <core::panic::unwind_safe::AssertUnwindSafe<F> as core::ops::function::FnOnce<()>>::call_once::h5c334c204e4a3913
[INFO] [stdout]                                at /rustc/1b7dd2252b99671ce5d1cb9664c5f8636329436d/library/core/src/panic/unwind_safe.rs:271:9
[INFO] [stdout]   29:     0x564fdb0337d6 - std::panicking::try::do_call::ha8b740c7b9478074
[INFO] [stdout]                                at /rustc/1b7dd2252b99671ce5d1cb9664c5f8636329436d/library/std/src/panicking.rs:485:40
[INFO] [stdout]   30:     0x564fdb0337d6 - std::panicking::try::h5d34f63d0e41b64e
[INFO] [stdout]                                at /rustc/1b7dd2252b99671ce5d1cb9664c5f8636329436d/library/std/src/panicking.rs:449:19
[INFO] [stdout]   31:     0x564fdb0337d6 - std::panic::catch_unwind::hcfbb511e1aa7fc67
[INFO] [stdout]                                at /rustc/1b7dd2252b99671ce5d1cb9664c5f8636329436d/library/std/src/panic.rs:140:14
[INFO] [stdout]   32:     0x564fdb0337d6 - test::run_test_in_process::h9abda90f802eaf21
[INFO] [stdout]                                at /rustc/1b7dd2252b99671ce5d1cb9664c5f8636329436d/library/test/src/lib.rs:678:27
[INFO] [stdout]   33:     0x564fdb0337d6 - test::run_test::run_test_inner::{{closure}}::h0f058de91f6c6edf
[INFO] [stdout]                                at /rustc/1b7dd2252b99671ce5d1cb9664c5f8636329436d/library/test/src/lib.rs:572:39
[INFO] [stdout]   34:     0x564fdaffc6f5 - test::run_test::run_test_inner::{{closure}}::h5ca48a4c59c6c1fb
[INFO] [stdout]                                at /rustc/1b7dd2252b99671ce5d1cb9664c5f8636329436d/library/test/src/lib.rs:599:37
[INFO] [stdout]   35:     0x564fdaffc6f5 - std::sys_common::backtrace::__rust_begin_short_backtrace::h32bd51e1495d4a33
[INFO] [stdout]                                at /rustc/1b7dd2252b99671ce5d1cb9664c5f8636329436d/library/std/src/sys_common/backtrace.rs:134:18
[INFO] [stdout]   36:     0x564fdb001c31 - std::thread::Builder::spawn_unchecked_::{{closure}}::{{closure}}::hc086fae9b128b2db
[INFO] [stdout]                                at /rustc/1b7dd2252b99671ce5d1cb9664c5f8636329436d/library/std/src/thread/mod.rs:526:17
[INFO] [stdout]   37:     0x564fdb001c31 - <core::panic::unwind_safe::AssertUnwindSafe<F> as core::ops::function::FnOnce<()>>::call_once::hb66571888d270d43
[INFO] [stdout]                                at /rustc/1b7dd2252b99671ce5d1cb9664c5f8636329436d/library/core/src/panic/unwind_safe.rs:271:9
[INFO] [stdout]   38:     0x564fdb001c31 - std::panicking::try::do_call::h4fa2ef4f6e51fecf
[INFO] [stdout]                                at /rustc/1b7dd2252b99671ce5d1cb9664c5f8636329436d/library/std/src/panicking.rs:485:40
[INFO] [stdout]   39:     0x564fdb001c31 - std::panicking::try::h1e9e22b8584489b5
[INFO] [stdout]                                at /rustc/1b7dd2252b99671ce5d1cb9664c5f8636329436d/library/std/src/panicking.rs:449:19
[INFO] [stdout]   40:     0x564fdb001c31 - std::panic::catch_unwind::h44698a3de0e0769e
[INFO] [stdout]                                at /rustc/1b7dd2252b99671ce5d1cb9664c5f8636329436d/library/std/src/panic.rs:140:14
[INFO] [stdout]   41:     0x564fdb001c31 - std::thread::Builder::spawn_unchecked_::{{closure}}::h50153abde3fe239e
[INFO] [stdout]                                at /rustc/1b7dd2252b99671ce5d1cb9664c5f8636329436d/library/std/src/thread/mod.rs:525:30
[INFO] [stdout]   42:     0x564fdb001c31 - core::ops::function::FnOnce::call_once{{vtable.shim}}::hbe5bbf6f38394364
[INFO] [stdout]                                at /rustc/1b7dd2252b99671ce5d1cb9664c5f8636329436d/library/core/src/ops/function.rs:250:5
[INFO] [stdout]   43:     0x564fdb15c6f5 - <alloc::boxed::Box<F,A> as core::ops::function::FnOnce<Args>>::call_once::h0d83cb2920a49046
[INFO] [stdout]                                at /rustc/1b7dd2252b99671ce5d1cb9664c5f8636329436d/library/alloc/src/boxed.rs:1973:9
[INFO] [stdout]   44:     0x564fdb15c6f5 - <alloc::boxed::Box<F,A> as core::ops::function::FnOnce<Args>>::call_once::hbe0a008aa7d9ef59
[INFO] [stdout]                                at /rustc/1b7dd2252b99671ce5d1cb9664c5f8636329436d/library/alloc/src/boxed.rs:1973:9
[INFO] [stdout]   45:     0x564fdb15c6f5 - std::sys::unix::thread::Thread::new::thread_start::h3a466996bdf6b1f9
[INFO] [stdout]                                at /rustc/1b7dd2252b99671ce5d1cb9664c5f8636329436d/library/std/src/sys/unix/thread.rs:108:17
[INFO] [stdout]   46:     0x7f21aa5ceb43 - <unknown>
[INFO] [stdout]   47:     0x7f21aa65fbb4 - __clone
[INFO] [stdout]   48:                0x0 - <unknown>
[INFO] [stdout] 
[INFO] [stdout] 
[INFO] [stdout] failures:
[INFO] [stdout]     tests::collapsing
[INFO] [stdout]     tests::expanding
[INFO] [stdout] 
[INFO] [stdout] test result: FAILED. 0 passed; 2 failed; 0 ignored; 0 measured; 0 filtered out; finished in 0.01s
[INFO] [stdout] 
[INFO] running `Command { std: "docker" "inspect" "42ced85744eef12b0db5022d30fd837aa58ae54f25ce00e7c3108bd11e2bf509", kill_on_drop: false }`
[INFO] running `Command { std: "docker" "rm" "-f" "42ced85744eef12b0db5022d30fd837aa58ae54f25ce00e7c3108bd11e2bf509", kill_on_drop: false }`
[INFO] [stdout] 42ced85744eef12b0db5022d30fd837aa58ae54f25ce00e7c3108bd11e2bf509
