[INFO] cloning repository https://github.com/duguorong009/terra-cosmwasm-test-contract
[INFO] running `Command { std: "git" "-c" "credential.helper=" "-c" "credential.helper=/workspace/cargo-home/bin/git-credential-null" "clone" "--bare" "https://github.com/duguorong009/terra-cosmwasm-test-contract" "/workspace/cache/git-repos/https%3A%2F%2Fgithub.com%2Fduguorong009%2Fterra-cosmwasm-test-contract", kill_on_drop: false }`
[INFO] [stderr] Cloning into bare repository '/workspace/cache/git-repos/https%3A%2F%2Fgithub.com%2Fduguorong009%2Fterra-cosmwasm-test-contract'...
[INFO] running `Command { std: "git" "rev-parse" "HEAD", kill_on_drop: false }`
[INFO] [stdout] 8267e088fdf2e26954e5ffee47495357008b762a
[INFO] testing duguorong009/terra-cosmwasm-test-contract against beta-2023-04-20 for beta-1.70-1
[INFO] running `Command { std: "git" "clone" "/workspace/cache/git-repos/https%3A%2F%2Fgithub.com%2Fduguorong009%2Fterra-cosmwasm-test-contract" "/workspace/builds/worker-6-tc2/source", kill_on_drop: false }`
[INFO] [stderr] Cloning into '/workspace/builds/worker-6-tc2/source'...
[INFO] [stderr] done.
[INFO] validating manifest of git repo https://github.com/duguorong009/terra-cosmwasm-test-contract on toolchain beta-2023-04-20
[INFO] running `Command { std: CARGO_HOME="/workspace/cargo-home" RUSTUP_HOME="/workspace/rustup-home" "/workspace/cargo-home/bin/cargo" "+beta-2023-04-20" "metadata" "--manifest-path" "Cargo.toml" "--no-deps", kill_on_drop: false }`
[INFO] removed /workspace/builds/worker-6-tc2/source/.cargo/config
[INFO] started tweaking git repo https://github.com/duguorong009/terra-cosmwasm-test-contract
[INFO] finished tweaking git repo https://github.com/duguorong009/terra-cosmwasm-test-contract
[INFO] tweaked toml for git repo https://github.com/duguorong009/terra-cosmwasm-test-contract written to /workspace/builds/worker-6-tc2/source/Cargo.toml
[INFO] crate git repo https://github.com/duguorong009/terra-cosmwasm-test-contract already has a lockfile, it will not be regenerated
[INFO] running `Command { std: CARGO_HOME="/workspace/cargo-home" RUSTUP_HOME="/workspace/rustup-home" "/workspace/cargo-home/bin/cargo" "+beta-2023-04-20" "fetch" "--manifest-path" "Cargo.toml", kill_on_drop: false }`
[INFO] [stderr]  Downloading crates ...
[INFO] [stderr]   Downloaded cosmwasm-derive v0.16.2
[INFO] [stderr]   Downloaded cw2 v0.8.1
[INFO] [stderr]   Downloaded cw-storage-plus v0.8.1
[INFO] [stderr]   Downloaded cosmwasm-schema v0.16.2
[INFO] [stderr]   Downloaded cosmwasm-storage v0.16.2
[INFO] [stderr]   Downloaded cosmwasm-std v0.16.2
[INFO] [stderr]   Downloaded cosmwasm-crypto v0.16.2
[INFO] running `Command { std: "docker" "create" "-v" "/var/lib/crater-agent-workspace/builds/worker-6-tc2/target:/opt/rustwide/target:rw,Z" "-v" "/var/lib/crater-agent-workspace/builds/worker-6-tc2/source:/opt/rustwide/workdir:ro,Z" "-v" "/var/lib/crater-agent-workspace/cargo-home:/opt/rustwide/cargo-home:ro,Z" "-v" "/var/lib/crater-agent-workspace/rustup-home:/opt/rustwide/rustup-home:ro,Z" "-e" "SOURCE_DIR=/opt/rustwide/workdir" "-e" "CARGO_TARGET_DIR=/opt/rustwide/target" "-e" "CARGO_HOME=/opt/rustwide/cargo-home" "-e" "RUSTUP_HOME=/opt/rustwide/rustup-home" "-w" "/opt/rustwide/workdir" "-m" "1610612736" "--user" "0:0" "--network" "none" "ghcr.io/rust-lang/crates-build-env/linux@sha256:5ff2268d62e97bff2cde7d5815dd6ed5b47097566f13b8d0ca110b04b60e07ed" "/opt/rustwide/cargo-home/bin/cargo" "+beta-2023-04-20" "metadata" "--no-deps" "--format-version=1", kill_on_drop: false }`
[INFO] [stdout] d4ae4a3f9f954cb5aca37f51908884074b33f6be7c5f2585c6841ebc11feff01
[INFO] running `Command { std: "docker" "start" "-a" "d4ae4a3f9f954cb5aca37f51908884074b33f6be7c5f2585c6841ebc11feff01", kill_on_drop: false }`
[INFO] running `Command { std: "docker" "inspect" "d4ae4a3f9f954cb5aca37f51908884074b33f6be7c5f2585c6841ebc11feff01", kill_on_drop: false }`
[INFO] running `Command { std: "docker" "rm" "-f" "d4ae4a3f9f954cb5aca37f51908884074b33f6be7c5f2585c6841ebc11feff01", kill_on_drop: false }`
[INFO] [stdout] d4ae4a3f9f954cb5aca37f51908884074b33f6be7c5f2585c6841ebc11feff01
[INFO] running `Command { std: "docker" "create" "-v" "/var/lib/crater-agent-workspace/builds/worker-6-tc2/target:/opt/rustwide/target:rw,Z" "-v" "/var/lib/crater-agent-workspace/builds/worker-6-tc2/source:/opt/rustwide/workdir:ro,Z" "-v" "/var/lib/crater-agent-workspace/cargo-home:/opt/rustwide/cargo-home:ro,Z" "-v" "/var/lib/crater-agent-workspace/rustup-home:/opt/rustwide/rustup-home:ro,Z" "-e" "SOURCE_DIR=/opt/rustwide/workdir" "-e" "CARGO_TARGET_DIR=/opt/rustwide/target" "-e" "CARGO_INCREMENTAL=0" "-e" "RUST_BACKTRACE=full" "-e" "RUSTFLAGS=--cap-lints=warn" "-e" "RUSTDOCFLAGS=--cap-lints=warn" "-e" "CARGO_HOME=/opt/rustwide/cargo-home" "-e" "RUSTUP_HOME=/opt/rustwide/rustup-home" "-w" "/opt/rustwide/workdir" "-m" "1610612736" "--user" "0:0" "--network" "none" "ghcr.io/rust-lang/crates-build-env/linux@sha256:5ff2268d62e97bff2cde7d5815dd6ed5b47097566f13b8d0ca110b04b60e07ed" "/opt/rustwide/cargo-home/bin/cargo" "+beta-2023-04-20" "build" "--frozen" "--message-format=json", kill_on_drop: false }`
[INFO] [stdout] 12c053ac2ea9fbe71646632373050faf9e8cca74c53dae90faf922f98a67eb4e
[INFO] running `Command { std: "docker" "start" "-a" "12c053ac2ea9fbe71646632373050faf9e8cca74c53dae90faf922f98a67eb4e", kill_on_drop: false }`
[INFO] [stderr]    Compiling version_check v0.9.3
[INFO] [stderr]    Compiling libc v0.2.106
[INFO] [stderr]    Compiling typenum v1.14.0
[INFO] [stderr]    Compiling syn v1.0.81
[INFO] [stderr]    Compiling subtle v2.4.1
[INFO] [stderr]    Compiling serde_derive v1.0.130
[INFO] [stderr]    Compiling zeroize v1.4.2
[INFO] [stderr]    Compiling const-oid v0.6.2
[INFO] [stderr]    Compiling serde v1.0.130
[INFO] [stderr]    Compiling getrandom v0.1.16
[INFO] [stderr]    Compiling cpufeatures v0.2.1
[INFO] [stderr]    Compiling byteorder v1.4.3
[INFO] [stderr]    Compiling serde_json v1.0.68
[INFO] [stderr]    Compiling hex v0.4.3
[INFO] [stderr]    Compiling crunchy v0.2.2
[INFO] [stderr]    Compiling schemars v0.8.6
[INFO] [stderr]    Compiling dyn-clone v1.0.4
[INFO] [stderr]    Compiling der v0.4.4
[INFO] [stderr]    Compiling static_assertions v1.1.0
[INFO] [stderr]    Compiling generic-array v0.14.4
[INFO] [stderr]    Compiling uint v0.9.1
[INFO] [stderr]    Compiling spki v0.4.1
[INFO] [stderr]    Compiling pkcs8 v0.7.6
[INFO] [stderr]    Compiling getrandom v0.2.3
[INFO] [stderr]    Compiling rand_core v0.5.1
[INFO] [stderr]    Compiling rand_core v0.6.3
[INFO] [stderr]    Compiling ff v0.10.1
[INFO] [stderr]    Compiling digest v0.9.0
[INFO] [stderr]    Compiling crypto-mac v0.11.1
[INFO] [stderr]    Compiling crypto-bigint v0.2.11
[INFO] [stderr]    Compiling block-buffer v0.9.0
[INFO] [stderr]    Compiling group v0.10.0
[INFO] [stderr]    Compiling sha2 v0.9.8
[INFO] [stderr]    Compiling signature v1.3.2
[INFO] [stderr]    Compiling hmac v0.11.0
[INFO] [stderr]    Compiling curve25519-dalek v3.2.0
[INFO] [stderr]    Compiling elliptic-curve v0.10.6
[INFO] [stderr]    Compiling ecdsa v0.12.4
[INFO] [stderr]    Compiling k256 v0.9.6
[INFO] [stderr]    Compiling serde_derive_internals v0.25.0
[INFO] [stderr]    Compiling thiserror-impl v1.0.30
[INFO] [stderr]    Compiling schemars_derive v0.8.6
[INFO] [stderr]    Compiling cosmwasm-derive v0.16.2
[INFO] [stderr]    Compiling thiserror v1.0.30
[INFO] [stderr]    Compiling ed25519-zebra v2.2.0
[INFO] [stderr]    Compiling serde-json-wasm v0.3.1
[INFO] [stderr]    Compiling cosmwasm-crypto v0.16.2
[INFO] [stderr]    Compiling cosmwasm-std v0.16.2
[INFO] [stderr]    Compiling cw-storage-plus v0.8.1
[INFO] [stderr]    Compiling terra-cosmwasm v2.2.0
[INFO] [stderr]    Compiling cosmwasm-storage v0.16.2
[INFO] [stderr]    Compiling cw2 v0.8.1
[INFO] [stderr]    Compiling terra-cosmwasm-test-contract v0.1.0 (/opt/rustwide/workdir)
[INFO] [stderr]     Finished dev [unoptimized + debuginfo] target(s) in 29.61s
[INFO] running `Command { std: "docker" "inspect" "12c053ac2ea9fbe71646632373050faf9e8cca74c53dae90faf922f98a67eb4e", kill_on_drop: false }`
[INFO] running `Command { std: "docker" "rm" "-f" "12c053ac2ea9fbe71646632373050faf9e8cca74c53dae90faf922f98a67eb4e", kill_on_drop: false }`
[INFO] [stdout] 12c053ac2ea9fbe71646632373050faf9e8cca74c53dae90faf922f98a67eb4e
[INFO] running `Command { std: "docker" "create" "-v" "/var/lib/crater-agent-workspace/builds/worker-6-tc2/target:/opt/rustwide/target:rw,Z" "-v" "/var/lib/crater-agent-workspace/builds/worker-6-tc2/source:/opt/rustwide/workdir:ro,Z" "-v" "/var/lib/crater-agent-workspace/cargo-home:/opt/rustwide/cargo-home:ro,Z" "-v" "/var/lib/crater-agent-workspace/rustup-home:/opt/rustwide/rustup-home:ro,Z" "-e" "SOURCE_DIR=/opt/rustwide/workdir" "-e" "CARGO_TARGET_DIR=/opt/rustwide/target" "-e" "CARGO_INCREMENTAL=0" "-e" "RUST_BACKTRACE=full" "-e" "RUSTFLAGS=--cap-lints=warn" "-e" "RUSTDOCFLAGS=--cap-lints=warn" "-e" "CARGO_HOME=/opt/rustwide/cargo-home" "-e" "RUSTUP_HOME=/opt/rustwide/rustup-home" "-w" "/opt/rustwide/workdir" "-m" "1610612736" "--user" "0:0" "--network" "none" "ghcr.io/rust-lang/crates-build-env/linux@sha256:5ff2268d62e97bff2cde7d5815dd6ed5b47097566f13b8d0ca110b04b60e07ed" "/opt/rustwide/cargo-home/bin/cargo" "+beta-2023-04-20" "test" "--frozen" "--no-run" "--message-format=json", kill_on_drop: false }`
[INFO] [stdout] c0025f8ad45450d34b1dbd62733dc5e5197c46fcf77a5c2ac4b08fc0b7cd8f7f
[INFO] running `Command { std: "docker" "start" "-a" "c0025f8ad45450d34b1dbd62733dc5e5197c46fcf77a5c2ac4b08fc0b7cd8f7f", kill_on_drop: false }`
[INFO] [stderr]    Compiling cosmwasm-schema v0.16.2
[INFO] [stderr]    Compiling terra-cosmwasm-test-contract v0.1.0 (/opt/rustwide/workdir)
[INFO] [stderr]     Finished test [unoptimized + debuginfo] target(s) in 1.57s
[INFO] running `Command { std: "docker" "inspect" "c0025f8ad45450d34b1dbd62733dc5e5197c46fcf77a5c2ac4b08fc0b7cd8f7f", kill_on_drop: false }`
[INFO] running `Command { std: "docker" "rm" "-f" "c0025f8ad45450d34b1dbd62733dc5e5197c46fcf77a5c2ac4b08fc0b7cd8f7f", kill_on_drop: false }`
[INFO] [stdout] c0025f8ad45450d34b1dbd62733dc5e5197c46fcf77a5c2ac4b08fc0b7cd8f7f
[INFO] running `Command { std: "docker" "create" "-v" "/var/lib/crater-agent-workspace/builds/worker-6-tc2/target:/opt/rustwide/target:rw,Z" "-v" "/var/lib/crater-agent-workspace/builds/worker-6-tc2/source:/opt/rustwide/workdir:ro,Z" "-v" "/var/lib/crater-agent-workspace/cargo-home:/opt/rustwide/cargo-home:ro,Z" "-v" "/var/lib/crater-agent-workspace/rustup-home:/opt/rustwide/rustup-home:ro,Z" "-e" "SOURCE_DIR=/opt/rustwide/workdir" "-e" "CARGO_TARGET_DIR=/opt/rustwide/target" "-e" "CARGO_INCREMENTAL=0" "-e" "RUST_BACKTRACE=full" "-e" "RUSTFLAGS=--cap-lints=warn" "-e" "RUSTDOCFLAGS=--cap-lints=warn" "-e" "CARGO_HOME=/opt/rustwide/cargo-home" "-e" "RUSTUP_HOME=/opt/rustwide/rustup-home" "-w" "/opt/rustwide/workdir" "-m" "1610612736" "--user" "0:0" "--network" "none" "ghcr.io/rust-lang/crates-build-env/linux@sha256:5ff2268d62e97bff2cde7d5815dd6ed5b47097566f13b8d0ca110b04b60e07ed" "/opt/rustwide/cargo-home/bin/cargo" "+beta-2023-04-20" "test" "--frozen", kill_on_drop: false }`
[INFO] [stdout] 28d173c1fbeeec3b005654bd4dfbb10f5398785cdbb58c4046f3e8a32fb649c0
[INFO] running `Command { std: "docker" "start" "-a" "28d173c1fbeeec3b005654bd4dfbb10f5398785cdbb58c4046f3e8a32fb649c0", kill_on_drop: false }`
[INFO] [stderr]     Blocking waiting for file lock on package cache
[INFO] [stderr]     Finished test [unoptimized + debuginfo] target(s) in 0.55s
[INFO] [stderr]      Running unittests src/lib.rs (/opt/rustwide/target/debug/deps/terra_cosmwasm_test_contract-7d1c9afe79a4a647)
[INFO] [stdout] 
[INFO] [stdout] running 1 test
[INFO] [stdout] test contract::tests::proper_initialization ... FAILED
[INFO] [stdout] 
[INFO] [stdout] failures:
[INFO] [stdout] 
[INFO] [stdout] ---- contract::tests::proper_initialization stdout ----
[INFO] [stdout] thread 'contract::tests::proper_initialization' panicked at 'called `Result::unwrap()` on an `Err` value: GenericErr { msg: "Querier system error: Unsupported query type: custom" }', src/contract.rs:116:77
[INFO] [stdout] stack backtrace:
[INFO] [stdout]    0:     0x55740878163a - std::backtrace_rs::backtrace::libunwind::trace::h2f05d0192276a8f6
[INFO] [stdout]                                at /rustc/1b7dd2252b99671ce5d1cb9664c5f8636329436d/library/std/src/../../backtrace/src/backtrace/libunwind.rs:93:5
[INFO] [stdout]    1:     0x55740878163a - std::backtrace_rs::backtrace::trace_unsynchronized::hedc23dff7a1af150
[INFO] [stdout]                                at /rustc/1b7dd2252b99671ce5d1cb9664c5f8636329436d/library/std/src/../../backtrace/src/backtrace/mod.rs:66:5
[INFO] [stdout]    2:     0x55740878163a - std::sys_common::backtrace::_print_fmt::h17541ef7592f3ce2
[INFO] [stdout]                                at /rustc/1b7dd2252b99671ce5d1cb9664c5f8636329436d/library/std/src/sys_common/backtrace.rs:65:5
[INFO] [stdout]    3:     0x55740878163a - <std::sys_common::backtrace::_print::DisplayBacktrace as core::fmt::Display>::fmt::h20f75df5ab0c0792
[INFO] [stdout]                                at /rustc/1b7dd2252b99671ce5d1cb9664c5f8636329436d/library/std/src/sys_common/backtrace.rs:44:22
[INFO] [stdout]    4:     0x5574087a594f - core::fmt::write::h78109e6f466b3af6
[INFO] [stdout]                                at /rustc/1b7dd2252b99671ce5d1cb9664c5f8636329436d/library/core/src/fmt/mod.rs:1254:17
[INFO] [stdout]    5:     0x55740877e985 - std::io::Write::write_fmt::hd24bfb68a1b35a25
[INFO] [stdout]                                at /rustc/1b7dd2252b99671ce5d1cb9664c5f8636329436d/library/std/src/io/mod.rs:1698:15
[INFO] [stdout]    6:     0x557408781405 - std::sys_common::backtrace::_print::h8dac57a9f8fbf9a5
[INFO] [stdout]                                at /rustc/1b7dd2252b99671ce5d1cb9664c5f8636329436d/library/std/src/sys_common/backtrace.rs:47:5
[INFO] [stdout]    7:     0x557408781405 - std::sys_common::backtrace::print::hf9ecbf41d1aa712f
[INFO] [stdout]                                at /rustc/1b7dd2252b99671ce5d1cb9664c5f8636329436d/library/std/src/sys_common/backtrace.rs:34:9
[INFO] [stdout]    8:     0x5574087830be - std::panicking::default_hook::{{closure}}::h04c07acfc84ca028
[INFO] [stdout]                                at /rustc/1b7dd2252b99671ce5d1cb9664c5f8636329436d/library/std/src/panicking.rs:269:22
[INFO] [stdout]    9:     0x557408782df1 - std::panicking::default_hook::h01f6bb23e1eceb2c
[INFO] [stdout]                                at /rustc/1b7dd2252b99671ce5d1cb9664c5f8636329436d/library/std/src/panicking.rs:285:9
[INFO] [stdout]   10:     0x5574086751eb - <alloc::boxed::Box<F,A> as core::ops::function::Fn<Args>>::call::h87fe9f7b2fd49e4c
[INFO] [stdout]                                at /rustc/1b7dd2252b99671ce5d1cb9664c5f8636329436d/library/alloc/src/boxed.rs:1987:9
[INFO] [stdout]   11:     0x5574086751eb - test::test_main::{{closure}}::he94d679243a7531b
[INFO] [stdout]                                at /rustc/1b7dd2252b99671ce5d1cb9664c5f8636329436d/library/test/src/lib.rs:134:21
[INFO] [stdout]   12:     0x5574087837a4 - <alloc::boxed::Box<F,A> as core::ops::function::Fn<Args>>::call::h3f2d6d8b14c4769f
[INFO] [stdout]                                at /rustc/1b7dd2252b99671ce5d1cb9664c5f8636329436d/library/alloc/src/boxed.rs:1987:9
[INFO] [stdout]   13:     0x5574087837a4 - std::panicking::rust_panic_with_hook::h2bb3722bbaf2f6df
[INFO] [stdout]                                at /rustc/1b7dd2252b99671ce5d1cb9664c5f8636329436d/library/std/src/panicking.rs:695:13
[INFO] [stdout]   14:     0x557408783519 - std::panicking::begin_panic_handler::{{closure}}::h91bc7f36a4be011b
[INFO] [stdout]                                at /rustc/1b7dd2252b99671ce5d1cb9664c5f8636329436d/library/std/src/panicking.rs:582:13
[INFO] [stdout]   15:     0x557408781aa6 - std::sys_common::backtrace::__rust_end_short_backtrace::h8b3d3717114f9e59
[INFO] [stdout]                                at /rustc/1b7dd2252b99671ce5d1cb9664c5f8636329436d/library/std/src/sys_common/backtrace.rs:150:18
[INFO] [stdout]   16:     0x557408783272 - rust_begin_unwind
[INFO] [stdout]                                at /rustc/1b7dd2252b99671ce5d1cb9664c5f8636329436d/library/std/src/panicking.rs:578:5
[INFO] [stdout]   17:     0x557408626ba3 - core::panicking::panic_fmt::hfd368e3fbdabea26
[INFO] [stdout]                                at /rustc/1b7dd2252b99671ce5d1cb9664c5f8636329436d/library/core/src/panicking.rs:67:14
[INFO] [stdout]   18:     0x5574086270e3 - core::result::unwrap_failed::he54eb4b2f125b26f
[INFO] [stdout]                                at /rustc/1b7dd2252b99671ce5d1cb9664c5f8636329436d/library/core/src/result.rs:1687:5
[INFO] [stdout]   19:     0x55740862ea13 - core::result::Result<T,E>::unwrap::h88db50cf81888c1f
[INFO] [stdout]                                at /rustc/1b7dd2252b99671ce5d1cb9664c5f8636329436d/library/core/src/result.rs:1089:23
[INFO] [stdout]   20:     0x557408633a2f - terra_cosmwasm_test_contract::contract::tests::proper_initialization::h76c765051a709451
[INFO] [stdout]                                at /opt/rustwide/workdir/src/contract.rs:116:19
[INFO] [stdout]   21:     0x5574086336d7 - terra_cosmwasm_test_contract::contract::tests::proper_initialization::{{closure}}::h4ad525179794db70
[INFO] [stdout]                                at /opt/rustwide/workdir/src/contract.rs:104:32
[INFO] [stdout]   22:     0x557408630a75 - core::ops::function::FnOnce::call_once::h977d9741771e864c
[INFO] [stdout]                                at /rustc/1b7dd2252b99671ce5d1cb9664c5f8636329436d/library/core/src/ops/function.rs:250:5
[INFO] [stdout]   23:     0x55740867a0bf - core::ops::function::FnOnce::call_once::ha6a70e79f7481a7e
[INFO] [stdout]                                at /rustc/1b7dd2252b99671ce5d1cb9664c5f8636329436d/library/core/src/ops/function.rs:250:5
[INFO] [stdout]   24:     0x55740867a0bf - test::__rust_begin_short_backtrace::hce33033019b61e69
[INFO] [stdout]                                at /rustc/1b7dd2252b99671ce5d1cb9664c5f8636329436d/library/test/src/lib.rs:655:18
[INFO] [stdout]   25:     0x5574086478ac - test::run_test::{{closure}}::h858d3528838ae3e5
[INFO] [stdout]                                at /rustc/1b7dd2252b99671ce5d1cb9664c5f8636329436d/library/test/src/lib.rs:646:30
[INFO] [stdout]   26:     0x5574086478ac - core::ops::function::FnOnce::call_once{{vtable.shim}}::he8ac2b00f01ae79e
[INFO] [stdout]                                at /rustc/1b7dd2252b99671ce5d1cb9664c5f8636329436d/library/core/src/ops/function.rs:250:5
[INFO] [stdout]   27:     0x557408679196 - <alloc::boxed::Box<F,A> as core::ops::function::FnOnce<Args>>::call_once::h8093d25b522725ef
[INFO] [stdout]                                at /rustc/1b7dd2252b99671ce5d1cb9664c5f8636329436d/library/alloc/src/boxed.rs:1973:9
[INFO] [stdout]   28:     0x557408679196 - <core::panic::unwind_safe::AssertUnwindSafe<F> as core::ops::function::FnOnce<()>>::call_once::h5c334c204e4a3913
[INFO] [stdout]                                at /rustc/1b7dd2252b99671ce5d1cb9664c5f8636329436d/library/core/src/panic/unwind_safe.rs:271:9
[INFO] [stdout]   29:     0x557408679196 - std::panicking::try::do_call::ha8b740c7b9478074
[INFO] [stdout]                                at /rustc/1b7dd2252b99671ce5d1cb9664c5f8636329436d/library/std/src/panicking.rs:485:40
[INFO] [stdout]   30:     0x557408679196 - std::panicking::try::h5d34f63d0e41b64e
[INFO] [stdout]                                at /rustc/1b7dd2252b99671ce5d1cb9664c5f8636329436d/library/std/src/panicking.rs:449:19
[INFO] [stdout]   31:     0x557408679196 - std::panic::catch_unwind::hcfbb511e1aa7fc67
[INFO] [stdout]                                at /rustc/1b7dd2252b99671ce5d1cb9664c5f8636329436d/library/std/src/panic.rs:140:14
[INFO] [stdout]   32:     0x557408679196 - test::run_test_in_process::h9abda90f802eaf21
[INFO] [stdout]                                at /rustc/1b7dd2252b99671ce5d1cb9664c5f8636329436d/library/test/src/lib.rs:678:27
[INFO] [stdout]   33:     0x557408679196 - test::run_test::run_test_inner::{{closure}}::h0f058de91f6c6edf
[INFO] [stdout]                                at /rustc/1b7dd2252b99671ce5d1cb9664c5f8636329436d/library/test/src/lib.rs:572:39
[INFO] [stdout]   34:     0x5574086420b5 - test::run_test::run_test_inner::{{closure}}::h5ca48a4c59c6c1fb
[INFO] [stdout]                                at /rustc/1b7dd2252b99671ce5d1cb9664c5f8636329436d/library/test/src/lib.rs:599:37
[INFO] [stdout]   35:     0x5574086420b5 - std::sys_common::backtrace::__rust_begin_short_backtrace::h32bd51e1495d4a33
[INFO] [stdout]                                at /rustc/1b7dd2252b99671ce5d1cb9664c5f8636329436d/library/std/src/sys_common/backtrace.rs:134:18
[INFO] [stdout]   36:     0x5574086475f1 - std::thread::Builder::spawn_unchecked_::{{closure}}::{{closure}}::hc086fae9b128b2db
[INFO] [stdout]                                at /rustc/1b7dd2252b99671ce5d1cb9664c5f8636329436d/library/std/src/thread/mod.rs:526:17
[INFO] [stdout]   37:     0x5574086475f1 - <core::panic::unwind_safe::AssertUnwindSafe<F> as core::ops::function::FnOnce<()>>::call_once::hb66571888d270d43
[INFO] [stdout]                                at /rustc/1b7dd2252b99671ce5d1cb9664c5f8636329436d/library/core/src/panic/unwind_safe.rs:271:9
[INFO] [stdout]   38:     0x5574086475f1 - std::panicking::try::do_call::h4fa2ef4f6e51fecf
[INFO] [stdout]                                at /rustc/1b7dd2252b99671ce5d1cb9664c5f8636329436d/library/std/src/panicking.rs:485:40
[INFO] [stdout]   39:     0x5574086475f1 - std::panicking::try::h1e9e22b8584489b5
[INFO] [stdout]                                at /rustc/1b7dd2252b99671ce5d1cb9664c5f8636329436d/library/std/src/panicking.rs:449:19
[INFO] [stdout]   40:     0x5574086475f1 - std::panic::catch_unwind::h44698a3de0e0769e
[INFO] [stdout]                                at /rustc/1b7dd2252b99671ce5d1cb9664c5f8636329436d/library/std/src/panic.rs:140:14
[INFO] [stdout]   41:     0x5574086475f1 - std::thread::Builder::spawn_unchecked_::{{closure}}::h50153abde3fe239e
[INFO] [stdout]                                at /rustc/1b7dd2252b99671ce5d1cb9664c5f8636329436d/library/std/src/thread/mod.rs:525:30
[INFO] [stdout]   42:     0x5574086475f1 - core::ops::function::FnOnce::call_once{{vtable.shim}}::hbe5bbf6f38394364
[INFO] [stdout]                                at /rustc/1b7dd2252b99671ce5d1cb9664c5f8636329436d/library/core/src/ops/function.rs:250:5
[INFO] [stdout]   43:     0x557408787c75 - <alloc::boxed::Box<F,A> as core::ops::function::FnOnce<Args>>::call_once::h0d83cb2920a49046
[INFO] [stdout]                                at /rustc/1b7dd2252b99671ce5d1cb9664c5f8636329436d/library/alloc/src/boxed.rs:1973:9
[INFO] [stdout]   44:     0x557408787c75 - <alloc::boxed::Box<F,A> as core::ops::function::FnOnce<Args>>::call_once::hbe0a008aa7d9ef59
[INFO] [stdout]                                at /rustc/1b7dd2252b99671ce5d1cb9664c5f8636329436d/library/alloc/src/boxed.rs:1973:9
[INFO] [stdout]   45:     0x557408787c75 - std::sys::unix::thread::Thread::new::thread_start::h3a466996bdf6b1f9
[INFO] [stdout]                                at /rustc/1b7dd2252b99671ce5d1cb9664c5f8636329436d/library/std/src/sys/unix/thread.rs:108:17
[INFO] [stdout]   46:     0x7f13b3780b43 - <unknown>
[INFO] [stdout]   47:     0x7f13b3811bb4 - __clone
[INFO] [stdout]   48:                0x0 - <unknown>
[INFO] [stdout] 
[INFO] [stdout] 
[INFO] [stdout] failures:
[INFO] [stdout]     contract::tests::proper_initialization
[INFO] [stdout] 
[INFO] [stdout] test result: FAILED. 0 passed; 1 failed; 0 ignored; 0 measured; 0 filtered out; finished in 0.02s
[INFO] [stdout] 
[INFO] [stderr] error: test failed, to rerun pass `--lib`
[INFO] running `Command { std: "docker" "inspect" "28d173c1fbeeec3b005654bd4dfbb10f5398785cdbb58c4046f3e8a32fb649c0", kill_on_drop: false }`
[INFO] running `Command { std: "docker" "rm" "-f" "28d173c1fbeeec3b005654bd4dfbb10f5398785cdbb58c4046f3e8a32fb649c0", kill_on_drop: false }`
[INFO] [stdout] 28d173c1fbeeec3b005654bd4dfbb10f5398785cdbb58c4046f3e8a32fb649c0
