[INFO] cloning repository https://github.com/dstaatz/ref-view
[INFO] running `Command { std: "git" "-c" "credential.helper=" "-c" "credential.helper=/workspace/cargo-home/bin/git-credential-null" "clone" "--bare" "https://github.com/dstaatz/ref-view" "/workspace/cache/git-repos/https%3A%2F%2Fgithub.com%2Fdstaatz%2Fref-view", kill_on_drop: false }`
[INFO] [stderr] Cloning into bare repository '/workspace/cache/git-repos/https%3A%2F%2Fgithub.com%2Fdstaatz%2Fref-view'...
[INFO] running `Command { std: "git" "rev-parse" "HEAD", kill_on_drop: false }`
[INFO] [stdout] 22e81184167c8ccc72cb8f1e542d9a9f1ae3e182
[INFO] testing dstaatz/ref-view against 1.69.0 for beta-1.70-1
[INFO] running `Command { std: "git" "clone" "/workspace/cache/git-repos/https%3A%2F%2Fgithub.com%2Fdstaatz%2Fref-view" "/workspace/builds/worker-4-tc1/source", kill_on_drop: false }`
[INFO] [stderr] Cloning into '/workspace/builds/worker-4-tc1/source'...
[INFO] [stderr] done.
[INFO] validating manifest of git repo https://github.com/dstaatz/ref-view on toolchain 1.69.0
[INFO] running `Command { std: CARGO_HOME="/workspace/cargo-home" RUSTUP_HOME="/workspace/rustup-home" "/workspace/cargo-home/bin/cargo" "+1.69.0" "metadata" "--manifest-path" "Cargo.toml" "--no-deps", kill_on_drop: false }`
[INFO] started tweaking git repo https://github.com/dstaatz/ref-view
[INFO] finished tweaking git repo https://github.com/dstaatz/ref-view
[INFO] tweaked toml for git repo https://github.com/dstaatz/ref-view written to /workspace/builds/worker-4-tc1/source/Cargo.toml
[INFO] crate git repo https://github.com/dstaatz/ref-view already has a lockfile, it will not be regenerated
[INFO] running `Command { std: CARGO_HOME="/workspace/cargo-home" RUSTUP_HOME="/workspace/rustup-home" "/workspace/cargo-home/bin/cargo" "+1.69.0" "fetch" "--manifest-path" "Cargo.toml", kill_on_drop: false }`
[INFO] running `Command { std: "docker" "create" "-v" "/var/lib/crater-agent-workspace/builds/worker-4-tc1/target:/opt/rustwide/target:rw,Z" "-v" "/var/lib/crater-agent-workspace/builds/worker-4-tc1/source:/opt/rustwide/workdir:ro,Z" "-v" "/var/lib/crater-agent-workspace/cargo-home:/opt/rustwide/cargo-home:ro,Z" "-v" "/var/lib/crater-agent-workspace/rustup-home:/opt/rustwide/rustup-home:ro,Z" "-e" "SOURCE_DIR=/opt/rustwide/workdir" "-e" "CARGO_TARGET_DIR=/opt/rustwide/target" "-e" "CARGO_HOME=/opt/rustwide/cargo-home" "-e" "RUSTUP_HOME=/opt/rustwide/rustup-home" "-w" "/opt/rustwide/workdir" "-m" "1610612736" "--user" "0:0" "--network" "none" "ghcr.io/rust-lang/crates-build-env/linux@sha256:5ff2268d62e97bff2cde7d5815dd6ed5b47097566f13b8d0ca110b04b60e07ed" "/opt/rustwide/cargo-home/bin/cargo" "+1.69.0" "metadata" "--no-deps" "--format-version=1", kill_on_drop: false }`
[INFO] [stdout] f9ecd618cf3ccbafb099cc3eda4a83a90ba8814a73bc282adb4387e3b264ec5f
[INFO] running `Command { std: "docker" "start" "-a" "f9ecd618cf3ccbafb099cc3eda4a83a90ba8814a73bc282adb4387e3b264ec5f", kill_on_drop: false }`
[INFO] running `Command { std: "docker" "inspect" "f9ecd618cf3ccbafb099cc3eda4a83a90ba8814a73bc282adb4387e3b264ec5f", kill_on_drop: false }`
[INFO] running `Command { std: "docker" "rm" "-f" "f9ecd618cf3ccbafb099cc3eda4a83a90ba8814a73bc282adb4387e3b264ec5f", kill_on_drop: false }`
[INFO] [stdout] f9ecd618cf3ccbafb099cc3eda4a83a90ba8814a73bc282adb4387e3b264ec5f
[INFO] running `Command { std: "docker" "create" "-v" "/var/lib/crater-agent-workspace/builds/worker-4-tc1/target:/opt/rustwide/target:rw,Z" "-v" "/var/lib/crater-agent-workspace/builds/worker-4-tc1/source:/opt/rustwide/workdir:ro,Z" "-v" "/var/lib/crater-agent-workspace/cargo-home:/opt/rustwide/cargo-home:ro,Z" "-v" "/var/lib/crater-agent-workspace/rustup-home:/opt/rustwide/rustup-home:ro,Z" "-e" "SOURCE_DIR=/opt/rustwide/workdir" "-e" "CARGO_TARGET_DIR=/opt/rustwide/target" "-e" "CARGO_INCREMENTAL=0" "-e" "RUST_BACKTRACE=full" "-e" "RUSTFLAGS=--cap-lints=warn" "-e" "RUSTDOCFLAGS=--cap-lints=warn" "-e" "CARGO_HOME=/opt/rustwide/cargo-home" "-e" "RUSTUP_HOME=/opt/rustwide/rustup-home" "-w" "/opt/rustwide/workdir" "-m" "1610612736" "--user" "0:0" "--network" "none" "ghcr.io/rust-lang/crates-build-env/linux@sha256:5ff2268d62e97bff2cde7d5815dd6ed5b47097566f13b8d0ca110b04b60e07ed" "/opt/rustwide/cargo-home/bin/cargo" "+1.69.0" "build" "--frozen" "--message-format=json", kill_on_drop: false }`
[INFO] [stdout] d0ecb188ebecb50eb0574eb56e7e017f31e1375c83d224535245aa216f812948
[INFO] running `Command { std: "docker" "start" "-a" "d0ecb188ebecb50eb0574eb56e7e017f31e1375c83d224535245aa216f812948", kill_on_drop: false }`
[INFO] [stderr]    Compiling proc-macro2 v1.0.36
[INFO] [stderr]    Compiling unicode-xid v0.2.2
[INFO] [stderr]    Compiling syn v1.0.86
[INFO] [stderr]    Compiling quote v1.0.15
[INFO] [stderr]    Compiling refview_derive v0.1.0 (/opt/rustwide/workdir/refview_derive)
[INFO] [stderr]    Compiling refview v0.1.0 (/opt/rustwide/workdir/refview)
[INFO] [stderr]    Compiling refview_example v0.0.0 (/opt/rustwide/workdir/example)
[INFO] [stderr]     Finished dev [unoptimized + debuginfo] target(s) in 4.10s
[INFO] running `Command { std: "docker" "inspect" "d0ecb188ebecb50eb0574eb56e7e017f31e1375c83d224535245aa216f812948", kill_on_drop: false }`
[INFO] running `Command { std: "docker" "rm" "-f" "d0ecb188ebecb50eb0574eb56e7e017f31e1375c83d224535245aa216f812948", kill_on_drop: false }`
[INFO] [stdout] d0ecb188ebecb50eb0574eb56e7e017f31e1375c83d224535245aa216f812948
[INFO] running `Command { std: "docker" "create" "-v" "/var/lib/crater-agent-workspace/builds/worker-4-tc1/target:/opt/rustwide/target:rw,Z" "-v" "/var/lib/crater-agent-workspace/builds/worker-4-tc1/source:/opt/rustwide/workdir:ro,Z" "-v" "/var/lib/crater-agent-workspace/cargo-home:/opt/rustwide/cargo-home:ro,Z" "-v" "/var/lib/crater-agent-workspace/rustup-home:/opt/rustwide/rustup-home:ro,Z" "-e" "SOURCE_DIR=/opt/rustwide/workdir" "-e" "CARGO_TARGET_DIR=/opt/rustwide/target" "-e" "CARGO_INCREMENTAL=0" "-e" "RUST_BACKTRACE=full" "-e" "RUSTFLAGS=--cap-lints=warn" "-e" "RUSTDOCFLAGS=--cap-lints=warn" "-e" "CARGO_HOME=/opt/rustwide/cargo-home" "-e" "RUSTUP_HOME=/opt/rustwide/rustup-home" "-w" "/opt/rustwide/workdir" "-m" "1610612736" "--user" "0:0" "--network" "none" "ghcr.io/rust-lang/crates-build-env/linux@sha256:5ff2268d62e97bff2cde7d5815dd6ed5b47097566f13b8d0ca110b04b60e07ed" "/opt/rustwide/cargo-home/bin/cargo" "+1.69.0" "test" "--frozen" "--no-run" "--message-format=json", kill_on_drop: false }`
[INFO] [stdout] 39a9d9d5e10a959bbcab48d3453724d86d571126d61fd8eb2cfc9f47cb713f81
[INFO] running `Command { std: "docker" "start" "-a" "39a9d9d5e10a959bbcab48d3453724d86d571126d61fd8eb2cfc9f47cb713f81", kill_on_drop: false }`
[INFO] [stderr]    Compiling refview_derive v0.1.0 (/opt/rustwide/workdir/refview_derive)
[INFO] [stderr]    Compiling refview v0.1.0 (/opt/rustwide/workdir/refview)
[INFO] [stderr]    Compiling refview_example v0.0.0 (/opt/rustwide/workdir/example)
[INFO] [stderr]     Finished test [unoptimized + debuginfo] target(s) in 0.71s
[INFO] running `Command { std: "docker" "inspect" "39a9d9d5e10a959bbcab48d3453724d86d571126d61fd8eb2cfc9f47cb713f81", kill_on_drop: false }`
[INFO] running `Command { std: "docker" "rm" "-f" "39a9d9d5e10a959bbcab48d3453724d86d571126d61fd8eb2cfc9f47cb713f81", kill_on_drop: false }`
[INFO] [stdout] 39a9d9d5e10a959bbcab48d3453724d86d571126d61fd8eb2cfc9f47cb713f81
[INFO] running `Command { std: "docker" "create" "-v" "/var/lib/crater-agent-workspace/builds/worker-4-tc1/target:/opt/rustwide/target:rw,Z" "-v" "/var/lib/crater-agent-workspace/builds/worker-4-tc1/source:/opt/rustwide/workdir:ro,Z" "-v" "/var/lib/crater-agent-workspace/cargo-home:/opt/rustwide/cargo-home:ro,Z" "-v" "/var/lib/crater-agent-workspace/rustup-home:/opt/rustwide/rustup-home:ro,Z" "-e" "SOURCE_DIR=/opt/rustwide/workdir" "-e" "CARGO_TARGET_DIR=/opt/rustwide/target" "-e" "CARGO_INCREMENTAL=0" "-e" "RUST_BACKTRACE=full" "-e" "RUSTFLAGS=--cap-lints=warn" "-e" "RUSTDOCFLAGS=--cap-lints=warn" "-e" "CARGO_HOME=/opt/rustwide/cargo-home" "-e" "RUSTUP_HOME=/opt/rustwide/rustup-home" "-w" "/opt/rustwide/workdir" "-m" "1610612736" "--user" "0:0" "--network" "none" "ghcr.io/rust-lang/crates-build-env/linux@sha256:5ff2268d62e97bff2cde7d5815dd6ed5b47097566f13b8d0ca110b04b60e07ed" "/opt/rustwide/cargo-home/bin/cargo" "+1.69.0" "test" "--frozen", kill_on_drop: false }`
[INFO] [stdout] a78cc18dedf3f82fb17fb6f0de120ab80e5c506fbdfeb85093310a759bca8155
[INFO] running `Command { std: "docker" "start" "-a" "a78cc18dedf3f82fb17fb6f0de120ab80e5c506fbdfeb85093310a759bca8155", kill_on_drop: false }`
[INFO] [stderr]     Finished test [unoptimized + debuginfo] target(s) in 0.01s
[INFO] [stderr]      Running unittests src/lib.rs (/opt/rustwide/target/debug/deps/refview-a6ae9b7687974dca)
[INFO] [stdout] 
[INFO] [stdout] running 2 tests
[INFO] [stdout] test tests::test_view ... ok
[INFO] [stdout] test tests::test_view_mut ... ok
[INFO] [stdout] 
[INFO] [stdout] test result: ok. 2 passed; 0 failed; 0 ignored; 0 measured; 0 filtered out; finished in 0.00s
[INFO] [stdout] 
[INFO] [stderr]      Running unittests src/lib.rs (/opt/rustwide/target/debug/deps/refview_derive-bb39a7b348c53a41)
[INFO] [stdout] 
[INFO] [stdout] running 0 tests
[INFO] [stdout] 
[INFO] [stdout] test result: ok. 0 passed; 0 failed; 0 ignored; 0 measured; 0 filtered out; finished in 0.00s
[INFO] [stdout] 
[INFO] [stderr]      Running unittests src/main.rs (/opt/rustwide/target/debug/deps/refview_example-57bb3e8c1a4efb07)
[INFO] [stdout] 
[INFO] [stdout] running 0 tests
[INFO] [stdout] 
[INFO] [stdout] test result: ok. 0 passed; 0 failed; 0 ignored; 0 measured; 0 filtered out; finished in 0.00s
[INFO] [stdout] 
[INFO] [stderr]    Doc-tests refview
[INFO] [stdout] 
[INFO] [stdout] running 2 tests
[INFO] [stdout] test src/lib.rs - (line 7) ... FAILED
[INFO] [stdout] test src/lib.rs - (line 18) ... FAILED
[INFO] [stdout] 
[INFO] [stdout] failures:
[INFO] [stdout] 
[INFO] [stdout] ---- src/lib.rs - (line 7) stdout ----
[INFO] [stdout] error: cannot find derive macro `RefView` in this scope
[INFO] [stdout]  --> src/lib.rs:8:10
[INFO] [stdout]   |
[INFO] [stdout] 3 | #[derive(RefView)]
[INFO] [stdout]   |          ^^^^^^^
[INFO] [stdout]   |
[INFO] [stdout]   = help: consider importing one of these items:
[INFO] [stdout]           refview::RefView
[INFO] [stdout]           refview_derive::RefView
[INFO] [stdout] 
[INFO] [stdout] error: aborting due to previous error
[INFO] [stdout] 
[INFO] [stdout] Couldn't compile the test.
[INFO] [stdout] ---- src/lib.rs - (line 18) stdout ----
[INFO] [stdout] error[E0405]: cannot find trait `RefView` in this scope
[INFO] [stdout]   --> src/lib.rs:26:10
[INFO] [stdout]    |
[INFO] [stdout] 10 | impl<'a> RefView<'a> for DataStruct {
[INFO] [stdout]    |          ^^^^^^^ not found in this scope
[INFO] [stdout]    |
[INFO] [stdout] help: consider importing this trait
[INFO] [stdout]    |
[INFO] [stdout] 2  | use refview::RefView;
[INFO] [stdout]    |
[INFO] [stdout] 
[INFO] [stdout] error[E0412]: cannot find type `DataStruct` in this scope
[INFO] [stdout]   --> src/lib.rs:26:26
[INFO] [stdout]    |
[INFO] [stdout] 10 | impl<'a> RefView<'a> for DataStruct {
[INFO] [stdout]    |                          ^^^^^^^^^^ not found in this scope
[INFO] [stdout] 
[INFO] [stdout] error: aborting due to 2 previous errors
[INFO] [stdout] 
[INFO] [stdout] Some errors have detailed explanations: E0405, E0412.
[INFO] [stdout] For more information about an error, try `rustc --explain E0405`.
[INFO] [stdout] Couldn't compile the test.
[INFO] [stdout] 
[INFO] [stdout] failures:
[INFO] [stdout]     src/lib.rs - (line 18)
[INFO] [stdout]     src/lib.rs - (line 7)
[INFO] [stdout] 
[INFO] [stdout] test result: FAILED. 0 passed; 2 failed; 0 ignored; 0 measured; 0 filtered out; finished in 0.04s
[INFO] [stdout] 
[INFO] [stderr] error: doctest failed, to rerun pass `-p refview --doc`
[INFO] running `Command { std: "docker" "inspect" "a78cc18dedf3f82fb17fb6f0de120ab80e5c506fbdfeb85093310a759bca8155", kill_on_drop: false }`
[INFO] running `Command { std: "docker" "rm" "-f" "a78cc18dedf3f82fb17fb6f0de120ab80e5c506fbdfeb85093310a759bca8155", kill_on_drop: false }`
[INFO] [stdout] a78cc18dedf3f82fb17fb6f0de120ab80e5c506fbdfeb85093310a759bca8155
