[INFO] cloning repository https://github.com/dousamichal0807/mdswp
[INFO] running `Command { std: "git" "-c" "credential.helper=" "-c" "credential.helper=/workspace/cargo-home/bin/git-credential-null" "clone" "--bare" "https://github.com/dousamichal0807/mdswp" "/workspace/cache/git-repos/https%3A%2F%2Fgithub.com%2Fdousamichal0807%2Fmdswp", kill_on_drop: false }`
[INFO] [stderr] Cloning into bare repository '/workspace/cache/git-repos/https%3A%2F%2Fgithub.com%2Fdousamichal0807%2Fmdswp'...
[INFO] running `Command { std: "git" "rev-parse" "HEAD", kill_on_drop: false }`
[INFO] [stdout] cf632b375048061928e2bc32d1b11d063c758e2f
[INFO] testing dousamichal0807/mdswp against 1.69.0 for beta-1.70-1
[INFO] running `Command { std: "git" "clone" "/workspace/cache/git-repos/https%3A%2F%2Fgithub.com%2Fdousamichal0807%2Fmdswp" "/workspace/builds/worker-4-tc1/source", kill_on_drop: false }`
[INFO] [stderr] Cloning into '/workspace/builds/worker-4-tc1/source'...
[INFO] [stderr] done.
[INFO] validating manifest of git repo https://github.com/dousamichal0807/mdswp on toolchain 1.69.0
[INFO] running `Command { std: CARGO_HOME="/workspace/cargo-home" RUSTUP_HOME="/workspace/rustup-home" "/workspace/cargo-home/bin/cargo" "+1.69.0" "metadata" "--manifest-path" "Cargo.toml" "--no-deps", kill_on_drop: false }`
[INFO] started tweaking git repo https://github.com/dousamichal0807/mdswp
[INFO] finished tweaking git repo https://github.com/dousamichal0807/mdswp
[INFO] tweaked toml for git repo https://github.com/dousamichal0807/mdswp written to /workspace/builds/worker-4-tc1/source/Cargo.toml
[INFO] running `Command { std: CARGO_HOME="/workspace/cargo-home" RUSTUP_HOME="/workspace/rustup-home" __CARGO_TEST_CHANNEL_OVERRIDE_DO_NOT_USE_THIS="nightly" "/workspace/cargo-home/bin/cargo" "+1.69.0" "generate-lockfile" "--manifest-path" "Cargo.toml" "-Zno-index-update", kill_on_drop: false }`
[INFO] running `Command { std: CARGO_HOME="/workspace/cargo-home" RUSTUP_HOME="/workspace/rustup-home" "/workspace/cargo-home/bin/cargo" "+1.69.0" "fetch" "--manifest-path" "Cargo.toml", kill_on_drop: false }`
[INFO] [stderr] warning: only one of `license` or `license-file` is necessary
[INFO] [stderr] `license` should be used if the package license can be expressed with a standard SPDX expression.
[INFO] [stderr] `license-file` should be used if the package uses a non-standard license.
[INFO] [stderr] See https://doc.rust-lang.org/cargo/reference/manifest.html#the-license-and-license-file-fields for more information.
[INFO] running `Command { std: "docker" "create" "-v" "/var/lib/crater-agent-workspace/builds/worker-4-tc1/target:/opt/rustwide/target:rw,Z" "-v" "/var/lib/crater-agent-workspace/builds/worker-4-tc1/source:/opt/rustwide/workdir:ro,Z" "-v" "/var/lib/crater-agent-workspace/cargo-home:/opt/rustwide/cargo-home:ro,Z" "-v" "/var/lib/crater-agent-workspace/rustup-home:/opt/rustwide/rustup-home:ro,Z" "-e" "SOURCE_DIR=/opt/rustwide/workdir" "-e" "CARGO_TARGET_DIR=/opt/rustwide/target" "-e" "CARGO_HOME=/opt/rustwide/cargo-home" "-e" "RUSTUP_HOME=/opt/rustwide/rustup-home" "-w" "/opt/rustwide/workdir" "-m" "1610612736" "--user" "0:0" "--network" "none" "ghcr.io/rust-lang/crates-build-env/linux@sha256:97d61d7686bf65f8ecb15491ab51835e82dc9176a96a831f143a431b191fc501" "/opt/rustwide/cargo-home/bin/cargo" "+1.69.0" "metadata" "--no-deps" "--format-version=1", kill_on_drop: false }`
[INFO] [stdout] 31b47d84052a887cf5072feca07bb044dc8527ade969886c7faa96ec9e4343f4
[INFO] running `Command { std: "docker" "start" "-a" "31b47d84052a887cf5072feca07bb044dc8527ade969886c7faa96ec9e4343f4", kill_on_drop: false }`
[INFO] running `Command { std: "docker" "inspect" "31b47d84052a887cf5072feca07bb044dc8527ade969886c7faa96ec9e4343f4", kill_on_drop: false }`
[INFO] running `Command { std: "docker" "rm" "-f" "31b47d84052a887cf5072feca07bb044dc8527ade969886c7faa96ec9e4343f4", kill_on_drop: false }`
[INFO] [stdout] 31b47d84052a887cf5072feca07bb044dc8527ade969886c7faa96ec9e4343f4
[INFO] running `Command { std: "docker" "create" "-v" "/var/lib/crater-agent-workspace/builds/worker-4-tc1/target:/opt/rustwide/target:rw,Z" "-v" "/var/lib/crater-agent-workspace/builds/worker-4-tc1/source:/opt/rustwide/workdir:ro,Z" "-v" "/var/lib/crater-agent-workspace/cargo-home:/opt/rustwide/cargo-home:ro,Z" "-v" "/var/lib/crater-agent-workspace/rustup-home:/opt/rustwide/rustup-home:ro,Z" "-e" "SOURCE_DIR=/opt/rustwide/workdir" "-e" "CARGO_TARGET_DIR=/opt/rustwide/target" "-e" "CARGO_INCREMENTAL=0" "-e" "RUST_BACKTRACE=full" "-e" "RUSTFLAGS=--cap-lints=warn" "-e" "RUSTDOCFLAGS=--cap-lints=warn" "-e" "CARGO_HOME=/opt/rustwide/cargo-home" "-e" "RUSTUP_HOME=/opt/rustwide/rustup-home" "-w" "/opt/rustwide/workdir" "-m" "1610612736" "--user" "0:0" "--network" "none" "ghcr.io/rust-lang/crates-build-env/linux@sha256:97d61d7686bf65f8ecb15491ab51835e82dc9176a96a831f143a431b191fc501" "/opt/rustwide/cargo-home/bin/cargo" "+1.69.0" "build" "--frozen" "--message-format=json", kill_on_drop: false }`
[INFO] [stdout] bb9ceb01d4f5bc2137ad641e3828eef2e8268cf23cc2bab10b601212ee90b961
[INFO] running `Command { std: "docker" "start" "-a" "bb9ceb01d4f5bc2137ad641e3828eef2e8268cf23cc2bab10b601212ee90b961", kill_on_drop: false }`
[INFO] [stderr] warning: only one of `license` or `license-file` is necessary
[INFO] [stderr] `license` should be used if the package license can be expressed with a standard SPDX expression.
[INFO] [stderr] `license-file` should be used if the package uses a non-standard license.
[INFO] [stderr] See https://doc.rust-lang.org/cargo/reference/manifest.html#the-license-and-license-file-fields for more information.
[INFO] [stderr]    Compiling libc v0.2.142
[INFO] [stderr]    Compiling ppv-lite86 v0.2.17
[INFO] [stderr]    Compiling getrandom v0.2.9
[INFO] [stderr]    Compiling rand_core v0.6.4
[INFO] [stderr]    Compiling rand_chacha v0.3.1
[INFO] [stderr]    Compiling rand v0.8.5
[INFO] [stderr]    Compiling mdswp v0.2.0 (/opt/rustwide/workdir)
[INFO] [stderr]     Finished dev [unoptimized + debuginfo] target(s) in 3.06s
[INFO] running `Command { std: "docker" "inspect" "bb9ceb01d4f5bc2137ad641e3828eef2e8268cf23cc2bab10b601212ee90b961", kill_on_drop: false }`
[INFO] running `Command { std: "docker" "rm" "-f" "bb9ceb01d4f5bc2137ad641e3828eef2e8268cf23cc2bab10b601212ee90b961", kill_on_drop: false }`
[INFO] [stdout] bb9ceb01d4f5bc2137ad641e3828eef2e8268cf23cc2bab10b601212ee90b961
[INFO] running `Command { std: "docker" "create" "-v" "/var/lib/crater-agent-workspace/builds/worker-4-tc1/target:/opt/rustwide/target:rw,Z" "-v" "/var/lib/crater-agent-workspace/builds/worker-4-tc1/source:/opt/rustwide/workdir:ro,Z" "-v" "/var/lib/crater-agent-workspace/cargo-home:/opt/rustwide/cargo-home:ro,Z" "-v" "/var/lib/crater-agent-workspace/rustup-home:/opt/rustwide/rustup-home:ro,Z" "-e" "SOURCE_DIR=/opt/rustwide/workdir" "-e" "CARGO_TARGET_DIR=/opt/rustwide/target" "-e" "CARGO_INCREMENTAL=0" "-e" "RUST_BACKTRACE=full" "-e" "RUSTFLAGS=--cap-lints=warn" "-e" "RUSTDOCFLAGS=--cap-lints=warn" "-e" "CARGO_HOME=/opt/rustwide/cargo-home" "-e" "RUSTUP_HOME=/opt/rustwide/rustup-home" "-w" "/opt/rustwide/workdir" "-m" "1610612736" "--user" "0:0" "--network" "none" "ghcr.io/rust-lang/crates-build-env/linux@sha256:97d61d7686bf65f8ecb15491ab51835e82dc9176a96a831f143a431b191fc501" "/opt/rustwide/cargo-home/bin/cargo" "+1.69.0" "test" "--frozen" "--no-run" "--message-format=json", kill_on_drop: false }`
[INFO] [stdout] f2551dfa3e16dfe9322ab3118b6f7998e799fce065819c0f24cb6fb3d9a8b7e1
[INFO] running `Command { std: "docker" "start" "-a" "f2551dfa3e16dfe9322ab3118b6f7998e799fce065819c0f24cb6fb3d9a8b7e1", kill_on_drop: false }`
[INFO] [stderr] warning: only one of `license` or `license-file` is necessary
[INFO] [stderr] `license` should be used if the package license can be expressed with a standard SPDX expression.
[INFO] [stderr] `license-file` should be used if the package uses a non-standard license.
[INFO] [stderr] See https://doc.rust-lang.org/cargo/reference/manifest.html#the-license-and-license-file-fields for more information.
[INFO] [stderr]    Compiling mdswp v0.2.0 (/opt/rustwide/workdir)
[INFO] [stderr]     Finished test [unoptimized + debuginfo] target(s) in 0.81s
[INFO] running `Command { std: "docker" "inspect" "f2551dfa3e16dfe9322ab3118b6f7998e799fce065819c0f24cb6fb3d9a8b7e1", kill_on_drop: false }`
[INFO] running `Command { std: "docker" "rm" "-f" "f2551dfa3e16dfe9322ab3118b6f7998e799fce065819c0f24cb6fb3d9a8b7e1", kill_on_drop: false }`
[INFO] [stdout] f2551dfa3e16dfe9322ab3118b6f7998e799fce065819c0f24cb6fb3d9a8b7e1
[INFO] running `Command { std: "docker" "create" "-v" "/var/lib/crater-agent-workspace/builds/worker-4-tc1/target:/opt/rustwide/target:rw,Z" "-v" "/var/lib/crater-agent-workspace/builds/worker-4-tc1/source:/opt/rustwide/workdir:ro,Z" "-v" "/var/lib/crater-agent-workspace/cargo-home:/opt/rustwide/cargo-home:ro,Z" "-v" "/var/lib/crater-agent-workspace/rustup-home:/opt/rustwide/rustup-home:ro,Z" "-e" "SOURCE_DIR=/opt/rustwide/workdir" "-e" "CARGO_TARGET_DIR=/opt/rustwide/target" "-e" "CARGO_INCREMENTAL=0" "-e" "RUST_BACKTRACE=full" "-e" "RUSTFLAGS=--cap-lints=warn" "-e" "RUSTDOCFLAGS=--cap-lints=warn" "-e" "CARGO_HOME=/opt/rustwide/cargo-home" "-e" "RUSTUP_HOME=/opt/rustwide/rustup-home" "-w" "/opt/rustwide/workdir" "-m" "1610612736" "--user" "0:0" "--network" "none" "ghcr.io/rust-lang/crates-build-env/linux@sha256:97d61d7686bf65f8ecb15491ab51835e82dc9176a96a831f143a431b191fc501" "/opt/rustwide/cargo-home/bin/cargo" "+1.69.0" "test" "--frozen", kill_on_drop: false }`
[INFO] [stdout] 68d218c3cc19edf7066699e109779feae8530a4c64ed7d4a87224d43889a5544
[INFO] running `Command { std: "docker" "start" "-a" "68d218c3cc19edf7066699e109779feae8530a4c64ed7d4a87224d43889a5544", kill_on_drop: false }`
[INFO] [stderr] warning: only one of `license` or `license-file` is necessary
[INFO] [stderr] `license` should be used if the package license can be expressed with a standard SPDX expression.
[INFO] [stderr] `license-file` should be used if the package uses a non-standard license.
[INFO] [stderr] See https://doc.rust-lang.org/cargo/reference/manifest.html#the-license-and-license-file-fields for more information.
[INFO] [stderr]     Finished test [unoptimized + debuginfo] target(s) in 0.01s
[INFO] [stderr]      Running unittests src/lib.rs (/opt/rustwide/target/debug/deps/mdswp-f1b9a6fc56a9a828)
[INFO] [stdout] 
[INFO] [stdout] running 1 test
[INFO] [stdout] test test::file_send ... ok
[INFO] [stdout] 
[INFO] [stdout] test result: ok. 1 passed; 0 failed; 0 ignored; 0 measured; 0 filtered out; finished in 0.00s
[INFO] [stdout] 
[INFO] [stderr]    Doc-tests mdswp
[INFO] [stdout] 
[INFO] [stdout] running 5 tests
[INFO] [stdout] test src/util.rs - util::clone (line 18) ... FAILED
[INFO] [stdout] test src/listener.rs - listener::MdswpListener::incoming (line 76) ... FAILED
[INFO] [stdout] test src/util.rs - util::clone (line 24) ... FAILED
[INFO] [stdout] test src/listener.rs - listener::MdswpListener::bind (line 56) ... ok
[INFO] [stdout] test src/listener.rs - listener::MdswpListener::bind (line 47) ... ok
[INFO] [stdout] 
[INFO] [stdout] failures:
[INFO] [stdout] 
[INFO] [stdout] ---- src/util.rs - util::clone (line 18) stdout ----
[INFO] [stdout] error: cannot find macro `clone` in this scope
[INFO] [stdout]  --> src/util.rs:19:1
[INFO] [stdout]   |
[INFO] [stdout] 3 | clone!(variable1, variable2, variable3,... => closure)
[INFO] [stdout]   | ^^^^^
[INFO] [stdout] 
[INFO] [stdout] error: aborting due to previous error
[INFO] [stdout] 
[INFO] [stdout] Couldn't compile the test.
[INFO] [stdout] ---- src/listener.rs - listener::MdswpListener::incoming (line 76) stdout ----
[INFO] [stdout] error[E0425]: cannot find value `some_address` in this scope
[INFO] [stdout]  --> src/listener.rs:81:40
[INFO] [stdout]   |
[INFO] [stdout] 7 |     let listener = MdswpListener::bind(some_address)?;
[INFO] [stdout]   |                                        ^^^^^^^^^^^^ not found in this scope
[INFO] [stdout] 
[INFO] [stdout] error: aborting due to previous error
[INFO] [stdout] 
[INFO] [stdout] For more information about this error, try `rustc --explain E0425`.
[INFO] [stdout] Couldn't compile the test.
[INFO] [stdout] ---- src/util.rs - util::clone (line 24) stdout ----
[INFO] [stdout] error: cannot find macro `clone` in this scope
[INFO] [stdout]  --> src/util.rs:29:29
[INFO] [stdout]   |
[INFO] [stdout] 7 | let thread = thread::spawn( clone!(shared => move || {
[INFO] [stdout]   |                             ^^^^^
[INFO] [stdout] 
[INFO] [stdout] error[E0425]: cannot find value `some_value` in this scope
[INFO] [stdout]  --> src/util.rs:28:23
[INFO] [stdout]   |
[INFO] [stdout] 6 | let shared = Arc::new(some_value);
[INFO] [stdout]   |                       ^^^^^^^^^^ not found in this scope
[INFO] [stdout] 
[INFO] [stdout] error[E0425]: cannot find function `do_something` in this scope
[INFO] [stdout]   --> src/util.rs:33:1
[INFO] [stdout]    |
[INFO] [stdout] 11 | do_something(shared);
[INFO] [stdout]    | ^^^^^^^^^^^^ not found in this scope
[INFO] [stdout] 
[INFO] [stdout] error: aborting due to 3 previous errors
[INFO] [stdout] 
[INFO] [stdout] For more information about this error, try `rustc --explain E0425`.
[INFO] [stdout] Couldn't compile the test.
[INFO] [stdout] 
[INFO] [stdout] failures:
[INFO] [stdout]     src/listener.rs - listener::MdswpListener::incoming (line 76)
[INFO] [stdout]     src/util.rs - util::clone (line 18)
[INFO] [stdout]     src/util.rs - util::clone (line 24)
[INFO] [stdout] 
[INFO] [stdout] test result: FAILED. 2 passed; 3 failed; 0 ignored; 0 measured; 0 filtered out; finished in 0.26s
[INFO] [stdout] 
[INFO] [stderr] error: doctest failed, to rerun pass `--doc`
[INFO] running `Command { std: "docker" "inspect" "68d218c3cc19edf7066699e109779feae8530a4c64ed7d4a87224d43889a5544", kill_on_drop: false }`
[INFO] running `Command { std: "docker" "rm" "-f" "68d218c3cc19edf7066699e109779feae8530a4c64ed7d4a87224d43889a5544", kill_on_drop: false }`
[INFO] [stdout] 68d218c3cc19edf7066699e109779feae8530a4c64ed7d4a87224d43889a5544
