[INFO] cloning repository https://github.com/deltachat/dc_cmd_api
[INFO] running `Command { std: "git" "-c" "credential.helper=" "-c" "credential.helper=/workspace/cargo-home/bin/git-credential-null" "clone" "--bare" "https://github.com/deltachat/dc_cmd_api" "/workspace/cache/git-repos/https%3A%2F%2Fgithub.com%2Fdeltachat%2Fdc_cmd_api", kill_on_drop: false }`
[INFO] [stderr] Cloning into bare repository '/workspace/cache/git-repos/https%3A%2F%2Fgithub.com%2Fdeltachat%2Fdc_cmd_api'...
[INFO] running `Command { std: "git" "rev-parse" "HEAD", kill_on_drop: false }`
[INFO] [stdout] 77675a5bc2166c449cd7989380715b0edfec6456
[INFO] testing deltachat/dc_cmd_api against 1.69.0 for beta-1.70-1
[INFO] running `Command { std: "git" "clone" "/workspace/cache/git-repos/https%3A%2F%2Fgithub.com%2Fdeltachat%2Fdc_cmd_api" "/workspace/builds/worker-3-tc1/source", kill_on_drop: false }`
[INFO] [stderr] Cloning into '/workspace/builds/worker-3-tc1/source'...
[INFO] [stderr] done.
[INFO] validating manifest of git repo https://github.com/deltachat/dc_cmd_api on toolchain 1.69.0
[INFO] running `Command { std: CARGO_HOME="/workspace/cargo-home" RUSTUP_HOME="/workspace/rustup-home" "/workspace/cargo-home/bin/cargo" "+1.69.0" "metadata" "--manifest-path" "Cargo.toml" "--no-deps", kill_on_drop: false }`
[INFO] started tweaking git repo https://github.com/deltachat/dc_cmd_api
[INFO] finished tweaking git repo https://github.com/deltachat/dc_cmd_api
[INFO] tweaked toml for git repo https://github.com/deltachat/dc_cmd_api written to /workspace/builds/worker-3-tc1/source/Cargo.toml
[INFO] crate git repo https://github.com/deltachat/dc_cmd_api already has a lockfile, it will not be regenerated
[INFO] running `Command { std: CARGO_HOME="/workspace/cargo-home" RUSTUP_HOME="/workspace/rustup-home" "/workspace/cargo-home/bin/cargo" "+1.69.0" "fetch" "--manifest-path" "Cargo.toml", kill_on_drop: false }`
[INFO] [stderr]     Updating git repository `https://github.com/deltachat/deltachat-core-rust`
[INFO] [stderr]     Updating git repository `https://github.com/Frando/rust-typescript-type-def`
[INFO] [stderr]     Updating git repository `https://github.com/Frando/yerpc`
[INFO] [stderr]     Updating git repository `https://github.com/async-email/async-imap`
[INFO] [stderr]     Updating git repository `https://github.com/async-email/async-smtp`
[INFO] [stderr]     Updating git repository `https://github.com/deltachat/rust-email`
[INFO] [stderr]     Updating git repository `https://github.com/async-email/encoded-words`
[INFO] [stderr]     Updating git repository `https://github.com/deltachat/lettre`
[INFO] [stderr]  Downloading crates ...
[INFO] [stderr]   Downloaded r2d2_sqlite v0.20.0
[INFO] [stderr]   Downloaded tide-websockets v0.4.0
[INFO] [stderr]   Downloaded ouroboros v0.9.5
[INFO] [stderr]   Downloaded byte-pool v0.2.3
[INFO] [stderr]   Downloaded darling v0.14.0
[INFO] [stderr]   Downloaded ipconfig v0.3.0
[INFO] [stderr]   Downloaded sanitize-filename v0.3.0
[INFO] [stderr]   Downloaded tagger v4.3.3
[INFO] [stderr]   Downloaded mailparse v0.13.8
[INFO] [stderr]   Downloaded async-std-resolver v0.21.2
[INFO] [stderr]   Downloaded async-tar v0.4.2
[INFO] [stderr]   Downloaded escaper v0.1.1
[INFO] [stderr]   Downloaded fast-socks5 v0.4.3
[INFO] [stderr]   Downloaded ouroboros_macro v0.9.5
[INFO] [stderr]   Downloaded imap-proto v0.14.3
[INFO] [stderr]   Downloaded darling_macro v0.14.0
[INFO] [stderr]   Downloaded rust-hsluv v0.1.4
[INFO] [stderr]   Downloaded stop-token v0.7.0
[INFO] [stderr]   Downloaded qrcodegen v1.8.0
[INFO] [stderr]   Downloaded darling_core v0.14.0
[INFO] [stderr]   Downloaded femme v2.2.0
[INFO] running `Command { std: "docker" "create" "-v" "/var/lib/crater-agent-workspace/builds/worker-3-tc1/target:/opt/rustwide/target:rw,Z" "-v" "/var/lib/crater-agent-workspace/builds/worker-3-tc1/source:/opt/rustwide/workdir:ro,Z" "-v" "/var/lib/crater-agent-workspace/cargo-home:/opt/rustwide/cargo-home:ro,Z" "-v" "/var/lib/crater-agent-workspace/rustup-home:/opt/rustwide/rustup-home:ro,Z" "-e" "SOURCE_DIR=/opt/rustwide/workdir" "-e" "CARGO_TARGET_DIR=/opt/rustwide/target" "-e" "CARGO_HOME=/opt/rustwide/cargo-home" "-e" "RUSTUP_HOME=/opt/rustwide/rustup-home" "-w" "/opt/rustwide/workdir" "-m" "1610612736" "--user" "0:0" "--network" "none" "ghcr.io/rust-lang/crates-build-env/linux@sha256:5ff2268d62e97bff2cde7d5815dd6ed5b47097566f13b8d0ca110b04b60e07ed" "/opt/rustwide/cargo-home/bin/cargo" "+1.69.0" "metadata" "--no-deps" "--format-version=1", kill_on_drop: false }`
[INFO] [stdout] 41ca26fbe4cf4a23d81629c5fb96d40c5bb32b20e0c37b4786952b4b58347a9b
[INFO] running `Command { std: "docker" "start" "-a" "41ca26fbe4cf4a23d81629c5fb96d40c5bb32b20e0c37b4786952b4b58347a9b", kill_on_drop: false }`
[INFO] running `Command { std: "docker" "inspect" "41ca26fbe4cf4a23d81629c5fb96d40c5bb32b20e0c37b4786952b4b58347a9b", kill_on_drop: false }`
[INFO] running `Command { std: "docker" "rm" "-f" "41ca26fbe4cf4a23d81629c5fb96d40c5bb32b20e0c37b4786952b4b58347a9b", kill_on_drop: false }`
[INFO] [stdout] 41ca26fbe4cf4a23d81629c5fb96d40c5bb32b20e0c37b4786952b4b58347a9b
[INFO] running `Command { std: "docker" "create" "-v" "/var/lib/crater-agent-workspace/builds/worker-3-tc1/target:/opt/rustwide/target:rw,Z" "-v" "/var/lib/crater-agent-workspace/builds/worker-3-tc1/source:/opt/rustwide/workdir:ro,Z" "-v" "/var/lib/crater-agent-workspace/cargo-home:/opt/rustwide/cargo-home:ro,Z" "-v" "/var/lib/crater-agent-workspace/rustup-home:/opt/rustwide/rustup-home:ro,Z" "-e" "SOURCE_DIR=/opt/rustwide/workdir" "-e" "CARGO_TARGET_DIR=/opt/rustwide/target" "-e" "CARGO_INCREMENTAL=0" "-e" "RUST_BACKTRACE=full" "-e" "RUSTFLAGS=--cap-lints=warn" "-e" "RUSTDOCFLAGS=--cap-lints=warn" "-e" "CARGO_HOME=/opt/rustwide/cargo-home" "-e" "RUSTUP_HOME=/opt/rustwide/rustup-home" "-w" "/opt/rustwide/workdir" "-m" "1610612736" "--user" "0:0" "--network" "none" "ghcr.io/rust-lang/crates-build-env/linux@sha256:5ff2268d62e97bff2cde7d5815dd6ed5b47097566f13b8d0ca110b04b60e07ed" "/opt/rustwide/cargo-home/bin/cargo" "+1.69.0" "build" "--frozen" "--message-format=json", kill_on_drop: false }`
[INFO] [stdout] f41bc83a47cc557a39f4f6e234b3836a624cf66cc06e2c248fe79b26e57ce862
[INFO] running `Command { std: "docker" "start" "-a" "f41bc83a47cc557a39f4f6e234b3836a624cf66cc06e2c248fe79b26e57ce862", kill_on_drop: false }`
[INFO] [stderr]    Compiling version_check v0.9.4
[INFO] [stderr]    Compiling proc-macro2 v1.0.37
[INFO] [stderr]    Compiling syn v1.0.91
[INFO] [stderr]    Compiling libc v0.2.124
[INFO] [stderr]    Compiling autocfg v1.1.0
[INFO] [stderr]    Compiling memchr v2.4.1
[INFO] [stderr]    Compiling typenum v1.15.0
[INFO] [stderr]    Compiling serde_derive v1.0.136
[INFO] [stderr]    Compiling generic-array v0.14.5
[INFO] [stderr]    Compiling value-bag v1.0.0-alpha.8
[INFO] [stderr]    Compiling futures-core v0.3.21
[INFO] [stderr]    Compiling serde v1.0.136
[INFO] [stderr]    Compiling log v0.4.16
[INFO] [stderr]    Compiling pin-project-lite v0.2.9
[INFO] [stderr]    Compiling quote v1.0.18
[INFO] [stderr]    Compiling once_cell v1.10.0
[INFO] [stderr]    Compiling lazy_static v1.4.0
[INFO] [stderr]    Compiling cc v1.0.73
[INFO] [stderr]    Compiling futures-io v0.3.21
[INFO] [stderr]    Compiling opaque-debug v0.3.0
[INFO] [stderr]    Compiling event-listener v2.5.2
[INFO] [stderr]    Compiling slab v0.4.6
[INFO] [stderr]    Compiling cache-padded v1.2.0
[INFO] [stderr]    Compiling getrandom v0.2.6
[INFO] [stderr]    Compiling fastrand v1.7.0
[INFO] [stderr]    Compiling concurrent-queue v1.2.2
[INFO] [stderr]    Compiling ppv-lite86 v0.2.16
[INFO] [stderr]    Compiling pkg-config v0.3.25
[INFO] [stderr]    Compiling getrandom v0.1.16
[INFO] [stderr]    Compiling parking v2.0.0
[INFO] [stderr]    Compiling subtle v2.4.1
[INFO] [stderr]    Compiling bitflags v1.3.2
[INFO] [stderr]    Compiling waker-fn v1.1.0
[INFO] [stderr]    Compiling openssl-src v111.18.0+1.1.1n
[INFO] [stderr]    Compiling futures-lite v1.12.0
[INFO] [stderr]    Compiling ident_case v1.0.1
[INFO] [stderr]    Compiling fnv v1.0.7
[INFO] [stderr]    Compiling digest v0.9.0
[INFO] [stderr]    Compiling crossbeam-utils v0.8.8
[INFO] [stderr]    Compiling ryu v1.0.9
[INFO] [stderr]    Compiling cipher v0.2.5
[INFO] [stderr]    Compiling async-channel v1.6.1
[INFO] [stderr]    Compiling openssl-sys v0.9.72
[INFO] [stderr]    Compiling num-traits v0.2.14
[INFO] [stderr]    Compiling block-padding v0.2.1
[INFO] [stderr]    Compiling base64 v0.13.0
[INFO] [stderr]    Compiling percent-encoding v2.1.0
[INFO] [stderr]    Compiling rand_core v0.5.1
[INFO] [stderr]    Compiling num_cpus v1.13.1
[INFO] [stderr]    Compiling socket2 v0.4.4
[INFO] [stderr]    Compiling num-integer v0.1.44
[INFO] [stderr]    Compiling futures-task v0.3.21
[INFO] [stderr]    Compiling async-task v4.2.0
[INFO] [stderr]    Compiling matches v0.1.9
[INFO] [stderr]    Compiling signal-hook v0.3.13
[INFO] [stderr]    Compiling futures-channel v0.3.21
[INFO] [stderr]    Compiling tinyvec_macros v0.1.0
[INFO] [stderr]    Compiling smallvec v1.8.0
[INFO] [stderr]    Compiling tinyvec v1.6.0
[INFO] [stderr]    Compiling block-buffer v0.9.0
[INFO] [stderr]    Compiling async-mutex v1.4.0
[INFO] [stderr]    Compiling signal-hook-registry v1.4.0
[INFO] [stderr]    Compiling futures-util v0.3.21
[INFO] [stderr]    Compiling atomic-waker v1.0.0
[INFO] [stderr]    Compiling futures-sink v0.3.21
[INFO] [stderr]    Compiling blocking v1.2.0
[INFO] [stderr]    Compiling async-executor v1.4.1
[INFO] [stderr]    Compiling unicode-normalization v0.1.19
[INFO] [stderr]    Compiling form_urlencoded v1.0.1
[INFO] [stderr]    Compiling byteorder v1.4.3
[INFO] [stderr]    Compiling unicode-bidi v0.3.8
[INFO] [stderr]    Compiling cpufeatures v0.2.2
[INFO] [stderr]    Compiling rand_chacha v0.2.2
[INFO] [stderr]    Compiling async-lock v2.5.0
[INFO] [stderr]    Compiling lexical-core v0.7.6
[INFO] [stderr]    Compiling rand_core v0.6.3
[INFO] [stderr]    Compiling idna v0.2.3
[INFO] [stderr]    Compiling rand v0.7.3
[INFO] [stderr]    Compiling standback v0.2.17
[INFO] [stderr]    Compiling async-trait v0.1.53
[INFO] [stderr]    Compiling arrayvec v0.5.2
[INFO] [stderr]    Compiling static_assertions v1.1.0
[INFO] [stderr]    Compiling rand_chacha v0.3.1
[INFO] [stderr]    Compiling lock_api v0.4.7
[INFO] [stderr]    Compiling proc-macro-error-attr v1.0.4
[INFO] [stderr]    Compiling anyhow v1.0.57
[INFO] [stderr]    Compiling strsim v0.10.0
[INFO] [stderr]    Compiling rand v0.8.5
[INFO] [stderr]    Compiling synstructure v0.12.6
[INFO] [stderr]    Compiling sha2 v0.9.9
[INFO] [stderr]    Compiling aes-soft v0.6.4
[INFO] [stderr]    Compiling universal-hash v0.4.1
[INFO] [stderr]    Compiling aho-corasick v0.7.18
[INFO] [stderr]    Compiling proc-macro-error v1.0.4
[INFO] [stderr]    Compiling itoa v1.0.1
[INFO] [stderr]    Compiling serde_json v1.0.79
[INFO] [stderr]    Compiling cpuid-bool v0.2.0
[INFO] [stderr]    Compiling openssl v0.10.38
[INFO] [stderr]    Compiling foreign-types-shared v0.1.1
[INFO] [stderr]    Compiling encoding_index_tests v0.1.4
[INFO] [stderr]    Compiling const_fn v0.4.9
[INFO] [stderr]    Compiling regex v1.5.5
[INFO] [stderr]    Compiling foreign-types v0.3.2
[INFO] [stderr]    Compiling polyval v0.4.5
[INFO] [stderr]    Compiling ctor v0.1.22
[INFO] [stderr]    Compiling thiserror-impl v1.0.30
[INFO] [stderr]    Compiling futures-macro v0.3.21
[INFO] [stderr]    Compiling async-attributes v1.1.2
[INFO] [stderr]    Compiling zeroize_derive v1.3.2
[INFO] [stderr]    Compiling polling v2.2.0
[INFO] [stderr]    Compiling thiserror v1.0.30
[INFO] [stderr]    Compiling kv-log-macro v1.0.7
[INFO] [stderr]    Compiling time-macros-impl v0.1.2
[INFO] [stderr]    Compiling aes v0.6.0
[INFO] [stderr]    Compiling async-io v1.6.0
[INFO] [stderr]    Compiling crypto-mac v0.10.1
[INFO] [stderr]    Compiling async-process v1.3.0
[INFO] [stderr]    Compiling async-global-executor v2.0.4
[INFO] [stderr]    Compiling time v0.1.44
[INFO] [stderr]    Compiling async-std v1.11.0
[INFO] [stderr]    Compiling time v0.2.27
[INFO] [stderr]    Compiling nom v5.1.2
[INFO] [stderr]    Compiling native-tls v0.2.10
[INFO] [stderr]    Compiling crossbeam-queue v0.3.5
[INFO] [stderr]    Compiling encoding_rs v0.8.31
[INFO] [stderr]    Compiling crc32fast v1.3.2
[INFO] [stderr]    Compiling miniz_oxide v0.5.1
[INFO] [stderr]    Compiling chrono v0.4.19
[INFO] [stderr]    Compiling futures-executor v0.3.21
[INFO] [stderr]    Compiling futures v0.3.21
[INFO] [stderr]    Compiling time-macros v0.1.1
[INFO] [stderr]    Compiling hmac v0.10.1
[INFO] [stderr]    Compiling zeroize v1.3.0
[INFO] [stderr]    Compiling pin-project-internal v1.0.10
[INFO] [stderr]    Compiling ghash v0.3.1
[INFO] [stderr]    Compiling ctr v0.6.0
[INFO] [stderr]    Compiling aead v0.3.2
[INFO] [stderr]    Compiling num-iter v0.1.43
[INFO] [stderr]    Compiling unicase v2.6.0
[INFO] [stderr]    Compiling ahash v0.7.6
[INFO] [stderr]    Compiling cookie v0.14.4
[INFO] [stderr]    Compiling radium v0.5.3
[INFO] [stderr]    Compiling parking_lot_core v0.8.5
[INFO] [stderr]    Compiling strsim v0.9.3
[INFO] [stderr]    Compiling openssl-probe v0.1.5
[INFO] [stderr]    Compiling darling_core v0.10.2
[INFO] [stderr]    Compiling pin-project v1.0.10
[INFO] [stderr]    Compiling aes-gcm v0.8.0
[INFO] [stderr]    Compiling hkdf v0.10.0
[INFO] [stderr]    Compiling num-bigint v0.2.6
[INFO] [stderr]    Compiling url v2.2.2
[INFO] [stderr]    Compiling autocfg v0.1.8
[INFO] [stderr]    Compiling heck v0.4.0
[INFO] [stderr]    Compiling http-types v2.12.0
[INFO] [stderr]    Compiling parking_lot_core v0.9.2
[INFO] [stderr]    Compiling vcpkg v0.2.15
[INFO] [stderr]    Compiling libm v0.2.2
[INFO] [stderr]    Compiling httparse v1.7.0
[INFO] [stderr]    Compiling darling_macro v0.10.2
[INFO] [stderr]    Compiling charset v0.1.3
[INFO] [stderr]    Compiling num-bigint-dig v0.6.1
[INFO] [stderr]    Compiling serde_qs v0.8.5
[INFO] [stderr]    Compiling serde_urlencoded v0.7.1
[INFO] [stderr]    Compiling libsqlite3-sys v0.24.2
[INFO] [stderr]    Compiling darling_core v0.13.4
[INFO] [stderr]    Compiling simple-mutex v1.1.5
[INFO] [stderr]    Compiling nom v6.1.2
[INFO] [stderr]    Compiling match_cfg v0.1.0
[INFO] [stderr]    Compiling base64 v0.12.3
[INFO] [stderr]    Compiling infer v0.2.3
[INFO] [stderr]    Compiling funty v1.1.0
[INFO] [stderr]    Compiling version_check v0.1.5
[INFO] [stderr]    Compiling wyz v0.2.0
[INFO] [stderr]    Compiling data-encoding v2.3.2
[INFO] [stderr]    Compiling hex v0.4.3
[INFO] [stderr]    Compiling tap v1.0.1
[INFO] [stderr]    Compiling nom v4.2.3
[INFO] [stderr]    Compiling bitvec v0.19.6
[INFO] [stderr]    Compiling hostname v0.3.1
[INFO] [stderr]    Compiling async-dup v1.2.2
[INFO] [stderr]    Compiling mime_guess v2.0.4
[INFO] [stderr]    Compiling hashbrown v0.11.2
[INFO] [stderr]    Compiling darling v0.10.2
[INFO] [stderr]    Compiling parking_lot v0.11.2
[INFO] [stderr]    Compiling darling_macro v0.13.4
[INFO] [stderr]    Compiling enum-as-inner v0.4.0
[INFO] [stderr]    Compiling config v0.10.1
[INFO] [stderr]    Compiling curve25519-dalek v3.2.1
[INFO] [stderr]    Compiling unicode-linebreak v0.1.2
[INFO] [stderr]    Compiling encoding-index-tradchinese v1.20141219.5
[INFO] [stderr]    Compiling encoding-index-korean v1.20141219.5
[INFO] [stderr]    Compiling encoding-index-singlebyte v1.20141219.5
[INFO] [stderr]    Compiling encoding-index-japanese v1.20141219.5
[INFO] [stderr]    Compiling encoding-index-simpchinese v1.20141219.5
[INFO] [stderr]    Compiling darling_core v0.14.0
[INFO] [stderr]    Compiling clear_on_drop v0.2.5
[INFO] [stderr]    Compiling block-buffer v0.10.2
[INFO] [stderr]    Compiling crypto-common v0.1.3
[INFO] [stderr]    Compiling tokio v1.17.0
[INFO] [stderr]    Compiling num-rational v0.4.0
[INFO] [stderr]    Compiling email v0.0.21 (https://github.com/deltachat/rust-email?branch=master#25702df9)
[INFO] [stderr]    Compiling mime v0.3.16
[INFO] [stderr]    Compiling ascii_utils v0.9.3
[INFO] [stderr]    Compiling derive_builder v0.9.0
[INFO] [stderr]    Compiling Inflector v0.11.4
[INFO] [stderr]    Compiling quick-error v1.2.3
[INFO] [stderr]    Compiling stable_deref_trait v1.2.0
[INFO] [stderr]    Compiling ipnet v2.5.0
[INFO] [stderr]    Compiling signature v1.5.0
[INFO] [stderr]    Compiling rustversion v1.0.6
[INFO] [stderr]    Compiling crc24 v0.1.6
[INFO] [stderr]    Compiling ouroboros_macro v0.9.5
[INFO] [stderr]    Compiling ed25519 v1.4.1
[INFO] [stderr]    Compiling trust-dns-proto v0.21.2
[INFO] [stderr]    Compiling deadpool v0.7.0
[INFO] [stderr]    Compiling lru-cache v0.1.2
[INFO] [stderr]    Compiling resolv-conf v0.7.0
[INFO] [stderr]    Compiling deflate v1.0.0
[INFO] [stderr]    Compiling fast_chemail v0.9.6
[INFO] [stderr]    Compiling digest v0.10.3
[INFO] [stderr]    Compiling encoding v0.2.33
[INFO] [stderr]    Compiling darling v0.13.4
[INFO] [stderr]    Compiling parking_lot v0.12.0
[INFO] [stderr]    Compiling simple_asn1 v0.4.1
[INFO] [stderr]    Compiling darling_macro v0.14.0
[INFO] [stderr]    Compiling scheduled-thread-pool v0.2.5
[INFO] [stderr]    Compiling async-h1 v2.3.3
[INFO] [stderr]    Compiling derive_builder_core v0.9.0
[INFO] [stderr]    Compiling hashlink v0.7.0
[INFO] [stderr]    Compiling encoded-words v0.1.0 (https://github.com/async-email/encoded-words?branch=master#e878b692)
[INFO] [stderr]    Compiling flate2 v1.0.23
[INFO] [stderr]    Compiling pem v0.8.3
[INFO] [stderr]    Compiling dashmap v4.0.2
[INFO] [stderr]    Compiling backtrace v0.3.65
[INFO] [stderr]    Compiling block-cipher v0.8.0
[INFO] [stderr]    Compiling gimli v0.26.1
[INFO] [stderr]    Compiling fallible-iterator v0.2.0
[INFO] [stderr]    Compiling keccak v0.1.0
[INFO] [stderr]    Compiling safemem v0.3.3
[INFO] [stderr]    Compiling base64 v0.11.0
[INFO] [stderr]    Compiling fallible-streaming-iterator v0.1.9
[INFO] [stderr]    Compiling weezl v0.1.6
[INFO] [stderr]    Compiling sha3 v0.9.1
[INFO] [stderr]    Compiling buf_redux v0.8.4
[INFO] [stderr]    Compiling try_from v0.3.2
[INFO] [stderr]    Compiling block-modes v0.6.1
[INFO] [stderr]    Compiling imap-proto v0.14.3
[INFO] [stderr]    Compiling gif v0.11.3
[INFO] [stderr]    Compiling rsa v0.3.0
[INFO] [stderr]    Compiling darling v0.14.0
[INFO] [stderr]    Compiling r2d2 v0.8.9
[INFO] [stderr]    Compiling ouroboros v0.9.5
[INFO] [stderr]    Compiling trust-dns-resolver v0.21.2
[INFO] [stderr]    Compiling typescript-type-def-derive v0.5.1 (https://github.com/Frando/rust-typescript-type-def?branch=yerpc#e3215df5)
[INFO] [stderr]    Compiling addr2line v0.17.0
[INFO] [stderr]    Compiling png v0.17.5
[INFO] [stderr]    Compiling lettre v0.9.2 (https://github.com/deltachat/lettre?branch=master#96555ec4)
[INFO] [stderr]    Compiling ed25519-dalek v1.0.1
[INFO] [stderr]    Compiling byte-pool v0.2.3
[INFO] [stderr]    Compiling x25519-dalek v1.2.0
[INFO] [stderr]    Compiling uuid v0.8.2
[INFO] [stderr]    Compiling fast-socks5 v0.4.3
[INFO] [stderr]    Compiling num-derive v0.3.3
[INFO] [stderr]    Compiling sha-1 v0.9.8
[INFO] [stderr]    Compiling des v0.6.0
[INFO] [stderr]    Compiling blowfish v0.7.0
[INFO] [stderr]    Compiling twofish v0.5.0
[INFO] [stderr]    Compiling cast5 v0.9.0
[INFO] [stderr]    Compiling ripemd160 v0.9.1
[INFO] [stderr]    Compiling md-5 v0.9.1
[INFO] [stderr]    Compiling stop-token v0.7.0
[INFO] [stderr]    Compiling cfb-mode v0.6.0
[INFO] [stderr]    Compiling filetime v0.2.16
[INFO] [stderr]    Compiling hostname v0.1.5
[INFO] [stderr]    Compiling object v0.28.3
[INFO] [stderr]    Compiling smawk v0.3.1
[INFO] [stderr]    Compiling quoted_printable v0.4.5
[INFO] [stderr]    Compiling bytemuck v1.9.1
[INFO] [stderr]    Compiling mutate_once v0.1.1
[INFO] [stderr]    Compiling convert_case v0.5.0
[INFO] [stderr]    Compiling bitfield v0.13.2
[INFO] [stderr]    Compiling circular v0.3.0
[INFO] [stderr]    Compiling rustc-demangle v0.1.21
[INFO] [stderr]    Compiling entities v1.0.1
[INFO] [stderr]    Compiling bufstream v0.1.4
[INFO] [stderr]    Compiling jpeg-decoder v0.2.4
[INFO] [stderr]    Compiling unicode-width v0.1.9
[INFO] [stderr]    Compiling pgp v0.7.2
[INFO] [stderr]    Compiling yerpc_derive v0.1.0 (https://github.com/Frando/yerpc#f0d72986)
[INFO] [stderr]    Compiling escaper v0.1.1
[INFO] [stderr]    Compiling textwrap v0.15.0
[INFO] [stderr]    Compiling kamadak-exif v0.5.4
[INFO] [stderr]    Compiling mailparse v0.13.8
[INFO] [stderr]    Compiling image v0.24.2
[INFO] [stderr]    Compiling async-tar v0.4.2
[INFO] [stderr]    Compiling strum_macros v0.24.0
[INFO] [stderr]    Compiling lettre_email v0.9.2 (https://github.com/deltachat/lettre?branch=master#96555ec4)
[INFO] [stderr]    Compiling typescript-type-def v0.5.1 (https://github.com/Frando/rust-typescript-type-def?branch=yerpc#e3215df5)
[INFO] [stderr]    Compiling async-std-resolver v0.21.2
[INFO] [stderr]    Compiling zip v0.6.2
[INFO] [stderr]    Compiling sha2 v0.10.2
[INFO] [stderr]    Compiling sha-1 v0.10.0
[INFO] [stderr]    Compiling toml v0.5.9
[INFO] [stderr]    Compiling sanitize-filename v0.3.0
[INFO] [stderr]    Compiling deltachat_derive v2.0.0 (https://github.com/deltachat/deltachat-core-rust?tag=1.77.0#0721c220)
[INFO] [stderr]    Compiling quick-xml v0.22.0
[INFO] [stderr]    Compiling humansize v1.1.1
[INFO] [stderr]    Compiling strum v0.24.0
[INFO] [stderr]    Compiling remove_dir_all v0.5.3
[INFO] [stderr]    Compiling tagger v4.3.3
[INFO] [stderr]    Compiling qrcodegen v1.8.0
[INFO] [stderr]    Compiling rust-hsluv v0.1.4
[INFO] [stderr]    Compiling tempfile v3.3.0
[INFO] [stderr]    Compiling yerpc v0.1.0 (https://github.com/Frando/yerpc#f0d72986)
[INFO] [stderr]    Compiling async-native-tls v0.3.3
[INFO] [stderr]    Compiling http-client v6.5.1
[INFO] [stderr]    Compiling async-smtp v0.4.0 (https://github.com/async-email/async-smtp?branch=master#3e7a8f3d)
[INFO] [stderr]    Compiling async-imap v0.5.0 (https://github.com/async-email/async-imap#d07ea401)
[INFO] [stderr]    Compiling surf v2.3.2
[INFO] [stderr]    Compiling rusqlite v0.27.0
[INFO] [stderr]    Compiling r2d2_sqlite v0.20.0
[INFO] [stderr]    Compiling deltachat v1.77.0 (https://github.com/deltachat/deltachat-core-rust?tag=1.77.0#0721c220)
[INFO] [stderr]    Compiling deltachat-jsonrpc v0.1.0 (/opt/rustwide/workdir)
[INFO] [stderr]     Finished dev [unoptimized + debuginfo] target(s) in 2m 27s
[INFO] [stderr] warning: the following packages contain code that will be rejected by a future version of Rust: buf_redux v0.8.4, nom v4.2.3, nom v5.1.2, nom v6.1.2, pgp v0.7.2, quick-xml v0.22.0
[INFO] [stderr] note: to see what the problems were, use the option `--future-incompat-report`, or run `cargo report future-incompatibilities --id 1`
[INFO] running `Command { std: "docker" "inspect" "f41bc83a47cc557a39f4f6e234b3836a624cf66cc06e2c248fe79b26e57ce862", kill_on_drop: false }`
[INFO] running `Command { std: "docker" "rm" "-f" "f41bc83a47cc557a39f4f6e234b3836a624cf66cc06e2c248fe79b26e57ce862", kill_on_drop: false }`
[INFO] [stdout] f41bc83a47cc557a39f4f6e234b3836a624cf66cc06e2c248fe79b26e57ce862
[INFO] running `Command { std: "docker" "create" "-v" "/var/lib/crater-agent-workspace/builds/worker-3-tc1/target:/opt/rustwide/target:rw,Z" "-v" "/var/lib/crater-agent-workspace/builds/worker-3-tc1/source:/opt/rustwide/workdir:ro,Z" "-v" "/var/lib/crater-agent-workspace/cargo-home:/opt/rustwide/cargo-home:ro,Z" "-v" "/var/lib/crater-agent-workspace/rustup-home:/opt/rustwide/rustup-home:ro,Z" "-e" "SOURCE_DIR=/opt/rustwide/workdir" "-e" "CARGO_TARGET_DIR=/opt/rustwide/target" "-e" "CARGO_INCREMENTAL=0" "-e" "RUST_BACKTRACE=full" "-e" "RUSTFLAGS=--cap-lints=warn" "-e" "RUSTDOCFLAGS=--cap-lints=warn" "-e" "CARGO_HOME=/opt/rustwide/cargo-home" "-e" "RUSTUP_HOME=/opt/rustwide/rustup-home" "-w" "/opt/rustwide/workdir" "-m" "1610612736" "--user" "0:0" "--network" "none" "ghcr.io/rust-lang/crates-build-env/linux@sha256:5ff2268d62e97bff2cde7d5815dd6ed5b47097566f13b8d0ca110b04b60e07ed" "/opt/rustwide/cargo-home/bin/cargo" "+1.69.0" "test" "--frozen" "--no-run" "--message-format=json", kill_on_drop: false }`
[INFO] [stdout] 40de451f54c83f10f201f205eb26ce4ae944e9adb78bd7f805c7692ed6d85bc7
[INFO] running `Command { std: "docker" "start" "-a" "40de451f54c83f10f201f205eb26ce4ae944e9adb78bd7f805c7692ed6d85bc7", kill_on_drop: false }`
[INFO] [stderr]    Compiling deltachat-jsonrpc v0.1.0 (/opt/rustwide/workdir)
[INFO] [stderr]     Finished test [unoptimized + debuginfo] target(s) in 26.60s
[INFO] [stderr] warning: the following packages contain code that will be rejected by a future version of Rust: buf_redux v0.8.4, nom v4.2.3, nom v5.1.2, nom v6.1.2, pgp v0.7.2, quick-xml v0.22.0
[INFO] [stderr] note: to see what the problems were, use the option `--future-incompat-report`, or run `cargo report future-incompatibilities --id 1`
[INFO] running `Command { std: "docker" "inspect" "40de451f54c83f10f201f205eb26ce4ae944e9adb78bd7f805c7692ed6d85bc7", kill_on_drop: false }`
[INFO] running `Command { std: "docker" "rm" "-f" "40de451f54c83f10f201f205eb26ce4ae944e9adb78bd7f805c7692ed6d85bc7", kill_on_drop: false }`
[INFO] [stdout] 40de451f54c83f10f201f205eb26ce4ae944e9adb78bd7f805c7692ed6d85bc7
[INFO] running `Command { std: "docker" "create" "-v" "/var/lib/crater-agent-workspace/builds/worker-3-tc1/target:/opt/rustwide/target:rw,Z" "-v" "/var/lib/crater-agent-workspace/builds/worker-3-tc1/source:/opt/rustwide/workdir:ro,Z" "-v" "/var/lib/crater-agent-workspace/cargo-home:/opt/rustwide/cargo-home:ro,Z" "-v" "/var/lib/crater-agent-workspace/rustup-home:/opt/rustwide/rustup-home:ro,Z" "-e" "SOURCE_DIR=/opt/rustwide/workdir" "-e" "CARGO_TARGET_DIR=/opt/rustwide/target" "-e" "CARGO_INCREMENTAL=0" "-e" "RUST_BACKTRACE=full" "-e" "RUSTFLAGS=--cap-lints=warn" "-e" "RUSTDOCFLAGS=--cap-lints=warn" "-e" "CARGO_HOME=/opt/rustwide/cargo-home" "-e" "RUSTUP_HOME=/opt/rustwide/rustup-home" "-w" "/opt/rustwide/workdir" "-m" "1610612736" "--user" "0:0" "--network" "none" "ghcr.io/rust-lang/crates-build-env/linux@sha256:5ff2268d62e97bff2cde7d5815dd6ed5b47097566f13b8d0ca110b04b60e07ed" "/opt/rustwide/cargo-home/bin/cargo" "+1.69.0" "test" "--frozen", kill_on_drop: false }`
[INFO] [stdout] 784820b58ecca59e3a52814c6181328940fae588fb8eeef3142292e1928d0f2a
[INFO] running `Command { std: "docker" "start" "-a" "784820b58ecca59e3a52814c6181328940fae588fb8eeef3142292e1928d0f2a", kill_on_drop: false }`
[INFO] [stderr]     Blocking waiting for file lock on package cache
[INFO] [stderr]     Finished test [unoptimized + debuginfo] target(s) in 1.00s
[INFO] [stderr] warning: the following packages contain code that will be rejected by a future version of Rust: buf_redux v0.8.4, nom v4.2.3, nom v5.1.2, nom v6.1.2, pgp v0.7.2, quick-xml v0.22.0
[INFO] [stderr] note: to see what the problems were, use the option `--future-incompat-report`, or run `cargo report future-incompatibilities --id 1`
[INFO] [stderr]      Running unittests src/lib.rs (/opt/rustwide/target/debug/deps/deltachat_jsonrpc-31512f3424cd64a4)
[INFO] [stdout] 
[INFO] [stdout] running 2 tests
[INFO] [stdout] test tests::basic_json_rpc_functionality ... ok
[INFO] [stdout] test api::generate_ts_bindings ... FAILED
[INFO] [stdout] 
[INFO] [stdout] failures:
[INFO] [stdout] 
[INFO] [stdout] ---- api::generate_ts_bindings stdout ----
[INFO] [stdout] thread 'api::generate_ts_bindings' panicked at 'Failed to write TS out: Os { code: 30, kind: ReadOnlyFilesystem, message: "Read-only file system" }', src/api/mod.rs:54:1
[INFO] [stdout] stack backtrace:
[INFO] [stdout]    0:     0x564b8106aa9a - std::backtrace_rs::backtrace::libunwind::trace::ha9053a9a07ca49cb
[INFO] [stdout]                                at /rustc/84c898d65adf2f39a5a98507f1fe0ce10a2b8dbc/library/std/src/../../backtrace/src/backtrace/libunwind.rs:93:5
[INFO] [stdout]    1:     0x564b8106aa9a - std::backtrace_rs::backtrace::trace_unsynchronized::h9c2852a457ad564e
[INFO] [stdout]                                at /rustc/84c898d65adf2f39a5a98507f1fe0ce10a2b8dbc/library/std/src/../../backtrace/src/backtrace/mod.rs:66:5
[INFO] [stdout]    2:     0x564b8106aa9a - std::sys_common::backtrace::_print_fmt::h457936fbfaa0070f
[INFO] [stdout]                                at /rustc/84c898d65adf2f39a5a98507f1fe0ce10a2b8dbc/library/std/src/sys_common/backtrace.rs:65:5
[INFO] [stdout]    3:     0x564b8106aa9a - <std::sys_common::backtrace::_print::DisplayBacktrace as core::fmt::Display>::fmt::h5779d7bf7f70cb0c
[INFO] [stdout]                                at /rustc/84c898d65adf2f39a5a98507f1fe0ce10a2b8dbc/library/std/src/sys_common/backtrace.rs:44:22
[INFO] [stdout]    4:     0x564b81095f5e - core::fmt::write::h5a4baaff1bcd3eb5
[INFO] [stdout]                                at /rustc/84c898d65adf2f39a5a98507f1fe0ce10a2b8dbc/library/core/src/fmt/mod.rs:1232:17
[INFO] [stdout]    5:     0x564b81066a75 - std::io::Write::write_fmt::h478f79c628ef31d1
[INFO] [stdout]                                at /rustc/84c898d65adf2f39a5a98507f1fe0ce10a2b8dbc/library/std/src/io/mod.rs:1684:15
[INFO] [stdout]    6:     0x564b8106a865 - std::sys_common::backtrace::_print::h5fcdc36060f177e8
[INFO] [stdout]                                at /rustc/84c898d65adf2f39a5a98507f1fe0ce10a2b8dbc/library/std/src/sys_common/backtrace.rs:47:5
[INFO] [stdout]    7:     0x564b8106a865 - std::sys_common::backtrace::print::h54ca9458b876c8bf
[INFO] [stdout]                                at /rustc/84c898d65adf2f39a5a98507f1fe0ce10a2b8dbc/library/std/src/sys_common/backtrace.rs:34:9
[INFO] [stdout]    8:     0x564b8106c62f - std::panicking::default_hook::{{closure}}::hbe471161c7664ed6
[INFO] [stdout]                                at /rustc/84c898d65adf2f39a5a98507f1fe0ce10a2b8dbc/library/std/src/panicking.rs:271:22
[INFO] [stdout]    9:     0x564b8106c2ef - std::panicking::default_hook::ha3500da57aa4ac4f
[INFO] [stdout]                                at /rustc/84c898d65adf2f39a5a98507f1fe0ce10a2b8dbc/library/std/src/panicking.rs:287:9
[INFO] [stdout]   10:     0x564b7fcd5087 - <alloc::boxed::Box<F,A> as core::ops::function::Fn<Args>>::call::hdf1b89dd137ece34
[INFO] [stdout]                                at /rustc/84c898d65adf2f39a5a98507f1fe0ce10a2b8dbc/library/alloc/src/boxed.rs:2001:9
[INFO] [stdout]   11:     0x564b7fcd5087 - test::test_main::{{closure}}::h9081a79f20e75698
[INFO] [stdout]                                at /rustc/84c898d65adf2f39a5a98507f1fe0ce10a2b8dbc/library/test/src/lib.rs:135:21
[INFO] [stdout]   12:     0x564b8106cd5d - <alloc::boxed::Box<F,A> as core::ops::function::Fn<Args>>::call::h6507bddc3eebb4a5
[INFO] [stderr] error: test failed, to rerun pass `--lib`
[INFO] [stdout]                                at /rustc/84c898d65adf2f39a5a98507f1fe0ce10a2b8dbc/library/alloc/src/boxed.rs:2001:9
[INFO] [stdout]   13:     0x564b8106cd5d - std::panicking::rust_panic_with_hook::h50c09d000dc561d2
[INFO] [stdout]                                at /rustc/84c898d65adf2f39a5a98507f1fe0ce10a2b8dbc/library/std/src/panicking.rs:696:13
[INFO] [stdout]   14:     0x564b8106cad9 - std::panicking::begin_panic_handler::{{closure}}::h9e2b2176e00e0d9c
[INFO] [stdout]                                at /rustc/84c898d65adf2f39a5a98507f1fe0ce10a2b8dbc/library/std/src/panicking.rs:583:13
[INFO] [stdout]   15:     0x564b8106af06 - std::sys_common::backtrace::__rust_end_short_backtrace::h5739b8e512c09d02
[INFO] [stdout]                                at /rustc/84c898d65adf2f39a5a98507f1fe0ce10a2b8dbc/library/std/src/sys_common/backtrace.rs:150:18
[INFO] [stdout]   16:     0x564b8106c7e2 - rust_begin_unwind
[INFO] [stdout]                                at /rustc/84c898d65adf2f39a5a98507f1fe0ce10a2b8dbc/library/std/src/panicking.rs:579:5
[INFO] [stdout]   17:     0x564b7f6a1893 - core::panicking::panic_fmt::hf33a1475b4dc5c3e
[INFO] [stdout]                                at /rustc/84c898d65adf2f39a5a98507f1fe0ce10a2b8dbc/library/core/src/panicking.rs:64:14
[INFO] [stdout]   18:     0x564b7f6a1d43 - core::result::unwrap_failed::hdff5465d74574b44
[INFO] [stdout]                                at /rustc/84c898d65adf2f39a5a98507f1fe0ce10a2b8dbc/library/core/src/result.rs:1750:5
[INFO] [stdout]   19:     0x564b80a0ed4f - core::result::Result<T,E>::expect::h9c17d3177167217e
[INFO] [stdout]                                at /rustc/84c898d65adf2f39a5a98507f1fe0ce10a2b8dbc/library/core/src/result.rs:1047:23
[INFO] [stdout]   20:     0x564b7f7a967b - deltachat_jsonrpc::api::generate_ts_bindings::hace12e380f4855a8
[INFO] [stdout]                                at /opt/rustwide/workdir/src/api/mod.rs:54:1
[INFO] [stdout]   21:     0x564b7f7a9347 - deltachat_jsonrpc::api::generate_ts_bindings::{{closure}}::he4364e3e3d958cf5
[INFO] [stdout]                                at /opt/rustwide/workdir/src/api/mod.rs:54:1
[INFO] [stdout]   22:     0x564b7f6a46a5 - core::ops::function::FnOnce::call_once::hc210626b4c0fb2c0
[INFO] [stdout]                                at /rustc/84c898d65adf2f39a5a98507f1fe0ce10a2b8dbc/library/core/src/ops/function.rs:250:5
[INFO] [stdout]   23:     0x564b7fcda46f - core::ops::function::FnOnce::call_once::h7d969581be7d0075
[INFO] [stdout]                                at /rustc/84c898d65adf2f39a5a98507f1fe0ce10a2b8dbc/library/core/src/ops/function.rs:250:5
[INFO] [stdout]   24:     0x564b7fcda46f - test::__rust_begin_short_backtrace::hca25a52684e56655
[INFO] [stdout]                                at /rustc/84c898d65adf2f39a5a98507f1fe0ce10a2b8dbc/library/test/src/lib.rs:656:18
[INFO] [stdout]   25:     0x564b7fcaba8c - test::run_test::{{closure}}::ha8ac744c4af1a4bb
[INFO] [stdout]                                at /rustc/84c898d65adf2f39a5a98507f1fe0ce10a2b8dbc/library/test/src/lib.rs:647:30
[INFO] [stdout]   26:     0x564b7fcaba8c - core::ops::function::FnOnce::call_once{{vtable.shim}}::h7b411a9ed45bdecf
[INFO] [stdout]                                at /rustc/84c898d65adf2f39a5a98507f1fe0ce10a2b8dbc/library/core/src/ops/function.rs:250:5
[INFO] [stdout]   27:     0x564b7fcd9436 - <alloc::boxed::Box<F,A> as core::ops::function::FnOnce<Args>>::call_once::hd05328869a8ed200
[INFO] [stdout]                                at /rustc/84c898d65adf2f39a5a98507f1fe0ce10a2b8dbc/library/alloc/src/boxed.rs:1987:9
[INFO] [stdout]   28:     0x564b7fcd9436 - <core::panic::unwind_safe::AssertUnwindSafe<F> as core::ops::function::FnOnce<()>>::call_once::h0c601ce20bd5b2be
[INFO] [stdout]                                at /rustc/84c898d65adf2f39a5a98507f1fe0ce10a2b8dbc/library/core/src/panic/unwind_safe.rs:271:9
[INFO] [stdout]   29:     0x564b7fcd9436 - std::panicking::try::do_call::ha4be5c164fe30854
[INFO] [stdout]                                at /rustc/84c898d65adf2f39a5a98507f1fe0ce10a2b8dbc/library/std/src/panicking.rs:487:40
[INFO] [stdout]   30:     0x564b7fcd9436 - std::panicking::try::h604546f3609af05f
[INFO] [stdout]                                at /rustc/84c898d65adf2f39a5a98507f1fe0ce10a2b8dbc/library/std/src/panicking.rs:451:19
[INFO] [stdout]   31:     0x564b7fcd9436 - std::panic::catch_unwind::h5bfa8afe44c9c2f9
[INFO] [stdout]                                at /rustc/84c898d65adf2f39a5a98507f1fe0ce10a2b8dbc/library/std/src/panic.rs:140:14
[INFO] [stdout]   32:     0x564b7fcd9436 - test::run_test_in_process::hd50dee55dd63e6aa
[INFO] [stdout]                                at /rustc/84c898d65adf2f39a5a98507f1fe0ce10a2b8dbc/library/test/src/lib.rs:679:27
[INFO] [stdout]   33:     0x564b7fcd9436 - test::run_test::run_test_inner::{{closure}}::h4aa0f433aa85cea8
[INFO] [stdout]                                at /rustc/84c898d65adf2f39a5a98507f1fe0ce10a2b8dbc/library/test/src/lib.rs:573:39
[INFO] [stdout]   34:     0x564b7fca6101 - test::run_test::run_test_inner::{{closure}}::had56431adf24b4d6
[INFO] [stdout]                                at /rustc/84c898d65adf2f39a5a98507f1fe0ce10a2b8dbc/library/test/src/lib.rs:600:37
[INFO] [stdout]   35:     0x564b7fca6101 - std::sys_common::backtrace::__rust_begin_short_backtrace::ha8d9890e0c73bf13
[INFO] [stdout]                                at /rustc/84c898d65adf2f39a5a98507f1fe0ce10a2b8dbc/library/std/src/sys_common/backtrace.rs:134:18
[INFO] [stdout]   36:     0x564b7fcabb1b - std::thread::Builder::spawn_unchecked_::{{closure}}::{{closure}}::h251832bcb4a95327
[INFO] [stdout]                                at /rustc/84c898d65adf2f39a5a98507f1fe0ce10a2b8dbc/library/std/src/thread/mod.rs:560:17
[INFO] [stdout]   37:     0x564b7fcabb1b - <core::panic::unwind_safe::AssertUnwindSafe<F> as core::ops::function::FnOnce<()>>::call_once::h8fdff598fa414831
[INFO] [stdout]                                at /rustc/84c898d65adf2f39a5a98507f1fe0ce10a2b8dbc/library/core/src/panic/unwind_safe.rs:271:9
[INFO] [stdout]   38:     0x564b7fcabb1b - std::panicking::try::do_call::h455dd2f7764a950f
[INFO] [stdout]                                at /rustc/84c898d65adf2f39a5a98507f1fe0ce10a2b8dbc/library/std/src/panicking.rs:487:40
[INFO] [stdout]   39:     0x564b7fcabb1b - std::panicking::try::had6f23b7b73ae72a
[INFO] [stdout]                                at /rustc/84c898d65adf2f39a5a98507f1fe0ce10a2b8dbc/library/std/src/panicking.rs:451:19
[INFO] [stdout]   40:     0x564b7fcabb1b - std::panic::catch_unwind::ha6a5ca3915b4dad0
[INFO] [stdout]                                at /rustc/84c898d65adf2f39a5a98507f1fe0ce10a2b8dbc/library/std/src/panic.rs:140:14
[INFO] [stdout]   41:     0x564b7fcabb1b - std::thread::Builder::spawn_unchecked_::{{closure}}::h883b72ef75da6231
[INFO] [stdout]                                at /rustc/84c898d65adf2f39a5a98507f1fe0ce10a2b8dbc/library/std/src/thread/mod.rs:559:30
[INFO] [stdout]   42:     0x564b7fcabb1b - core::ops::function::FnOnce::call_once{{vtable.shim}}::hb7dff73dc8bd2ccb
[INFO] [stdout]                                at /rustc/84c898d65adf2f39a5a98507f1fe0ce10a2b8dbc/library/core/src/ops/function.rs:250:5
[INFO] [stdout]   43:     0x564b81071f53 - <alloc::boxed::Box<F,A> as core::ops::function::FnOnce<Args>>::call_once::h39990b24eedef2ab
[INFO] [stdout]                                at /rustc/84c898d65adf2f39a5a98507f1fe0ce10a2b8dbc/library/alloc/src/boxed.rs:1987:9
[INFO] [stdout]   44:     0x564b81071f53 - <alloc::boxed::Box<F,A> as core::ops::function::FnOnce<Args>>::call_once::h01a027258444143b
[INFO] [stdout]                                at /rustc/84c898d65adf2f39a5a98507f1fe0ce10a2b8dbc/library/alloc/src/boxed.rs:1987:9
[INFO] [stdout]   45:     0x564b81071f53 - std::sys::unix::thread::Thread::new::thread_start::ha4f1cdd9c25884ba
[INFO] [stdout]                                at /rustc/84c898d65adf2f39a5a98507f1fe0ce10a2b8dbc/library/std/src/sys/unix/thread.rs:108:17
[INFO] [stdout]   46:     0x7fc48a255b43 - <unknown>
[INFO] [stdout]   47:     0x7fc48a2e6bb4 - __clone
[INFO] [stdout]   48:                0x0 - <unknown>
[INFO] [stdout] 
[INFO] [stdout] 
[INFO] [stdout] failures:
[INFO] [stdout]     api::generate_ts_bindings
[INFO] [stdout] 
[INFO] [stdout] test result: FAILED. 1 passed; 1 failed; 0 ignored; 0 measured; 0 filtered out; finished in 0.48s
[INFO] [stdout] 
[INFO] running `Command { std: "docker" "inspect" "784820b58ecca59e3a52814c6181328940fae588fb8eeef3142292e1928d0f2a", kill_on_drop: false }`
[INFO] running `Command { std: "docker" "rm" "-f" "784820b58ecca59e3a52814c6181328940fae588fb8eeef3142292e1928d0f2a", kill_on_drop: false }`
[INFO] [stdout] 784820b58ecca59e3a52814c6181328940fae588fb8eeef3142292e1928d0f2a
