[INFO] cloning repository https://github.com/delbato/wrap-archive
[INFO] running `Command { std: "git" "-c" "credential.helper=" "-c" "credential.helper=/workspace/cargo-home/bin/git-credential-null" "clone" "--bare" "https://github.com/delbato/wrap-archive" "/workspace/cache/git-repos/https%3A%2F%2Fgithub.com%2Fdelbato%2Fwrap-archive", kill_on_drop: false }`
[INFO] [stderr] Cloning into bare repository '/workspace/cache/git-repos/https%3A%2F%2Fgithub.com%2Fdelbato%2Fwrap-archive'...
[INFO] running `Command { std: "git" "rev-parse" "HEAD", kill_on_drop: false }`
[INFO] [stdout] 1e02e063ebadc822a1eed68235f2e956c07ecb20
[INFO] testing delbato/wrap-archive against beta-2023-04-20 for beta-1.70-1
[INFO] running `Command { std: "git" "clone" "/workspace/cache/git-repos/https%3A%2F%2Fgithub.com%2Fdelbato%2Fwrap-archive" "/workspace/builds/worker-4-tc2/source", kill_on_drop: false }`
[INFO] [stderr] Cloning into '/workspace/builds/worker-4-tc2/source'...
[INFO] [stderr] done.
[INFO] validating manifest of git repo https://github.com/delbato/wrap-archive on toolchain beta-2023-04-20
[INFO] running `Command { std: CARGO_HOME="/workspace/cargo-home" RUSTUP_HOME="/workspace/rustup-home" "/workspace/cargo-home/bin/cargo" "+beta-2023-04-20" "metadata" "--manifest-path" "Cargo.toml" "--no-deps", kill_on_drop: false }`
[INFO] started tweaking git repo https://github.com/delbato/wrap-archive
[INFO] finished tweaking git repo https://github.com/delbato/wrap-archive
[INFO] tweaked toml for git repo https://github.com/delbato/wrap-archive written to /workspace/builds/worker-4-tc2/source/Cargo.toml
[INFO] crate git repo https://github.com/delbato/wrap-archive already has a lockfile, it will not be regenerated
[INFO] running `Command { std: CARGO_HOME="/workspace/cargo-home" RUSTUP_HOME="/workspace/rustup-home" "/workspace/cargo-home/bin/cargo" "+beta-2023-04-20" "fetch" "--manifest-path" "Cargo.toml", kill_on_drop: false }`
[INFO] [stderr] warning: the cargo feature `strip` has been stabilized in the 1.58 release and is no longer necessary to be listed in the manifest
[INFO] [stderr]   See https://doc.rust-lang.org/beta/cargo/reference/profiles.html#strip-option for more information about using this feature.
[INFO] [stderr]     Updating crates.io index
[INFO] [stderr]  Downloading crates ...
[INFO] [stderr]   Downloaded cli-table v0.4.6
[INFO] [stderr]   Downloaded aes-ctr v0.99.99
[INFO] [stderr]   Downloaded cli-table-derive v0.4.4
[INFO] [stderr]   Downloaded cbindgen v0.20.0
[INFO] running `Command { std: "docker" "create" "-v" "/var/lib/crater-agent-workspace/builds/worker-4-tc2/target:/opt/rustwide/target:rw,Z" "-v" "/var/lib/crater-agent-workspace/builds/worker-4-tc2/source:/opt/rustwide/workdir:ro,Z" "-v" "/var/lib/crater-agent-workspace/cargo-home:/opt/rustwide/cargo-home:ro,Z" "-v" "/var/lib/crater-agent-workspace/rustup-home:/opt/rustwide/rustup-home:ro,Z" "-e" "SOURCE_DIR=/opt/rustwide/workdir" "-e" "CARGO_TARGET_DIR=/opt/rustwide/target" "-e" "CARGO_HOME=/opt/rustwide/cargo-home" "-e" "RUSTUP_HOME=/opt/rustwide/rustup-home" "-w" "/opt/rustwide/workdir" "-m" "1610612736" "--user" "0:0" "--network" "none" "ghcr.io/rust-lang/crates-build-env/linux@sha256:5ff2268d62e97bff2cde7d5815dd6ed5b47097566f13b8d0ca110b04b60e07ed" "/opt/rustwide/cargo-home/bin/cargo" "+beta-2023-04-20" "metadata" "--no-deps" "--format-version=1", kill_on_drop: false }`
[INFO] [stdout] 32ac957694fef005605d019a2180c155bb76415f0a455fccafd823a0eb3910e1
[INFO] running `Command { std: "docker" "start" "-a" "32ac957694fef005605d019a2180c155bb76415f0a455fccafd823a0eb3910e1", kill_on_drop: false }`
[INFO] running `Command { std: "docker" "inspect" "32ac957694fef005605d019a2180c155bb76415f0a455fccafd823a0eb3910e1", kill_on_drop: false }`
[INFO] running `Command { std: "docker" "rm" "-f" "32ac957694fef005605d019a2180c155bb76415f0a455fccafd823a0eb3910e1", kill_on_drop: false }`
[INFO] [stdout] 32ac957694fef005605d019a2180c155bb76415f0a455fccafd823a0eb3910e1
[INFO] running `Command { std: "docker" "create" "-v" "/var/lib/crater-agent-workspace/builds/worker-4-tc2/target:/opt/rustwide/target:rw,Z" "-v" "/var/lib/crater-agent-workspace/builds/worker-4-tc2/source:/opt/rustwide/workdir:ro,Z" "-v" "/var/lib/crater-agent-workspace/cargo-home:/opt/rustwide/cargo-home:ro,Z" "-v" "/var/lib/crater-agent-workspace/rustup-home:/opt/rustwide/rustup-home:ro,Z" "-e" "SOURCE_DIR=/opt/rustwide/workdir" "-e" "CARGO_TARGET_DIR=/opt/rustwide/target" "-e" "CARGO_INCREMENTAL=0" "-e" "RUST_BACKTRACE=full" "-e" "RUSTFLAGS=--cap-lints=warn" "-e" "RUSTDOCFLAGS=--cap-lints=warn" "-e" "CARGO_HOME=/opt/rustwide/cargo-home" "-e" "RUSTUP_HOME=/opt/rustwide/rustup-home" "-w" "/opt/rustwide/workdir" "-m" "1610612736" "--user" "0:0" "--network" "none" "ghcr.io/rust-lang/crates-build-env/linux@sha256:5ff2268d62e97bff2cde7d5815dd6ed5b47097566f13b8d0ca110b04b60e07ed" "/opt/rustwide/cargo-home/bin/cargo" "+beta-2023-04-20" "build" "--frozen" "--message-format=json", kill_on_drop: false }`
[INFO] [stdout] 50cde8b89bc25fad12434c5ba744978e8e31f7a1bddff2f45765ab86d89b9a0b
[INFO] running `Command { std: "docker" "start" "-a" "50cde8b89bc25fad12434c5ba744978e8e31f7a1bddff2f45765ab86d89b9a0b", kill_on_drop: false }`
[INFO] [stderr] warning: the cargo feature `strip` has been stabilized in the 1.58 release and is no longer necessary to be listed in the manifest
[INFO] [stderr]   See https://doc.rust-lang.org/beta/cargo/reference/profiles.html#strip-option for more information about using this feature.
[INFO] [stderr]    Compiling libc v0.2.104
[INFO] [stderr]    Compiling proc-macro2 v1.0.30
[INFO] [stderr]    Compiling unicode-xid v0.2.2
[INFO] [stderr]    Compiling syn v1.0.80
[INFO] [stderr]    Compiling serde_derive v1.0.130
[INFO] [stderr]    Compiling version_check v0.9.3
[INFO] [stderr]    Compiling typenum v1.14.0
[INFO] [stderr]    Compiling serde v1.0.130
[INFO] [stderr]    Compiling zstd-safe v4.1.1+zstd.1.5.0
[INFO] [stderr]    Compiling arrayref v0.3.6
[INFO] [stderr]    Compiling arrayvec v0.7.1
[INFO] [stderr]    Compiling constant_time_eq v0.1.5
[INFO] [stderr]    Compiling wrap-archive v0.1.1 (/opt/rustwide/workdir)
[INFO] [stderr]    Compiling num-traits v0.2.14
[INFO] [stderr]    Compiling num-integer v0.1.44
[INFO] [stdout] warning: unused variable: `out_dir`
[INFO] [stdout]  --> build.rs:7:9
[INFO] [stdout]   |
[INFO] [stdout] 7 |     let out_dir = PathBuf::from("target");
[INFO] [stdout]   |         ^^^^^^^ help: if this is intentional, prefix it with an underscore: `_out_dir`
[INFO] [stdout]   |
[INFO] [stdout]   = note: `#[warn(unused_variables)]` on by default
[INFO] [stdout] 
[INFO] [stdout] 
[INFO] [stderr]    Compiling generic-array v0.14.4
[INFO] [stdout] warning: 1 warning emitted
[INFO] [stdout] 
[INFO] [stdout] 
[INFO] [stderr]    Compiling quote v1.0.10
[INFO] [stderr]    Compiling jobserver v0.1.24
[INFO] [stderr]    Compiling time v0.1.44
[INFO] [stderr]    Compiling cc v1.0.71
[INFO] [stderr]    Compiling digest v0.9.0
[INFO] [stderr]    Compiling zstd-sys v1.6.1+zstd.1.5.0
[INFO] [stderr]    Compiling blake3 v1.0.0
[INFO] [stderr]    Compiling bincode v1.3.3
[INFO] [stderr]    Compiling chrono v0.4.19
[INFO] [stderr]    Compiling zstd v0.9.0+zstd.1.5.0
[INFO] [stderr]     Finished dev [unoptimized + debuginfo] target(s) in 34.58s
[INFO] running `Command { std: "docker" "inspect" "50cde8b89bc25fad12434c5ba744978e8e31f7a1bddff2f45765ab86d89b9a0b", kill_on_drop: false }`
[INFO] running `Command { std: "docker" "rm" "-f" "50cde8b89bc25fad12434c5ba744978e8e31f7a1bddff2f45765ab86d89b9a0b", kill_on_drop: false }`
[INFO] [stdout] 50cde8b89bc25fad12434c5ba744978e8e31f7a1bddff2f45765ab86d89b9a0b
[INFO] running `Command { std: "docker" "create" "-v" "/var/lib/crater-agent-workspace/builds/worker-4-tc2/target:/opt/rustwide/target:rw,Z" "-v" "/var/lib/crater-agent-workspace/builds/worker-4-tc2/source:/opt/rustwide/workdir:ro,Z" "-v" "/var/lib/crater-agent-workspace/cargo-home:/opt/rustwide/cargo-home:ro,Z" "-v" "/var/lib/crater-agent-workspace/rustup-home:/opt/rustwide/rustup-home:ro,Z" "-e" "SOURCE_DIR=/opt/rustwide/workdir" "-e" "CARGO_TARGET_DIR=/opt/rustwide/target" "-e" "CARGO_INCREMENTAL=0" "-e" "RUST_BACKTRACE=full" "-e" "RUSTFLAGS=--cap-lints=warn" "-e" "RUSTDOCFLAGS=--cap-lints=warn" "-e" "CARGO_HOME=/opt/rustwide/cargo-home" "-e" "RUSTUP_HOME=/opt/rustwide/rustup-home" "-w" "/opt/rustwide/workdir" "-m" "1610612736" "--user" "0:0" "--network" "none" "ghcr.io/rust-lang/crates-build-env/linux@sha256:5ff2268d62e97bff2cde7d5815dd6ed5b47097566f13b8d0ca110b04b60e07ed" "/opt/rustwide/cargo-home/bin/cargo" "+beta-2023-04-20" "test" "--frozen" "--no-run" "--message-format=json", kill_on_drop: false }`
[INFO] [stdout] 8498bc549569902608096776c6b3fe8ba061ff372d34a126071479e9f308bcda
[INFO] running `Command { std: "docker" "start" "-a" "8498bc549569902608096776c6b3fe8ba061ff372d34a126071479e9f308bcda", kill_on_drop: false }`
[INFO] [stderr] warning: the cargo feature `strip` has been stabilized in the 1.58 release and is no longer necessary to be listed in the manifest
[INFO] [stderr]   See https://doc.rust-lang.org/beta/cargo/reference/profiles.html#strip-option for more information about using this feature.
[INFO] [stdout] warning: unused variable: `out_dir`
[INFO] [stdout]  --> build.rs:7:9
[INFO] [stdout]   |
[INFO] [stdout] 7 |     let out_dir = PathBuf::from("target");
[INFO] [stdout]   |         ^^^^^^^ help: if this is intentional, prefix it with an underscore: `_out_dir`
[INFO] [stdout]   |
[INFO] [stdout]   = note: `#[warn(unused_variables)]` on by default
[INFO] [stdout] 
[INFO] [stdout] 
[INFO] [stdout] warning: 1 warning emitted
[INFO] [stdout] 
[INFO] [stdout] 
[INFO] [stderr]    Compiling wrap-archive v0.1.1 (/opt/rustwide/workdir)
[INFO] [stdout] warning: unused imports: `Read`, `Write`
[INFO] [stdout]  --> tests/write.rs:6:5
[INFO] [stdout]   |
[INFO] [stdout] 6 |     Read,
[INFO] [stdout]   |     ^^^^
[INFO] [stdout] 7 |     Write,
[INFO] [stdout]   |     ^^^^^
[INFO] [stdout]   |
[INFO] [stdout]   = note: `#[warn(unused_imports)]` on by default
[INFO] [stdout] 
[INFO] [stdout] 
[INFO] [stdout] warning: unused import: `wrap::blake3::Hasher`
[INFO] [stdout]   --> tests/write.rs:10:5
[INFO] [stdout]    |
[INFO] [stdout] 10 | use wrap::blake3::Hasher;
[INFO] [stdout]    |     ^^^^^^^^^^^^^^^^^^^^
[INFO] [stdout] 
[INFO] [stdout] 
[INFO] [stdout] warning: 2 warnings emitted
[INFO] [stdout] 
[INFO] [stdout] 
[INFO] [stderr]     Finished test [unoptimized + debuginfo] target(s) in 0.97s
[INFO] running `Command { std: "docker" "inspect" "8498bc549569902608096776c6b3fe8ba061ff372d34a126071479e9f308bcda", kill_on_drop: false }`
[INFO] running `Command { std: "docker" "rm" "-f" "8498bc549569902608096776c6b3fe8ba061ff372d34a126071479e9f308bcda", kill_on_drop: false }`
[INFO] [stdout] 8498bc549569902608096776c6b3fe8ba061ff372d34a126071479e9f308bcda
[INFO] running `Command { std: "docker" "create" "-v" "/var/lib/crater-agent-workspace/builds/worker-4-tc2/target:/opt/rustwide/target:rw,Z" "-v" "/var/lib/crater-agent-workspace/builds/worker-4-tc2/source:/opt/rustwide/workdir:ro,Z" "-v" "/var/lib/crater-agent-workspace/cargo-home:/opt/rustwide/cargo-home:ro,Z" "-v" "/var/lib/crater-agent-workspace/rustup-home:/opt/rustwide/rustup-home:ro,Z" "-e" "SOURCE_DIR=/opt/rustwide/workdir" "-e" "CARGO_TARGET_DIR=/opt/rustwide/target" "-e" "CARGO_INCREMENTAL=0" "-e" "RUST_BACKTRACE=full" "-e" "RUSTFLAGS=--cap-lints=warn" "-e" "RUSTDOCFLAGS=--cap-lints=warn" "-e" "CARGO_HOME=/opt/rustwide/cargo-home" "-e" "RUSTUP_HOME=/opt/rustwide/rustup-home" "-w" "/opt/rustwide/workdir" "-m" "1610612736" "--user" "0:0" "--network" "none" "ghcr.io/rust-lang/crates-build-env/linux@sha256:5ff2268d62e97bff2cde7d5815dd6ed5b47097566f13b8d0ca110b04b60e07ed" "/opt/rustwide/cargo-home/bin/cargo" "+beta-2023-04-20" "test" "--frozen", kill_on_drop: false }`
[INFO] [stdout] ab95961ec7f64c6a4a7dbe063da4b2d2b0b6372a83c4fcaf583d961be6dfeea5
[INFO] running `Command { std: "docker" "start" "-a" "ab95961ec7f64c6a4a7dbe063da4b2d2b0b6372a83c4fcaf583d961be6dfeea5", kill_on_drop: false }`
[INFO] [stderr] warning: the cargo feature `strip` has been stabilized in the 1.58 release and is no longer necessary to be listed in the manifest
[INFO] [stderr]   See https://doc.rust-lang.org/beta/cargo/reference/profiles.html#strip-option for more information about using this feature.
[INFO] [stderr] warning: unused variable: `out_dir`
[INFO] [stderr]  --> build.rs:7:9
[INFO] [stderr]   |
[INFO] [stderr] 7 |     let out_dir = PathBuf::from("target");
[INFO] [stderr]   |         ^^^^^^^ help: if this is intentional, prefix it with an underscore: `_out_dir`
[INFO] [stderr]   |
[INFO] [stderr]   = note: `#[warn(unused_variables)]` on by default
[INFO] [stderr] 
[INFO] [stderr] warning: `wrap-archive` (build script) generated 1 warning
[INFO] [stderr] warning: unused imports: `Read`, `Write`
[INFO] [stderr]  --> tests/write.rs:6:5
[INFO] [stderr]   |
[INFO] [stderr] 6 |     Read,
[INFO] [stderr]   |     ^^^^
[INFO] [stderr] 7 |     Write,
[INFO] [stderr]   |     ^^^^^
[INFO] [stderr]   |
[INFO] [stderr]   = note: `#[warn(unused_imports)]` on by default
[INFO] [stderr] 
[INFO] [stderr] warning: unused import: `wrap::blake3::Hasher`
[INFO] [stderr]   --> tests/write.rs:10:5
[INFO] [stderr]    |
[INFO] [stderr] 10 | use wrap::blake3::Hasher;
[INFO] [stderr]    |     ^^^^^^^^^^^^^^^^^^^^
[INFO] [stderr] 
[INFO] [stderr] warning: `wrap-archive` (test "write") generated 2 warnings (run `cargo fix --test "write"` to apply 2 suggestions)
[INFO] [stderr]     Finished test [unoptimized + debuginfo] target(s) in 0.04s
[INFO] [stderr]      Running unittests src/lib.rs (/opt/rustwide/target/debug/deps/wrap-7fc41b3d5830e9df)
[INFO] [stdout] 
[INFO] [stdout] running 0 tests
[INFO] [stdout] 
[INFO] [stdout] test result: ok. 0 passed; 0 failed; 0 ignored; 0 measured; 0 filtered out; finished in 0.00s
[INFO] [stdout] 
[INFO] [stderr]      Running tests/read.rs (/opt/rustwide/target/debug/deps/read-d48daec6f5a4de53)
[INFO] [stdout] 
[INFO] [stdout] running 12 tests
[INFO] [stdout] test test_reader_info_image_compressed ... FAILED
[INFO] [stdout] test test_reader_image_uncompressed ... FAILED
[INFO] [stdout] test test_reader_image_compressed ... FAILED
[INFO] [stdout] test test_reader_info_mixed_compressed ... FAILED
[INFO] [stdout] test test_reader_info_image_uncompressed ... FAILED
[INFO] [stdout] test test_reader_info_mixed_uncompressed ... FAILED
[INFO] [stdout] test test_reader_info_text_compressed ... FAILED
[INFO] [stdout] test test_reader_info_text_uncompressed ... FAILED
[INFO] [stdout] test test_reader_mixed_compressed ... FAILED
[INFO] [stdout] test test_reader_mixed_uncompressed ... FAILED
[INFO] [stdout] test test_reader_text_compressed ... FAILED
[INFO] [stdout] test test_reader_text_uncompressed ... FAILED
[INFO] [stdout] 
[INFO] [stdout] failures:
[INFO] [stdout] 
[INFO] [stdout] ---- test_reader_info_image_compressed stdout ----
[INFO] [stdout] Error: Os { code: 2, kind: NotFound, message: "No such file or directory" }
[INFO] [stdout] 
[INFO] [stdout] ---- test_reader_image_uncompressed stdout ----
[INFO] [stdout] Error: Os { code: 2, kind: NotFound, message: "No such file or directory" }
[INFO] [stdout] 
[INFO] [stdout] ---- test_reader_image_compressed stdout ----
[INFO] [stdout] Error: Os { code: 2, kind: NotFound, message: "No such file or directory" }
[INFO] [stdout] 
[INFO] [stdout] ---- test_reader_info_mixed_compressed stdout ----
[INFO] [stdout] Error: Os { code: 2, kind: NotFound, message: "No such file or directory" }
[INFO] [stdout] 
[INFO] [stdout] ---- test_reader_info_image_uncompressed stdout ----
[INFO] [stdout] Error: Os { code: 2, kind: NotFound, message: "No such file or directory" }
[INFO] [stdout] 
[INFO] [stdout] ---- test_reader_info_mixed_uncompressed stdout ----
[INFO] [stdout] Error: Os { code: 2, kind: NotFound, message: "No such file or directory" }
[INFO] [stdout] 
[INFO] [stdout] ---- test_reader_info_text_compressed stdout ----
[INFO] [stdout] Error: Os { code: 2, kind: NotFound, message: "No such file or directory" }
[INFO] [stdout] 
[INFO] [stdout] ---- test_reader_info_text_uncompressed stdout ----
[INFO] [stdout] Error: Os { code: 2, kind: NotFound, message: "No such file or directory" }
[INFO] [stdout] 
[INFO] [stdout] ---- test_reader_mixed_compressed stdout ----
[INFO] [stdout] Error: Os { code: 2, kind: NotFound, message: "No such file or directory" }
[INFO] [stdout] 
[INFO] [stdout] ---- test_reader_mixed_uncompressed stdout ----
[INFO] [stdout] Error: Os { code: 2, kind: NotFound, message: "No such file or directory" }
[INFO] [stdout] 
[INFO] [stdout] ---- test_reader_text_compressed stdout ----
[INFO] [stdout] Error: Os { code: 2, kind: NotFound, message: "No such file or directory" }
[INFO] [stdout] 
[INFO] [stdout] ---- test_reader_text_uncompressed stdout ----
[INFO] [stdout] Error: Os { code: 2, kind: NotFound, message: "No such file or directory" }
[INFO] [stdout] 
[INFO] [stdout] 
[INFO] [stdout] failures:
[INFO] [stdout]     test_reader_image_compressed
[INFO] [stdout]     test_reader_image_uncompressed
[INFO] [stdout]     test_reader_info_image_compressed
[INFO] [stdout]     test_reader_info_image_uncompressed
[INFO] [stdout]     test_reader_info_mixed_compressed
[INFO] [stdout]     test_reader_info_mixed_uncompressed
[INFO] [stdout]     test_reader_info_text_compressed
[INFO] [stdout]     test_reader_info_text_uncompressed
[INFO] [stdout]     test_reader_mixed_compressed
[INFO] [stdout]     test_reader_mixed_uncompressed
[INFO] [stdout]     test_reader_text_compressed
[INFO] [stdout]     test_reader_text_uncompressed
[INFO] [stdout] 
[INFO] [stdout] test result: FAILED. 0 passed; 12 failed; 0 ignored; 0 measured; 0 filtered out; finished in 0.00s
[INFO] [stdout] 
[INFO] [stderr] error: test failed, to rerun pass `--test read`
[INFO] running `Command { std: "docker" "inspect" "ab95961ec7f64c6a4a7dbe063da4b2d2b0b6372a83c4fcaf583d961be6dfeea5", kill_on_drop: false }`
[INFO] running `Command { std: "docker" "rm" "-f" "ab95961ec7f64c6a4a7dbe063da4b2d2b0b6372a83c4fcaf583d961be6dfeea5", kill_on_drop: false }`
[INFO] [stdout] ab95961ec7f64c6a4a7dbe063da4b2d2b0b6372a83c4fcaf583d961be6dfeea5
