[INFO] cloning repository https://github.com/deinstapel/cursive-async-view
[INFO] running `Command { std: "git" "-c" "credential.helper=" "-c" "credential.helper=/workspace/cargo-home/bin/git-credential-null" "clone" "--bare" "https://github.com/deinstapel/cursive-async-view" "/workspace/cache/git-repos/https%3A%2F%2Fgithub.com%2Fdeinstapel%2Fcursive-async-view", kill_on_drop: false }`
[INFO] [stderr] Cloning into bare repository '/workspace/cache/git-repos/https%3A%2F%2Fgithub.com%2Fdeinstapel%2Fcursive-async-view'...
[INFO] running `Command { std: "git" "rev-parse" "HEAD", kill_on_drop: false }`
[INFO] [stdout] 475d46eac76a2c9f88f5e4b96bfad520071c0c81
[INFO] testing deinstapel/cursive-async-view against beta-2023-04-20 for beta-1.70-1
[INFO] running `Command { std: "git" "clone" "/workspace/cache/git-repos/https%3A%2F%2Fgithub.com%2Fdeinstapel%2Fcursive-async-view" "/workspace/builds/worker-7-tc2/source", kill_on_drop: false }`
[INFO] [stderr] Cloning into '/workspace/builds/worker-7-tc2/source'...
[INFO] [stderr] done.
[INFO] validating manifest of git repo https://github.com/deinstapel/cursive-async-view on toolchain beta-2023-04-20
[INFO] running `Command { std: CARGO_HOME="/workspace/cargo-home" RUSTUP_HOME="/workspace/rustup-home" "/workspace/cargo-home/bin/cargo" "+beta-2023-04-20" "metadata" "--manifest-path" "Cargo.toml" "--no-deps", kill_on_drop: false }`
[INFO] started tweaking git repo https://github.com/deinstapel/cursive-async-view
[INFO] finished tweaking git repo https://github.com/deinstapel/cursive-async-view
[INFO] tweaked toml for git repo https://github.com/deinstapel/cursive-async-view written to /workspace/builds/worker-7-tc2/source/Cargo.toml
[INFO] running `Command { std: CARGO_HOME="/workspace/cargo-home" RUSTUP_HOME="/workspace/rustup-home" __CARGO_TEST_CHANNEL_OVERRIDE_DO_NOT_USE_THIS="nightly" "/workspace/cargo-home/bin/cargo" "+beta-2023-04-20" "generate-lockfile" "--manifest-path" "Cargo.toml" "-Zno-index-update", kill_on_drop: false }`
[INFO] running `Command { std: CARGO_HOME="/workspace/cargo-home" RUSTUP_HOME="/workspace/rustup-home" "/workspace/cargo-home/bin/cargo" "+beta-2023-04-20" "fetch" "--manifest-path" "Cargo.toml", kill_on_drop: false }`
[INFO] [stderr]  Downloading crates ...
[INFO] [stderr]   Downloaded cursive v0.17.0
[INFO] [stderr]   Downloaded cursive_core v0.3.7
[INFO] [stderr]   Downloaded enum-map-derive v0.11.0
[INFO] [stderr]   Downloaded enum-map v2.5.0
[INFO] running `Command { std: "docker" "create" "-v" "/var/lib/crater-agent-workspace/builds/worker-7-tc2/target:/opt/rustwide/target:rw,Z" "-v" "/var/lib/crater-agent-workspace/builds/worker-7-tc2/source:/opt/rustwide/workdir:ro,Z" "-v" "/var/lib/crater-agent-workspace/cargo-home:/opt/rustwide/cargo-home:ro,Z" "-v" "/var/lib/crater-agent-workspace/rustup-home:/opt/rustwide/rustup-home:ro,Z" "-e" "SOURCE_DIR=/opt/rustwide/workdir" "-e" "CARGO_TARGET_DIR=/opt/rustwide/target" "-e" "CARGO_HOME=/opt/rustwide/cargo-home" "-e" "RUSTUP_HOME=/opt/rustwide/rustup-home" "-w" "/opt/rustwide/workdir" "-m" "1610612736" "--user" "0:0" "--network" "none" "ghcr.io/rust-lang/crates-build-env/linux@sha256:5ff2268d62e97bff2cde7d5815dd6ed5b47097566f13b8d0ca110b04b60e07ed" "/opt/rustwide/cargo-home/bin/cargo" "+beta-2023-04-20" "metadata" "--no-deps" "--format-version=1", kill_on_drop: false }`
[INFO] [stdout] b674b5ea6560f8893f519776f09401bafaac7689b0c16271c708e53d64a7ea34
[INFO] running `Command { std: "docker" "start" "-a" "b674b5ea6560f8893f519776f09401bafaac7689b0c16271c708e53d64a7ea34", kill_on_drop: false }`
[INFO] running `Command { std: "docker" "inspect" "b674b5ea6560f8893f519776f09401bafaac7689b0c16271c708e53d64a7ea34", kill_on_drop: false }`
[INFO] running `Command { std: "docker" "rm" "-f" "b674b5ea6560f8893f519776f09401bafaac7689b0c16271c708e53d64a7ea34", kill_on_drop: false }`
[INFO] [stdout] b674b5ea6560f8893f519776f09401bafaac7689b0c16271c708e53d64a7ea34
[INFO] running `Command { std: "docker" "create" "-v" "/var/lib/crater-agent-workspace/builds/worker-7-tc2/target:/opt/rustwide/target:rw,Z" "-v" "/var/lib/crater-agent-workspace/builds/worker-7-tc2/source:/opt/rustwide/workdir:ro,Z" "-v" "/var/lib/crater-agent-workspace/cargo-home:/opt/rustwide/cargo-home:ro,Z" "-v" "/var/lib/crater-agent-workspace/rustup-home:/opt/rustwide/rustup-home:ro,Z" "-e" "SOURCE_DIR=/opt/rustwide/workdir" "-e" "CARGO_TARGET_DIR=/opt/rustwide/target" "-e" "CARGO_INCREMENTAL=0" "-e" "RUST_BACKTRACE=full" "-e" "RUSTFLAGS=--cap-lints=warn" "-e" "RUSTDOCFLAGS=--cap-lints=warn" "-e" "CARGO_HOME=/opt/rustwide/cargo-home" "-e" "RUSTUP_HOME=/opt/rustwide/rustup-home" "-w" "/opt/rustwide/workdir" "-m" "1610612736" "--user" "0:0" "--network" "none" "ghcr.io/rust-lang/crates-build-env/linux@sha256:5ff2268d62e97bff2cde7d5815dd6ed5b47097566f13b8d0ca110b04b60e07ed" "/opt/rustwide/cargo-home/bin/cargo" "+beta-2023-04-20" "build" "--frozen" "--message-format=json", kill_on_drop: false }`
[INFO] [stdout] b17e6adf25a6129fcfcac6b20f228eb1287b3fd210ea2ca66139ac26d8f98c43
[INFO] running `Command { std: "docker" "start" "-a" "b17e6adf25a6129fcfcac6b20f228eb1287b3fd210ea2ca66139ac26d8f98c43", kill_on_drop: false }`
[INFO] [stderr]     Blocking waiting for file lock on package cache
[INFO] [stderr]    Compiling autocfg v1.1.0
[INFO] [stderr]    Compiling proc-macro2 v1.0.56
[INFO] [stderr]    Compiling quote v1.0.26
[INFO] [stderr]    Compiling unicode-ident v1.0.8
[INFO] [stderr]    Compiling cfg-if v1.0.0
[INFO] [stderr]    Compiling syn v1.0.109
[INFO] [stderr]    Compiling crossbeam-utils v0.8.15
[INFO] [stderr]    Compiling ident_case v1.0.1
[INFO] [stderr]    Compiling fnv v1.0.7
[INFO] [stderr]    Compiling libc v0.2.142
[INFO] [stderr]    Compiling version_check v0.9.4
[INFO] [stderr]    Compiling log v0.4.17
[INFO] [stderr]    Compiling scopeguard v1.1.0
[INFO] [stderr]    Compiling crossbeam-queue v0.3.8
[INFO] [stderr]    Compiling once_cell v1.17.1
[INFO] [stderr]    Compiling doc-comment v0.3.3
[INFO] [stderr]    Compiling itoa v1.0.6
[INFO] [stderr]    Compiling num_threads v0.1.6
[INFO] [stderr]    Compiling stable_deref_trait v1.2.0
[INFO] [stderr]    Compiling time-core v0.1.0
[INFO] [stderr]    Compiling unicode-width v0.1.10
[INFO] [stderr]    Compiling unicode-segmentation v1.10.1
[INFO] [stderr]    Compiling owning_ref v0.4.1
[INFO] [stderr]    Compiling xi-unicode v0.3.0
[INFO] [stderr]    Compiling lazy_static v1.4.0
[INFO] [stderr]    Compiling interpolation v0.2.0
[INFO] [stderr]    Compiling send_wrapper v0.5.0
[INFO] [stderr]    Compiling ahash v0.8.3
[INFO] [stderr]    Compiling num-traits v0.2.15
[INFO] [stderr]    Compiling num-integer v0.1.45
[INFO] [stderr]    Compiling memoffset v0.8.0
[INFO] [stderr]    Compiling num-bigint v0.4.3
[INFO] [stderr]    Compiling crossbeam-epoch v0.9.14
[INFO] [stderr]    Compiling num-iter v0.1.43
[INFO] [stderr]    Compiling num-rational v0.4.1
[INFO] [stderr]    Compiling crossbeam-channel v0.5.8
[INFO] [stderr]    Compiling crossbeam-deque v0.8.3
[INFO] [stderr]    Compiling getrandom v0.2.9
[INFO] [stderr]    Compiling time v0.3.20
[INFO] [stderr]    Compiling crossbeam v0.8.2
[INFO] [stderr]    Compiling num-complex v0.4.3
[INFO] [stderr]    Compiling num v0.4.0
[INFO] [stderr]    Compiling darling_core v0.14.4
[INFO] [stderr]    Compiling enum-map-derive v0.11.0
[INFO] [stderr]    Compiling enum-map v2.5.0
[INFO] [stderr]    Compiling darling_macro v0.14.4
[INFO] [stderr]    Compiling darling v0.14.4
[INFO] [stderr]    Compiling enumset_derive v0.6.1
[INFO] [stderr]    Compiling enumset v1.0.12
[INFO] [stderr]    Compiling cursive_core v0.3.7
[INFO] [stderr]    Compiling cursive-async-view v0.6.0 (/opt/rustwide/workdir)
[INFO] [stderr]     Finished dev [unoptimized + debuginfo] target(s) in 10.67s
[INFO] running `Command { std: "docker" "inspect" "b17e6adf25a6129fcfcac6b20f228eb1287b3fd210ea2ca66139ac26d8f98c43", kill_on_drop: false }`
[INFO] running `Command { std: "docker" "rm" "-f" "b17e6adf25a6129fcfcac6b20f228eb1287b3fd210ea2ca66139ac26d8f98c43", kill_on_drop: false }`
[INFO] [stdout] b17e6adf25a6129fcfcac6b20f228eb1287b3fd210ea2ca66139ac26d8f98c43
[INFO] running `Command { std: "docker" "create" "-v" "/var/lib/crater-agent-workspace/builds/worker-7-tc2/target:/opt/rustwide/target:rw,Z" "-v" "/var/lib/crater-agent-workspace/builds/worker-7-tc2/source:/opt/rustwide/workdir:ro,Z" "-v" "/var/lib/crater-agent-workspace/cargo-home:/opt/rustwide/cargo-home:ro,Z" "-v" "/var/lib/crater-agent-workspace/rustup-home:/opt/rustwide/rustup-home:ro,Z" "-e" "SOURCE_DIR=/opt/rustwide/workdir" "-e" "CARGO_TARGET_DIR=/opt/rustwide/target" "-e" "CARGO_INCREMENTAL=0" "-e" "RUST_BACKTRACE=full" "-e" "RUSTFLAGS=--cap-lints=warn" "-e" "RUSTDOCFLAGS=--cap-lints=warn" "-e" "CARGO_HOME=/opt/rustwide/cargo-home" "-e" "RUSTUP_HOME=/opt/rustwide/rustup-home" "-w" "/opt/rustwide/workdir" "-m" "1610612736" "--user" "0:0" "--network" "none" "ghcr.io/rust-lang/crates-build-env/linux@sha256:5ff2268d62e97bff2cde7d5815dd6ed5b47097566f13b8d0ca110b04b60e07ed" "/opt/rustwide/cargo-home/bin/cargo" "+beta-2023-04-20" "test" "--frozen" "--no-run" "--message-format=json", kill_on_drop: false }`
[INFO] [stdout] bf6efffd922917640480003c7af6ef4bf776b31b9abcdba4cad6624006a3d80a
[INFO] running `Command { std: "docker" "start" "-a" "bf6efffd922917640480003c7af6ef4bf776b31b9abcdba4cad6624006a3d80a", kill_on_drop: false }`
[INFO] [stderr]    Compiling pkg-config v0.3.26
[INFO] [stderr]    Compiling cc v1.0.79
[INFO] [stderr]    Compiling ahash v0.7.6
[INFO] [stderr]    Compiling signal-hook v0.3.15
[INFO] [stderr]    Compiling signal-hook-registry v1.4.1
[INFO] [stderr]    Compiling term_size v0.3.2
[INFO] [stderr]    Compiling maplit v1.0.2
[INFO] [stderr]    Compiling ncurses v5.101.0
[INFO] [stderr]    Compiling cursive v0.17.0
[INFO] [stderr]    Compiling cursive-async-view v0.6.0 (/opt/rustwide/workdir)
[INFO] [stderr]     Finished test [unoptimized + debuginfo] target(s) in 3.64s
[INFO] running `Command { std: "docker" "inspect" "bf6efffd922917640480003c7af6ef4bf776b31b9abcdba4cad6624006a3d80a", kill_on_drop: false }`
[INFO] running `Command { std: "docker" "rm" "-f" "bf6efffd922917640480003c7af6ef4bf776b31b9abcdba4cad6624006a3d80a", kill_on_drop: false }`
[INFO] [stdout] bf6efffd922917640480003c7af6ef4bf776b31b9abcdba4cad6624006a3d80a
[INFO] running `Command { std: "docker" "create" "-v" "/var/lib/crater-agent-workspace/builds/worker-7-tc2/target:/opt/rustwide/target:rw,Z" "-v" "/var/lib/crater-agent-workspace/builds/worker-7-tc2/source:/opt/rustwide/workdir:ro,Z" "-v" "/var/lib/crater-agent-workspace/cargo-home:/opt/rustwide/cargo-home:ro,Z" "-v" "/var/lib/crater-agent-workspace/rustup-home:/opt/rustwide/rustup-home:ro,Z" "-e" "SOURCE_DIR=/opt/rustwide/workdir" "-e" "CARGO_TARGET_DIR=/opt/rustwide/target" "-e" "CARGO_INCREMENTAL=0" "-e" "RUST_BACKTRACE=full" "-e" "RUSTFLAGS=--cap-lints=warn" "-e" "RUSTDOCFLAGS=--cap-lints=warn" "-e" "CARGO_HOME=/opt/rustwide/cargo-home" "-e" "RUSTUP_HOME=/opt/rustwide/rustup-home" "-w" "/opt/rustwide/workdir" "-m" "1610612736" "--user" "0:0" "--network" "none" "ghcr.io/rust-lang/crates-build-env/linux@sha256:5ff2268d62e97bff2cde7d5815dd6ed5b47097566f13b8d0ca110b04b60e07ed" "/opt/rustwide/cargo-home/bin/cargo" "+beta-2023-04-20" "test" "--frozen", kill_on_drop: false }`
[INFO] [stdout] 21e17de513ef0c967e47c0761773eea4adf984fbe51147d2f5fe088c024c0620
[INFO] running `Command { std: "docker" "start" "-a" "21e17de513ef0c967e47c0761773eea4adf984fbe51147d2f5fe088c024c0620", kill_on_drop: false }`
[INFO] [stderr]     Finished test [unoptimized + debuginfo] target(s) in 0.06s
[INFO] [stderr]      Running unittests src/lib.rs (/opt/rustwide/target/debug/deps/cursive_async_view-aa150932f6b6d9a8)
[INFO] [stdout] 
[INFO] [stdout] running 0 tests
[INFO] [stdout] 
[INFO] [stdout] test result: ok. 0 passed; 0 failed; 0 ignored; 0 measured; 0 filtered out; finished in 0.00s
[INFO] [stdout] 
[INFO] [stderr]    Doc-tests cursive-async-view
[INFO] [stdout] 
[INFO] [stdout] running 13 tests
[INFO] [stdout] test src/progress.rs - progress::default_progress (line 45) ... FAILED
[INFO] [stdout] test src/lib.rs - (line 219) ... FAILED
[INFO] [stdout] test src/infinite.rs - infinite::default_animation (line 39) ... ok
[INFO] [stdout] test src/lib.rs - (line 73) ... ok
[INFO] [stdout] test src/infinite.rs - infinite::default_error (line 123) ... ok
[INFO] [stdout] test src/progress.rs - progress::default_progress_error (line 125) ... ok
[INFO] [stdout] test src/infinite.rs - infinite::AsyncView (line 264) ... ok
[INFO] [stdout] test src/infinite.rs - infinite::AsyncView (line 301) ... ok
[INFO] [stdout] test src/lib.rs - (line 13) ... ok
[INFO] [stdout] test src/lib.rs - (line 41) ... ok
[INFO] [stdout] test src/progress.rs - progress::AsyncProgressView (line 242) ... ok
[INFO] [stdout] test src/lib.rs - (line 159) ... ok
[INFO] [stdout] test src/lib.rs - (line 187) ... ok
[INFO] [stderr] error: doctest failed, to rerun pass `--doc`
[INFO] [stdout] 
[INFO] [stdout] failures:
[INFO] [stdout] 
[INFO] [stdout] ---- src/progress.rs - progress::default_progress (line 45) stdout ----
[INFO] [stdout] error: linking with `cc` failed: exit status: 1
[INFO] [stdout]   |
[INFO] [stdout]   = note: LC_ALL="C" PATH="/opt/rustwide/rustup-home/toolchains/beta-2023-04-20-x86_64-unknown-linux-gnu/lib/rustlib/x86_64-unknown-linux-gnu/bin:/opt/rustwide/cargo-home/bin:/usr/local/sbin:/usr/local/bin:/usr/sbin:/usr/bin:/sbin:/bin" VSLANG="1033" "cc" "-m64" "/tmp/rustc6WnWDY/symbols.o" "/tmp/rustdoctestL9tJwl/rust_out.rust_out.c38b68ff-cgu.0.rcgu.o" "/tmp/rustdoctestL9tJwl/rust_out.38a7fyhsvjn6z0qy.rcgu.o" "-Wl,--as-needed" "-L" "/opt/rustwide/target/debug/deps" "-L" "/opt/rustwide/target/debug/deps" "-L" "/usr/lib/x86_64-linux-gnu" "-L" "/opt/rustwide/rustup-home/toolchains/beta-2023-04-20-x86_64-unknown-linux-gnu/lib/rustlib/x86_64-unknown-linux-gnu/lib" "-Wl,-Bstatic" "/opt/rustwide/target/debug/deps/libcursive-f547cfc2e9d4c45d.rlib" "/opt/rustwide/target/debug/deps/libahash-9dd5707f2c6d737b.rlib" "/opt/rustwide/target/debug/deps/libncurses-058c55dff0ea538f.rlib" "/opt/rustwide/target/debug/deps/libmaplit-7b5b184081e8655b.rlib" "/opt/rustwide/target/debug/deps/libsignal_hook-374483abbf7143fa.rlib" "/opt/rustwide/target/debug/deps/libsignal_hook_registry-9a786e9b5360f754.rlib" "/opt/rustwide/target/debug/deps/libcursive_async_view-42f7d834dd67896b.rlib" "/opt/rustwide/target/debug/deps/libdoc_comment-505248eb9c35e533.rlib" "/opt/rustwide/target/debug/deps/libsend_wrapper-51d0f7d42bfc32a5.rlib" "/opt/rustwide/target/debug/deps/libinterpolation-d4763fcdfa549aa6.rlib" "/opt/rustwide/target/debug/deps/libcursive_core-2806a527d2b7a809.rlib" "/opt/rustwide/target/debug/deps/libnum-736c3ea27a09f1b7.rlib" "/opt/rustwide/target/debug/deps/libnum_iter-0ebe67b8d5a356cb.rlib" "/opt/rustwide/target/debug/deps/libnum_rational-9149756d1d7645ac.rlib" "/opt/rustwide/target/debug/deps/libnum_complex-cdd4b5696d7b045e.rlib" "/opt/rustwide/target/debug/deps/libnum_bigint-5aeb48c10416499d.rlib" "/opt/rustwide/target/debug/deps/libnum_integer-84dbbf3360c9e522.rlib" "/opt/rustwide/target/debug/deps/libnum_traits-991acf3b855e0659.rlib" "/opt/rustwide/target/debug/deps/libenum_map-78f2f9ad1d4aa1c8.rlib" "/opt/rustwide/target/debug/deps/liblazy_static-86422d76b8bd90ed.rlib" "/opt/rustwide/target/debug/deps/libowning_ref-b4c07e4c7e7cc403.rlib" "/opt/rustwide/target/debug/deps/libstable_deref_trait-a7411811f8affdf0.rlib" "/opt/rustwide/target/debug/deps/libxi_unicode-99b1e76b725bf112.rlib" "/opt/rustwide/target/debug/deps/libunicode_width-6b812fea5297095e.rlib" "/opt/rustwide/target/debug/deps/libunicode_segmentation-20fe25a5000cf224.rlib" "/opt/rustwide/target/debug/deps/libtime-1b0b0f8305ed6a04.rlib" "/opt/rustwide/target/debug/deps/libnum_threads-f58e6d0dda67d9ee.rlib" "/opt/rustwide/target/debug/deps/libitoa-ef51536650fd4ae2.rlib" "/opt/rustwide/target/debug/deps/libtime_core-a3d7b585438a9184.rlib" "/opt/rustwide/target/debug/deps/liblog-6f3e788ba8b980aa.rlib" "/opt/rustwide/target/debug/deps/libenumset-c52a1b4d6fc9d029.rlib" "/opt/rustwide/target/debug/deps/libahash-0fc364ec79160bf3.rlib" "/opt/rustwide/target/debug/deps/libgetrandom-98c38e24f3f1e231.rlib" "/opt/rustwide/target/debug/deps/liblibc-437468c9c78eaf61.rlib" "/opt/rustwide/target/debug/deps/libonce_cell-4ce8508dbd93174f.rlib" "/opt/rustwide/target/debug/deps/libcrossbeam-28c5be81d3fecb2e.rlib" "/opt/rustwide/target/debug/deps/libcrossbeam_channel-130821287a74a631.rlib" "/opt/rustwide/target/debug/deps/libcrossbeam_deque-f17cd4c034a55772.rlib" "/opt/rustwide/target/debug/deps/libcrossbeam_queue-3addc69a637adeef.rlib" "/opt/rustwide/target/debug/deps/libcrossbeam_epoch-c84edceb6f678aa1.rlib" "/opt/rustwide/target/debug/deps/libmemoffset-f892157242695dc8.rlib" "/opt/rustwide/target/debug/deps/libscopeguard-54ff2283d814f48f.rlib" "/opt/rustwide/target/debug/deps/libcrossbeam_utils-127599fabbd7945d.rlib" "/opt/rustwide/target/debug/deps/libcfg_if-97437e183f3ae6e4.rlib" "/opt/rustwide/rustup-home/toolchains/beta-2023-04-20-x86_64-unknown-linux-gnu/lib/rustlib/x86_64-unknown-linux-gnu/lib/libstd-0e29cc23c5e02021.rlib" "/opt/rustwide/rustup-home/toolchains/beta-2023-04-20-x86_64-unknown-linux-gnu/lib/rustlib/x86_64-unknown-linux-gnu/lib/libpanic_unwind-d903621768a861d9.rlib" "/opt/rustwide/rustup-home/toolchains/beta-2023-04-20-x86_64-unknown-linux-gnu/lib/rustlib/x86_64-unknown-linux-gnu/lib/libobject-6d0225e655f31c13.rlib" "/opt/rustwide/rustup-home/toolchains/beta-2023-04-20-x86_64-unknown-linux-gnu/lib/rustlib/x86_64-unknown-linux-gnu/lib/libmemchr-9dbaf4eac7eaa079.rlib" "/opt/rustwide/rustup-home/toolchains/beta-2023-04-20-x86_64-unknown-linux-gnu/lib/rustlib/x86_64-unknown-linux-gnu/lib/libaddr2line-27f05b3d42a66dd0.rlib" "/opt/rustwide/rustup-home/toolchains/beta-2023-04-20-x86_64-unknown-linux-gnu/lib/rustlib/x86_64-unknown-linux-gnu/lib/libgimli-4d73f1030321c9a2.rlib" "/opt/rustwide/rustup-home/toolchains/beta-2023-04-20-x86_64-unknown-linux-gnu/lib/rustlib/x86_64-unknown-linux-gnu/lib/librustc_demangle-2846c9e58abd0acb.rlib" "/opt/rustwide/rustup-home/toolchains/beta-2023-04-20-x86_64-unknown-linux-gnu/lib/rustlib/x86_64-unknown-linux-gnu/lib/libstd_detect-a53d0f50415947be.rlib" "/opt/rustwide/rustup-home/toolchains/beta-2023-04-20-x86_64-unknown-linux-gnu/lib/rustlib/x86_64-unknown-linux-gnu/lib/libhashbrown-d48e4b6abc25b9dc.rlib" "/opt/rustwide/rustup-home/toolchains/beta-2023-04-20-x86_64-unknown-linux-gnu/lib/rustlib/x86_64-unknown-linux-gnu/lib/libminiz_oxide-2991859439ef1207.rlib" "/opt/rustwide/rustup-home/toolchains/beta-2023-04-20-x86_64-unknown-linux-gnu/lib/rustlib/x86_64-unknown-linux-gnu/lib/libadler-8a687517e4221bae.rlib" "/opt/rustwide/rustup-home/toolchains/beta-2023-04-20-x86_64-unknown-linux-gnu/lib/rustlib/x86_64-unknown-linux-gnu/lib/librustc_std_workspace_alloc-e07b554f6a67f5b3.rlib" "/opt/rustwide/rustup-home/toolchains/beta-2023-04-20-x86_64-unknown-linux-gnu/lib/rustlib/x86_64-unknown-linux-gnu/lib/libunwind-b68238b7c3c619dd.rlib" "/opt/rustwide/rustup-home/toolchains/beta-2023-04-20-x86_64-unknown-linux-gnu/lib/rustlib/x86_64-unknown-linux-gnu/lib/libcfg_if-d5e213e896c017e4.rlib" "/opt/rustwide/rustup-home/toolchains/beta-2023-04-20-x86_64-unknown-linux-gnu/lib/rustlib/x86_64-unknown-linux-gnu/lib/liblibc-0211a3b2e61d8689.rlib" "/opt/rustwide/rustup-home/toolchains/beta-2023-04-20-x86_64-unknown-linux-gnu/lib/rustlib/x86_64-unknown-linux-gnu/lib/liballoc-b371f055239ba51f.rlib" "/opt/rustwide/rustup-home/toolchains/beta-2023-04-20-x86_64-unknown-linux-gnu/lib/rustlib/x86_64-unknown-linux-gnu/lib/librustc_std_workspace_core-e60518d2760eb01e.rlib" "/opt/rustwide/rustup-home/toolchains/beta-2023-04-20-x86_64-unknown-linux-gnu/lib/rustlib/x86_64-unknown-linux-gnu/lib/libcore-1ad943f92a4b1081.rlib" "/opt/rustwide/rustup-home/toolchains/beta-2023-04-20-x86_64-unknown-linux-gnu/lib/rustlib/x86_64-unknown-linux-gnu/lib/libcompiler_builtins-f0d6e4d0fc1e80b4.rlib" "-Wl,-Bdynamic" "-lncursesw" "-ltinfo" "-lgcc_s" "-lutil" "-lrt" "-lpthread" "-lm" "-ldl" "-lc" "-Wl,--eh-frame-hdr" "-Wl,-z,noexecstack" "-L" "/opt/rustwide/rustup-home/toolchains/beta-2023-04-20-x86_64-unknown-linux-gnu/lib/rustlib/x86_64-unknown-linux-gnu/lib" "-o" "/tmp/rustdoctestL9tJwl/rust_out" "-Wl,--gc-sections" "-pie" "-Wl,-z,relro,-z,now" "-nodefaultlibs"
[INFO] [stdout]   = note: collect2: fatal error: ld terminated with signal 9 [Killed]
[INFO] [stdout]           compilation terminated.
[INFO] [stdout]           
[INFO] [stdout] 
[INFO] [stdout] error: aborting due to previous error
[INFO] [stdout] 
[INFO] [stdout] Couldn't compile the test.
[INFO] [stdout] ---- src/lib.rs - (line 219) stdout ----
[INFO] [stdout] error: linking with `cc` failed: exit status: 1
[INFO] [stdout]   |
[INFO] [stdout]   = note: LC_ALL="C" PATH="/opt/rustwide/rustup-home/toolchains/beta-2023-04-20-x86_64-unknown-linux-gnu/lib/rustlib/x86_64-unknown-linux-gnu/bin:/opt/rustwide/cargo-home/bin:/usr/local/sbin:/usr/local/bin:/usr/sbin:/usr/bin:/sbin:/bin" VSLANG="1033" "cc" "-m64" "/tmp/rustc7Q7LL8/symbols.o" "/tmp/rustdoctest0H3z99/rust_out.rust_out.c38b68ff-cgu.0.rcgu.o" "/tmp/rustdoctest0H3z99/rust_out.38a7fyhsvjn6z0qy.rcgu.o" "-Wl,--as-needed" "-L" "/opt/rustwide/target/debug/deps" "-L" "/opt/rustwide/target/debug/deps" "-L" "/usr/lib/x86_64-linux-gnu" "-L" "/opt/rustwide/rustup-home/toolchains/beta-2023-04-20-x86_64-unknown-linux-gnu/lib/rustlib/x86_64-unknown-linux-gnu/lib" "-Wl,-Bstatic" "/opt/rustwide/target/debug/deps/libcursive-f547cfc2e9d4c45d.rlib" "/opt/rustwide/target/debug/deps/libahash-9dd5707f2c6d737b.rlib" "/opt/rustwide/target/debug/deps/libncurses-058c55dff0ea538f.rlib" "/opt/rustwide/target/debug/deps/libmaplit-7b5b184081e8655b.rlib" "/opt/rustwide/target/debug/deps/libsignal_hook-374483abbf7143fa.rlib" "/opt/rustwide/target/debug/deps/libsignal_hook_registry-9a786e9b5360f754.rlib" "/opt/rustwide/target/debug/deps/libcursive_async_view-42f7d834dd67896b.rlib" "/opt/rustwide/target/debug/deps/libdoc_comment-505248eb9c35e533.rlib" "/opt/rustwide/target/debug/deps/libsend_wrapper-51d0f7d42bfc32a5.rlib" "/opt/rustwide/target/debug/deps/libinterpolation-d4763fcdfa549aa6.rlib" "/opt/rustwide/target/debug/deps/libcursive_core-2806a527d2b7a809.rlib" "/opt/rustwide/target/debug/deps/libnum-736c3ea27a09f1b7.rlib" "/opt/rustwide/target/debug/deps/libnum_iter-0ebe67b8d5a356cb.rlib" "/opt/rustwide/target/debug/deps/libnum_rational-9149756d1d7645ac.rlib" "/opt/rustwide/target/debug/deps/libnum_complex-cdd4b5696d7b045e.rlib" "/opt/rustwide/target/debug/deps/libnum_bigint-5aeb48c10416499d.rlib" "/opt/rustwide/target/debug/deps/libnum_integer-84dbbf3360c9e522.rlib" "/opt/rustwide/target/debug/deps/libnum_traits-991acf3b855e0659.rlib" "/opt/rustwide/target/debug/deps/libenum_map-78f2f9ad1d4aa1c8.rlib" "/opt/rustwide/target/debug/deps/liblazy_static-86422d76b8bd90ed.rlib" "/opt/rustwide/target/debug/deps/libowning_ref-b4c07e4c7e7cc403.rlib" "/opt/rustwide/target/debug/deps/libstable_deref_trait-a7411811f8affdf0.rlib" "/opt/rustwide/target/debug/deps/libxi_unicode-99b1e76b725bf112.rlib" "/opt/rustwide/target/debug/deps/libunicode_width-6b812fea5297095e.rlib" "/opt/rustwide/target/debug/deps/libunicode_segmentation-20fe25a5000cf224.rlib" "/opt/rustwide/target/debug/deps/libtime-1b0b0f8305ed6a04.rlib" "/opt/rustwide/target/debug/deps/libnum_threads-f58e6d0dda67d9ee.rlib" "/opt/rustwide/target/debug/deps/libitoa-ef51536650fd4ae2.rlib" "/opt/rustwide/target/debug/deps/libtime_core-a3d7b585438a9184.rlib" "/opt/rustwide/target/debug/deps/liblog-6f3e788ba8b980aa.rlib" "/opt/rustwide/target/debug/deps/libenumset-c52a1b4d6fc9d029.rlib" "/opt/rustwide/target/debug/deps/libahash-0fc364ec79160bf3.rlib" "/opt/rustwide/target/debug/deps/libgetrandom-98c38e24f3f1e231.rlib" "/opt/rustwide/target/debug/deps/liblibc-437468c9c78eaf61.rlib" "/opt/rustwide/target/debug/deps/libonce_cell-4ce8508dbd93174f.rlib" "/opt/rustwide/target/debug/deps/libcrossbeam-28c5be81d3fecb2e.rlib" "/opt/rustwide/target/debug/deps/libcrossbeam_channel-130821287a74a631.rlib" "/opt/rustwide/target/debug/deps/libcrossbeam_deque-f17cd4c034a55772.rlib" "/opt/rustwide/target/debug/deps/libcrossbeam_queue-3addc69a637adeef.rlib" "/opt/rustwide/target/debug/deps/libcrossbeam_epoch-c84edceb6f678aa1.rlib" "/opt/rustwide/target/debug/deps/libmemoffset-f892157242695dc8.rlib" "/opt/rustwide/target/debug/deps/libscopeguard-54ff2283d814f48f.rlib" "/opt/rustwide/target/debug/deps/libcrossbeam_utils-127599fabbd7945d.rlib" "/opt/rustwide/target/debug/deps/libcfg_if-97437e183f3ae6e4.rlib" "/opt/rustwide/rustup-home/toolchains/beta-2023-04-20-x86_64-unknown-linux-gnu/lib/rustlib/x86_64-unknown-linux-gnu/lib/libstd-0e29cc23c5e02021.rlib" "/opt/rustwide/rustup-home/toolchains/beta-2023-04-20-x86_64-unknown-linux-gnu/lib/rustlib/x86_64-unknown-linux-gnu/lib/libpanic_unwind-d903621768a861d9.rlib" "/opt/rustwide/rustup-home/toolchains/beta-2023-04-20-x86_64-unknown-linux-gnu/lib/rustlib/x86_64-unknown-linux-gnu/lib/libobject-6d0225e655f31c13.rlib" "/opt/rustwide/rustup-home/toolchains/beta-2023-04-20-x86_64-unknown-linux-gnu/lib/rustlib/x86_64-unknown-linux-gnu/lib/libmemchr-9dbaf4eac7eaa079.rlib" "/opt/rustwide/rustup-home/toolchains/beta-2023-04-20-x86_64-unknown-linux-gnu/lib/rustlib/x86_64-unknown-linux-gnu/lib/libaddr2line-27f05b3d42a66dd0.rlib" "/opt/rustwide/rustup-home/toolchains/beta-2023-04-20-x86_64-unknown-linux-gnu/lib/rustlib/x86_64-unknown-linux-gnu/lib/libgimli-4d73f1030321c9a2.rlib" "/opt/rustwide/rustup-home/toolchains/beta-2023-04-20-x86_64-unknown-linux-gnu/lib/rustlib/x86_64-unknown-linux-gnu/lib/librustc_demangle-2846c9e58abd0acb.rlib" "/opt/rustwide/rustup-home/toolchains/beta-2023-04-20-x86_64-unknown-linux-gnu/lib/rustlib/x86_64-unknown-linux-gnu/lib/libstd_detect-a53d0f50415947be.rlib" "/opt/rustwide/rustup-home/toolchains/beta-2023-04-20-x86_64-unknown-linux-gnu/lib/rustlib/x86_64-unknown-linux-gnu/lib/libhashbrown-d48e4b6abc25b9dc.rlib" "/opt/rustwide/rustup-home/toolchains/beta-2023-04-20-x86_64-unknown-linux-gnu/lib/rustlib/x86_64-unknown-linux-gnu/lib/libminiz_oxide-2991859439ef1207.rlib" "/opt/rustwide/rustup-home/toolchains/beta-2023-04-20-x86_64-unknown-linux-gnu/lib/rustlib/x86_64-unknown-linux-gnu/lib/libadler-8a687517e4221bae.rlib" "/opt/rustwide/rustup-home/toolchains/beta-2023-04-20-x86_64-unknown-linux-gnu/lib/rustlib/x86_64-unknown-linux-gnu/lib/librustc_std_workspace_alloc-e07b554f6a67f5b3.rlib" "/opt/rustwide/rustup-home/toolchains/beta-2023-04-20-x86_64-unknown-linux-gnu/lib/rustlib/x86_64-unknown-linux-gnu/lib/libunwind-b68238b7c3c619dd.rlib" "/opt/rustwide/rustup-home/toolchains/beta-2023-04-20-x86_64-unknown-linux-gnu/lib/rustlib/x86_64-unknown-linux-gnu/lib/libcfg_if-d5e213e896c017e4.rlib" "/opt/rustwide/rustup-home/toolchains/beta-2023-04-20-x86_64-unknown-linux-gnu/lib/rustlib/x86_64-unknown-linux-gnu/lib/liblibc-0211a3b2e61d8689.rlib" "/opt/rustwide/rustup-home/toolchains/beta-2023-04-20-x86_64-unknown-linux-gnu/lib/rustlib/x86_64-unknown-linux-gnu/lib/liballoc-b371f055239ba51f.rlib" "/opt/rustwide/rustup-home/toolchains/beta-2023-04-20-x86_64-unknown-linux-gnu/lib/rustlib/x86_64-unknown-linux-gnu/lib/librustc_std_workspace_core-e60518d2760eb01e.rlib" "/opt/rustwide/rustup-home/toolchains/beta-2023-04-20-x86_64-unknown-linux-gnu/lib/rustlib/x86_64-unknown-linux-gnu/lib/libcore-1ad943f92a4b1081.rlib" "/opt/rustwide/rustup-home/toolchains/beta-2023-04-20-x86_64-unknown-linux-gnu/lib/rustlib/x86_64-unknown-linux-gnu/lib/libcompiler_builtins-f0d6e4d0fc1e80b4.rlib" "-Wl,-Bdynamic" "-lncursesw" "-ltinfo" "-lgcc_s" "-lutil" "-lrt" "-lpthread" "-lm" "-ldl" "-lc" "-Wl,--eh-frame-hdr" "-Wl,-z,noexecstack" "-L" "/opt/rustwide/rustup-home/toolchains/beta-2023-04-20-x86_64-unknown-linux-gnu/lib/rustlib/x86_64-unknown-linux-gnu/lib" "-o" "/tmp/rustdoctest0H3z99/rust_out" "-Wl,--gc-sections" "-pie" "-Wl,-z,relro,-z,now" "-nodefaultlibs"
[INFO] [stdout]   = note: collect2: fatal error: ld terminated with signal 9 [Killed]
[INFO] [stdout]           compilation terminated.
[INFO] [stdout]           
[INFO] [stdout] 
[INFO] [stdout] error: aborting due to previous error
[INFO] [stdout] 
[INFO] [stdout] Couldn't compile the test.
[INFO] [stdout] 
[INFO] [stdout] failures:
[INFO] [stdout]     src/lib.rs - (line 219)
[INFO] [stdout]     src/progress.rs - progress::default_progress (line 45)
[INFO] [stdout] 
[INFO] [stdout] test result: FAILED. 11 passed; 2 failed; 0 ignored; 0 measured; 0 filtered out; finished in 4.11s
[INFO] [stdout] 
[INFO] running `Command { std: "docker" "inspect" "21e17de513ef0c967e47c0761773eea4adf984fbe51147d2f5fe088c024c0620", kill_on_drop: false }`
[INFO] running `Command { std: "docker" "rm" "-f" "21e17de513ef0c967e47c0761773eea4adf984fbe51147d2f5fe088c024c0620", kill_on_drop: false }`
[INFO] [stdout] 21e17de513ef0c967e47c0761773eea4adf984fbe51147d2f5fe088c024c0620
