[INFO] cloning repository https://github.com/dannyhvc/dh_graphic_programming_rs
[INFO] running `Command { std: "git" "-c" "credential.helper=" "-c" "credential.helper=/workspace/cargo-home/bin/git-credential-null" "clone" "--bare" "https://github.com/dannyhvc/dh_graphic_programming_rs" "/workspace/cache/git-repos/https%3A%2F%2Fgithub.com%2Fdannyhvc%2Fdh_graphic_programming_rs", kill_on_drop: false }`
[INFO] [stderr] Cloning into bare repository '/workspace/cache/git-repos/https%3A%2F%2Fgithub.com%2Fdannyhvc%2Fdh_graphic_programming_rs'...
[INFO] running `Command { std: "git" "rev-parse" "HEAD", kill_on_drop: false }`
[INFO] [stdout] 42ff4564b0a471684d74f3dbf99c22b6d6726511
[INFO] testing dannyhvc/dh_graphic_programming_rs against beta-2023-04-20 for beta-1.70-1
[INFO] running `Command { std: "git" "clone" "/workspace/cache/git-repos/https%3A%2F%2Fgithub.com%2Fdannyhvc%2Fdh_graphic_programming_rs" "/workspace/builds/worker-1-tc2/source", kill_on_drop: false }`
[INFO] [stderr] Cloning into '/workspace/builds/worker-1-tc2/source'...
[INFO] [stderr] done.
[INFO] validating manifest of git repo https://github.com/dannyhvc/dh_graphic_programming_rs on toolchain beta-2023-04-20
[INFO] running `Command { std: CARGO_HOME="/workspace/cargo-home" RUSTUP_HOME="/workspace/rustup-home" "/workspace/cargo-home/bin/cargo" "+beta-2023-04-20" "metadata" "--manifest-path" "Cargo.toml" "--no-deps", kill_on_drop: false }`
[INFO] started tweaking git repo https://github.com/dannyhvc/dh_graphic_programming_rs
[INFO] finished tweaking git repo https://github.com/dannyhvc/dh_graphic_programming_rs
[INFO] tweaked toml for git repo https://github.com/dannyhvc/dh_graphic_programming_rs written to /workspace/builds/worker-1-tc2/source/Cargo.toml
[INFO] crate git repo https://github.com/dannyhvc/dh_graphic_programming_rs already has a lockfile, it will not be regenerated
[INFO] running `Command { std: CARGO_HOME="/workspace/cargo-home" RUSTUP_HOME="/workspace/rustup-home" "/workspace/cargo-home/bin/cargo" "+beta-2023-04-20" "fetch" "--manifest-path" "Cargo.toml", kill_on_drop: false }`
[INFO] [stderr]     Blocking waiting for file lock on package cache
[INFO] [stderr]  Downloading crates ...
[INFO] [stderr]   Downloaded glfw v0.23.0
[INFO] [stderr]   Downloaded glfw-sys v3.3.4
[INFO] running `Command { std: "docker" "create" "-v" "/var/lib/crater-agent-workspace/builds/worker-1-tc2/target:/opt/rustwide/target:rw,Z" "-v" "/var/lib/crater-agent-workspace/builds/worker-1-tc2/source:/opt/rustwide/workdir:ro,Z" "-v" "/var/lib/crater-agent-workspace/cargo-home:/opt/rustwide/cargo-home:ro,Z" "-v" "/var/lib/crater-agent-workspace/rustup-home:/opt/rustwide/rustup-home:ro,Z" "-e" "SOURCE_DIR=/opt/rustwide/workdir" "-e" "CARGO_TARGET_DIR=/opt/rustwide/target" "-e" "CARGO_HOME=/opt/rustwide/cargo-home" "-e" "RUSTUP_HOME=/opt/rustwide/rustup-home" "-w" "/opt/rustwide/workdir" "-m" "1610612736" "--user" "0:0" "--network" "none" "ghcr.io/rust-lang/crates-build-env/linux@sha256:5ff2268d62e97bff2cde7d5815dd6ed5b47097566f13b8d0ca110b04b60e07ed" "/opt/rustwide/cargo-home/bin/cargo" "+beta-2023-04-20" "metadata" "--no-deps" "--format-version=1", kill_on_drop: false }`
[INFO] [stdout] a0b5bc18b7e9f21df88c5709d8fcbe10e2888f30d1c9dec5d24032c62abb82db
[INFO] running `Command { std: "docker" "start" "-a" "a0b5bc18b7e9f21df88c5709d8fcbe10e2888f30d1c9dec5d24032c62abb82db", kill_on_drop: false }`
[INFO] running `Command { std: "docker" "inspect" "a0b5bc18b7e9f21df88c5709d8fcbe10e2888f30d1c9dec5d24032c62abb82db", kill_on_drop: false }`
[INFO] running `Command { std: "docker" "rm" "-f" "a0b5bc18b7e9f21df88c5709d8fcbe10e2888f30d1c9dec5d24032c62abb82db", kill_on_drop: false }`
[INFO] [stdout] a0b5bc18b7e9f21df88c5709d8fcbe10e2888f30d1c9dec5d24032c62abb82db
[INFO] running `Command { std: "docker" "create" "-v" "/var/lib/crater-agent-workspace/builds/worker-1-tc2/target:/opt/rustwide/target:rw,Z" "-v" "/var/lib/crater-agent-workspace/builds/worker-1-tc2/source:/opt/rustwide/workdir:ro,Z" "-v" "/var/lib/crater-agent-workspace/cargo-home:/opt/rustwide/cargo-home:ro,Z" "-v" "/var/lib/crater-agent-workspace/rustup-home:/opt/rustwide/rustup-home:ro,Z" "-e" "SOURCE_DIR=/opt/rustwide/workdir" "-e" "CARGO_TARGET_DIR=/opt/rustwide/target" "-e" "CARGO_INCREMENTAL=0" "-e" "RUST_BACKTRACE=full" "-e" "RUSTFLAGS=--cap-lints=warn" "-e" "RUSTDOCFLAGS=--cap-lints=warn" "-e" "CARGO_HOME=/opt/rustwide/cargo-home" "-e" "RUSTUP_HOME=/opt/rustwide/rustup-home" "-w" "/opt/rustwide/workdir" "-m" "1610612736" "--user" "0:0" "--network" "none" "ghcr.io/rust-lang/crates-build-env/linux@sha256:5ff2268d62e97bff2cde7d5815dd6ed5b47097566f13b8d0ca110b04b60e07ed" "/opt/rustwide/cargo-home/bin/cargo" "+beta-2023-04-20" "build" "--frozen" "--message-format=json", kill_on_drop: false }`
[INFO] [stdout] fb77992730f13fca4035da5356650d8417b75083eb1b8d8a749f01a3bd9c00df
[INFO] running `Command { std: "docker" "start" "-a" "fb77992730f13fca4035da5356650d8417b75083eb1b8d8a749f01a3bd9c00df", kill_on_drop: false }`
[INFO] [stderr]    Compiling libc v0.2.98
[INFO] [stderr]    Compiling xml-rs v0.8.4
[INFO] [stderr]    Compiling log v0.4.14
[INFO] [stderr]    Compiling proc-macro2 v1.0.28
[INFO] [stderr]    Compiling pkg-config v0.3.19
[INFO] [stderr]    Compiling khronos_api v3.1.0
[INFO] [stderr]    Compiling crossbeam-utils v0.8.5
[INFO] [stderr]    Compiling scopeguard v1.1.0
[INFO] [stderr]    Compiling crossbeam-epoch v0.9.5
[INFO] [stderr]    Compiling libloading v0.7.0
[INFO] [stderr]    Compiling smallvec v1.6.1
[INFO] [stderr]    Compiling cc v1.0.69
[INFO] [stderr]    Compiling num-traits v0.2.14
[INFO] [stderr]    Compiling memoffset v0.6.4
[INFO] [stderr]    Compiling num-integer v0.1.44
[INFO] [stderr]    Compiling winapi-build v0.1.1
[INFO] [stderr]    Compiling once_cell v1.8.0
[INFO] [stderr]    Compiling dlib v0.5.0
[INFO] [stderr]    Compiling memchr v2.3.4
[INFO] [stderr]    Compiling kernel32-sys v0.2.2
[INFO] [stderr]    Compiling nom v6.2.1
[INFO] [stderr]    Compiling downcast-rs v1.2.0
[INFO] [stderr]    Compiling scoped-tls v1.0.0
[INFO] [stderr]    Compiling gl_generator v0.14.0
[INFO] [stderr]    Compiling ttf-parser v0.6.2
[INFO] [stderr]    Compiling crossbeam-queue v0.3.2
[INFO] [stderr]    Compiling rustc-serialize v0.3.24
[INFO] [stderr]    Compiling crossbeam-channel v0.5.1
[INFO] [stderr]    Compiling wayland-sys v0.28.6
[INFO] [stderr]    Compiling winapi v0.2.8
[INFO] [stderr]    Compiling maybe-uninit v2.0.0
[INFO] [stderr]    Compiling nix v0.18.0
[INFO] [stderr]    Compiling crossbeam-deque v0.8.1
[INFO] [stderr]    Compiling quote v1.0.9
[INFO] [stderr]    Compiling x11-dl v2.18.5
[INFO] [stderr]    Compiling proc-macro2 v0.4.30
[INFO] [stderr]    Compiling wayland-scanner v0.28.6
[INFO] [stderr]    Compiling same-file v1.0.6
[INFO] [stderr]    Compiling ab_glyph_rasterizer v0.1.4
[INFO] [stderr]    Compiling rayon-core v1.9.1
[INFO] [stderr]    Compiling walkdir v2.3.2
[INFO] [stderr]    Compiling instant v0.1.10
[INFO] [stderr]    Compiling libloading v0.6.7
[INFO] [stderr]    Compiling nix v0.20.0
[INFO] [stderr]    Compiling rand v0.4.6
[INFO] [stderr]    Compiling owned_ttf_parser v0.6.0
[INFO] [stderr]    Compiling thread-id v2.0.0
[INFO] [stderr]    Compiling memchr v0.1.11
[INFO] [stderr]    Compiling xdg v2.2.0
[INFO] [stderr]    Compiling unicode-xid v0.1.0
[INFO] [stderr]    Compiling rusttype v0.9.2
[INFO] [stderr]    Compiling num-iter v0.1.42
[INFO] [stderr]    Compiling aho-corasick v0.5.3
[INFO] [stderr]    Compiling dlib v0.4.2
[INFO] [stderr]    Compiling thread_local v0.2.7
[INFO] [stderr]    Compiling andrew v0.3.1
[INFO] [stderr]    Compiling crossbeam v0.8.1
[INFO] [stderr]    Compiling parking_lot_core v0.8.3
[INFO] [stderr]    Compiling glutin_glx_sys v0.1.7
[INFO] [stderr]    Compiling glutin_egl_sys v0.1.5
[INFO] [stderr]    Compiling num_cpus v1.13.0
[INFO] [stderr]    Compiling num-bigint v0.1.44
[INFO] [stderr]    Compiling memmap2 v0.1.0
[INFO] [stderr]    Compiling xcursor v0.3.3
[INFO] [stderr]    Compiling mio v0.7.13
[INFO] [stderr]    Compiling cmake v0.1.45
[INFO] [stderr]    Compiling lock_api v0.4.4
[INFO] [stderr]    Compiling rayon v1.5.1
[INFO] [stderr]    Compiling regex-syntax v0.3.9
[INFO] [stderr]    Compiling syn v0.15.44
[INFO] [stderr]    Compiling winit v0.25.0
[INFO] [stderr]    Compiling wayland-client v0.28.6
[INFO] [stderr]    Compiling wayland-protocols v0.28.6
[INFO] [stderr]    Compiling utf8-ranges v0.1.3
[INFO] [stderr]    Compiling glfw-sys v3.3.4
[INFO] [stderr]    Compiling num-rational v0.1.42
[INFO] [stderr]    Compiling mio-misc v1.2.1
[INFO] [stderr]    Compiling parking_lot v0.11.1
[INFO] [stderr]    Compiling quote v0.6.13
[INFO] [stderr]    Compiling num-complex v0.1.43
[INFO] [stderr]    Compiling raw-window-handle v0.3.3
[INFO] [stderr]    Compiling regex v0.1.80
[INFO] [stderr]    Compiling shared_library v0.1.9
[INFO] [stderr]    Compiling backtrace v0.3.59
[INFO] [stderr]    Compiling log v0.3.9
[INFO] [stderr]    Compiling percent-encoding v2.1.0
[INFO] [stderr]    Compiling gimli v0.24.0
[INFO] [stderr]    Compiling num-derive v0.2.5
[INFO] [stderr]    Compiling byteorder v1.4.3
[INFO] [stderr]    Compiling num v0.1.42
[INFO] [stderr]    Compiling osmesa-sys v0.1.2
[INFO] [stderr]    Compiling deflate v0.7.20
[INFO] [stderr]    Compiling inflate v0.4.5
[INFO] [stderr]    Compiling rand v0.3.23
[INFO] [stderr]    Compiling glium v0.30.1
[INFO] [stderr]    Compiling gl v0.14.0
[INFO] [stderr]    Compiling num-traits v0.1.43
[INFO] [stderr]    Compiling calloop v0.6.5
[INFO] [stderr]    Compiling nom v1.2.4
[INFO] [stderr]    Compiling object v0.24.0
[INFO] [stderr]    Compiling wayland-commons v0.28.6
[INFO] [stderr]    Compiling env_logger v0.3.5
[INFO] [stderr]    Compiling rustc-demangle v0.1.20
[INFO] [stderr]    Compiling lzw v0.10.0
[INFO] [stderr]    Compiling quickcheck v0.2.27
[INFO] [stderr]    Compiling semver v0.2.3
[INFO] [stderr]    Compiling gif v0.10.3
[INFO] [stderr]    Compiling png v0.12.0
[INFO] [stderr]    Compiling enum_primitive v0.1.1
[INFO] [stderr]    Compiling addr2line v0.15.2
[INFO] [stderr]    Compiling jpeg-decoder v0.1.22
[INFO] [stderr]    Compiling takeable-option v0.5.0
[INFO] [stderr]    Compiling fnv v1.0.7
[INFO] [stderr]    Compiling glm v0.2.3
[INFO] [stderr]    Compiling wayland-cursor v0.28.6
[INFO] [stderr]    Compiling wayland-egl v0.28.6
[INFO] [stderr]    Compiling glfw v0.23.0
[INFO] [stderr]    Compiling image v0.19.0
[INFO] [stderr]    Compiling smithay-client-toolkit v0.12.3
[INFO] [stderr]    Compiling glutin v0.27.0
[INFO] [stderr]    Compiling dh_graphic_programming_rs v0.1.0 (/opt/rustwide/workdir)
[INFO] [stdout] warning: unused import: `std::ffi::CString`
[INFO] [stdout]  --> src/dh_gl/quick_gl.rs:8:5
[INFO] [stdout]   |
[INFO] [stdout] 8 | use std::ffi::CString;
[INFO] [stdout]   |     ^^^^^^^^^^^^^^^^^
[INFO] [stdout]   |
[INFO] [stdout]   = note: `#[warn(unused_imports)]` on by default
[INFO] [stdout] 
[INFO] [stdout] 
[INFO] [stdout] warning: unused import: `std::ptr`
[INFO] [stdout]  --> src/dh_gl/quick_gl.rs:9:5
[INFO] [stdout]   |
[INFO] [stdout] 9 | use std::ptr;
[INFO] [stdout]   |     ^^^^^^^^
[INFO] [stdout] 
[INFO] [stdout] 
[INFO] [stdout] warning: struct `QuickGlr` is never constructed
[INFO] [stdout]   --> src/dh_gl/quick_gl.rs:12:12
[INFO] [stdout]    |
[INFO] [stdout] 12 | pub struct QuickGlr {
[INFO] [stdout]    |            ^^^^^^^^
[INFO] [stdout]    |
[INFO] [stdout]    = note: `#[warn(dead_code)]` on by default
[INFO] [stdout] 
[INFO] [stdout] 
[INFO] [stdout] warning: associated items `new` and `create_and_bind_shaders` are never used
[INFO] [stdout]   --> src/dh_gl/quick_gl.rs:22:12
[INFO] [stdout]    |
[INFO] [stdout] 21 | impl QuickGlr {
[INFO] [stdout]    | ------------- associated items in this implementation
[INFO] [stdout] 22 |     pub fn new(width: u32, height: u32, title: &str, mode: glfw::WindowMode) -> Self {
[INFO] [stdout]    |            ^^^
[INFO] [stdout] ...
[INFO] [stdout] 45 |     pub fn create_and_bind_shaders(&mut self, vs_str: &str, fs_str: &str) {
[INFO] [stdout]    |            ^^^^^^^^^^^^^^^^^^^^^^^
[INFO] [stdout] 
[INFO] [stdout] 
[INFO] [stdout] warning: variable `infoLog` should have a snake case name
[INFO] [stdout]   --> src/dh_gl/common.rs:41:13
[INFO] [stdout]    |
[INFO] [stdout] 41 |     let mut infoLog = Vec::with_capacity(512);
[INFO] [stdout]    |             ^^^^^^^ help: convert the identifier to snake case: `info_log`
[INFO] [stdout]    |
[INFO] [stdout]    = note: `#[warn(non_snake_case)]` on by default
[INFO] [stdout] 
[INFO] [stdout] 
[INFO] [stdout] warning: 5 warnings emitted
[INFO] [stdout] 
[INFO] [stdout] 
[INFO] [stderr]     Finished dev [unoptimized + debuginfo] target(s) in 1m 02s
[INFO] [stderr] warning: the following packages contain code that will be rejected by a future version of Rust: nom v1.2.4, nom v6.2.1, rustc-serialize v0.3.24
[INFO] [stderr] note: to see what the problems were, use the option `--future-incompat-report`, or run `cargo report future-incompatibilities --id 1`
[INFO] running `Command { std: "docker" "inspect" "fb77992730f13fca4035da5356650d8417b75083eb1b8d8a749f01a3bd9c00df", kill_on_drop: false }`
[INFO] running `Command { std: "docker" "rm" "-f" "fb77992730f13fca4035da5356650d8417b75083eb1b8d8a749f01a3bd9c00df", kill_on_drop: false }`
[INFO] [stdout] fb77992730f13fca4035da5356650d8417b75083eb1b8d8a749f01a3bd9c00df
[INFO] running `Command { std: "docker" "create" "-v" "/var/lib/crater-agent-workspace/builds/worker-1-tc2/target:/opt/rustwide/target:rw,Z" "-v" "/var/lib/crater-agent-workspace/builds/worker-1-tc2/source:/opt/rustwide/workdir:ro,Z" "-v" "/var/lib/crater-agent-workspace/cargo-home:/opt/rustwide/cargo-home:ro,Z" "-v" "/var/lib/crater-agent-workspace/rustup-home:/opt/rustwide/rustup-home:ro,Z" "-e" "SOURCE_DIR=/opt/rustwide/workdir" "-e" "CARGO_TARGET_DIR=/opt/rustwide/target" "-e" "CARGO_INCREMENTAL=0" "-e" "RUST_BACKTRACE=full" "-e" "RUSTFLAGS=--cap-lints=warn" "-e" "RUSTDOCFLAGS=--cap-lints=warn" "-e" "CARGO_HOME=/opt/rustwide/cargo-home" "-e" "RUSTUP_HOME=/opt/rustwide/rustup-home" "-w" "/opt/rustwide/workdir" "-m" "1610612736" "--user" "0:0" "--network" "none" "ghcr.io/rust-lang/crates-build-env/linux@sha256:5ff2268d62e97bff2cde7d5815dd6ed5b47097566f13b8d0ca110b04b60e07ed" "/opt/rustwide/cargo-home/bin/cargo" "+beta-2023-04-20" "test" "--frozen" "--no-run" "--message-format=json", kill_on_drop: false }`
[INFO] [stdout] 4e952cbc6d54413f8a47dea6b15d599ba4ca6b55a96fb95e198c0e1aadf7b3e6
[INFO] running `Command { std: "docker" "start" "-a" "4e952cbc6d54413f8a47dea6b15d599ba4ca6b55a96fb95e198c0e1aadf7b3e6", kill_on_drop: false }`
[INFO] [stderr]    Compiling dh_graphic_programming_rs v0.1.0 (/opt/rustwide/workdir)
[INFO] [stdout] warning: unused import: `std::ffi::CString`
[INFO] [stdout]  --> src/dh_gl/quick_gl.rs:8:5
[INFO] [stdout]   |
[INFO] [stdout] 8 | use std::ffi::CString;
[INFO] [stdout]   |     ^^^^^^^^^^^^^^^^^
[INFO] [stdout]   |
[INFO] [stdout]   = note: `#[warn(unused_imports)]` on by default
[INFO] [stdout] 
[INFO] [stdout] 
[INFO] [stdout] warning: unused import: `std::ptr`
[INFO] [stdout]  --> src/dh_gl/quick_gl.rs:9:5
[INFO] [stdout]   |
[INFO] [stdout] 9 | use std::ptr;
[INFO] [stdout]   |     ^^^^^^^^
[INFO] [stdout] 
[INFO] [stdout] 
[INFO] [stdout] warning: struct `QuickGlr` is never constructed
[INFO] [stdout]   --> src/dh_gl/quick_gl.rs:12:12
[INFO] [stdout]    |
[INFO] [stdout] 12 | pub struct QuickGlr {
[INFO] [stdout]    |            ^^^^^^^^
[INFO] [stdout]    |
[INFO] [stdout]    = note: `#[warn(dead_code)]` on by default
[INFO] [stdout] 
[INFO] [stdout] 
[INFO] [stdout] warning: associated items `new` and `create_and_bind_shaders` are never used
[INFO] [stdout]   --> src/dh_gl/quick_gl.rs:22:12
[INFO] [stdout]    |
[INFO] [stdout] 21 | impl QuickGlr {
[INFO] [stdout]    | ------------- associated items in this implementation
[INFO] [stdout] 22 |     pub fn new(width: u32, height: u32, title: &str, mode: glfw::WindowMode) -> Self {
[INFO] [stdout]    |            ^^^
[INFO] [stdout] ...
[INFO] [stdout] 45 |     pub fn create_and_bind_shaders(&mut self, vs_str: &str, fs_str: &str) {
[INFO] [stdout]    |            ^^^^^^^^^^^^^^^^^^^^^^^
[INFO] [stdout] 
[INFO] [stdout] 
[INFO] [stdout] warning: variable `infoLog` should have a snake case name
[INFO] [stdout]   --> src/dh_gl/common.rs:41:13
[INFO] [stdout]    |
[INFO] [stdout] 41 |     let mut infoLog = Vec::with_capacity(512);
[INFO] [stdout]    |             ^^^^^^^ help: convert the identifier to snake case: `info_log`
[INFO] [stdout]    |
[INFO] [stdout]    = note: `#[warn(non_snake_case)]` on by default
[INFO] [stdout] 
[INFO] [stdout] 
[INFO] [stdout] warning: 5 warnings emitted
[INFO] [stdout] 
[INFO] [stdout] 
[INFO] [stderr]     Finished test [unoptimized + debuginfo] target(s) in 0.76s
[INFO] [stderr] warning: the following packages contain code that will be rejected by a future version of Rust: nom v1.2.4, nom v6.2.1, rustc-serialize v0.3.24
[INFO] [stderr] note: to see what the problems were, use the option `--future-incompat-report`, or run `cargo report future-incompatibilities --id 1`
[INFO] running `Command { std: "docker" "inspect" "4e952cbc6d54413f8a47dea6b15d599ba4ca6b55a96fb95e198c0e1aadf7b3e6", kill_on_drop: false }`
[INFO] running `Command { std: "docker" "rm" "-f" "4e952cbc6d54413f8a47dea6b15d599ba4ca6b55a96fb95e198c0e1aadf7b3e6", kill_on_drop: false }`
[INFO] [stdout] 4e952cbc6d54413f8a47dea6b15d599ba4ca6b55a96fb95e198c0e1aadf7b3e6
[INFO] running `Command { std: "docker" "create" "-v" "/var/lib/crater-agent-workspace/builds/worker-1-tc2/target:/opt/rustwide/target:rw,Z" "-v" "/var/lib/crater-agent-workspace/builds/worker-1-tc2/source:/opt/rustwide/workdir:ro,Z" "-v" "/var/lib/crater-agent-workspace/cargo-home:/opt/rustwide/cargo-home:ro,Z" "-v" "/var/lib/crater-agent-workspace/rustup-home:/opt/rustwide/rustup-home:ro,Z" "-e" "SOURCE_DIR=/opt/rustwide/workdir" "-e" "CARGO_TARGET_DIR=/opt/rustwide/target" "-e" "CARGO_INCREMENTAL=0" "-e" "RUST_BACKTRACE=full" "-e" "RUSTFLAGS=--cap-lints=warn" "-e" "RUSTDOCFLAGS=--cap-lints=warn" "-e" "CARGO_HOME=/opt/rustwide/cargo-home" "-e" "RUSTUP_HOME=/opt/rustwide/rustup-home" "-w" "/opt/rustwide/workdir" "-m" "1610612736" "--user" "0:0" "--network" "none" "ghcr.io/rust-lang/crates-build-env/linux@sha256:5ff2268d62e97bff2cde7d5815dd6ed5b47097566f13b8d0ca110b04b60e07ed" "/opt/rustwide/cargo-home/bin/cargo" "+beta-2023-04-20" "test" "--frozen", kill_on_drop: false }`
[INFO] [stdout] 5736f40f7ca2f3485a5b3867913bec52cefc43129c77c65dbf20ee4a8ced9c47
[INFO] running `Command { std: "docker" "start" "-a" "5736f40f7ca2f3485a5b3867913bec52cefc43129c77c65dbf20ee4a8ced9c47", kill_on_drop: false }`
[INFO] [stderr] warning: unused import: `std::ffi::CString`
[INFO] [stderr]  --> src/dh_gl/quick_gl.rs:8:5
[INFO] [stderr]   |
[INFO] [stderr] 8 | use std::ffi::CString;
[INFO] [stderr]   |     ^^^^^^^^^^^^^^^^^
[INFO] [stderr]   |
[INFO] [stderr]   = note: `#[warn(unused_imports)]` on by default
[INFO] [stderr] 
[INFO] [stderr] warning: unused import: `std::ptr`
[INFO] [stderr]  --> src/dh_gl/quick_gl.rs:9:5
[INFO] [stderr]   |
[INFO] [stderr] 9 | use std::ptr;
[INFO] [stderr]   |     ^^^^^^^^
[INFO] [stderr] 
[INFO] [stderr] warning: struct `QuickGlr` is never constructed
[INFO] [stderr]   --> src/dh_gl/quick_gl.rs:12:12
[INFO] [stderr]    |
[INFO] [stderr] 12 | pub struct QuickGlr {
[INFO] [stderr]    |            ^^^^^^^^
[INFO] [stderr]    |
[INFO] [stderr]    = note: `#[warn(dead_code)]` on by default
[INFO] [stderr] 
[INFO] [stderr] warning: associated items `new` and `create_and_bind_shaders` are never used
[INFO] [stderr]   --> src/dh_gl/quick_gl.rs:22:12
[INFO] [stderr]    |
[INFO] [stderr] 21 | impl QuickGlr {
[INFO] [stderr]    | ------------- associated items in this implementation
[INFO] [stderr] 22 |     pub fn new(width: u32, height: u32, title: &str, mode: glfw::WindowMode) -> Self {
[INFO] [stderr]    |            ^^^
[INFO] [stderr] ...
[INFO] [stderr] 45 |     pub fn create_and_bind_shaders(&mut self, vs_str: &str, fs_str: &str) {
[INFO] [stderr]    |            ^^^^^^^^^^^^^^^^^^^^^^^
[INFO] [stderr] 
[INFO] [stderr] warning: variable `infoLog` should have a snake case name
[INFO] [stderr]   --> src/dh_gl/common.rs:41:13
[INFO] [stderr]    |
[INFO] [stderr] 41 |     let mut infoLog = Vec::with_capacity(512);
[INFO] [stderr]    |             ^^^^^^^ help: convert the identifier to snake case: `info_log`
[INFO] [stderr]    |
[INFO] [stderr]    = note: `#[warn(non_snake_case)]` on by default
[INFO] [stderr] 
[INFO] [stderr] warning: `dh_graphic_programming_rs` (bin "dh_graphic_programming_rs" test) generated 5 warnings (run `cargo fix --bin "dh_graphic_programming_rs" --tests` to apply 2 suggestions)
[INFO] [stderr]     Finished test [unoptimized + debuginfo] target(s) in 0.11s
[INFO] [stderr] warning: the following packages contain code that will be rejected by a future version of Rust: nom v1.2.4, nom v6.2.1, rustc-serialize v0.3.24
[INFO] [stderr] note: to see what the problems were, use the option `--future-incompat-report`, or run `cargo report future-incompatibilities --id 1`
[INFO] [stderr]      Running unittests src/main.rs (/opt/rustwide/target/debug/deps/dh_graphic_programming_rs-bd0dedba30215fbd)
[INFO] [stdout] 
[INFO] [stdout] running 1 test
[INFO] [stdout] test dh_gl::tests::test_read_shader_file_into_string ... FAILED
[INFO] [stdout] 
[INFO] [stdout] failures:
[INFO] [stdout] 
[INFO] [stdout] ---- dh_gl::tests::test_read_shader_file_into_string stdout ----
[INFO] [stdout] thread 'dh_gl::tests::test_read_shader_file_into_string' panicked at 'Failed to read shader -> ./src/res/shaders/fragmentshader.glsl', src/dh_gl/common.rs:22:31
[INFO] [stdout] stack backtrace:
[INFO] [stdout]    0:     0x56159fa439ea - std::backtrace_rs::backtrace::libunwind::trace::h2f05d0192276a8f6
[INFO] [stdout]                                at /rustc/1b7dd2252b99671ce5d1cb9664c5f8636329436d/library/std/src/../../backtrace/src/backtrace/libunwind.rs:93:5
[INFO] [stdout]    1:     0x56159fa439ea - std::backtrace_rs::backtrace::trace_unsynchronized::hedc23dff7a1af150
[INFO] [stdout]                                at /rustc/1b7dd2252b99671ce5d1cb9664c5f8636329436d/library/std/src/../../backtrace/src/backtrace/mod.rs:66:5
[INFO] [stdout]    2:     0x56159fa439ea - std::sys_common::backtrace::_print_fmt::h17541ef7592f3ce2
[INFO] [stdout]                                at /rustc/1b7dd2252b99671ce5d1cb9664c5f8636329436d/library/std/src/sys_common/backtrace.rs:65:5
[INFO] [stdout]    3:     0x56159fa439ea - <std::sys_common::backtrace::_print::DisplayBacktrace as core::fmt::Display>::fmt::h20f75df5ab0c0792
[INFO] [stdout]                                at /rustc/1b7dd2252b99671ce5d1cb9664c5f8636329436d/library/std/src/sys_common/backtrace.rs:44:22
[INFO] [stdout]    4:     0x56159fa6763f - core::fmt::write::h78109e6f466b3af6
[INFO] [stdout]                                at /rustc/1b7dd2252b99671ce5d1cb9664c5f8636329436d/library/core/src/fmt/mod.rs:1254:17
[INFO] [stdout]    5:     0x56159fa40d35 - std::io::Write::write_fmt::hd24bfb68a1b35a25
[INFO] [stdout]                                at /rustc/1b7dd2252b99671ce5d1cb9664c5f8636329436d/library/std/src/io/mod.rs:1698:15
[INFO] [stdout]    6:     0x56159fa437b5 - std::sys_common::backtrace::_print::h8dac57a9f8fbf9a5
[INFO] [stdout]                                at /rustc/1b7dd2252b99671ce5d1cb9664c5f8636329436d/library/std/src/sys_common/backtrace.rs:47:5
[INFO] [stdout]    7:     0x56159fa437b5 - std::sys_common::backtrace::print::hf9ecbf41d1aa712f
[INFO] [stdout]                                at /rustc/1b7dd2252b99671ce5d1cb9664c5f8636329436d/library/std/src/sys_common/backtrace.rs:34:9
[INFO] [stdout]    8:     0x56159fa4546e - std::panicking::default_hook::{{closure}}::h04c07acfc84ca028
[INFO] [stdout]                                at /rustc/1b7dd2252b99671ce5d1cb9664c5f8636329436d/library/std/src/panicking.rs:269:22
[INFO] [stdout]    9:     0x56159fa451a1 - std::panicking::default_hook::h01f6bb23e1eceb2c
[INFO] [stdout]                                at /rustc/1b7dd2252b99671ce5d1cb9664c5f8636329436d/library/std/src/panicking.rs:285:9
[INFO] [stdout]   10:     0x56159fa1670b - <alloc::boxed::Box<F,A> as core::ops::function::Fn<Args>>::call::h87fe9f7b2fd49e4c
[INFO] [stdout]                                at /rustc/1b7dd2252b99671ce5d1cb9664c5f8636329436d/library/alloc/src/boxed.rs:1987:9
[INFO] [stdout]   11:     0x56159fa1670b - test::test_main::{{closure}}::he94d679243a7531b
[INFO] [stdout]                                at /rustc/1b7dd2252b99671ce5d1cb9664c5f8636329436d/library/test/src/lib.rs:134:21
[INFO] [stdout]   12:     0x56159fa45b54 - <alloc::boxed::Box<F,A> as core::ops::function::Fn<Args>>::call::h3f2d6d8b14c4769f
[INFO] [stdout]                                at /rustc/1b7dd2252b99671ce5d1cb9664c5f8636329436d/library/alloc/src/boxed.rs:1987:9
[INFO] [stdout]   13:     0x56159fa45b54 - std::panicking::rust_panic_with_hook::h2bb3722bbaf2f6df
[INFO] [stdout]                                at /rustc/1b7dd2252b99671ce5d1cb9664c5f8636329436d/library/std/src/panicking.rs:695:13
[INFO] [stdout]   14:     0x56159fa458c9 - std::panicking::begin_panic_handler::{{closure}}::h91bc7f36a4be011b
[INFO] [stdout]                                at /rustc/1b7dd2252b99671ce5d1cb9664c5f8636329436d/library/std/src/panicking.rs:582:13
[INFO] [stdout]   15:     0x56159fa43e56 - std::sys_common::backtrace::__rust_end_short_backtrace::h8b3d3717114f9e59
[INFO] [stdout]                                at /rustc/1b7dd2252b99671ce5d1cb9664c5f8636329436d/library/std/src/sys_common/backtrace.rs:150:18
[INFO] [stdout]   16:     0x56159fa45622 - rust_begin_unwind
[INFO] [stdout]                                at /rustc/1b7dd2252b99671ce5d1cb9664c5f8636329436d/library/std/src/panicking.rs:578:5
[INFO] [stdout]   17:     0x56159f9e1b93 - core::panicking::panic_fmt::hfd368e3fbdabea26
[INFO] [stdout]                                at /rustc/1b7dd2252b99671ce5d1cb9664c5f8636329436d/library/core/src/panicking.rs:67:14
[INFO] [stdout]   18:     0x56159f9e274f - dh_graphic_programming_rs::dh_gl::common::dhgl_read_shader_file_into_string::hc665d6195f20ec81
[INFO] [stdout]                                at /opt/rustwide/workdir/src/dh_gl/common.rs:22:31
[INFO] [stdout]   19:     0x56159f9e2e8a - dh_graphic_programming_rs::dh_gl::tests::test_read_shader_file_into_string::h5c1e2daef0438b70
[INFO] [stdout]                                at /opt/rustwide/workdir/src/dh_gl/tests.rs:3:32
[INFO] [stdout]   20:     0x56159f9e2e47 - dh_graphic_programming_rs::dh_gl::tests::test_read_shader_file_into_string::{{closure}}::h930f9390558796e6
[INFO] [stdout]                                at /opt/rustwide/workdir/src/dh_gl/tests.rs:2:40
[INFO] [stdout]   21:     0x56159f9e2c85 - core::ops::function::FnOnce::call_once::hdca9cb6a5f809755
[INFO] [stdout]                                at /rustc/1b7dd2252b99671ce5d1cb9664c5f8636329436d/library/core/src/ops/function.rs:250:5
[INFO] [stdout]   22:     0x56159fa1b5df - core::ops::function::FnOnce::call_once::ha6a70e79f7481a7e
[INFO] [stdout]                                at /rustc/1b7dd2252b99671ce5d1cb9664c5f8636329436d/library/core/src/ops/function.rs:250:5
[INFO] [stdout]   23:     0x56159fa1b5df - test::__rust_begin_short_backtrace::hce33033019b61e69
[INFO] [stdout]                                at /rustc/1b7dd2252b99671ce5d1cb9664c5f8636329436d/library/test/src/lib.rs:655:18
[INFO] [stdout]   24:     0x56159f9e8dcc - test::run_test::{{closure}}::h858d3528838ae3e5
[INFO] [stdout]                                at /rustc/1b7dd2252b99671ce5d1cb9664c5f8636329436d/library/test/src/lib.rs:646:30
[INFO] [stdout]   25:     0x56159f9e8dcc - core::ops::function::FnOnce::call_once{{vtable.shim}}::he8ac2b00f01ae79e
[INFO] [stdout]                                at /rustc/1b7dd2252b99671ce5d1cb9664c5f8636329436d/library/core/src/ops/function.rs:250:5
[INFO] [stdout]   26:     0x56159fa1a6b6 - <alloc::boxed::Box<F,A> as core::ops::function::FnOnce<Args>>::call_once::h8093d25b522725ef
[INFO] [stdout]                                at /rustc/1b7dd2252b99671ce5d1cb9664c5f8636329436d/library/alloc/src/boxed.rs:1973:9
[INFO] [stdout]   27:     0x56159fa1a6b6 - <core::panic::unwind_safe::AssertUnwindSafe<F> as core::ops::function::FnOnce<()>>::call_once::h5c334c204e4a3913
[INFO] [stdout]                                at /rustc/1b7dd2252b99671ce5d1cb9664c5f8636329436d/library/core/src/panic/unwind_safe.rs:271:9
[INFO] [stdout]   28:     0x56159fa1a6b6 - std::panicking::try::do_call::ha8b740c7b9478074
[INFO] [stdout]                                at /rustc/1b7dd2252b99671ce5d1cb9664c5f8636329436d/library/std/src/panicking.rs:485:40
[INFO] [stdout]   29:     0x56159fa1a6b6 - std::panicking::try::h5d34f63d0e41b64e
[INFO] [stdout]                                at /rustc/1b7dd2252b99671ce5d1cb9664c5f8636329436d/library/std/src/panicking.rs:449:19
[INFO] [stdout]   30:     0x56159fa1a6b6 - std::panic::catch_unwind::hcfbb511e1aa7fc67
[INFO] [stdout]                                at /rustc/1b7dd2252b99671ce5d1cb9664c5f8636329436d/library/std/src/panic.rs:140:14
[INFO] [stdout]   31:     0x56159fa1a6b6 - test::run_test_in_process::h9abda90f802eaf21
[INFO] [stdout]                                at /rustc/1b7dd2252b99671ce5d1cb9664c5f8636329436d/library/test/src/lib.rs:678:27
[INFO] [stdout]   32:     0x56159fa1a6b6 - test::run_test::run_test_inner::{{closure}}::h0f058de91f6c6edf
[INFO] [stdout]                                at /rustc/1b7dd2252b99671ce5d1cb9664c5f8636329436d/library/test/src/lib.rs:572:39
[INFO] [stdout]   33:     0x56159f9e35d5 - test::run_test::run_test_inner::{{closure}}::h5ca48a4c59c6c1fb
[INFO] [stdout]                                at /rustc/1b7dd2252b99671ce5d1cb9664c5f8636329436d/library/test/src/lib.rs:599:37
[INFO] [stdout]   34:     0x56159f9e35d5 - std::sys_common::backtrace::__rust_begin_short_backtrace::h32bd51e1495d4a33
[INFO] [stdout]                                at /rustc/1b7dd2252b99671ce5d1cb9664c5f8636329436d/library/std/src/sys_common/backtrace.rs:134:18
[INFO] [stdout]   35:     0x56159f9e8b11 - std::thread::Builder::spawn_unchecked_::{{closure}}::{{closure}}::hc086fae9b128b2db
[INFO] [stdout]                                at /rustc/1b7dd2252b99671ce5d1cb9664c5f8636329436d/library/std/src/thread/mod.rs:526:17
[INFO] [stdout]   36:     0x56159f9e8b11 - <core::panic::unwind_safe::AssertUnwindSafe<F> as core::ops::function::FnOnce<()>>::call_once::hb66571888d270d43
[INFO] [stdout]                                at /rustc/1b7dd2252b99671ce5d1cb9664c5f8636329436d/library/core/src/panic/unwind_safe.rs:271:9
[INFO] [stdout]   37:     0x56159f9e8b11 - std::panicking::try::do_call::h4fa2ef4f6e51fecf
[INFO] [stdout]                                at /rustc/1b7dd2252b99671ce5d1cb9664c5f8636329436d/library/std/src/panicking.rs:485:40
[INFO] [stdout]   38:     0x56159f9e8b11 - std::panicking::try::h1e9e22b8584489b5
[INFO] [stdout]                                at /rustc/1b7dd2252b99671ce5d1cb9664c5f8636329436d/library/std/src/panicking.rs:449:19
[INFO] [stdout]   39:     0x56159f9e8b11 - std::panic::catch_unwind::h44698a3de0e0769e
[INFO] [stdout]                                at /rustc/1b7dd2252b99671ce5d1cb9664c5f8636329436d/library/std/src/panic.rs:140:14
[INFO] [stdout]   40:     0x56159f9e8b11 - std::thread::Builder::spawn_unchecked_::{{closure}}::h50153abde3fe239e
[INFO] [stdout]                                at /rustc/1b7dd2252b99671ce5d1cb9664c5f8636329436d/library/std/src/thread/mod.rs:525:30
[INFO] [stdout]   41:     0x56159f9e8b11 - core::ops::function::FnOnce::call_once{{vtable.shim}}::hbe5bbf6f38394364
[INFO] [stdout]                                at /rustc/1b7dd2252b99671ce5d1cb9664c5f8636329436d/library/core/src/ops/function.rs:250:5
[INFO] [stdout]   42:     0x56159fa4a025 - <alloc::boxed::Box<F,A> as core::ops::function::FnOnce<Args>>::call_once::h0d83cb2920a49046
[INFO] [stdout]                                at /rustc/1b7dd2252b99671ce5d1cb9664c5f8636329436d/library/alloc/src/boxed.rs:1973:9
[INFO] [stdout]   43:     0x56159fa4a025 - <alloc::boxed::Box<F,A> as core::ops::function::FnOnce<Args>>::call_once::hbe0a008aa7d9ef59
[INFO] [stdout]                                at /rustc/1b7dd2252b99671ce5d1cb9664c5f8636329436d/library/alloc/src/boxed.rs:1973:9
[INFO] [stdout]   44:     0x56159fa4a025 - std::sys::unix::thread::Thread::new::thread_start::h3a466996bdf6b1f9
[INFO] [stdout]                                at /rustc/1b7dd2252b99671ce5d1cb9664c5f8636329436d/library/std/src/sys/unix/thread.rs:108:17
[INFO] [stdout]   45:     0x7fe93e69fb43 - <unknown>
[INFO] [stdout]   46:     0x7fe93e730bb4 - __clone
[INFO] [stdout]   47:                0x0 - <unknown>
[INFO] [stdout] 
[INFO] [stdout] 
[INFO] [stdout] failures:
[INFO] [stdout]     dh_gl::tests::test_read_shader_file_into_string
[INFO] [stdout] 
[INFO] [stdout] test result: FAILED. 0 passed; 1 failed; 0 ignored; 0 measured; 0 filtered out; finished in 0.01s
[INFO] [stdout] 
[INFO] [stderr] error: test failed, to rerun pass `--bin dh_graphic_programming_rs`
[INFO] running `Command { std: "docker" "inspect" "5736f40f7ca2f3485a5b3867913bec52cefc43129c77c65dbf20ee4a8ced9c47", kill_on_drop: false }`
[INFO] running `Command { std: "docker" "rm" "-f" "5736f40f7ca2f3485a5b3867913bec52cefc43129c77c65dbf20ee4a8ced9c47", kill_on_drop: false }`
[INFO] [stdout] 5736f40f7ca2f3485a5b3867913bec52cefc43129c77c65dbf20ee4a8ced9c47
