[INFO] cloning repository https://github.com/da-x/yew-services-compat
[INFO] running `Command { std: "git" "-c" "credential.helper=" "-c" "credential.helper=/workspace/cargo-home/bin/git-credential-null" "clone" "--bare" "https://github.com/da-x/yew-services-compat" "/workspace/cache/git-repos/https%3A%2F%2Fgithub.com%2Fda-x%2Fyew-services-compat", kill_on_drop: false }`
[INFO] [stderr] Cloning into bare repository '/workspace/cache/git-repos/https%3A%2F%2Fgithub.com%2Fda-x%2Fyew-services-compat'...
[INFO] running `Command { std: "git" "rev-parse" "HEAD", kill_on_drop: false }`
[INFO] [stdout] 1104d23aece77bc99a52a96d668ded55ef5e0eeb
[INFO] testing da-x/yew-services-compat against beta-2023-04-20 for beta-1.70-1
[INFO] running `Command { std: "git" "clone" "/workspace/cache/git-repos/https%3A%2F%2Fgithub.com%2Fda-x%2Fyew-services-compat" "/workspace/builds/worker-2-tc2/source", kill_on_drop: false }`
[INFO] [stderr] Cloning into '/workspace/builds/worker-2-tc2/source'...
[INFO] [stderr] done.
[INFO] validating manifest of git repo https://github.com/da-x/yew-services-compat on toolchain beta-2023-04-20
[INFO] running `Command { std: CARGO_HOME="/workspace/cargo-home" RUSTUP_HOME="/workspace/rustup-home" "/workspace/cargo-home/bin/cargo" "+beta-2023-04-20" "metadata" "--manifest-path" "Cargo.toml" "--no-deps", kill_on_drop: false }`
[INFO] started tweaking git repo https://github.com/da-x/yew-services-compat
[INFO] finished tweaking git repo https://github.com/da-x/yew-services-compat
[INFO] tweaked toml for git repo https://github.com/da-x/yew-services-compat written to /workspace/builds/worker-2-tc2/source/Cargo.toml
[INFO] crate git repo https://github.com/da-x/yew-services-compat already has a lockfile, it will not be regenerated
[INFO] running `Command { std: CARGO_HOME="/workspace/cargo-home" RUSTUP_HOME="/workspace/rustup-home" "/workspace/cargo-home/bin/cargo" "+beta-2023-04-20" "fetch" "--manifest-path" "Cargo.toml", kill_on_drop: false }`
[INFO] [stderr]  Downloading crates ...
[INFO] [stderr]   Downloaded wasm-bindgen-test-macro v0.3.29
[INFO] [stderr]   Downloaded wasm-bindgen-test v0.3.29
[INFO] [stderr]   Downloaded ssri v6.0.0
[INFO] running `Command { std: "docker" "create" "-v" "/var/lib/crater-agent-workspace/builds/worker-2-tc2/target:/opt/rustwide/target:rw,Z" "-v" "/var/lib/crater-agent-workspace/builds/worker-2-tc2/source:/opt/rustwide/workdir:ro,Z" "-v" "/var/lib/crater-agent-workspace/cargo-home:/opt/rustwide/cargo-home:ro,Z" "-v" "/var/lib/crater-agent-workspace/rustup-home:/opt/rustwide/rustup-home:ro,Z" "-e" "SOURCE_DIR=/opt/rustwide/workdir" "-e" "CARGO_TARGET_DIR=/opt/rustwide/target" "-e" "CARGO_HOME=/opt/rustwide/cargo-home" "-e" "RUSTUP_HOME=/opt/rustwide/rustup-home" "-w" "/opt/rustwide/workdir" "-m" "1610612736" "--user" "0:0" "--network" "none" "ghcr.io/rust-lang/crates-build-env/linux@sha256:5ff2268d62e97bff2cde7d5815dd6ed5b47097566f13b8d0ca110b04b60e07ed" "/opt/rustwide/cargo-home/bin/cargo" "+beta-2023-04-20" "metadata" "--no-deps" "--format-version=1", kill_on_drop: false }`
[INFO] [stdout] 1b220a831b7915b7cc59013175aba5e2caffacfe1ad1f19e9f35c8860416fe3c
[INFO] running `Command { std: "docker" "start" "-a" "1b220a831b7915b7cc59013175aba5e2caffacfe1ad1f19e9f35c8860416fe3c", kill_on_drop: false }`
[INFO] running `Command { std: "docker" "inspect" "1b220a831b7915b7cc59013175aba5e2caffacfe1ad1f19e9f35c8860416fe3c", kill_on_drop: false }`
[INFO] running `Command { std: "docker" "rm" "-f" "1b220a831b7915b7cc59013175aba5e2caffacfe1ad1f19e9f35c8860416fe3c", kill_on_drop: false }`
[INFO] [stdout] 1b220a831b7915b7cc59013175aba5e2caffacfe1ad1f19e9f35c8860416fe3c
[INFO] running `Command { std: "docker" "create" "-v" "/var/lib/crater-agent-workspace/builds/worker-2-tc2/target:/opt/rustwide/target:rw,Z" "-v" "/var/lib/crater-agent-workspace/builds/worker-2-tc2/source:/opt/rustwide/workdir:ro,Z" "-v" "/var/lib/crater-agent-workspace/cargo-home:/opt/rustwide/cargo-home:ro,Z" "-v" "/var/lib/crater-agent-workspace/rustup-home:/opt/rustwide/rustup-home:ro,Z" "-e" "SOURCE_DIR=/opt/rustwide/workdir" "-e" "CARGO_TARGET_DIR=/opt/rustwide/target" "-e" "CARGO_INCREMENTAL=0" "-e" "RUST_BACKTRACE=full" "-e" "RUSTFLAGS=--cap-lints=warn" "-e" "RUSTDOCFLAGS=--cap-lints=warn" "-e" "CARGO_HOME=/opt/rustwide/cargo-home" "-e" "RUSTUP_HOME=/opt/rustwide/rustup-home" "-w" "/opt/rustwide/workdir" "-m" "1610612736" "--user" "0:0" "--network" "none" "ghcr.io/rust-lang/crates-build-env/linux@sha256:5ff2268d62e97bff2cde7d5815dd6ed5b47097566f13b8d0ca110b04b60e07ed" "/opt/rustwide/cargo-home/bin/cargo" "+beta-2023-04-20" "build" "--frozen" "--message-format=json", kill_on_drop: false }`
[INFO] [stdout] b78e2d4bd6109d02527ab34aab10a353203aec8e1d7df1c5078ed1d951748ccf
[INFO] running `Command { std: "docker" "start" "-a" "b78e2d4bd6109d02527ab34aab10a353203aec8e1d7df1c5078ed1d951748ccf", kill_on_drop: false }`
[INFO] [stderr]    Compiling proc-macro2 v1.0.36
[INFO] [stderr]    Compiling syn v1.0.86
[INFO] [stderr]    Compiling wasm-bindgen-shared v0.2.79
[INFO] [stderr]    Compiling log v0.4.14
[INFO] [stderr]    Compiling lazy_static v1.4.0
[INFO] [stderr]    Compiling serde_derive v1.0.136
[INFO] [stderr]    Compiling serde v1.0.136
[INFO] [stderr]    Compiling bumpalo v3.9.1
[INFO] [stderr]    Compiling serde_json v1.0.79
[INFO] [stderr]    Compiling itoa v1.0.1
[INFO] [stderr]    Compiling ryu v1.0.9
[INFO] [stderr]    Compiling wasm-bindgen v0.2.79
[INFO] [stderr]    Compiling version_check v0.9.4
[INFO] [stderr]    Compiling autocfg v1.1.0
[INFO] [stderr]    Compiling anyhow v1.0.55
[INFO] [stderr]    Compiling boolinator v2.4.0
[INFO] [stderr]    Compiling hashbrown v0.11.2
[INFO] [stderr]    Compiling scoped-tls-hkt v0.1.2
[INFO] [stderr]    Compiling slab v0.4.5
[INFO] [stderr]    Compiling bytes v1.1.0
[INFO] [stderr]    Compiling proc-macro-error-attr v1.0.4
[INFO] [stderr]    Compiling proc-macro-error v1.0.4
[INFO] [stderr]    Compiling indexmap v1.8.0
[INFO] [stderr]    Compiling http v0.2.6
[INFO] [stderr]    Compiling quote v1.0.15
[INFO] [stderr]    Compiling wasm-bindgen-backend v0.2.79
[INFO] [stderr]    Compiling thiserror-impl v1.0.30
[INFO] [stderr]    Compiling yew-macro v0.19.3
[INFO] [stderr]    Compiling wasm-bindgen-macro-support v0.2.79
[INFO] [stderr]    Compiling wasm-bindgen-macro v0.2.79
[INFO] [stderr]    Compiling thiserror v1.0.30
[INFO] [stderr]    Compiling js-sys v0.3.56
[INFO] [stderr]    Compiling console_error_panic_hook v0.1.7
[INFO] [stderr]    Compiling web-sys v0.3.56
[INFO] [stderr]    Compiling gloo-timers v0.2.3
[INFO] [stderr]    Compiling wasm-bindgen-futures v0.4.29
[INFO] [stderr]    Compiling gloo-events v0.1.1
[INFO] [stderr]    Compiling gloo-utils v0.1.2
[INFO] [stderr]    Compiling gloo-console v0.2.1
[INFO] [stderr]    Compiling gloo-render v0.1.0
[INFO] [stderr]    Compiling gloo-dialogs v0.1.0
[INFO] [stderr]    Compiling gloo-console-timer v0.1.0
[INFO] [stderr]    Compiling gloo-storage v0.2.0
[INFO] [stderr]    Compiling gloo-file v0.2.1
[INFO] [stderr]    Compiling gloo-file v0.1.0
[INFO] [stderr]    Compiling gloo v0.4.2
[INFO] [stderr]    Compiling gloo v0.2.1
[INFO] [stderr]    Compiling yew v0.19.3
[INFO] [stderr]    Compiling yew-services v0.1.1 (/opt/rustwide/workdir)
[INFO] [stderr]     Finished dev [unoptimized + debuginfo] target(s) in 17.13s
[INFO] running `Command { std: "docker" "inspect" "b78e2d4bd6109d02527ab34aab10a353203aec8e1d7df1c5078ed1d951748ccf", kill_on_drop: false }`
[INFO] running `Command { std: "docker" "rm" "-f" "b78e2d4bd6109d02527ab34aab10a353203aec8e1d7df1c5078ed1d951748ccf", kill_on_drop: false }`
[INFO] [stdout] b78e2d4bd6109d02527ab34aab10a353203aec8e1d7df1c5078ed1d951748ccf
[INFO] running `Command { std: "docker" "create" "-v" "/var/lib/crater-agent-workspace/builds/worker-2-tc2/target:/opt/rustwide/target:rw,Z" "-v" "/var/lib/crater-agent-workspace/builds/worker-2-tc2/source:/opt/rustwide/workdir:ro,Z" "-v" "/var/lib/crater-agent-workspace/cargo-home:/opt/rustwide/cargo-home:ro,Z" "-v" "/var/lib/crater-agent-workspace/rustup-home:/opt/rustwide/rustup-home:ro,Z" "-e" "SOURCE_DIR=/opt/rustwide/workdir" "-e" "CARGO_TARGET_DIR=/opt/rustwide/target" "-e" "CARGO_INCREMENTAL=0" "-e" "RUST_BACKTRACE=full" "-e" "RUSTFLAGS=--cap-lints=warn" "-e" "RUSTDOCFLAGS=--cap-lints=warn" "-e" "CARGO_HOME=/opt/rustwide/cargo-home" "-e" "RUSTUP_HOME=/opt/rustwide/rustup-home" "-w" "/opt/rustwide/workdir" "-m" "1610612736" "--user" "0:0" "--network" "none" "ghcr.io/rust-lang/crates-build-env/linux@sha256:5ff2268d62e97bff2cde7d5815dd6ed5b47097566f13b8d0ca110b04b60e07ed" "/opt/rustwide/cargo-home/bin/cargo" "+beta-2023-04-20" "test" "--frozen" "--no-run" "--message-format=json", kill_on_drop: false }`
[INFO] [stdout] aa5228b6ba70a73595446c8dc2a8114e86ad263d08b609633ec3635b4b9ca125
[INFO] running `Command { std: "docker" "start" "-a" "aa5228b6ba70a73595446c8dc2a8114e86ad263d08b609633ec3635b4b9ca125", kill_on_drop: false }`
[INFO] [stderr]    Compiling typenum v1.15.0
[INFO] [stderr]    Compiling byte-tools v0.3.1
[INFO] [stderr]    Compiling byteorder v1.4.3
[INFO] [stderr]    Compiling fake-simd v0.1.2
[INFO] [stderr]    Compiling opaque-debug v0.2.3
[INFO] [stderr]    Compiling wasm-bindgen-test-macro v0.3.29
[INFO] [stderr]    Compiling hex v0.3.2
[INFO] [stderr]    Compiling scoped-tls v1.0.0
[INFO] [stderr]    Compiling base64 v0.13.0
[INFO] [stderr]    Compiling block-padding v0.1.5
[INFO] [stderr]    Compiling base64 v0.10.1
[INFO] [stderr]    Compiling wasm-bindgen-test v0.3.29
[INFO] [stderr]    Compiling generic-array v0.12.4
[INFO] [stderr]    Compiling digest v0.8.1
[INFO] [stderr]    Compiling block-buffer v0.7.3
[INFO] [stderr]    Compiling sha2 v0.8.2
[INFO] [stderr]    Compiling sha-1 v0.8.2
[INFO] [stderr]    Compiling ssri v6.0.0
[INFO] [stderr]    Compiling yew-services v0.1.1 (/opt/rustwide/workdir)
[INFO] [stderr]     Finished test [unoptimized + debuginfo] target(s) in 2.05s
[INFO] running `Command { std: "docker" "inspect" "aa5228b6ba70a73595446c8dc2a8114e86ad263d08b609633ec3635b4b9ca125", kill_on_drop: false }`
[INFO] running `Command { std: "docker" "rm" "-f" "aa5228b6ba70a73595446c8dc2a8114e86ad263d08b609633ec3635b4b9ca125", kill_on_drop: false }`
[INFO] [stdout] aa5228b6ba70a73595446c8dc2a8114e86ad263d08b609633ec3635b4b9ca125
[INFO] running `Command { std: "docker" "create" "-v" "/var/lib/crater-agent-workspace/builds/worker-2-tc2/target:/opt/rustwide/target:rw,Z" "-v" "/var/lib/crater-agent-workspace/builds/worker-2-tc2/source:/opt/rustwide/workdir:ro,Z" "-v" "/var/lib/crater-agent-workspace/cargo-home:/opt/rustwide/cargo-home:ro,Z" "-v" "/var/lib/crater-agent-workspace/rustup-home:/opt/rustwide/rustup-home:ro,Z" "-e" "SOURCE_DIR=/opt/rustwide/workdir" "-e" "CARGO_TARGET_DIR=/opt/rustwide/target" "-e" "CARGO_INCREMENTAL=0" "-e" "RUST_BACKTRACE=full" "-e" "RUSTFLAGS=--cap-lints=warn" "-e" "RUSTDOCFLAGS=--cap-lints=warn" "-e" "CARGO_HOME=/opt/rustwide/cargo-home" "-e" "RUSTUP_HOME=/opt/rustwide/rustup-home" "-w" "/opt/rustwide/workdir" "-m" "1610612736" "--user" "0:0" "--network" "none" "ghcr.io/rust-lang/crates-build-env/linux@sha256:5ff2268d62e97bff2cde7d5815dd6ed5b47097566f13b8d0ca110b04b60e07ed" "/opt/rustwide/cargo-home/bin/cargo" "+beta-2023-04-20" "test" "--frozen", kill_on_drop: false }`
[INFO] [stdout] 1c1e980cda73b1ea4324056bfbbac2d1689a3fa2e7aa34ee99ac35629bb8dc35
[INFO] running `Command { std: "docker" "start" "-a" "1c1e980cda73b1ea4324056bfbbac2d1689a3fa2e7aa34ee99ac35629bb8dc35", kill_on_drop: false }`
[INFO] [stderr]     Finished test [unoptimized + debuginfo] target(s) in 0.04s
[INFO] [stderr]      Running unittests src/lib.rs (/opt/rustwide/target/debug/deps/yew_services-3cc0dc5f3d3ba9a5)
[INFO] [stdout] 
[INFO] [stdout] running 2 tests
[INFO] [stdout] test format::json::tests::json_format ... ok
[INFO] [stdout] test format::json::tests::test_into_inner ... ok
[INFO] [stdout] 
[INFO] [stdout] test result: ok. 2 passed; 0 failed; 0 ignored; 0 measured; 0 filtered out; finished in 0.00s
[INFO] [stdout] 
[INFO] [stderr]    Doc-tests yew-services
[INFO] [stdout] 
[INFO] [stdout] running 9 tests
[INFO] [stdout] test src/format/macros.rs - format::macros::binary_format (line 64) ... FAILED
[INFO] [stdout] test src/format/macros.rs - format::macros::binary_format (line 74) ... FAILED
[INFO] [stdout] test src/format/macros.rs - format::macros::binary_format (line 94) ... FAILED
[INFO] [stdout] test src/format/json.rs - format::json::Json (line 6) ... FAILED
[INFO] [stdout] test src/format/macros.rs - format::macros::text_format (line 12) ... FAILED
[INFO] [stdout] test src/fetch.rs - fetch::FetchService::fetch (line 171) ... FAILED
[INFO] [stdout] test src/fetch.rs - fetch::FetchService::fetch (line 188) ... FAILED
[INFO] [stdout] test src/fetch.rs - fetch::FetchService::fetch_with_options (line 279) ... FAILED
[INFO] [stdout] test src/fetch.rs - fetch::FetchService::fetch (line 225) ... FAILED
[INFO] [stdout] 
[INFO] [stdout] failures:
[INFO] [stdout] 
[INFO] [stdout] ---- src/format/macros.rs - format::macros::binary_format (line 64) stdout ----
[INFO] [stdout] error[E0432]: unresolved imports `yew::binary_format`, `yew::text_format`
[INFO] [stdout]  --> src/format/macros.rs:65:11
[INFO] [stdout]   |
[INFO] [stdout] 3 | use yew::{binary_format, text_format};
[INFO] [stdout]   |           ^^^^^^^^^^^^^  ^^^^^^^^^^^ no `text_format` in the root
[INFO] [stdout]   |           |
[INFO] [stdout]   |           no `binary_format` in the root
[INFO] [stdout] 
[INFO] [stdout] error: cannot determine resolution for the macro `binary_format`
[INFO] [stdout]  --> src/format/macros.rs:70:1
[INFO] [stdout]   |
[INFO] [stdout] 8 | binary_format!(Json based on serde_json);
[INFO] [stdout]   | ^^^^^^^^^^^^^
[INFO] [stdout]   |
[INFO] [stdout]   = note: import resolution is stuck, try simplifying macro imports
[INFO] [stdout] 
[INFO] [stdout] error: cannot determine resolution for the macro `text_format`
[INFO] [stdout]  --> src/format/macros.rs:69:1
[INFO] [stdout]   |
[INFO] [stdout] 7 | text_format!(Json based on serde_json);
[INFO] [stdout]   | ^^^^^^^^^^^
[INFO] [stdout]   |
[INFO] [stdout]   = note: import resolution is stuck, try simplifying macro imports
[INFO] [stdout] 
[INFO] [stdout] error: aborting due to 3 previous errors
[INFO] [stdout] 
[INFO] [stdout] For more information about this error, try `rustc --explain E0432`.
[INFO] [stdout] Couldn't compile the test.
[INFO] [stdout] ---- src/format/macros.rs - format::macros::binary_format (line 74) stdout ----
[INFO] [stdout] error[E0432]: unresolved imports `yew::binary_format`, `yew::text_format_is_an_error`
[INFO] [stdout]  --> src/format/macros.rs:77:13
[INFO] [stdout]   |
[INFO] [stdout] 5 |   use yew::{binary_format, text_format_is_an_error};
[INFO] [stdout]   |             ^^^^^^^^^^^^^  ^^^^^^^^^^^^^^^^^^^^^^^ no `text_format_is_an_error` in the root
[INFO] [stdout]   |             |
[INFO] [stdout]   |             no `binary_format` in the root
[INFO] [stdout] 
[INFO] [stdout] error[E0432]: unresolved import `rmp_serde`
[INFO] [stdout]  --> src/format/macros.rs:76:7
[INFO] [stdout]   |
[INFO] [stdout] 4 |   use rmp_serde;
[INFO] [stdout]   |       ^^^^^^^^^ no external crate `rmp_serde`
[INFO] [stdout] 
[INFO] [stdout] error: cannot determine resolution for the macro `text_format_is_an_error`
[INFO] [stdout]   --> src/format/macros.rs:82:3
[INFO] [stdout]    |
[INFO] [stdout] 10 |   text_format_is_an_error!(MsgPack);
[INFO] [stdout]    |   ^^^^^^^^^^^^^^^^^^^^^^^
[INFO] [stdout]    |
[INFO] [stdout]    = note: import resolution is stuck, try simplifying macro imports
[INFO] [stdout] 
[INFO] [stdout] error: cannot determine resolution for the macro `binary_format`
[INFO] [stdout]  --> src/format/macros.rs:81:3
[INFO] [stdout]   |
[INFO] [stdout] 9 |   binary_format!(MsgPack based on rmp_serde);
[INFO] [stdout]   |   ^^^^^^^^^^^^^
[INFO] [stdout]   |
[INFO] [stdout]   = note: import resolution is stuck, try simplifying macro imports
[INFO] [stdout] 
[INFO] [stdout] error: aborting due to 4 previous errors
[INFO] [stdout] 
[INFO] [stdout] For more information about this error, try `rustc --explain E0432`.
[INFO] [stdout] Couldn't compile the test.
[INFO] [stdout] ---- src/format/macros.rs - format::macros::binary_format (line 94) stdout ----
[INFO] [stdout] error[E0432]: unresolved imports `yew::binary_format`, `yew::text_format_is_an_error`
[INFO] [stdout]  --> src/format/macros.rs:97:13
[INFO] [stdout]   |
[INFO] [stdout] 5 |   use yew::{binary_format, text_format_is_an_error};
[INFO] [stdout]   |             ^^^^^^^^^^^^^  ^^^^^^^^^^^^^^^^^^^^^^^ no `text_format_is_an_error` in the root
[INFO] [stdout]   |             |
[INFO] [stdout]   |             no `binary_format` in the root
[INFO] [stdout] 
[INFO] [stdout] error[E0432]: unresolved import `bincode`
[INFO] [stdout]  --> src/format/macros.rs:96:7
[INFO] [stdout]   |
[INFO] [stdout] 4 |   use bincode;
[INFO] [stdout]   |       ^^^^^^^ no external crate `bincode`
[INFO] [stdout] 
[INFO] [stdout] error: cannot determine resolution for the macro `text_format_is_an_error`
[INFO] [stdout]   --> src/format/macros.rs:102:3
[INFO] [stdout]    |
[INFO] [stdout] 10 |   text_format_is_an_error!(Bincode);
[INFO] [stdout]    |   ^^^^^^^^^^^^^^^^^^^^^^^
[INFO] [stdout]    |
[INFO] [stdout]    = note: import resolution is stuck, try simplifying macro imports
[INFO] [stdout] 
[INFO] [stdout] error: cannot determine resolution for the macro `binary_format`
[INFO] [stdout]  --> src/format/macros.rs:101:3
[INFO] [stdout]   |
[INFO] [stdout] 9 |   binary_format!(Bincode, bincode::serialize, bincode::deserialize);
[INFO] [stdout]   |   ^^^^^^^^^^^^^
[INFO] [stdout]   |
[INFO] [stdout]   = note: import resolution is stuck, try simplifying macro imports
[INFO] [stdout] 
[INFO] [stdout] error: aborting due to 4 previous errors
[INFO] [stdout] 
[INFO] [stdout] For more information about this error, try `rustc --explain E0432`.
[INFO] [stdout] Couldn't compile the test.
[INFO] [stdout] ---- src/format/json.rs - format::json::Json (line 6) stdout ----
[INFO] [stdout] error[E0432]: unresolved import `crate::format`
[INFO] [stdout]  --> src/format/json.rs:8:12
[INFO] [stdout]   |
[INFO] [stdout] 4 | use crate::format::Json;
[INFO] [stdout]   |            ^^^^^^
[INFO] [stdout]   |            |
[INFO] [stdout]   |            unresolved import
[INFO] [stdout]   |            help: a similar path exists: `yew_services::format`
[INFO] [stdout] 
[INFO] [stdout] error: aborting due to previous error
[INFO] [stdout] 
[INFO] [stdout] For more information about this error, try `rustc --explain E0432`.
[INFO] [stdout] Couldn't compile the test.
[INFO] [stdout] ---- src/format/macros.rs - format::macros::text_format (line 12) stdout ----
[INFO] [stdout] error[E0432]: unresolved imports `yew::binary_format`, `yew::text_format`
[INFO] [stdout]  --> src/format/macros.rs:13:11
[INFO] [stdout]   |
[INFO] [stdout] 3 | use yew::{binary_format, text_format};
[INFO] [stdout]   |           ^^^^^^^^^^^^^  ^^^^^^^^^^^ no `text_format` in the root
[INFO] [stdout]   |           |
[INFO] [stdout]   |           no `binary_format` in the root
[INFO] [stdout] 
[INFO] [stdout] error: cannot determine resolution for the macro `binary_format`
[INFO] [stdout]  --> src/format/macros.rs:18:1
[INFO] [stdout]   |
[INFO] [stdout] 8 | binary_format!(Json based on serde_json);
[INFO] [stdout]   | ^^^^^^^^^^^^^
[INFO] [stdout]   |
[INFO] [stdout]   = note: import resolution is stuck, try simplifying macro imports
[INFO] [stdout] 
[INFO] [stdout] error: cannot determine resolution for the macro `text_format`
[INFO] [stdout]  --> src/format/macros.rs:17:1
[INFO] [stdout]   |
[INFO] [stdout] 7 | text_format!(Json based on serde_json);
[INFO] [stdout]   | ^^^^^^^^^^^
[INFO] [stdout]   |
[INFO] [stdout]   = note: import resolution is stuck, try simplifying macro imports
[INFO] [stdout] 
[INFO] [stdout] error: aborting due to 3 previous errors
[INFO] [stdout] 
[INFO] [stdout] For more information about this error, try `rustc --explain E0432`.
[INFO] [stdout] Couldn't compile the test.
[INFO] [stdout] ---- src/fetch.rs - fetch::FetchService::fetch (line 171) stdout ----
[INFO] [stdout] error[E0432]: unresolved import `crate::format`
[INFO] [stdout]  --> src/fetch.rs:173:12
[INFO] [stdout]   |
[INFO] [stdout] 5 | use crate::format::{Nothing, Json};
[INFO] [stdout]   |            ^^^^^^
[INFO] [stdout]   |            |
[INFO] [stdout]   |            unresolved import
[INFO] [stdout]   |            help: a similar path exists: `yew_services::format`
[INFO] [stdout] 
[INFO] [stdout] error: aborting due to previous error
[INFO] [stdout] 
[INFO] [stdout] For more information about this error, try `rustc --explain E0432`.
[INFO] [stdout] Couldn't compile the test.
[INFO] [stdout] ---- src/fetch.rs - fetch::FetchService::fetch (line 188) stdout ----
[INFO] [stdout] error[E0432]: unresolved import `yew::ComponentLink`
[INFO] [stdout]  --> src/fetch.rs:190:22
[INFO] [stdout]   |
[INFO] [stdout] 5 | use yew::{Component, ComponentLink, Html};
[INFO] [stdout]   |                      ^^^^^^^^^^^^^
[INFO] [stdout]   |                      |
[INFO] [stdout]   |                      no `ComponentLink` in the root
[INFO] [stdout]   |                      help: a similar name exists in the module: `Component`
[INFO] [stdout] 
[INFO] [stdout] error[E0407]: method `change` is not a member of trait `Component`
[INFO] [stdout]   --> src/fetch.rs:198:5
[INFO] [stdout]    |
[INFO] [stdout] 13 |     fn change(&mut self, _: Self::Properties) -> bool {unimplemented!()}
[INFO] [stdout]    |     ^^^------^^^^^^^^^^^^^^^^^^^^^^^^^^^^^^^^^^^^^^^^^^^^^^^^^^^^^^^^^^^
[INFO] [stdout]    |     |  |
[INFO] [stdout]    |     |  help: there is an associated function with a similar name: `changed`
[INFO] [stdout]    |     not a member of trait `Component`
[INFO] [stdout] 
[INFO] [stdout] error[E0050]: method `create` has 2 parameters but the declaration in trait `create` has 1
[INFO] [stdout]   --> src/fetch.rs:196:22
[INFO] [stdout]    |
[INFO] [stdout] 11 |     fn create(props: Self::Properties,link: ComponentLink<Self>) -> Self {unimplemented!()}
[INFO] [stdout]    |                      ^^^^^^^^^^^^^^^^^^^^^^^^^^^^^^^^^^^^^^^^^^ expected 1 parameter, found 2
[INFO] [stdout]    |
[INFO] [stdout]    = note: `create` from trait: `fn(&yew::Context<Self>) -> Self`
[INFO] [stdout] 
[INFO] [stdout] error[E0050]: method `update` has 2 parameters but the declaration in trait `update` has 3
[INFO] [stdout]   --> src/fetch.rs:197:15
[INFO] [stdout]    |
[INFO] [stdout] 12 |     fn update(&mut self,msg: Self::Message) -> bool {unimplemented!()}
[INFO] [stdout]    |               ^^^^^^^^^^^^^^^^^^^^^^^^^^^^ expected 3 parameters, found 2
[INFO] [stdout]    |
[INFO] [stdout]    = note: `update` from trait: `fn(&mut Self, &yew::Context<Self>, <Self as yew::Component>::Message) -> bool`
[INFO] [stdout] 
[INFO] [stdout] error[E0050]: method `view` has 1 parameter but the declaration in trait `view` has 2
[INFO] [stdout]   --> src/fetch.rs:199:13
[INFO] [stdout]    |
[INFO] [stdout] 14 |     fn view(&self) -> Html {unimplemented!()}
[INFO] [stdout]    |             ^^^^^ expected 2 parameters, found 1
[INFO] [stdout]    |
[INFO] [stdout]    = note: `view` from trait: `fn(&Self, &yew::Context<Self>) -> VNode`
[INFO] [stdout] 
[INFO] [stdout] error: aborting due to 5 previous errors
[INFO] [stdout] 
[INFO] [stdout] Some errors have detailed explanations: E0050, E0407, E0432.
[INFO] [stdout] For more information about an error, try `rustc --explain E0050`.
[INFO] [stdout] Couldn't compile the test.
[INFO] [stdout] ---- src/fetch.rs - fetch::FetchService::fetch_with_options (line 279) stdout ----
[INFO] [stdout] error[E0432]: unresolved import `crate::format`
[INFO] [stdout]  --> src/fetch.rs:282:12
[INFO] [stdout]   |
[INFO] [stdout] 6 | use crate::format::Nothing;
[INFO] [stdout]   |            ^^^^^^
[INFO] [stdout]   |            |
[INFO] [stdout]   |            unresolved import
[INFO] [stdout]   |            help: a similar path exists: `yew_services::format`
[INFO] [stdout] 
[INFO] [stdout] error[E0432]: unresolved import `yew::ComponentLink`
[INFO] [stdout]  --> src/fetch.rs:283:28
[INFO] [stdout]   |
[INFO] [stdout] 7 | use yew::{Html, Component, ComponentLink};
[INFO] [stdout]   |                            ^^^^^^^^^^^^^
[INFO] [stdout]   |                            |
[INFO] [stdout]   |                            no `ComponentLink` in the root
[INFO] [stdout]   |                            help: a similar name exists in the module: `Component`
[INFO] [stdout] 
[INFO] [stdout] error[E0407]: method `change` is not a member of trait `Component`
[INFO] [stdout]   --> src/fetch.rs:291:5
[INFO] [stdout]    |
[INFO] [stdout] 15 |     fn change(&mut self, _: Self::Properties) -> bool {unimplemented!()}
[INFO] [stdout]    |     ^^^------^^^^^^^^^^^^^^^^^^^^^^^^^^^^^^^^^^^^^^^^^^^^^^^^^^^^^^^^^^^
[INFO] [stdout]    |     |  |
[INFO] [stdout]    |     |  help: there is an associated function with a similar name: `changed`
[INFO] [stdout]    |     not a member of trait `Component`
[INFO] [stdout] 
[INFO] [stdout] error[E0050]: method `create` has 2 parameters but the declaration in trait `create` has 1
[INFO] [stdout]   --> src/fetch.rs:289:22
[INFO] [stdout]    |
[INFO] [stdout] 13 |     fn create(props: Self::Properties, link: ComponentLink<Self>) -> Self {unimplemented!()}
[INFO] [stdout]    |                      ^^^^^^^^^^^^^^^^^^^^^^^^^^^^^^^^^^^^^^^^^^^ expected 1 parameter, found 2
[INFO] [stdout]    |
[INFO] [stdout]    = note: `create` from trait: `fn(&yew::Context<Self>) -> Self`
[INFO] [stdout] 
[INFO] [stdout] error[E0050]: method `update` has 2 parameters but the declaration in trait `update` has 3
[INFO] [stdout]   --> src/fetch.rs:290:15
[INFO] [stdout]    |
[INFO] [stdout] 14 |     fn update(&mut self, msg: Self::Message) -> bool {unimplemented!()}
[INFO] [stdout]    |               ^^^^^^^^^^^^^^^^^^^^^^^^^^^^^ expected 3 parameters, found 2
[INFO] [stdout]    |
[INFO] [stdout]    = note: `update` from trait: `fn(&mut Self, &yew::Context<Self>, <Self as yew::Component>::Message) -> bool`
[INFO] [stdout] 
[INFO] [stdout] error[E0050]: method `view` has 1 parameter but the declaration in trait `view` has 2
[INFO] [stdout]   --> src/fetch.rs:292:13
[INFO] [stdout]    |
[INFO] [stdout] 16 |     fn view(&self) -> Html {unimplemented!()}
[INFO] [stdout]    |             ^^^^^ expected 2 parameters, found 1
[INFO] [stdout]    |
[INFO] [stdout]    = note: `view` from trait: `fn(&Self, &yew::Context<Self>) -> VNode`
[INFO] [stdout] 
[INFO] [stdout] error: aborting due to 6 previous errors
[INFO] [stdout] 
[INFO] [stdout] Some errors have detailed explanations: E0050, E0407, E0432.
[INFO] [stdout] For more information about an error, try `rustc --explain E0050`.
[INFO] [stdout] Couldn't compile the test.
[INFO] [stdout] ---- src/fetch.rs - fetch::FetchService::fetch (line 225) stdout ----
[INFO] [stdout] error[E0432]: unresolved import `yew::ComponentLink`
[INFO] [stdout]  --> src/fetch.rs:229:22
[INFO] [stdout]   |
[INFO] [stdout] 7 | use yew::{Component, ComponentLink, Html};
[INFO] [stdout]   |                      ^^^^^^^^^^^^^
[INFO] [stdout]   |                      |
[INFO] [stdout]   |                      no `ComponentLink` in the root
[INFO] [stdout]   |                      help: a similar name exists in the module: `Component`
[INFO] [stdout] 
[INFO] [stdout] error[E0432]: unresolved import `crate::format`
[INFO] [stdout]  --> src/fetch.rs:230:12
[INFO] [stdout]   |
[INFO] [stdout] 8 | use crate::format::{Json, Nothing, Format};
[INFO] [stdout]   |            ^^^^^^
[INFO] [stdout]   |            |
[INFO] [stdout]   |            unresolved import
[INFO] [stdout]   |            help: a similar path exists: `yew_services::format`
[INFO] [stdout] 
[INFO] [stdout] error[E0407]: method `change` is not a member of trait `Component`
[INFO] [stdout]   --> src/fetch.rs:238:5
[INFO] [stdout]    |
[INFO] [stdout] 16 |     fn change(&mut self, _: Self::Properties) -> bool {unimplemented!()}
[INFO] [stdout]    |     ^^^------^^^^^^^^^^^^^^^^^^^^^^^^^^^^^^^^^^^^^^^^^^^^^^^^^^^^^^^^^^^
[INFO] [stdout]    |     |  |
[INFO] [stdout]    |     |  help: there is an associated function with a similar name: `changed`
[INFO] [stdout]    |     not a member of trait `Component`
[INFO] [stdout] 
[INFO] [stdout] error[E0050]: method `create` has 2 parameters but the declaration in trait `create` has 1
[INFO] [stdout]   --> src/fetch.rs:236:22
[INFO] [stdout]    |
[INFO] [stdout] 14 |     fn create(props: Self::Properties,link: ComponentLink<Self>) -> Self {unimplemented!()}
[INFO] [stdout]    |                      ^^^^^^^^^^^^^^^^^^^^^^^^^^^^^^^^^^^^^^^^^^ expected 1 parameter, found 2
[INFO] [stdout]    |
[INFO] [stdout]    = note: `create` from trait: `fn(&yew::Context<Self>) -> Self`
[INFO] [stdout] 
[INFO] [stdout] error[E0050]: method `update` has 2 parameters but the declaration in trait `update` has 3
[INFO] [stdout]   --> src/fetch.rs:237:15
[INFO] [stdout]    |
[INFO] [stdout] 15 |     fn update(&mut self,msg: Self::Message) -> bool {unimplemented!()}
[INFO] [stdout]    |               ^^^^^^^^^^^^^^^^^^^^^^^^^^^^ expected 3 parameters, found 2
[INFO] [stdout]    |
[INFO] [stdout]    = note: `update` from trait: `fn(&mut Self, &yew::Context<Self>, <Self as yew::Component>::Message) -> bool`
[INFO] [stdout] 
[INFO] [stdout] error[E0050]: method `view` has 1 parameter but the declaration in trait `view` has 2
[INFO] [stdout]   --> src/fetch.rs:239:13
[INFO] [stdout]    |
[INFO] [stdout] 17 |     fn view(&self) -> Html {unimplemented!()}
[INFO] [stdout]    |             ^^^^^ expected 2 parameters, found 1
[INFO] [stdout]    |
[INFO] [stdout]    = note: `view` from trait: `fn(&Self, &yew::Context<Self>) -> VNode`
[INFO] [stdout] 
[INFO] [stdout] error: aborting due to 6 previous errors
[INFO] [stdout] 
[INFO] [stdout] Some errors have detailed explanations: E0050, E0407, E0432.
[INFO] [stdout] For more information about an error, try `rustc --explain E0050`.
[INFO] [stdout] Couldn't compile the test.
[INFO] [stdout] 
[INFO] [stdout] failures:
[INFO] [stdout]     src/fetch.rs - fetch::FetchService::fetch (line 171)
[INFO] [stdout]     src/fetch.rs - fetch::FetchService::fetch (line 188)
[INFO] [stdout]     src/fetch.rs - fetch::FetchService::fetch (line 225)
[INFO] [stdout]     src/fetch.rs - fetch::FetchService::fetch_with_options (line 279)
[INFO] [stdout]     src/format/json.rs - format::json::Json (line 6)
[INFO] [stdout]     src/format/macros.rs - format::macros::binary_format (line 64)
[INFO] [stdout]     src/format/macros.rs - format::macros::binary_format (line 74)
[INFO] [stdout]     src/format/macros.rs - format::macros::binary_format (line 94)
[INFO] [stdout]     src/format/macros.rs - format::macros::text_format (line 12)
[INFO] [stdout] 
[INFO] [stdout] test result: FAILED. 0 passed; 9 failed; 0 ignored; 0 measured; 0 filtered out; finished in 0.07s
[INFO] [stdout] 
[INFO] [stderr] error: doctest failed, to rerun pass `--doc`
[INFO] running `Command { std: "docker" "inspect" "1c1e980cda73b1ea4324056bfbbac2d1689a3fa2e7aa34ee99ac35629bb8dc35", kill_on_drop: false }`
[INFO] running `Command { std: "docker" "rm" "-f" "1c1e980cda73b1ea4324056bfbbac2d1689a3fa2e7aa34ee99ac35629bb8dc35", kill_on_drop: false }`
[INFO] [stdout] 1c1e980cda73b1ea4324056bfbbac2d1689a3fa2e7aa34ee99ac35629bb8dc35
