[INFO] cloning repository https://github.com/chmp/serde_arrow
[INFO] running `Command { std: "git" "-c" "credential.helper=" "-c" "credential.helper=/workspace/cargo-home/bin/git-credential-null" "clone" "--bare" "https://github.com/chmp/serde_arrow" "/workspace/cache/git-repos/https%3A%2F%2Fgithub.com%2Fchmp%2Fserde_arrow", kill_on_drop: false }`
[INFO] [stderr] Cloning into bare repository '/workspace/cache/git-repos/https%3A%2F%2Fgithub.com%2Fchmp%2Fserde_arrow'...
[INFO] running `Command { std: "git" "rev-parse" "HEAD", kill_on_drop: false }`
[INFO] [stdout] 186f50d9f2640f6de28d13a6d4e6c98be6dee4f5
[INFO] testing chmp/serde_arrow against 1.69.0 for beta-1.70-1
[INFO] running `Command { std: "git" "clone" "/workspace/cache/git-repos/https%3A%2F%2Fgithub.com%2Fchmp%2Fserde_arrow" "/workspace/builds/worker-2-tc1/source", kill_on_drop: false }`
[INFO] [stderr] Cloning into '/workspace/builds/worker-2-tc1/source'...
[INFO] [stderr] done.
[INFO] validating manifest of git repo https://github.com/chmp/serde_arrow on toolchain 1.69.0
[INFO] running `Command { std: CARGO_HOME="/workspace/cargo-home" RUSTUP_HOME="/workspace/rustup-home" "/workspace/cargo-home/bin/cargo" "+1.69.0" "metadata" "--manifest-path" "Cargo.toml" "--no-deps", kill_on_drop: false }`
[INFO] started tweaking git repo https://github.com/chmp/serde_arrow
[INFO] finished tweaking git repo https://github.com/chmp/serde_arrow
[INFO] tweaked toml for git repo https://github.com/chmp/serde_arrow written to /workspace/builds/worker-2-tc1/source/Cargo.toml
[INFO] crate git repo https://github.com/chmp/serde_arrow already has a lockfile, it will not be regenerated
[INFO] running `Command { std: CARGO_HOME="/workspace/cargo-home" RUSTUP_HOME="/workspace/rustup-home" "/workspace/cargo-home/bin/cargo" "+1.69.0" "fetch" "--manifest-path" "Cargo.toml", kill_on_drop: false }`
[INFO] [stderr]  Downloading crates ...
[INFO] [stderr]   Downloaded arrow-data v36.0.0
[INFO] [stderr]   Downloaded arrow-buffer v36.0.0
[INFO] [stderr]   Downloaded arrow-data v35.0.0
[INFO] [stderr]   Downloaded arrow-buffer v35.0.0
[INFO] [stderr]   Downloaded arrow-array v36.0.0
[INFO] [stderr]   Downloaded arrow-schema v35.0.0
[INFO] [stderr]   Downloaded arrow-schema v36.0.0
[INFO] [stderr]   Downloaded arrow-array v35.0.0
[INFO] [stderr]   Downloaded arrow2 v0.17.0
[INFO] running `Command { std: "docker" "create" "-v" "/var/lib/crater-agent-workspace/builds/worker-2-tc1/target:/opt/rustwide/target:rw,Z" "-v" "/var/lib/crater-agent-workspace/builds/worker-2-tc1/source:/opt/rustwide/workdir:ro,Z" "-v" "/var/lib/crater-agent-workspace/cargo-home:/opt/rustwide/cargo-home:ro,Z" "-v" "/var/lib/crater-agent-workspace/rustup-home:/opt/rustwide/rustup-home:ro,Z" "-e" "SOURCE_DIR=/opt/rustwide/workdir" "-e" "CARGO_TARGET_DIR=/opt/rustwide/target" "-e" "CARGO_HOME=/opt/rustwide/cargo-home" "-e" "RUSTUP_HOME=/opt/rustwide/rustup-home" "-w" "/opt/rustwide/workdir" "-m" "1610612736" "--user" "0:0" "--network" "none" "ghcr.io/rust-lang/crates-build-env/linux@sha256:5ff2268d62e97bff2cde7d5815dd6ed5b47097566f13b8d0ca110b04b60e07ed" "/opt/rustwide/cargo-home/bin/cargo" "+1.69.0" "metadata" "--no-deps" "--format-version=1", kill_on_drop: false }`
[INFO] [stdout] d5d52a5f580c8f59d69ddd525bb018d1709699e25004c971cd64961a399ebec2
[INFO] running `Command { std: "docker" "start" "-a" "d5d52a5f580c8f59d69ddd525bb018d1709699e25004c971cd64961a399ebec2", kill_on_drop: false }`
[INFO] running `Command { std: "docker" "inspect" "d5d52a5f580c8f59d69ddd525bb018d1709699e25004c971cd64961a399ebec2", kill_on_drop: false }`
[INFO] running `Command { std: "docker" "rm" "-f" "d5d52a5f580c8f59d69ddd525bb018d1709699e25004c971cd64961a399ebec2", kill_on_drop: false }`
[INFO] [stdout] d5d52a5f580c8f59d69ddd525bb018d1709699e25004c971cd64961a399ebec2
[INFO] running `Command { std: "docker" "create" "-v" "/var/lib/crater-agent-workspace/builds/worker-2-tc1/target:/opt/rustwide/target:rw,Z" "-v" "/var/lib/crater-agent-workspace/builds/worker-2-tc1/source:/opt/rustwide/workdir:ro,Z" "-v" "/var/lib/crater-agent-workspace/cargo-home:/opt/rustwide/cargo-home:ro,Z" "-v" "/var/lib/crater-agent-workspace/rustup-home:/opt/rustwide/rustup-home:ro,Z" "-e" "SOURCE_DIR=/opt/rustwide/workdir" "-e" "CARGO_TARGET_DIR=/opt/rustwide/target" "-e" "CARGO_INCREMENTAL=0" "-e" "RUST_BACKTRACE=full" "-e" "RUSTFLAGS=--cap-lints=warn" "-e" "RUSTDOCFLAGS=--cap-lints=warn" "-e" "CARGO_HOME=/opt/rustwide/cargo-home" "-e" "RUSTUP_HOME=/opt/rustwide/rustup-home" "-w" "/opt/rustwide/workdir" "-m" "1610612736" "--user" "0:0" "--network" "none" "ghcr.io/rust-lang/crates-build-env/linux@sha256:5ff2268d62e97bff2cde7d5815dd6ed5b47097566f13b8d0ca110b04b60e07ed" "/opt/rustwide/cargo-home/bin/cargo" "+1.69.0" "build" "--frozen" "--message-format=json", kill_on_drop: false }`
[INFO] [stdout] faafb117d8ef005ba128fd07d99ae009373cf483f96455e0696adda606fd0d12
[INFO] running `Command { std: "docker" "start" "-a" "faafb117d8ef005ba128fd07d99ae009373cf483f96455e0696adda606fd0d12", kill_on_drop: false }`
[INFO] [stderr]    Compiling proc-macro2 v1.0.54
[INFO] [stderr]    Compiling unicode-ident v1.0.8
[INFO] [stderr]    Compiling quote v1.0.26
[INFO] [stderr]    Compiling libc v0.2.140
[INFO] [stderr]    Compiling autocfg v1.1.0
[INFO] [stderr]    Compiling crunchy v0.2.2
[INFO] [stderr]    Compiling libm v0.2.6
[INFO] [stderr]    Compiling proc-macro-hack v0.5.20+deprecated
[INFO] [stderr]    Compiling serde_derive v1.0.159
[INFO] [stderr]    Compiling semver v1.0.17
[INFO] [stderr]    Compiling tiny-keccak v2.0.2
[INFO] [stderr]    Compiling serde v1.0.159
[INFO] [stderr]    Compiling once_cell v1.17.1
[INFO] [stderr]    Compiling version_check v0.9.4
[INFO] [stderr]    Compiling array-init-cursor v0.2.0
[INFO] [stderr]    Compiling iana-time-zone v0.1.54
[INFO] [stderr]    Compiling hash_hasher v2.0.3
[INFO] [stderr]    Compiling planus v0.3.1
[INFO] [stderr]    Compiling dyn-clone v1.0.11
[INFO] [stderr]    Compiling foreign_vec v0.1.0
[INFO] [stderr]    Compiling simdutf8 v0.1.4
[INFO] [stderr]    Compiling num-traits v0.2.15
[INFO] [stderr]    Compiling num-integer v0.1.45
[INFO] [stderr]    Compiling ethnum v1.3.2
[INFO] [stderr]    Compiling ahash v0.8.3
[INFO] [stderr]    Compiling either v1.8.1
[INFO] [stderr]    Compiling rustc_version v0.4.0
[INFO] [stderr]    Compiling arrow2 v0.17.0
[INFO] [stderr]    Compiling getrandom v0.2.8
[INFO] [stderr]    Compiling time v0.1.45
[INFO] [stderr]    Compiling syn v2.0.11
[INFO] [stderr]    Compiling const-random-macro v0.1.15
[INFO] [stderr]    Compiling const-random v0.1.15
[INFO] [stderr]    Compiling bytemuck_derive v1.4.1
[INFO] [stderr]    Compiling bytemuck v1.13.1
[INFO] [stderr]    Compiling arrow-format v0.8.1
[INFO] [stderr]    Compiling chrono v0.4.24
[INFO] [stderr]    Compiling serde_arrow v0.6.1 (/opt/rustwide/workdir/serde_arrow)
[INFO] [stderr]    Compiling example v0.1.0 (/opt/rustwide/workdir/example)
[INFO] [stderr]     Finished dev [unoptimized + debuginfo] target(s) in 22.75s
[INFO] running `Command { std: "docker" "inspect" "faafb117d8ef005ba128fd07d99ae009373cf483f96455e0696adda606fd0d12", kill_on_drop: false }`
[INFO] running `Command { std: "docker" "rm" "-f" "faafb117d8ef005ba128fd07d99ae009373cf483f96455e0696adda606fd0d12", kill_on_drop: false }`
[INFO] [stdout] faafb117d8ef005ba128fd07d99ae009373cf483f96455e0696adda606fd0d12
[INFO] running `Command { std: "docker" "create" "-v" "/var/lib/crater-agent-workspace/builds/worker-2-tc1/target:/opt/rustwide/target:rw,Z" "-v" "/var/lib/crater-agent-workspace/builds/worker-2-tc1/source:/opt/rustwide/workdir:ro,Z" "-v" "/var/lib/crater-agent-workspace/cargo-home:/opt/rustwide/cargo-home:ro,Z" "-v" "/var/lib/crater-agent-workspace/rustup-home:/opt/rustwide/rustup-home:ro,Z" "-e" "SOURCE_DIR=/opt/rustwide/workdir" "-e" "CARGO_TARGET_DIR=/opt/rustwide/target" "-e" "CARGO_INCREMENTAL=0" "-e" "RUST_BACKTRACE=full" "-e" "RUSTFLAGS=--cap-lints=warn" "-e" "RUSTDOCFLAGS=--cap-lints=warn" "-e" "CARGO_HOME=/opt/rustwide/cargo-home" "-e" "RUSTUP_HOME=/opt/rustwide/rustup-home" "-w" "/opt/rustwide/workdir" "-m" "1610612736" "--user" "0:0" "--network" "none" "ghcr.io/rust-lang/crates-build-env/linux@sha256:5ff2268d62e97bff2cde7d5815dd6ed5b47097566f13b8d0ca110b04b60e07ed" "/opt/rustwide/cargo-home/bin/cargo" "+1.69.0" "test" "--frozen" "--no-run" "--message-format=json", kill_on_drop: false }`
[INFO] [stdout] 087b916c04d1833ac0d0efaef66758de7a8699e3ad1f40cb069ae5c233894a78
[INFO] running `Command { std: "docker" "start" "-a" "087b916c04d1833ac0d0efaef66758de7a8699e3ad1f40cb069ae5c233894a78", kill_on_drop: false }`
[INFO] [stderr]    Compiling num-bigint v0.4.3
[INFO] [stderr]    Compiling num-rational v0.4.1
[INFO] [stderr]    Compiling num-iter v0.1.43
[INFO] [stderr]    Compiling static_assertions v1.1.0
[INFO] [stderr]    Compiling crossbeam-utils v0.8.15
[INFO] [stderr]    Compiling memoffset v0.8.0
[INFO] [stderr]    Compiling crossbeam-epoch v0.9.14
[INFO] [stderr]    Compiling indexmap v1.9.3
[INFO] [stderr]    Compiling num-complex v0.4.3
[INFO] [stderr]    Compiling half v2.2.1
[INFO] [stderr]    Compiling serde_json v1.0.95
[INFO] [stderr]    Compiling arrow-schema v37.0.0
[INFO] [stderr]    Compiling ryu v1.0.13
[INFO] [stderr]    Compiling hashbrown v0.12.3
[INFO] [stderr]    Compiling itoa v1.0.6
[INFO] [stderr]    Compiling rayon-core v1.11.0
[INFO] [stderr]    Compiling lexical-util v0.8.5
[INFO] [stderr]    Compiling hashbrown v0.13.2
[INFO] [stderr]    Compiling num_cpus v1.15.0
[INFO] [stderr]    Compiling ciborium-io v0.2.0
[INFO] [stderr]    Compiling plotters-backend v0.3.4
[INFO] [stderr]    Compiling os_str_bytes v6.5.0
[INFO] [stderr]    Compiling half v1.8.2
[INFO] [stderr]    Compiling rand_core v0.6.4
[INFO] [stderr]    Compiling itertools v0.10.5
[INFO] [stderr]    Compiling bitflags v1.3.2
[INFO] [stderr]    Compiling ppv-lite86 v0.2.17
[INFO] [stderr]    Compiling lexical-write-integer v0.8.5
[INFO] [stderr]    Compiling lexical-parse-integer v0.8.6
[INFO] [stderr]    Compiling crossbeam-channel v0.5.7
[INFO] [stderr]    Compiling ciborium-ll v0.2.0
[INFO] [stderr]    Compiling plotters-svg v0.3.3
[INFO] [stderr]    Compiling lexical-write-float v0.8.5
[INFO] [stderr]    Compiling clap_lex v0.2.4
[INFO] [stderr]    Compiling lexical-parse-float v0.8.5
[INFO] [stderr]    Compiling same-file v1.0.6
[INFO] [stderr]    Compiling crossbeam-deque v0.8.3
[INFO] [stderr]    Compiling anyhow v1.0.70
[INFO] [stderr]    Compiling textwrap v0.16.0
[INFO] [stderr]    Compiling regex-syntax v0.6.29
[INFO] [stderr]    Compiling cast v0.3.0
[INFO] [stderr]    Compiling walkdir v2.3.3
[INFO] [stderr]    Compiling plotters v0.3.4
[INFO] [stderr]    Compiling ciborium v0.2.0
[INFO] [stderr]    Compiling rand_chacha v0.3.1
[INFO] [stderr]    Compiling atty v0.2.14
[INFO] [stderr]    Compiling clap v3.2.23
[INFO] [stderr]    Compiling oorandom v11.1.3
[INFO] [stderr]    Compiling lexical-core v0.8.5
[INFO] [stderr]    Compiling tinytemplate v1.2.1
[INFO] [stderr]    Compiling anes v0.1.6
[INFO] [stderr]    Compiling rand v0.8.5
[INFO] [stderr]    Compiling example v0.1.0 (/opt/rustwide/workdir/example)
[INFO] [stderr]    Compiling rayon v1.7.0
[INFO] [stderr]    Compiling criterion-plot v0.5.0
[INFO] [stderr]    Compiling regex v1.7.3
[INFO] [stderr]    Compiling num v0.4.0
[INFO] [stderr]    Compiling arrow-buffer v37.0.0
[INFO] [stderr]    Compiling arrow-data v37.0.0
[INFO] [stderr]    Compiling arrow-array v37.0.0
[INFO] [stderr]    Compiling criterion v0.4.0
[INFO] [stderr]    Compiling arrow-select v37.0.0
[INFO] [stderr]    Compiling arrow-cast v37.0.0
[INFO] [stderr]    Compiling arrow-json v37.0.0
[INFO] [stderr]    Compiling serde_arrow v0.6.1 (/opt/rustwide/workdir/serde_arrow)
[INFO] [stderr]     Finished test [unoptimized + debuginfo] target(s) in 24.98s
[INFO] running `Command { std: "docker" "inspect" "087b916c04d1833ac0d0efaef66758de7a8699e3ad1f40cb069ae5c233894a78", kill_on_drop: false }`
[INFO] running `Command { std: "docker" "rm" "-f" "087b916c04d1833ac0d0efaef66758de7a8699e3ad1f40cb069ae5c233894a78", kill_on_drop: false }`
[INFO] [stdout] 087b916c04d1833ac0d0efaef66758de7a8699e3ad1f40cb069ae5c233894a78
[INFO] running `Command { std: "docker" "create" "-v" "/var/lib/crater-agent-workspace/builds/worker-2-tc1/target:/opt/rustwide/target:rw,Z" "-v" "/var/lib/crater-agent-workspace/builds/worker-2-tc1/source:/opt/rustwide/workdir:ro,Z" "-v" "/var/lib/crater-agent-workspace/cargo-home:/opt/rustwide/cargo-home:ro,Z" "-v" "/var/lib/crater-agent-workspace/rustup-home:/opt/rustwide/rustup-home:ro,Z" "-e" "SOURCE_DIR=/opt/rustwide/workdir" "-e" "CARGO_TARGET_DIR=/opt/rustwide/target" "-e" "CARGO_INCREMENTAL=0" "-e" "RUST_BACKTRACE=full" "-e" "RUSTFLAGS=--cap-lints=warn" "-e" "RUSTDOCFLAGS=--cap-lints=warn" "-e" "CARGO_HOME=/opt/rustwide/cargo-home" "-e" "RUSTUP_HOME=/opt/rustwide/rustup-home" "-w" "/opt/rustwide/workdir" "-m" "1610612736" "--user" "0:0" "--network" "none" "ghcr.io/rust-lang/crates-build-env/linux@sha256:5ff2268d62e97bff2cde7d5815dd6ed5b47097566f13b8d0ca110b04b60e07ed" "/opt/rustwide/cargo-home/bin/cargo" "+1.69.0" "test" "--frozen", kill_on_drop: false }`
[INFO] [stdout] 40f6c4bf2023b1307d9b6bc3c05bdb55d3a111a4bd2a150c27aea320ed61269c
[INFO] running `Command { std: "docker" "start" "-a" "40f6c4bf2023b1307d9b6bc3c05bdb55d3a111a4bd2a150c27aea320ed61269c", kill_on_drop: false }`
[INFO] [stderr]     Finished test [unoptimized + debuginfo] target(s) in 0.13s
[INFO] [stderr]      Running unittests src/main.rs (/opt/rustwide/target/debug/deps/example-c8cf56158f154af1)
[INFO] [stderr]      Running unittests src/lib.rs (/opt/rustwide/target/debug/deps/serde_arrow-4c5d8586261a1ce1)
[INFO] [stdout] 
[INFO] [stdout] running 0 tests
[INFO] [stdout] 
[INFO] [stdout] test result: ok. 0 passed; 0 failed; 0 ignored; 0 measured; 0 filtered out; finished in 0.00s
[INFO] [stdout] 
[INFO] [stdout] 
[INFO] [stdout] running 313 tests
[INFO] [stdout] test arrow2::display::test::example_16 ... ok
[INFO] [stdout] test arrow2::display::test::example_13 ... ok
[INFO] [stdout] test arrow2::display::test::example_2 ... ok
[INFO] [stdout] test arrow2::display::test::example_12 ... ok
[INFO] [stdout] test arrow2::display::test::example_22 ... ok
[INFO] [stdout] test arrow2::display::test::example_1 ... ok
[INFO] [stdout] test arrow2::display::test::example_17 ... ok
[INFO] [stdout] test arrow2::display::test::example_19 ... ok
[INFO] [stdout] test arrow2::display::test::example_11 ... ok
[INFO] [stdout] test arrow2::display::test::example_0 ... ok
[INFO] [stdout] test arrow2::display::test::example_21 ... ok
[INFO] [stdout] test arrow2::display::test::example_15 ... ok
[INFO] [stdout] test arrow2::display::test::example_20 ... ok
[INFO] [stdout] test arrow2::display::test::example_18 ... ok
[INFO] [stdout] test arrow2::display::test::example_25 ... ok
[INFO] [stdout] test arrow2::display::test::example_24 ... ok
[INFO] [stdout] test arrow2::display::test::example_4 ... ok
[INFO] [stdout] test arrow2::display::test::example_5 ... ok
[INFO] [stdout] test arrow2::display::test::example_3 ... ok
[INFO] [stdout] test arrow2::display::test::example_14 ... ok
[INFO] [stdout] test arrow2::display::test::example_23 ... ok
[INFO] [stdout] test arrow2::display::test::example_7 ... ok
[INFO] [stdout] test arrow2::display::test::example_10 ... ok
[INFO] [stdout] test arrow2::display::test::example_6 ... ok
[INFO] [stdout] test arrow2::display::test::example_26 ... ok
[INFO] [stdout] test arrow2::display::test::example_9 ... ok
[INFO] [stdout] test arrow2::display::test::example_8 ... ok
[INFO] [stdout] test arrow2::test::generic_sources::list_source_no_content_empty ... ok
[INFO] [stdout] test arrow2::test::generic_sources::list_source_nested ... ok
[INFO] [stdout] test arrow2::test::generic_sources::list_source_no_content_multiple_items ... ok
[INFO] [stdout] test arrow2::test::round_trip::nested_list_structs ... ok
[INFO] [stdout] test arrow2::test::round_trip::test_string_as_large_utf8 ... ok
[INFO] [stdout] test arrow2::test::implementation_docs::implementation_docs ... ok
[INFO] [stdout] test arrow2::test::generic_sources::list_source_no_content_single_items ... ok
[INFO] [stdout] test arrow2::test::implementation_docs::example_readme ... ok
[INFO] [stdout] test arrow2::test::round_trip::test_string_as_utf8 ... ok
[INFO] [stdout] test arrow2::test::round_trip::test_tuple ... ok
[INFO] [stdout] test arrow2::test::generic_sources::list_source_no_content_nulls ... ok
[INFO] [stdout] test arrow2::test::generic_sources::list_source_structs ... ok
[INFO] [stdout] test arrow2::test::round_trip::nested_structs_lists_lists ... ok
[INFO] [stdout] test arrow2::test::round_trip::byte_arrays ... ok
[INFO] [stdout] test arrow2::test::round_trip::dtype_date64_naive_str ... ok
[INFO] [stdout] test arrow2::test::round_trip::test_unit ... ok
[INFO] [stdout] test arrow2::test::round_trip::new_type_structs ... ok
[INFO] [stdout] test arrow2::test::round_trip::test_tuple_struct ... ok
[INFO] [stdout] test arrow2::test::round_trip::wrapper_outer_vec ... ok
[INFO] [stdout] test arrow2::test::round_trip::wrapper_tuple ... ok
[INFO] [stdout] test arrow2::test::round_trip_array::btree_maps::field_to_generic_and_back ... ok
[INFO] [stdout] test arrow2::test::round_trip_array::enums::field_to_generic_and_back ... ok
[INFO] [stdout] test arrow2::test::round_trip_array::enums::round_trip_array ... ok
[INFO] [stdout] test arrow2::test::round_trip::wrapper_outer_slice ... ok
[INFO] [stdout] test arrow2::test::round_trip::wrapper_const_array ... ok
[INFO] [stdout] test arrow2::test::round_trip::dtype_date64_str ... ok
[INFO] [stdout] test arrow2::test::round_trip::test_maps_with_missing_items ... ok
[INFO] [stdout] test arrow2::test::round_trip_array::enums_tuple::field_to_generic_and_back ... ok
[INFO] [stdout] test arrow2::test::round_trip_array::btree_maps::round_trip_array ... ok
[INFO] [stdout] test arrow2::test::round_trip_array::enums::tracing ... ok
[INFO] [stdout] test arrow2::test::round_trip_array::enums_struct::round_trip_array ... ok
[INFO] [stdout] test arrow2::test::round_trip_array::enums_struct::tracing ... ok
[INFO] [stdout] test arrow2::test::round_trip_array::enums_struct::field_to_generic_and_back ... ok
[INFO] [stdout] test arrow2::test::round_trip_array::hash_maps::field_to_generic_and_back ... ok
[INFO] [stdout] test arrow2::test::round_trip_array::btree_maps::tracing ... ok
[INFO] [stdout] test arrow2::test::round_trip_array::enums_union::field_to_generic_and_back ... ok
[INFO] [stdout] test arrow2::test::round_trip_array::enums_tuple::round_trip_array ... ok
[INFO] [stdout] test arrow2::test::round_trip_array::enums_union::round_trip_array ... ok
[INFO] [stdout] test arrow2::test::round_trip_array::enums_union::tracing ... ok
[INFO] [stdout] test arrow2::test::round_trip_array::flattened_structures::field_to_generic_and_back ... ok
[INFO] [stdout] test arrow2::test::round_trip_array::flattened_structures::round_trip_array ... ok
[INFO] [stdout] test arrow2::test::round_trip::test_complex_benchmark_example ... ok
[INFO] [stdout] test arrow2::test::round_trip::test_struct_with_options ... ok
[INFO] [stdout] test arrow2::test::round_trip_array::hash_maps::round_trip_array ... ok
[INFO] [stdout] test arrow2::test::round_trip_array::hash_maps::tracing ... ok
[INFO] [stdout] test arrow2::test::round_trip_array::hash_maps_nullable_values::tracing ... ok
[INFO] [stdout] test arrow2::test::round_trip_array::nullable_bool::field_to_generic_and_back ... ok
[INFO] [stdout] test arrow2::test::round_trip_array::hash_maps_nullable::field_to_generic_and_back ... ok
[INFO] [stdout] test arrow2::test::round_trip_array::hash_maps_nullable::tracing ... ok
[INFO] [stdout] test arrow2::test::round_trip_array::hash_maps_nullable_values::field_to_generic_and_back ... ok
[INFO] [stdout] test arrow2::test::round_trip_array::hash_maps_nullable_values::round_trip_array ... ok
[INFO] [stdout] test arrow2::test::round_trip_array::flattened_structures::tracing ... ok
[INFO] [stdout] test arrow2::test::round_trip_array::hash_maps_nullable_keys::tracing ... ok
[INFO] [stdout] test arrow2::test::round_trip_array::hash_maps_nullable_keys::round_trip_array ... ok
[INFO] [stdout] test arrow2::test::round_trip_array::nullable_bool_only_some::field_to_generic_and_back ... ok
[INFO] [stdout] test arrow2::test::round_trip_array::hash_maps_nullable_keys::field_to_generic_and_back ... ok
[INFO] [stdout] test arrow2::test::round_trip_array::nullable_bool::tracing ... ok
[INFO] [stdout] test arrow2::test::round_trip_array::nullable_f32::tracing ... ok
[INFO] [stdout] test arrow2::test::round_trip_array::nullable_i8::tracing ... ok
[INFO] [stdout] test arrow2::test::round_trip_array::nullable_bool_only_some::tracing ... ok
[INFO] [stdout] test arrow2::test::round_trip_array::nullable_bool_only_some::round_trip_array ... ok
[INFO] [stdout] test arrow2::test::round_trip_array::nullable_i8_only_some::field_to_generic_and_back ... ok
[INFO] [stdout] test arrow2::test::round_trip_array::nullable_i8_only_some::round_trip_array ... ok
[INFO] [stdout] test arrow2::test::round_trip_array::nullable_bool::round_trip_array ... ok
[INFO] [stdout] test arrow2::test::round_trip_array::nullable_f32_only_some::field_to_generic_and_back ... ok
[INFO] [stdout] test arrow2::test::round_trip_array::nullable_vec_bool_nested::field_to_generic_and_back ... ok
[INFO] [stdout] test arrow2::test::round_trip_array::nullable_vec_bool_nested::round_trip_array ... ok
[INFO] [stdout] test arrow2::test::round_trip_array::nullable_f32_only_some::tracing ... ok
[INFO] [stdout] test arrow2::test::round_trip_array::enums_tuple::tracing ... ok
[INFO] [stdout] test arrow2::test::round_trip_array::nullable_i8::round_trip_array ... ok
[INFO] [stdout] test arrow2::test::round_trip_array::primitive_f16::field_to_generic_and_back ... ok
[INFO] [stdout] test arrow2::test::round_trip_array::primitive_f16::tracing ... ok
[INFO] [stdout] test arrow2::test::round_trip_array::nullable_f32::round_trip_array ... ok
[INFO] [stdout] test arrow2::test::round_trip_array::primitive_f32::round_trip_array ... ok
[INFO] [stdout] test arrow2::test::round_trip_array::primitive_f32::tracing ... ok
[INFO] [stdout] test arrow2::test::round_trip_array::nullable_i8_only_some::tracing ... ok
[INFO] [stdout] test arrow2::test::round_trip_array::nullable_vec_bool::field_to_generic_and_back ... ok
[INFO] [stdout] test arrow2::test::round_trip_array::nullable_vec_bool::round_trip_array ... ok
[INFO] [stdout] test arrow2::test::round_trip_array::nullable_f32::field_to_generic_and_back ... ok
[INFO] [stdout] test arrow2::test::round_trip_array::nullable_i8::field_to_generic_and_back ... ok
[INFO] [stdout] test arrow2::test::round_trip_array::primitive_i8::tracing ... ok
[INFO] [stdout] test arrow2::test::round_trip_array::hash_maps_nullable::round_trip_array ... ok
[INFO] [stdout] test arrow2::test::round_trip_array::primitive_bool::round_trip_array ... ok
[INFO] [stdout] test arrow2::test::round_trip_array::primitive_bool::field_to_generic_and_back ... ok
[INFO] [stdout] test arrow2::test::round_trip_array::primitive_bool::tracing ... ok
[INFO] [stdout] test arrow2::test::round_trip_array::nullable_vec_bool::tracing ... ok
[INFO] [stdout] test arrow2::test::round_trip_array::primitive_f16::round_trip_array ... ok
[INFO] [stdout] test arrow2::test::round_trip_array::primitive_f32::field_to_generic_and_back ... ok
[INFO] [stdout] test arrow2::test::round_trip_array::primitive_i8::field_to_generic_and_back ... ok
[INFO] [stdout] test arrow2::test::round_trip_array::struct_nullable::round_trip_array ... ok
[INFO] [stdout] test arrow2::test::round_trip_array::struct_nullable::field_to_generic_and_back ... ok
[INFO] [stdout] test arrow2::test::round_trip_array::nullable_f32_only_some::round_trip_array ... ok
[INFO] [stdout] test arrow2::test::round_trip_array::primitive_i8::round_trip_array ... ok
[INFO] [stdout] test arrow2::test::round_trip_array::nullable_vec_bool_nested::tracing ... ok
[INFO] [stdout] test arrow2::test::round_trip_array::struct_nullable_nested::field_to_generic_and_back ... ok
[INFO] [stdout] test arrow2::test::round_trip_array::tuple_nullable::round_trip_array ... ok
[INFO] [stdout] test arrow2::test::round_trip_array::struct_nullable_item::field_to_generic_and_back ... ok
[INFO] [stdout] test arrow2::test::round_trip_array::struct_nullable_nested::round_trip_array ... ok
[INFO] [stdout] test arrow2::test::round_trip_array::struct_nullable::tracing ... ok
[INFO] [stdout] test arrow2::test::round_trip_array::struct_nullable_item::round_trip_array ... ok
[INFO] [stdout] test arrow2::test::round_trip_array::vec_bool::round_trip_array ... ok
[INFO] [stdout] test arrow2::test::schema::inconsistent_types ... ignored, Detecting inconsistent types is not yet supported
[INFO] [stdout] test arrow2::test::round_trip_array::tuple_nullable::field_to_generic_and_back ... ok
[INFO] [stdout] test arrow2::test::schema::nested_struct ... ok
[INFO] [stdout] test arrow2::test::schema::outer_map ... ok
[INFO] [stdout] test arrow2::test::schema::outer_map_missing_fields ... ok
[INFO] [stdout] test arrow2::test::schema::single_bool ... ok
[INFO] [stdout] test arrow2::test::schema::single_float32 ... ok
[INFO] [stdout] test arrow2::test::round_trip_array::vec_nullable_bool::field_to_generic_and_back ... ok
[INFO] [stdout] test arrow2::test::round_trip_array::tuple_nullable::tracing ... ok
[INFO] [stdout] test arrow2::test::schema::single_float64 ... ok
[INFO] [stdout] test arrow2::test::round_trip_array::vec_bool::tracing ... ok
[INFO] [stdout] test arrow2::test::round_trip_array::vec_bool::field_to_generic_and_back ... ok
[INFO] [stdout] test arrow2::test::schema::single_string ... ok
[INFO] [stdout] test arrow2::test::schema::single_int64 ... ok
[INFO] [stdout] test arrow2::test::schema::single_int32 ... ok
[INFO] [stdout] test arrow2::test::schema::single_uint64 ... ok
[INFO] [stdout] test arrow2::test::schema::single_uint32 ... ok
[INFO] [stdout] test arrow2::test::schema::union_example ... ok
[INFO] [stdout] test arrow2::test::schema_mod::example_nested_structs ... ok
[INFO] [stdout] test arrow2::test::schema::single_uint8 ... ok
[INFO] [stdout] test arrow2::test::schema::single_int8 ... ok
[INFO] [stdout] test arrow2::test::schema::single_int16 ... ok
[INFO] [stdout] test arrow2::test::schema::single_uint16 ... ok
[INFO] [stdout] test arrow2::test::round_trip_array::struct_nullable_item::tracing ... ok
[INFO] [stdout] test arrow2::test::round_trip_array::tuple_nullable_nested::field_to_generic_and_back ... ok
[INFO] [stdout] test arrow2::test::schema::option_only_somes ... ok
[INFO] [stdout] test arrow2::test::round_trip_array::tuple_nullable_nested::round_trip_array ... ok
[INFO] [stdout] test arrow2::test::round_trip_array::vec_nullable_bool::round_trip_array ... ok
[INFO] [stdout] test arrow2::test::schema::complex_example ... ok
[INFO] [stdout] test arrow2::test::sinks::example_dictionary_str_opt ... ok
[INFO] [stdout] test arrow2::test::sinks::example_dictionary_str ... ok
[INFO] [stdout] test arrow2::test::sinks::example_map_str_float ... ok
[INFO] [stdout] test arrow2::test::schema_mod::example_nested_structs_list ... ok
[INFO] [stdout] test arrow2::test::sinks::example_map_ints ... ok
[INFO] [stdout] test arrow2::test::sinks::boolean_sink ... ok
[INFO] [stdout] test arrow2::test::round_trip_array::tuple_nullable_nested::tracing ... ok
[INFO] [stdout] test arrow2::test::round_trip_array::vec_nullable_bool::tracing ... ok
[INFO] [stdout] test arrow2::test::sinks::into_arrays_option_i8 ... ok
[INFO] [stdout] test arrow2::test::sinks::nested_struct_serialize ... ok
[INFO] [stdout] test arrow2::test::sinks::into_arrays_simple ... ok
[INFO] [stdout] test arrow2::test::sinks::option_support_bool::none_first ... ok
[INFO] [stdout] test arrow2::test::sinks::option_support_bool::unmarked_some ... ok
[INFO] [stdout] test arrow2::test::sinks::option_support_bool::some_first ... ok
[INFO] [stdout] test arrow2::test::schema::option_only_nulls ... ok
[INFO] [stdout] test arrow2::test::schema::empty ... ok
[INFO] [stdout] test arrow2::test::schema_mod::example_nested_structs_map ... ok
[INFO] [stdout] test arrow2::test::sinks::option_support_f64::some_first ... ok
[INFO] [stdout] test arrow2::test::sinks::option_support_f64::unmarked_some ... ok
[INFO] [stdout] test arrow2::test::sinks::into_outer_maps_simple ... ok
[INFO] [stdout] test arrow2::test::sinks::option_support_i16::none_first ... ok
[INFO] [stdout] test arrow2::test::sinks::nested_list_nulls_serialize ... ok
[INFO] [stdout] test arrow2::test::sinks::option_support_i8::none_first ... ok
[INFO] [stdout] test arrow2::test::sinks::option_support_i16::some_first ... ok
[INFO] [stdout] test arrow2::test::sinks::nested_list_serialize ... ok
[INFO] [stdout] test arrow2::test::sinks::option_support_f64::none_first ... ok
[INFO] [stdout] test arrow2::test::sinks::option_support_i16::unmarked_some ... ok
[INFO] [stdout] test arrow2::test::round_trip_array::struct_nullable_nested::tracing ... ok
[INFO] [stdout] test arrow2::test::sinks::option_support_i8::unmarked_some ... ok
[INFO] [stdout] test arrow2::test::sinks::option_support_large_utf8::some_first ... ok
[INFO] [stdout] test arrow2::test::sinks::option_support_large_utf8::none_first ... ok
[INFO] [stdout] test arrow2::test::sinks::nested_list_structs_serialize ... ok
[INFO] [stdout] test arrow2::test::sinks::option_support_null::none_first ... ok
[INFO] [stdout] test arrow2::test::sinks::option_support_null::some_first ... ok
[INFO] [stdout] test arrow2::test::sinks::option_support_utf8::none_first ... ok
[INFO] [stdout] test arrow2::test::sinks::option_support_null::unmarked_some ... ok
[INFO] [stdout] test arrow2::test::sinks::option_support_i8::some_first ... ok
[INFO] [stdout] test arrow2::test::sinks::primitive_sink_i8_some ... ok
[INFO] [stdout] test arrow2::test::sinks::primitive_sink_i8 ... ok
[INFO] [stdout] test arrow2::test::sources::deserialize_from_record_source ... ok
[INFO] [stdout] test arrow2::test::sources::primitive_source ... ok
[INFO] [stdout] test arrow2::test::sources::records_source ... ok
[INFO] [stdout] test arrow2::test::sources::deserialize_structs ... ok
[INFO] [stdout] test arrow2::test::sinks::option_support_utf8::some_first ... ok
[INFO] [stdout] test arrow2::test::sinks::option_support_utf8::unmarked_some ... ok
[INFO] [stdout] test arrow2::test::sources::struct_source_events ... ok
[INFO] [stdout] test arrow2::test::sinks::option_support_large_utf8::unmarked_some ... ok
[INFO] [stdout] test arrow2::test::sinks::struct_sink ... ok
[INFO] [stdout] test arrow2::test::test_nested_struct_arrow_builder ... ok
[INFO] [stdout] test arrow2::test::sources::deserialize_struct_events ... ok
[INFO] [stdout] test test::api_chrono::test_parse_utc ... ok
[INFO] [stdout] test arrow2::test::sinks::nested_struct_sink ... ok
[INFO] [stdout] test arrow2::test::sources::deserialize_nested_structs ... ok
[INFO] [stdout] test test::api_chrono::test_chrono_fixed_offset ... ok
[INFO] [stdout] test test::api_chrono::test_chrono_api_datetime_debug ... ok
[INFO] [stdout] test test::events::example_options ... ok
[INFO] [stdout] test test::api_chrono::test_chrono_api_datetime ... ok
[INFO] [stdout] test test::api_chrono::test_chrono_api_naive_datetime ... ok
[INFO] [stdout] test test::error::error_can_be_converted_to_anyhow ... ok
[INFO] [stdout] test arrow2::test::test_struct_arrow_builder ... ok
[INFO] [stdout] test test::events::nested_struct ... ok
[INFO] [stdout] test test::schema_events::F32::multiple_events ... ok
[INFO] [stdout] test test::schema_events::F32::trailing_none ... ok
[INFO] [stdout] test test::schema_events::F32::leading_none ... ok
[INFO] [stdout] test test::events::outer_struct ... ok
[INFO] [stdout] test test::schema_events::Bool::leading_none ... ok
[INFO] [stdout] test test::schema_events::Bool::multiple_events ... ok
[INFO] [stdout] test test::schema_events::Bool::trailing_none ... ok
[INFO] [stdout] test test::schema_events::Bool::leading_some ... ok
[INFO] [stdout] test test::schema_events::Bool::trailing_some ... ok
[INFO] [stdout] test test::schema_events::F32::single_event ... ok
[INFO] [stdout] test test::schema_events::F64::leading_none ... ok
[INFO] [stdout] test test::schema_events::F32::leading_some ... ok
[INFO] [stdout] test test::events::example ... ok
[INFO] [stdout] test test::schema_events::Bool::single_event ... ok
[INFO] [stdout] test test::schema_events::F64::multiple_events ... ok
[INFO] [stdout] test test::schema_events::I16::leading_none ... ok
[INFO] [stdout] test test::schema_events::F32::trailing_some ... ok
[INFO] [stdout] test test::schema_events::F64::trailing_some ... ok
[INFO] [stdout] test test::schema_events::I16::trailing_none ... ok
[INFO] [stdout] test test::schema_events::I32::leading_some ... ok
[INFO] [stdout] test test::schema_events::I16::trailing_some ... ok
[INFO] [stdout] test test::schema_events::F64::leading_some ... ok
[INFO] [stdout] test test::schema_events::I16::single_event ... ok
[INFO] [stdout] test test::schema_events::F64::trailing_none ... ok
[INFO] [stdout] test test::schema_events::I32::single_event ... ok
[INFO] [stdout] test test::schema_events::I64::leading_some ... ok
[INFO] [stdout] test test::schema_events::I64::multiple_events ... ok
[INFO] [stdout] test test::schema_events::I32::trailing_none ... ok
[INFO] [stdout] test test::schema_events::I64::trailing_none ... ok
[INFO] [stdout] test test::schema_events::F64::single_event ... ok
[INFO] [stdout] test test::schema_events::I32::leading_none ... ok
[INFO] [stdout] test test::schema_events::I64::single_event ... ok
[INFO] [stdout] test test::schema_events::OwnedStr::multiple_events ... ok
[INFO] [stdout] test test::schema_events::I32::trailing_some ... ok
[INFO] [stdout] test test::schema_events::I8::multiple_events ... ok
[INFO] [stdout] test test::schema_events::I8::trailing_none ... ok
[INFO] [stdout] test test::schema_events::I64::leading_none ... ok
[INFO] [stdout] test test::schema_events::I32::multiple_events ... ok
[INFO] [stdout] test test::schema_events::I16::leading_some ... ok
[INFO] [stdout] test test::schema_events::I64::trailing_some ... ok
[INFO] [stdout] test test::schema_events::Str::multiple_events ... ok
[INFO] [stdout] test test::schema_events::Str::single_event ... ok
[INFO] [stdout] test test::schema_events::Str::leading_some ... ok
[INFO] [stdout] test test::schema_events::I16::multiple_events ... ok
[INFO] [stdout] test test::schema_events::Str::trailing_none ... ok
[INFO] [stdout] test test::schema_events::I8::leading_none ... ok
[INFO] [stdout] test test::schema_events::OwnedStr::trailing_none ... ok
[INFO] [stdout] test test::schema_events::OwnedStr::trailing_some ... ok
[INFO] [stdout] test test::schema_events::OwnedStr::single_event ... ok
[INFO] [stdout] test test::schema_events::Str::leading_none ... ok
[INFO] [stdout] test test::schema_events::OwnedStr::leading_some ... ok
[INFO] [stdout] test test::schema_events::I8::trailing_some ... ok
[INFO] [stdout] test test::schema_events::OwnedStr::leading_none ... ok
[INFO] [stdout] test test::schema_events::I8::single_event ... ok
[INFO] [stdout] test test::schema_events::I8::leading_some ... ok
[INFO] [stdout] test test::schema_events::U16::leading_none ... ok
[INFO] [stdout] test test::schema_events::Str::trailing_some ... ok
[INFO] [stdout] test test::schema_events::U16::single_event ... ok
[INFO] [stdout] test test::schema_events::U32::single_event ... ok
[INFO] [stdout] test test::schema_events::U64::leading_some ... ok
[INFO] [stdout] test test::schema_events::U64::multiple_events ... ok
[INFO] [stdout] test test::schema_events::U64::single_event ... ok
[INFO] [stdout] test test::schema_events::U64::trailing_some ... ok
[INFO] [stdout] test test::schema_events::U8::leading_some ... ok
[INFO] [stdout] test test::schema_events::U8::multiple_events ... ok
[INFO] [stdout] test test::schema_events::U8::single_event ... ok
[INFO] [stdout] test test::schema_events::U8::trailing_none ... ok
[INFO] [stdout] test test::schema_events::empty_list ... ok
[INFO] [stdout] test test::schema_events::incomplete_list ... ok
[INFO] [stdout] test test::schema_events::U32::leading_none ... ok
[INFO] [stdout] test test::schema_events::nested_lists ... ok
[INFO] [stdout] test test::schema_events::nullable_list_null_second ... ok
[INFO] [stdout] test test::schema_events::U32::trailing_some ... ok
[INFO] [stdout] test test::schema_events::U64::leading_none ... ok
[INFO] [stdout] test test::schema_events::struct_nested_list ... ok
[INFO] [stdout] test test::schema_events::struct_nested_structs ... ok
[INFO] [stdout] test test::schema_events::struct_nullable_leading_null ... ok
[INFO] [stdout] test test::schema_events::struct_nullable_trailing_null ... ok
[INFO] [stdout] test test::schema_events::struct_tuple ... ok
[INFO] [stdout] test test::schema_events::struct_tuple_struct_nested ... ok
[INFO] [stdout] test test::schema_events::nullable_list_some_second ... ok
[INFO] [stdout] test test::schema_events::U16::trailing_none ... ok
[INFO] [stdout] test test::schema_events::U8::trailing_some ... ok
[INFO] [stdout] test test::schema_events::structs ... ok
[INFO] [stdout] test test::schema_events::U16::leading_some ... ok
[INFO] [stdout] test test::schema_events::U16::trailing_some ... ok
[INFO] [stdout] test test::schema_events::U16::multiple_events ... ok
[INFO] [stdout] test test::schema_events::U32::multiple_events ... ok
[INFO] [stdout] test test::schema_events::U32::leading_some ... ok
[INFO] [stdout] test test::schema_events::U32::trailing_none ... ok
[INFO] [stdout] test test::schema_events::nullable_list_some_first ... ok
[INFO] [stdout] test test::schema_events::nullable_list_null_first ... ok
[INFO] [stdout] test test::schema_events::U64::trailing_none ... ok
[INFO] [stdout] test test::schema_events::primitive_lists ... ok
[INFO] [stdout] test test::schema_events::U8::leading_none ... ok
[INFO] [stdout] 
[INFO] [stdout] test result: ok. 312 passed; 0 failed; 1 ignored; 0 measured; 0 filtered out; finished in 0.23s
[INFO] [stdout] 
[INFO] [stderr]    Doc-tests serde_arrow
[INFO] [stdout] 
[INFO] [stdout] running 16 tests
[INFO] [stdout] test src/internal/sink.rs - internal::sink::EventSink (line 37) ... ignored
[INFO] [stdout] test src/internal/sink.rs - internal::sink::EventSink (line 48) ... ignored
[INFO] [stdout] test src/internal/sink/macros.rs - internal::sink::macros (line 48) ... ignored
[INFO] [stdout] test src/lib.rs - (line 83) ... ignored
[INFO] [stdout] test src/lib.rs - schema (line 273) ... ok
[INFO] [stdout] test src/arrow2/schema.rs - arrow2::schema::find_field_mut (line 60) ... FAILED
[INFO] [stdout] test src/arrow2/mod.rs - arrow2::serialize_into_arrays (line 89) ... FAILED
[INFO] [stdout] test src/internal/schema.rs - internal::schema::TracingOptions (line 201) ... FAILED
[INFO] [stdout] test src/arrow2/mod.rs - arrow2::serialize_into_field (line 168) ... ok
[INFO] [stdout] test src/arrow2/mod.rs - arrow2::deserialize_from_array (line 217) ... ok
[INFO] [stdout] test src/arrow2/mod.rs - arrow2::serialize_into_fields (line 45) ... ok
[INFO] [stdout] test src/lib.rs - (line 48) ... ok
[INFO] [stdout] test src/arrow2/mod.rs - arrow2::ArrayBuilder (line 246) ... ok
[INFO] [stdout] test src/arrow2/mod.rs - arrow2::ArraysBuilder (line 303) ... ok
[INFO] [stdout] test src/arrow2/mod.rs - arrow2::deserialize_from_arrays (line 125) ... ok
[INFO] [stdout] test src/arrow2/mod.rs - arrow2::serialize_into_array (line 191) ... ok
[INFO] [stdout] 
[INFO] [stdout] failures:
[INFO] [stdout] 
[INFO] [stdout] ---- src/arrow2/schema.rs - arrow2::schema::find_field_mut (line 60) stdout ----
[INFO] [stdout] error: linking with `cc` failed: exit status: 1
[INFO] [stdout]   |
[INFO] [stdout]   = note: LC_ALL="C" PATH="/opt/rustwide/rustup-home/toolchains/1.69.0-x86_64-unknown-linux-gnu/lib/rustlib/x86_64-unknown-linux-gnu/bin:/opt/rustwide/cargo-home/bin:/usr/local/sbin:/usr/local/bin:/usr/sbin:/usr/bin:/sbin:/bin" VSLANG="1033" "cc" "-m64" "/tmp/rustc8IGBlA/symbols.o" "/tmp/rustdoctestto3RH4/rust_out.rust_out.5bfee551-cgu.0.rcgu.o" "/tmp/rustdoctestto3RH4/rust_out.j00p4ncf7xg64kg.rcgu.o" "-Wl,--as-needed" "-L" "/opt/rustwide/target/debug/deps" "-L" "/opt/rustwide/target/debug/deps" "-L" "/opt/rustwide/rustup-home/toolchains/1.69.0-x86_64-unknown-linux-gnu/lib/rustlib/x86_64-unknown-linux-gnu/lib" "-Wl,-Bstatic" "/opt/rustwide/target/debug/deps/libserde_arrow-6e9ef8564f697c84.rlib" "/opt/rustwide/target/debug/deps/libarrow2-ef4d47cd04cd6764.rlib" "/opt/rustwide/target/debug/deps/libforeign_vec-66fc266d756c4f28.rlib" "/opt/rustwide/target/debug/deps/libsimdutf8-7178e14b3781ee33.rlib" "/opt/rustwide/target/debug/deps/libethnum-38180e0be664def0.rlib" "/opt/rustwide/target/debug/deps/libdyn_clone-e9cc5ecb301fed49.rlib" "/opt/rustwide/target/debug/deps/libahash-8a29d35144619655.rlib" "/opt/rustwide/target/debug/deps/libgetrandom-8e76dcfb44986ac0.rlib" "/opt/rustwide/target/debug/deps/libonce_cell-f612d2e59a7f3606.rlib" "/opt/rustwide/target/debug/deps/libcfg_if-e5e118dd7d121aaa.rlib" "/opt/rustwide/target/debug/deps/libbytemuck-1512d70fdb437df1.rlib" "/opt/rustwide/target/debug/deps/libarrow_format-0cf26f378598e3aa.rlib" "/opt/rustwide/target/debug/deps/libplanus-dd2d6fba3767dce0.rlib" "/opt/rustwide/target/debug/deps/libarray_init_cursor-2401516b41e10fdb.rlib" "/opt/rustwide/target/debug/deps/libhash_hasher-6c5daaad5ee40a25.rlib" "/opt/rustwide/target/debug/deps/libeither-650b1f78e6d6b724.rlib" "/opt/rustwide/target/debug/deps/libchrono-e1cdcd7822441c3e.rlib" "/opt/rustwide/target/debug/deps/libiana_time_zone-771492406adac598.rlib" "/opt/rustwide/target/debug/deps/libnum_integer-b8f9d67090e03623.rlib" "/opt/rustwide/target/debug/deps/libnum_traits-35f169fb16968fa0.rlib" "/opt/rustwide/target/debug/deps/libserde-e7e2e7ed63511780.rlib" "/opt/rustwide/target/debug/deps/libtime-1645ec5839682d5f.rlib" "/opt/rustwide/target/debug/deps/liblibc-745223954b0a28b2.rlib" "/opt/rustwide/rustup-home/toolchains/1.69.0-x86_64-unknown-linux-gnu/lib/rustlib/x86_64-unknown-linux-gnu/lib/libstd-89bc084783fdc439.rlib" "/opt/rustwide/rustup-home/toolchains/1.69.0-x86_64-unknown-linux-gnu/lib/rustlib/x86_64-unknown-linux-gnu/lib/libpanic_unwind-8bee4b287d4367c1.rlib" "/opt/rustwide/rustup-home/toolchains/1.69.0-x86_64-unknown-linux-gnu/lib/rustlib/x86_64-unknown-linux-gnu/lib/libobject-d61707aed80694c0.rlib" "/opt/rustwide/rustup-home/toolchains/1.69.0-x86_64-unknown-linux-gnu/lib/rustlib/x86_64-unknown-linux-gnu/lib/libmemchr-d85366256f22345b.rlib" "/opt/rustwide/rustup-home/toolchains/1.69.0-x86_64-unknown-linux-gnu/lib/rustlib/x86_64-unknown-linux-gnu/lib/libaddr2line-96069b86b8a8cae9.rlib" "/opt/rustwide/rustup-home/toolchains/1.69.0-x86_64-unknown-linux-gnu/lib/rustlib/x86_64-unknown-linux-gnu/lib/libgimli-d19d53abf68dfa6c.rlib" "/opt/rustwide/rustup-home/toolchains/1.69.0-x86_64-unknown-linux-gnu/lib/rustlib/x86_64-unknown-linux-gnu/lib/librustc_demangle-787cbccd19d64ac6.rlib" "/opt/rustwide/rustup-home/toolchains/1.69.0-x86_64-unknown-linux-gnu/lib/rustlib/x86_64-unknown-linux-gnu/lib/libstd_detect-b3837a36b830e0d0.rlib" "/opt/rustwide/rustup-home/toolchains/1.69.0-x86_64-unknown-linux-gnu/lib/rustlib/x86_64-unknown-linux-gnu/lib/libhashbrown-e3deb0e7e3f04966.rlib" "/opt/rustwide/rustup-home/toolchains/1.69.0-x86_64-unknown-linux-gnu/lib/rustlib/x86_64-unknown-linux-gnu/lib/libminiz_oxide-dabbb79c9815def4.rlib" "/opt/rustwide/rustup-home/toolchains/1.69.0-x86_64-unknown-linux-gnu/lib/rustlib/x86_64-unknown-linux-gnu/lib/libadler-305b01f34c9409f2.rlib" "/opt/rustwide/rustup-home/toolchains/1.69.0-x86_64-unknown-linux-gnu/lib/rustlib/x86_64-unknown-linux-gnu/lib/librustc_std_workspace_alloc-f833521df6074e73.rlib" "/opt/rustwide/rustup-home/toolchains/1.69.0-x86_64-unknown-linux-gnu/lib/rustlib/x86_64-unknown-linux-gnu/lib/libunwind-9ac333113350d171.rlib" "/opt/rustwide/rustup-home/toolchains/1.69.0-x86_64-unknown-linux-gnu/lib/rustlib/x86_64-unknown-linux-gnu/lib/libcfg_if-1c126114322d0eee.rlib" "/opt/rustwide/rustup-home/toolchains/1.69.0-x86_64-unknown-linux-gnu/lib/rustlib/x86_64-unknown-linux-gnu/lib/liblibc-bad9164fdeeecf92.rlib" "/opt/rustwide/rustup-home/toolchains/1.69.0-x86_64-unknown-linux-gnu/lib/rustlib/x86_64-unknown-linux-gnu/lib/liballoc-f9374b1e480fa681.rlib" "/opt/rustwide/rustup-home/toolchains/1.69.0-x86_64-unknown-linux-gnu/lib/rustlib/x86_64-unknown-linux-gnu/lib/librustc_std_workspace_core-207f06e41d9603af.rlib" "/opt/rustwide/rustup-home/toolchains/1.69.0-x86_64-unknown-linux-gnu/lib/rustlib/x86_64-unknown-linux-gnu/lib/libcore-7e2768e66e984e85.rlib" "/opt/rustwide/rustup-home/toolchains/1.69.0-x86_64-unknown-linux-gnu/lib/rustlib/x86_64-unknown-linux-gnu/lib/libcompiler_builtins-957b4aff41f8cd46.rlib" "-Wl,-Bdynamic" "-lgcc_s" "-lutil" "-lrt" "-lpthread" "-lm" "-ldl" "-lc" "-Wl,--eh-frame-hdr" "-Wl,-z,noexecstack" "-L" "/opt/rustwide/rustup-home/toolchains/1.69.0-x86_64-unknown-linux-gnu/lib/rustlib/x86_64-unknown-linux-gnu/lib" "-o" "/tmp/rustdoctestto3RH4/rust_out" "-Wl,--gc-sections" "-pie" "-Wl,-z,relro,-z,now" "-nodefaultlibs"
[INFO] [stdout]   = note: collect2: fatal error: ld terminated with signal 9 [Killed]
[INFO] [stdout]           compilation terminated.
[INFO] [stdout]           
[INFO] [stdout] 
[INFO] [stdout] error: aborting due to previous error
[INFO] [stdout] 
[INFO] [stdout] Couldn't compile the test.
[INFO] [stdout] ---- src/arrow2/mod.rs - arrow2::serialize_into_arrays (line 89) stdout ----
[INFO] [stdout] error: linking with `cc` failed: exit status: 1
[INFO] [stdout]   |
[INFO] [stdout]   = note: LC_ALL="C" PATH="/opt/rustwide/rustup-home/toolchains/1.69.0-x86_64-unknown-linux-gnu/lib/rustlib/x86_64-unknown-linux-gnu/bin:/opt/rustwide/cargo-home/bin:/usr/local/sbin:/usr/local/bin:/usr/sbin:/usr/bin:/sbin:/bin" VSLANG="1033" "cc" "-m64" "/tmp/rustcVYcRYI/symbols.o" "/tmp/rustdoctestfuZNmF/rust_out.rust_out.5bfee551-cgu.0.rcgu.o" "/tmp/rustdoctestfuZNmF/rust_out.j00p4ncf7xg64kg.rcgu.o" "-Wl,--as-needed" "-L" "/opt/rustwide/target/debug/deps" "-L" "/opt/rustwide/target/debug/deps" "-L" "/opt/rustwide/rustup-home/toolchains/1.69.0-x86_64-unknown-linux-gnu/lib/rustlib/x86_64-unknown-linux-gnu/lib" "-Wl,-Bstatic" "/opt/rustwide/target/debug/deps/libserde_arrow-6e9ef8564f697c84.rlib" "/opt/rustwide/target/debug/deps/libarrow2-ef4d47cd04cd6764.rlib" "/opt/rustwide/target/debug/deps/libforeign_vec-66fc266d756c4f28.rlib" "/opt/rustwide/target/debug/deps/libsimdutf8-7178e14b3781ee33.rlib" "/opt/rustwide/target/debug/deps/libethnum-38180e0be664def0.rlib" "/opt/rustwide/target/debug/deps/libdyn_clone-e9cc5ecb301fed49.rlib" "/opt/rustwide/target/debug/deps/libahash-8a29d35144619655.rlib" "/opt/rustwide/target/debug/deps/libgetrandom-8e76dcfb44986ac0.rlib" "/opt/rustwide/target/debug/deps/libonce_cell-f612d2e59a7f3606.rlib" "/opt/rustwide/target/debug/deps/libcfg_if-e5e118dd7d121aaa.rlib" "/opt/rustwide/target/debug/deps/libbytemuck-1512d70fdb437df1.rlib" "/opt/rustwide/target/debug/deps/libarrow_format-0cf26f378598e3aa.rlib" "/opt/rustwide/target/debug/deps/libplanus-dd2d6fba3767dce0.rlib" "/opt/rustwide/target/debug/deps/libarray_init_cursor-2401516b41e10fdb.rlib" "/opt/rustwide/target/debug/deps/libhash_hasher-6c5daaad5ee40a25.rlib" "/opt/rustwide/target/debug/deps/libeither-650b1f78e6d6b724.rlib" "/opt/rustwide/target/debug/deps/libchrono-e1cdcd7822441c3e.rlib" "/opt/rustwide/target/debug/deps/libiana_time_zone-771492406adac598.rlib" "/opt/rustwide/target/debug/deps/libnum_integer-b8f9d67090e03623.rlib" "/opt/rustwide/target/debug/deps/libnum_traits-35f169fb16968fa0.rlib" "/opt/rustwide/target/debug/deps/libserde-e7e2e7ed63511780.rlib" "/opt/rustwide/target/debug/deps/libtime-1645ec5839682d5f.rlib" "/opt/rustwide/target/debug/deps/liblibc-745223954b0a28b2.rlib" "/opt/rustwide/rustup-home/toolchains/1.69.0-x86_64-unknown-linux-gnu/lib/rustlib/x86_64-unknown-linux-gnu/lib/libstd-89bc084783fdc439.rlib" "/opt/rustwide/rustup-home/toolchains/1.69.0-x86_64-unknown-linux-gnu/lib/rustlib/x86_64-unknown-linux-gnu/lib/libpanic_unwind-8bee4b287d4367c1.rlib" "/opt/rustwide/rustup-home/toolchains/1.69.0-x86_64-unknown-linux-gnu/lib/rustlib/x86_64-unknown-linux-gnu/lib/libobject-d61707aed80694c0.rlib" "/opt/rustwide/rustup-home/toolchains/1.69.0-x86_64-unknown-linux-gnu/lib/rustlib/x86_64-unknown-linux-gnu/lib/libmemchr-d85366256f22345b.rlib" "/opt/rustwide/rustup-home/toolchains/1.69.0-x86_64-unknown-linux-gnu/lib/rustlib/x86_64-unknown-linux-gnu/lib/libaddr2line-96069b86b8a8cae9.rlib" "/opt/rustwide/rustup-home/toolchains/1.69.0-x86_64-unknown-linux-gnu/lib/rustlib/x86_64-unknown-linux-gnu/lib/libgimli-d19d53abf68dfa6c.rlib" "/opt/rustwide/rustup-home/toolchains/1.69.0-x86_64-unknown-linux-gnu/lib/rustlib/x86_64-unknown-linux-gnu/lib/librustc_demangle-787cbccd19d64ac6.rlib" "/opt/rustwide/rustup-home/toolchains/1.69.0-x86_64-unknown-linux-gnu/lib/rustlib/x86_64-unknown-linux-gnu/lib/libstd_detect-b3837a36b830e0d0.rlib" "/opt/rustwide/rustup-home/toolchains/1.69.0-x86_64-unknown-linux-gnu/lib/rustlib/x86_64-unknown-linux-gnu/lib/libhashbrown-e3deb0e7e3f04966.rlib" "/opt/rustwide/rustup-home/toolchains/1.69.0-x86_64-unknown-linux-gnu/lib/rustlib/x86_64-unknown-linux-gnu/lib/libminiz_oxide-dabbb79c9815def4.rlib" "/opt/rustwide/rustup-home/toolchains/1.69.0-x86_64-unknown-linux-gnu/lib/rustlib/x86_64-unknown-linux-gnu/lib/libadler-305b01f34c9409f2.rlib" "/opt/rustwide/rustup-home/toolchains/1.69.0-x86_64-unknown-linux-gnu/lib/rustlib/x86_64-unknown-linux-gnu/lib/librustc_std_workspace_alloc-f833521df6074e73.rlib" "/opt/rustwide/rustup-home/toolchains/1.69.0-x86_64-unknown-linux-gnu/lib/rustlib/x86_64-unknown-linux-gnu/lib/libunwind-9ac333113350d171.rlib" "/opt/rustwide/rustup-home/toolchains/1.69.0-x86_64-unknown-linux-gnu/lib/rustlib/x86_64-unknown-linux-gnu/lib/libcfg_if-1c126114322d0eee.rlib" "/opt/rustwide/rustup-home/toolchains/1.69.0-x86_64-unknown-linux-gnu/lib/rustlib/x86_64-unknown-linux-gnu/lib/liblibc-bad9164fdeeecf92.rlib" "/opt/rustwide/rustup-home/toolchains/1.69.0-x86_64-unknown-linux-gnu/lib/rustlib/x86_64-unknown-linux-gnu/lib/liballoc-f9374b1e480fa681.rlib" "/opt/rustwide/rustup-home/toolchains/1.69.0-x86_64-unknown-linux-gnu/lib/rustlib/x86_64-unknown-linux-gnu/lib/librustc_std_workspace_core-207f06e41d9603af.rlib" "/opt/rustwide/rustup-home/toolchains/1.69.0-x86_64-unknown-linux-gnu/lib/rustlib/x86_64-unknown-linux-gnu/lib/libcore-7e2768e66e984e85.rlib" "/opt/rustwide/rustup-home/toolchains/1.69.0-x86_64-unknown-linux-gnu/lib/rustlib/x86_64-unknown-linux-gnu/lib/libcompiler_builtins-957b4aff41f8cd46.rlib" "-Wl,-Bdynamic" "-lgcc_s" "-lutil" "-lrt" "-lpthread" "-lm" "-ldl" "-lc" "-Wl,--eh-frame-hdr" "-Wl,-z,noexecstack" "-L" "/opt/rustwide/rustup-home/toolchains/1.69.0-x86_64-unknown-linux-gnu/lib/rustlib/x86_64-unknown-linux-gnu/lib" "-o" "/tmp/rustdoctestfuZNmF/rust_out" "-Wl,--gc-sections" "-pie" "-Wl,-z,relro,-z,now" "-nodefaultlibs"
[INFO] [stdout]   = note: collect2: fatal error: ld terminated with signal 9 [Killed]
[INFO] [stdout]           compilation terminated.
[INFO] [stdout]           
[INFO] [stdout] 
[INFO] [stdout] error: aborting due to previous error
[INFO] [stdout] 
[INFO] [stdout] Couldn't compile the test.
[INFO] [stdout] ---- src/internal/schema.rs - internal::schema::TracingOptions (line 201) stdout ----
[INFO] [stdout] error: linking with `cc` failed: exit status: 1
[INFO] [stdout]   |
[INFO] [stdout]   = note: LC_ALL="C" PATH="/opt/rustwide/rustup-home/toolchains/1.69.0-x86_64-unknown-linux-gnu/lib/rustlib/x86_64-unknown-linux-gnu/bin:/opt/rustwide/cargo-home/bin:/usr/local/sbin:/usr/local/bin:/usr/sbin:/usr/bin:/sbin:/bin" VSLANG="1033" "cc" "-m64" "/tmp/rustcgFv7iY/symbols.o" "/tmp/rustdoctestV1Jc6T/rust_out.rust_out.5bfee551-cgu.0.rcgu.o" "/tmp/rustdoctestV1Jc6T/rust_out.j00p4ncf7xg64kg.rcgu.o" "-Wl,--as-needed" "-L" "/opt/rustwide/target/debug/deps" "-L" "/opt/rustwide/target/debug/deps" "-L" "/opt/rustwide/rustup-home/toolchains/1.69.0-x86_64-unknown-linux-gnu/lib/rustlib/x86_64-unknown-linux-gnu/lib" "-Wl,-Bstatic" "/opt/rustwide/target/debug/deps/libserde_arrow-6e9ef8564f697c84.rlib" "/opt/rustwide/target/debug/deps/libarrow2-ef4d47cd04cd6764.rlib" "/opt/rustwide/target/debug/deps/libforeign_vec-66fc266d756c4f28.rlib" "/opt/rustwide/target/debug/deps/libsimdutf8-7178e14b3781ee33.rlib" "/opt/rustwide/target/debug/deps/libethnum-38180e0be664def0.rlib" "/opt/rustwide/target/debug/deps/libdyn_clone-e9cc5ecb301fed49.rlib" "/opt/rustwide/target/debug/deps/libahash-8a29d35144619655.rlib" "/opt/rustwide/target/debug/deps/libgetrandom-8e76dcfb44986ac0.rlib" "/opt/rustwide/target/debug/deps/libonce_cell-f612d2e59a7f3606.rlib" "/opt/rustwide/target/debug/deps/libcfg_if-e5e118dd7d121aaa.rlib" "/opt/rustwide/target/debug/deps/libbytemuck-1512d70fdb437df1.rlib" "/opt/rustwide/target/debug/deps/libarrow_format-0cf26f378598e3aa.rlib" "/opt/rustwide/target/debug/deps/libplanus-dd2d6fba3767dce0.rlib" "/opt/rustwide/target/debug/deps/libarray_init_cursor-2401516b41e10fdb.rlib" "/opt/rustwide/target/debug/deps/libhash_hasher-6c5daaad5ee40a25.rlib" "/opt/rustwide/target/debug/deps/libeither-650b1f78e6d6b724.rlib" "/opt/rustwide/target/debug/deps/libchrono-e1cdcd7822441c3e.rlib" "/opt/rustwide/target/debug/deps/libiana_time_zone-771492406adac598.rlib" "/opt/rustwide/target/debug/deps/libnum_integer-b8f9d67090e03623.rlib" "/opt/rustwide/target/debug/deps/libnum_traits-35f169fb16968fa0.rlib" "/opt/rustwide/target/debug/deps/libserde-e7e2e7ed63511780.rlib" "/opt/rustwide/target/debug/deps/libtime-1645ec5839682d5f.rlib" "/opt/rustwide/target/debug/deps/liblibc-745223954b0a28b2.rlib" "/opt/rustwide/rustup-home/toolchains/1.69.0-x86_64-unknown-linux-gnu/lib/rustlib/x86_64-unknown-linux-gnu/lib/libstd-89bc084783fdc439.rlib" "/opt/rustwide/rustup-home/toolchains/1.69.0-x86_64-unknown-linux-gnu/lib/rustlib/x86_64-unknown-linux-gnu/lib/libpanic_unwind-8bee4b287d4367c1.rlib" "/opt/rustwide/rustup-home/toolchains/1.69.0-x86_64-unknown-linux-gnu/lib/rustlib/x86_64-unknown-linux-gnu/lib/libobject-d61707aed80694c0.rlib" "/opt/rustwide/rustup-home/toolchains/1.69.0-x86_64-unknown-linux-gnu/lib/rustlib/x86_64-unknown-linux-gnu/lib/libmemchr-d85366256f22345b.rlib" "/opt/rustwide/rustup-home/toolchains/1.69.0-x86_64-unknown-linux-gnu/lib/rustlib/x86_64-unknown-linux-gnu/lib/libaddr2line-96069b86b8a8cae9.rlib" "/opt/rustwide/rustup-home/toolchains/1.69.0-x86_64-unknown-linux-gnu/lib/rustlib/x86_64-unknown-linux-gnu/lib/libgimli-d19d53abf68dfa6c.rlib" "/opt/rustwide/rustup-home/toolchains/1.69.0-x86_64-unknown-linux-gnu/lib/rustlib/x86_64-unknown-linux-gnu/lib/librustc_demangle-787cbccd19d64ac6.rlib" "/opt/rustwide/rustup-home/toolchains/1.69.0-x86_64-unknown-linux-gnu/lib/rustlib/x86_64-unknown-linux-gnu/lib/libstd_detect-b3837a36b830e0d0.rlib" "/opt/rustwide/rustup-home/toolchains/1.69.0-x86_64-unknown-linux-gnu/lib/rustlib/x86_64-unknown-linux-gnu/lib/libhashbrown-e3deb0e7e3f04966.rlib" "/opt/rustwide/rustup-home/toolchains/1.69.0-x86_64-unknown-linux-gnu/lib/rustlib/x86_64-unknown-linux-gnu/lib/libminiz_oxide-dabbb79c9815def4.rlib" "/opt/rustwide/rustup-home/toolchains/1.69.0-x86_64-unknown-linux-gnu/lib/rustlib/x86_64-unknown-linux-gnu/lib/libadler-305b01f34c9409f2.rlib" "/opt/rustwide/rustup-home/toolchains/1.69.0-x86_64-unknown-linux-gnu/lib/rustlib/x86_64-unknown-linux-gnu/lib/librustc_std_workspace_alloc-f833521df6074e73.rlib" "/opt/rustwide/rustup-home/toolchains/1.69.0-x86_64-unknown-linux-gnu/lib/rustlib/x86_64-unknown-linux-gnu/lib/libunwind-9ac333113350d171.rlib" "/opt/rustwide/rustup-home/toolchains/1.69.0-x86_64-unknown-linux-gnu/lib/rustlib/x86_64-unknown-linux-gnu/lib/libcfg_if-1c126114322d0eee.rlib" "/opt/rustwide/rustup-home/toolchains/1.69.0-x86_64-unknown-linux-gnu/lib/rustlib/x86_64-unknown-linux-gnu/lib/liblibc-bad9164fdeeecf92.rlib" "/opt/rustwide/rustup-home/toolchains/1.69.0-x86_64-unknown-linux-gnu/lib/rustlib/x86_64-unknown-linux-gnu/lib/liballoc-f9374b1e480fa681.rlib" "/opt/rustwide/rustup-home/toolchains/1.69.0-x86_64-unknown-linux-gnu/lib/rustlib/x86_64-unknown-linux-gnu/lib/librustc_std_workspace_core-207f06e41d9603af.rlib" "/opt/rustwide/rustup-home/toolchains/1.69.0-x86_64-unknown-linux-gnu/lib/rustlib/x86_64-unknown-linux-gnu/lib/libcore-7e2768e66e984e85.rlib" "/opt/rustwide/rustup-home/toolchains/1.69.0-x86_64-unknown-linux-gnu/lib/rustlib/x86_64-unknown-linux-gnu/lib/libcompiler_builtins-957b4aff41f8cd46.rlib" "-Wl,-Bdynamic" "-lgcc_s" "-lutil" "-lrt" "-lpthread" "-lm" "-ldl" "-lc" "-Wl,--eh-frame-hdr" "-Wl,-z,noexecstack" "-L" "/opt/rustwide/rustup-home/toolchains/1.69.0-x86_64-unknown-linux-gnu/lib/rustlib/x86_64-unknown-linux-gnu/lib" "-o" "/tmp/rustdoctestV1Jc6T/rust_out" "-Wl,--gc-sections" "-pie" "-Wl,-z,relro,-z,now" "-nodefaultlibs"
[INFO] [stdout]   = note: collect2: fatal error: ld terminated with signal 9 [Killed]
[INFO] [stdout]           compilation terminated.
[INFO] [stdout]           
[INFO] [stdout] 
[INFO] [stdout] error: aborting due to previous error
[INFO] [stdout] 
[INFO] [stdout] Couldn't compile the test.
[INFO] [stdout] 
[INFO] [stdout] failures:
[INFO] [stdout]     src/arrow2/mod.rs - arrow2::serialize_into_arrays (line 89)
[INFO] [stdout]     src/arrow2/schema.rs - arrow2::schema::find_field_mut (line 60)
[INFO] [stdout]     src/internal/schema.rs - internal::schema::TracingOptions (line 201)
[INFO] [stdout] 
[INFO] [stdout] test result: FAILED. 9 passed; 3 failed; 4 ignored; 0 measured; 0 filtered out; finished in 5.20s
[INFO] [stdout] 
[INFO] [stderr] error: doctest failed, to rerun pass `-p serde_arrow --doc`
[INFO] running `Command { std: "docker" "inspect" "40f6c4bf2023b1307d9b6bc3c05bdb55d3a111a4bd2a150c27aea320ed61269c", kill_on_drop: false }`
[INFO] running `Command { std: "docker" "rm" "-f" "40f6c4bf2023b1307d9b6bc3c05bdb55d3a111a4bd2a150c27aea320ed61269c", kill_on_drop: false }`
[INFO] [stdout] 40f6c4bf2023b1307d9b6bc3c05bdb55d3a111a4bd2a150c27aea320ed61269c
