[INFO] cloning repository https://github.com/charleschege/TimeLite
[INFO] running `Command { std: "git" "-c" "credential.helper=" "-c" "credential.helper=/workspace/cargo-home/bin/git-credential-null" "clone" "--bare" "https://github.com/charleschege/TimeLite" "/workspace/cache/git-repos/https%3A%2F%2Fgithub.com%2Fcharleschege%2FTimeLite", kill_on_drop: false }`
[INFO] [stderr] Cloning into bare repository '/workspace/cache/git-repos/https%3A%2F%2Fgithub.com%2Fcharleschege%2FTimeLite'...
[INFO] running `Command { std: "git" "rev-parse" "HEAD", kill_on_drop: false }`
[INFO] [stdout] 597781bbb087fd206e80cf5788f27e63a5f3d837
[INFO] testing charleschege/TimeLite against 1.69.0 for beta-1.70-1
[INFO] running `Command { std: "git" "clone" "/workspace/cache/git-repos/https%3A%2F%2Fgithub.com%2Fcharleschege%2FTimeLite" "/workspace/builds/worker-0-tc1/source", kill_on_drop: false }`
[INFO] [stderr] Cloning into '/workspace/builds/worker-0-tc1/source'...
[INFO] [stderr] done.
[INFO] validating manifest of git repo https://github.com/charleschege/TimeLite on toolchain 1.69.0
[INFO] running `Command { std: CARGO_HOME="/workspace/cargo-home" RUSTUP_HOME="/workspace/rustup-home" "/workspace/cargo-home/bin/cargo" "+1.69.0" "metadata" "--manifest-path" "Cargo.toml" "--no-deps", kill_on_drop: false }`
[INFO] started tweaking git repo https://github.com/charleschege/TimeLite
[INFO] finished tweaking git repo https://github.com/charleschege/TimeLite
[INFO] tweaked toml for git repo https://github.com/charleschege/TimeLite written to /workspace/builds/worker-0-tc1/source/Cargo.toml
[INFO] crate git repo https://github.com/charleschege/TimeLite already has a lockfile, it will not be regenerated
[INFO] running `Command { std: CARGO_HOME="/workspace/cargo-home" RUSTUP_HOME="/workspace/rustup-home" "/workspace/cargo-home/bin/cargo" "+1.69.0" "fetch" "--manifest-path" "Cargo.toml", kill_on_drop: false }`
[INFO] [stderr]     Updating crates.io index
[INFO] [stderr]  Downloading crates ...
[INFO] [stderr]   Downloaded tai64 v3.1.0
[INFO] running `Command { std: "docker" "create" "-v" "/var/lib/crater-agent-workspace/builds/worker-0-tc1/target:/opt/rustwide/target:rw,Z" "-v" "/var/lib/crater-agent-workspace/builds/worker-0-tc1/source:/opt/rustwide/workdir:ro,Z" "-v" "/var/lib/crater-agent-workspace/cargo-home:/opt/rustwide/cargo-home:ro,Z" "-v" "/var/lib/crater-agent-workspace/rustup-home:/opt/rustwide/rustup-home:ro,Z" "-e" "SOURCE_DIR=/opt/rustwide/workdir" "-e" "CARGO_TARGET_DIR=/opt/rustwide/target" "-e" "CARGO_HOME=/opt/rustwide/cargo-home" "-e" "RUSTUP_HOME=/opt/rustwide/rustup-home" "-w" "/opt/rustwide/workdir" "-m" "1610612736" "--user" "0:0" "--network" "none" "ghcr.io/rust-lang/crates-build-env/linux@sha256:5ff2268d62e97bff2cde7d5815dd6ed5b47097566f13b8d0ca110b04b60e07ed" "/opt/rustwide/cargo-home/bin/cargo" "+1.69.0" "metadata" "--no-deps" "--format-version=1", kill_on_drop: false }`
[INFO] [stdout] 4fae68c5cc4c11bee2a2e25a3af0a7197672d1367fd770221c2b23f6e6fc9a16
[INFO] running `Command { std: "docker" "start" "-a" "4fae68c5cc4c11bee2a2e25a3af0a7197672d1367fd770221c2b23f6e6fc9a16", kill_on_drop: false }`
[INFO] running `Command { std: "docker" "inspect" "4fae68c5cc4c11bee2a2e25a3af0a7197672d1367fd770221c2b23f6e6fc9a16", kill_on_drop: false }`
[INFO] running `Command { std: "docker" "rm" "-f" "4fae68c5cc4c11bee2a2e25a3af0a7197672d1367fd770221c2b23f6e6fc9a16", kill_on_drop: false }`
[INFO] [stdout] 4fae68c5cc4c11bee2a2e25a3af0a7197672d1367fd770221c2b23f6e6fc9a16
[INFO] running `Command { std: "docker" "create" "-v" "/var/lib/crater-agent-workspace/builds/worker-0-tc1/target:/opt/rustwide/target:rw,Z" "-v" "/var/lib/crater-agent-workspace/builds/worker-0-tc1/source:/opt/rustwide/workdir:ro,Z" "-v" "/var/lib/crater-agent-workspace/cargo-home:/opt/rustwide/cargo-home:ro,Z" "-v" "/var/lib/crater-agent-workspace/rustup-home:/opt/rustwide/rustup-home:ro,Z" "-e" "SOURCE_DIR=/opt/rustwide/workdir" "-e" "CARGO_TARGET_DIR=/opt/rustwide/target" "-e" "CARGO_INCREMENTAL=0" "-e" "RUST_BACKTRACE=full" "-e" "RUSTFLAGS=--cap-lints=warn" "-e" "RUSTDOCFLAGS=--cap-lints=warn" "-e" "CARGO_HOME=/opt/rustwide/cargo-home" "-e" "RUSTUP_HOME=/opt/rustwide/rustup-home" "-w" "/opt/rustwide/workdir" "-m" "1610612736" "--user" "0:0" "--network" "none" "ghcr.io/rust-lang/crates-build-env/linux@sha256:5ff2268d62e97bff2cde7d5815dd6ed5b47097566f13b8d0ca110b04b60e07ed" "/opt/rustwide/cargo-home/bin/cargo" "+1.69.0" "build" "--frozen" "--message-format=json", kill_on_drop: false }`
[INFO] [stdout] 48c8b249784651e95fab0242be82571fddc458fc5a3fbe201bd71518716a6bf5
[INFO] running `Command { std: "docker" "start" "-a" "48c8b249784651e95fab0242be82571fddc458fc5a3fbe201bd71518716a6bf5", kill_on_drop: false }`
[INFO] [stderr]    Compiling tai64 v3.1.0
[INFO] [stderr]    Compiling timelite v1.0.4 (/opt/rustwide/workdir)
[INFO] [stdout] warning: unused imports: `LEAP_YEAR_MONTHS_SECONDS`, `NOT_LEAP_YEAR_MONTHS_SECONDS`
[INFO] [stdout]  --> src/duration.rs:2:62
[INFO] [stdout]   |
[INFO] [stdout] 2 |     TimeStandard, UnixTimestamp, YearType, LEAP_YEAR_MONTHS, LEAP_YEAR_MONTHS_SECONDS,
[INFO] [stdout]   |                                                              ^^^^^^^^^^^^^^^^^^^^^^^^
[INFO] [stdout] 3 |     NOT_LEAP_YEAR_MONTHS, NOT_LEAP_YEAR_MONTHS_SECONDS, SECONDS_PER_DAY,
[INFO] [stdout]   |                           ^^^^^^^^^^^^^^^^^^^^^^^^^^^^
[INFO] [stdout]   |
[INFO] [stdout]   = note: `#[warn(unused_imports)]` on by default
[INFO] [stdout] 
[INFO] [stdout] 
[INFO] [stdout] warning: 1 warning emitted
[INFO] [stdout] 
[INFO] [stdout] 
[INFO] [stderr]     Finished dev [unoptimized + debuginfo] target(s) in 0.32s
[INFO] running `Command { std: "docker" "inspect" "48c8b249784651e95fab0242be82571fddc458fc5a3fbe201bd71518716a6bf5", kill_on_drop: false }`
[INFO] running `Command { std: "docker" "rm" "-f" "48c8b249784651e95fab0242be82571fddc458fc5a3fbe201bd71518716a6bf5", kill_on_drop: false }`
[INFO] [stdout] 48c8b249784651e95fab0242be82571fddc458fc5a3fbe201bd71518716a6bf5
[INFO] running `Command { std: "docker" "create" "-v" "/var/lib/crater-agent-workspace/builds/worker-0-tc1/target:/opt/rustwide/target:rw,Z" "-v" "/var/lib/crater-agent-workspace/builds/worker-0-tc1/source:/opt/rustwide/workdir:ro,Z" "-v" "/var/lib/crater-agent-workspace/cargo-home:/opt/rustwide/cargo-home:ro,Z" "-v" "/var/lib/crater-agent-workspace/rustup-home:/opt/rustwide/rustup-home:ro,Z" "-e" "SOURCE_DIR=/opt/rustwide/workdir" "-e" "CARGO_TARGET_DIR=/opt/rustwide/target" "-e" "CARGO_INCREMENTAL=0" "-e" "RUST_BACKTRACE=full" "-e" "RUSTFLAGS=--cap-lints=warn" "-e" "RUSTDOCFLAGS=--cap-lints=warn" "-e" "CARGO_HOME=/opt/rustwide/cargo-home" "-e" "RUSTUP_HOME=/opt/rustwide/rustup-home" "-w" "/opt/rustwide/workdir" "-m" "1610612736" "--user" "0:0" "--network" "none" "ghcr.io/rust-lang/crates-build-env/linux@sha256:5ff2268d62e97bff2cde7d5815dd6ed5b47097566f13b8d0ca110b04b60e07ed" "/opt/rustwide/cargo-home/bin/cargo" "+1.69.0" "test" "--frozen" "--no-run" "--message-format=json", kill_on_drop: false }`
[INFO] [stdout] a097d45bd63b6c22755a327accf6f23f8b569d811aea3317ef4b258032b47e81
[INFO] running `Command { std: "docker" "start" "-a" "a097d45bd63b6c22755a327accf6f23f8b569d811aea3317ef4b258032b47e81", kill_on_drop: false }`
[INFO] [stdout] warning: unused imports: `LEAP_YEAR_MONTHS_SECONDS`, `NOT_LEAP_YEAR_MONTHS_SECONDS`
[INFO] [stdout]  --> src/duration.rs:2:62
[INFO] [stdout]   |
[INFO] [stdout] 2 |     TimeStandard, UnixTimestamp, YearType, LEAP_YEAR_MONTHS, LEAP_YEAR_MONTHS_SECONDS,
[INFO] [stdout]   |                                                              ^^^^^^^^^^^^^^^^^^^^^^^^
[INFO] [stdout] 3 |     NOT_LEAP_YEAR_MONTHS, NOT_LEAP_YEAR_MONTHS_SECONDS, SECONDS_PER_DAY,
[INFO] [stdout]   |                           ^^^^^^^^^^^^^^^^^^^^^^^^^^^^
[INFO] [stdout]   |
[INFO] [stdout]   = note: `#[warn(unused_imports)]` on by default
[INFO] [stdout] 
[INFO] [stdout] 
[INFO] [stderr]    Compiling timelite v1.0.4 (/opt/rustwide/workdir)
[INFO] [stdout] warning: 1 warning emitted
[INFO] [stdout] 
[INFO] [stdout] 
[INFO] [stdout] warning: unused imports: `LEAP_YEAR_MONTHS_SECONDS`, `NOT_LEAP_YEAR_MONTHS_SECONDS`
[INFO] [stdout]  --> src/duration.rs:2:62
[INFO] [stdout]   |
[INFO] [stdout] 2 |     TimeStandard, UnixTimestamp, YearType, LEAP_YEAR_MONTHS, LEAP_YEAR_MONTHS_SECONDS,
[INFO] [stdout]   |                                                              ^^^^^^^^^^^^^^^^^^^^^^^^
[INFO] [stdout] 3 |     NOT_LEAP_YEAR_MONTHS, NOT_LEAP_YEAR_MONTHS_SECONDS, SECONDS_PER_DAY,
[INFO] [stdout]   |                           ^^^^^^^^^^^^^^^^^^^^^^^^^^^^
[INFO] [stdout]   |
[INFO] [stdout]   = note: `#[warn(unused_imports)]` on by default
[INFO] [stdout] 
[INFO] [stdout] 
[INFO] [stdout] warning: 1 warning emitted
[INFO] [stdout] 
[INFO] [stdout] 
[INFO] [stderr]     Finished test [unoptimized + debuginfo] target(s) in 0.20s
[INFO] running `Command { std: "docker" "inspect" "a097d45bd63b6c22755a327accf6f23f8b569d811aea3317ef4b258032b47e81", kill_on_drop: false }`
[INFO] running `Command { std: "docker" "rm" "-f" "a097d45bd63b6c22755a327accf6f23f8b569d811aea3317ef4b258032b47e81", kill_on_drop: false }`
[INFO] [stdout] a097d45bd63b6c22755a327accf6f23f8b569d811aea3317ef4b258032b47e81
[INFO] running `Command { std: "docker" "create" "-v" "/var/lib/crater-agent-workspace/builds/worker-0-tc1/target:/opt/rustwide/target:rw,Z" "-v" "/var/lib/crater-agent-workspace/builds/worker-0-tc1/source:/opt/rustwide/workdir:ro,Z" "-v" "/var/lib/crater-agent-workspace/cargo-home:/opt/rustwide/cargo-home:ro,Z" "-v" "/var/lib/crater-agent-workspace/rustup-home:/opt/rustwide/rustup-home:ro,Z" "-e" "SOURCE_DIR=/opt/rustwide/workdir" "-e" "CARGO_TARGET_DIR=/opt/rustwide/target" "-e" "CARGO_INCREMENTAL=0" "-e" "RUST_BACKTRACE=full" "-e" "RUSTFLAGS=--cap-lints=warn" "-e" "RUSTDOCFLAGS=--cap-lints=warn" "-e" "CARGO_HOME=/opt/rustwide/cargo-home" "-e" "RUSTUP_HOME=/opt/rustwide/rustup-home" "-w" "/opt/rustwide/workdir" "-m" "1610612736" "--user" "0:0" "--network" "none" "ghcr.io/rust-lang/crates-build-env/linux@sha256:5ff2268d62e97bff2cde7d5815dd6ed5b47097566f13b8d0ca110b04b60e07ed" "/opt/rustwide/cargo-home/bin/cargo" "+1.69.0" "test" "--frozen", kill_on_drop: false }`
[INFO] [stdout] dfc244ed35744cb65834c84698e60906c1cca2373c65880831c8371ea0c09836
[INFO] running `Command { std: "docker" "start" "-a" "dfc244ed35744cb65834c84698e60906c1cca2373c65880831c8371ea0c09836", kill_on_drop: false }`
[INFO] [stderr] warning: unused imports: `LEAP_YEAR_MONTHS_SECONDS`, `NOT_LEAP_YEAR_MONTHS_SECONDS`
[INFO] [stderr]  --> src/duration.rs:2:62
[INFO] [stderr]   |
[INFO] [stderr] 2 |     TimeStandard, UnixTimestamp, YearType, LEAP_YEAR_MONTHS, LEAP_YEAR_MONTHS_SECONDS,
[INFO] [stderr]   |                                                              ^^^^^^^^^^^^^^^^^^^^^^^^
[INFO] [stderr] 3 |     NOT_LEAP_YEAR_MONTHS, NOT_LEAP_YEAR_MONTHS_SECONDS, SECONDS_PER_DAY,
[INFO] [stderr]   |                           ^^^^^^^^^^^^^^^^^^^^^^^^^^^^
[INFO] [stderr]   |
[INFO] [stderr]   = note: `#[warn(unused_imports)]` on by default
[INFO] [stderr] 
[INFO] [stderr] warning: `timelite` (lib) generated 1 warning (run `cargo fix --lib -p timelite` to apply 1 suggestion)
[INFO] [stderr] warning: `timelite` (lib test) generated 1 warning (1 duplicate)
[INFO] [stderr]     Finished test [unoptimized + debuginfo] target(s) in 0.00s
[INFO] [stderr]      Running unittests src/lib.rs (/opt/rustwide/target/debug/deps/timelite-8770c6a9d70b025e)
[INFO] [stdout] 
[INFO] [stdout] running 0 tests
[INFO] [stdout] 
[INFO] [stdout] test result: ok. 0 passed; 0 failed; 0 ignored; 0 measured; 0 filtered out; finished in 0.00s
[INFO] [stdout] 
[INFO] [stderr]    Doc-tests timelite
[INFO] [stderr] warning: unknown lint: `rustdoc::missing_doc_code_examples`
[INFO] [stderr]   --> /opt/rustwide/workdir/src/lib.rs:91:1
[INFO] [stderr]    |
[INFO] [stderr] 91 | #[allow(missing_doc_code_examples)]
[INFO] [stderr]    | ^^^^^^^^^^^^^^^^^^^^^^^^^^^^^^^^^^^
[INFO] [stderr]    |
[INFO] [stderr]    = note: the `rustdoc::missing_doc_code_examples` lint is unstable
[INFO] [stderr]    = note: see issue #101730 <https://github.com/rust-lang/rust/issues/101730> for more information
[INFO] [stderr]    = note: `#[warn(unknown_lints)]` on by default
[INFO] [stderr] 
[INFO] [stderr] warning: lint `missing_doc_code_examples` has been renamed to `rustdoc::missing_doc_code_examples`
[INFO] [stderr]   --> /opt/rustwide/workdir/src/lib.rs:91:9
[INFO] [stderr]    |
[INFO] [stderr] 91 | #[allow(missing_doc_code_examples)]
[INFO] [stderr]    |         ^^^^^^^^^^^^^^^^^^^^^^^^^ help: use the new name: `rustdoc::missing_doc_code_examples`
[INFO] [stderr]    |
[INFO] [stderr]    = note: `#[warn(renamed_and_removed_lints)]` on by default
[INFO] [stderr] 
[INFO] [stderr] warning: 2 warnings emitted
[INFO] [stderr] 
[INFO] [stdout] 
[INFO] [stdout] running 11 tests
[INFO] [stdout] test src/lib.rs - (line 27) ... FAILED
[INFO] [stdout] test src/lib.rs - (line 11) ... FAILED
[INFO] [stdout] test src/lib.rs - (line 59) ... FAILED
[INFO] [stdout] test src/lib.rs - (line 67) ... FAILED
[INFO] [stdout] test src/lib.rs - (line 35) ... FAILED
[INFO] [stdout] test src/lib.rs - (line 19) ... FAILED
[INFO] [stdout] test src/lib.rs - (line 51) ... FAILED
[INFO] [stdout] test src/lib.rs - (line 43) ... FAILED
[INFO] [stdout] test src/lib.rs - (line 74) ... FAILED
[INFO] [stdout] test src/lib.rs - (line 81) ... FAILED
[INFO] [stdout] test src/lib.rs - duration (line 98) ... ok
[INFO] [stdout] 
[INFO] [stdout] failures:
[INFO] [stdout] 
[INFO] [stdout] ---- src/lib.rs - (line 27) stdout ----
[INFO] [stdout] error[E0432]: unresolved import `timelite::LiteDuration`
[INFO] [stdout]  --> src/lib.rs:28:5
[INFO] [stdout]   |
[INFO] [stdout] 4 | use timelite::LiteDuration;
[INFO] [stdout]   |     ^^^^^^^^^^^^^^^^^^^^^^ no `LiteDuration` in the root
[INFO] [stdout] 
[INFO] [stdout] error: aborting due to previous error
[INFO] [stdout] 
[INFO] [stdout] For more information about this error, try `rustc --explain E0432`.
[INFO] [stdout] Couldn't compile the test.
[INFO] [stdout] ---- src/lib.rs - (line 11) stdout ----
[INFO] [stdout] error[E0432]: unresolved import `timelite::LiteDuration`
[INFO] [stdout]  --> src/lib.rs:12:5
[INFO] [stdout]   |
[INFO] [stdout] 4 | use timelite::LiteDuration;
[INFO] [stdout]   |     ^^^^^^^^^^^^^^^^^^^^^^ no `LiteDuration` in the root
[INFO] [stdout] 
[INFO] [stdout] error: aborting due to previous error
[INFO] [stdout] 
[INFO] [stdout] For more information about this error, try `rustc --explain E0432`.
[INFO] [stdout] Couldn't compile the test.
[INFO] [stdout] ---- src/lib.rs - (line 59) stdout ----
[INFO] [stdout] error[E0432]: unresolved import `timelite::LiteDuration`
[INFO] [stdout]  --> src/lib.rs:60:5
[INFO] [stdout]   |
[INFO] [stdout] 4 | use timelite::LiteDuration;
[INFO] [stdout]   |     ^^^^^^^^^^^^^^^^^^^^^^ no `LiteDuration` in the root
[INFO] [stdout] 
[INFO] [stdout] error: aborting due to previous error
[INFO] [stdout] 
[INFO] [stdout] For more information about this error, try `rustc --explain E0432`.
[INFO] [stdout] Couldn't compile the test.
[INFO] [stdout] ---- src/lib.rs - (line 67) stdout ----
[INFO] [stdout] error[E0432]: unresolved import `timelite::LiteDuration`
[INFO] [stdout]  --> src/lib.rs:68:5
[INFO] [stdout]   |
[INFO] [stdout] 4 | use timelite::LiteDuration;
[INFO] [stdout]   |     ^^^^^^^^^^^^^^^^^^^^^^ no `LiteDuration` in the root
[INFO] [stdout] 
[INFO] [stdout] error: aborting due to previous error
[INFO] [stdout] 
[INFO] [stdout] For more information about this error, try `rustc --explain E0432`.
[INFO] [stdout] Couldn't compile the test.
[INFO] [stdout] ---- src/lib.rs - (line 35) stdout ----
[INFO] [stdout] error[E0432]: unresolved import `timelite::LiteDuration`
[INFO] [stdout]  --> src/lib.rs:36:5
[INFO] [stdout]   |
[INFO] [stdout] 4 | use timelite::LiteDuration;
[INFO] [stdout]   |     ^^^^^^^^^^^^^^^^^^^^^^ no `LiteDuration` in the root
[INFO] [stdout] 
[INFO] [stdout] error: aborting due to previous error
[INFO] [stdout] 
[INFO] [stdout] For more information about this error, try `rustc --explain E0432`.
[INFO] [stdout] Couldn't compile the test.
[INFO] [stdout] ---- src/lib.rs - (line 19) stdout ----
[INFO] [stdout] error[E0432]: unresolved import `timelite::LiteDuration`
[INFO] [stdout]  --> src/lib.rs:20:5
[INFO] [stdout]   |
[INFO] [stdout] 4 | use timelite::LiteDuration;
[INFO] [stdout]   |     ^^^^^^^^^^^^^^^^^^^^^^ no `LiteDuration` in the root
[INFO] [stdout] 
[INFO] [stdout] error: aborting due to previous error
[INFO] [stdout] 
[INFO] [stdout] For more information about this error, try `rustc --explain E0432`.
[INFO] [stdout] Couldn't compile the test.
[INFO] [stdout] ---- src/lib.rs - (line 51) stdout ----
[INFO] [stdout] error[E0432]: unresolved import `timelite::LiteDuration`
[INFO] [stdout]  --> src/lib.rs:52:5
[INFO] [stdout]   |
[INFO] [stdout] 4 | use timelite::LiteDuration;
[INFO] [stdout]   |     ^^^^^^^^^^^^^^^^^^^^^^ no `LiteDuration` in the root
[INFO] [stdout] 
[INFO] [stdout] error: aborting due to previous error
[INFO] [stdout] 
[INFO] [stdout] For more information about this error, try `rustc --explain E0432`.
[INFO] [stdout] Couldn't compile the test.
[INFO] [stdout] ---- src/lib.rs - (line 43) stdout ----
[INFO] [stdout] error[E0432]: unresolved import `timelite::LiteDuration`
[INFO] [stdout]  --> src/lib.rs:44:5
[INFO] [stdout]   |
[INFO] [stdout] 4 | use timelite::LiteDuration;
[INFO] [stdout]   |     ^^^^^^^^^^^^^^^^^^^^^^ no `LiteDuration` in the root
[INFO] [stdout] 
[INFO] [stdout] error: aborting due to previous error
[INFO] [stdout] 
[INFO] [stdout] For more information about this error, try `rustc --explain E0432`.
[INFO] [stdout] Couldn't compile the test.
[INFO] [stdout] ---- src/lib.rs - (line 74) stdout ----
[INFO] [stdout] error[E0432]: unresolved import `timelite::LiteDuration`
[INFO] [stdout]  --> src/lib.rs:75:5
[INFO] [stdout]   |
[INFO] [stdout] 4 | use timelite::LiteDuration;
[INFO] [stdout]   |     ^^^^^^^^^^^^^^^^^^^^^^ no `LiteDuration` in the root
[INFO] [stdout] 
[INFO] [stdout] error: aborting due to previous error
[INFO] [stdout] 
[INFO] [stdout] For more information about this error, try `rustc --explain E0432`.
[INFO] [stdout] Couldn't compile the test.
[INFO] [stdout] ---- src/lib.rs - (line 81) stdout ----
[INFO] [stdout] error[E0432]: unresolved import `timelite::LiteDuration`
[INFO] [stdout]  --> src/lib.rs:82:5
[INFO] [stdout]   |
[INFO] [stdout] 4 | use timelite::LiteDuration;
[INFO] [stdout]   |     ^^^^^^^^^^^^^^^^^^^^^^ no `LiteDuration` in the root
[INFO] [stdout] 
[INFO] [stdout] error: aborting due to previous error
[INFO] [stdout] 
[INFO] [stdout] For more information about this error, try `rustc --explain E0432`.
[INFO] [stdout] Couldn't compile the test.
[INFO] [stdout] 
[INFO] [stdout] failures:
[INFO] [stdout]     src/lib.rs - (line 11)
[INFO] [stdout]     src/lib.rs - (line 19)
[INFO] [stdout]     src/lib.rs - (line 27)
[INFO] [stdout]     src/lib.rs - (line 35)
[INFO] [stdout]     src/lib.rs - (line 43)
[INFO] [stdout]     src/lib.rs - (line 51)
[INFO] [stdout]     src/lib.rs - (line 59)
[INFO] [stdout]     src/lib.rs - (line 67)
[INFO] [stdout]     src/lib.rs - (line 74)
[INFO] [stdout]     src/lib.rs - (line 81)
[INFO] [stdout] 
[INFO] [stdout] test result: FAILED. 1 passed; 10 failed; 0 ignored; 0 measured; 0 filtered out; finished in 0.15s
[INFO] [stdout] 
[INFO] [stderr] error: doctest failed, to rerun pass `--doc`
[INFO] running `Command { std: "docker" "inspect" "dfc244ed35744cb65834c84698e60906c1cca2373c65880831c8371ea0c09836", kill_on_drop: false }`
[INFO] running `Command { std: "docker" "rm" "-f" "dfc244ed35744cb65834c84698e60906c1cca2373c65880831c8371ea0c09836", kill_on_drop: false }`
[INFO] [stdout] dfc244ed35744cb65834c84698e60906c1cca2373c65880831c8371ea0c09836
