[INFO] cloning repository https://github.com/cgreencode/vipers
[INFO] running `Command { std: "git" "-c" "credential.helper=" "-c" "credential.helper=/workspace/cargo-home/bin/git-credential-null" "clone" "--bare" "https://github.com/cgreencode/vipers" "/workspace/cache/git-repos/https%3A%2F%2Fgithub.com%2Fcgreencode%2Fvipers", kill_on_drop: false }`
[INFO] [stderr] Cloning into bare repository '/workspace/cache/git-repos/https%3A%2F%2Fgithub.com%2Fcgreencode%2Fvipers'...
[INFO] running `Command { std: "git" "rev-parse" "HEAD", kill_on_drop: false }`
[INFO] [stdout] e6895a41222118f27db27fe2a5e78c113741b98e
[INFO] testing cgreencode/vipers against 1.69.0 for beta-1.70-1
[INFO] running `Command { std: "git" "clone" "/workspace/cache/git-repos/https%3A%2F%2Fgithub.com%2Fcgreencode%2Fvipers" "/workspace/builds/worker-4-tc1/source", kill_on_drop: false }`
[INFO] [stderr] Cloning into '/workspace/builds/worker-4-tc1/source'...
[INFO] [stderr] done.
[INFO] validating manifest of git repo https://github.com/cgreencode/vipers on toolchain 1.69.0
[INFO] running `Command { std: CARGO_HOME="/workspace/cargo-home" RUSTUP_HOME="/workspace/rustup-home" "/workspace/cargo-home/bin/cargo" "+1.69.0" "metadata" "--manifest-path" "Cargo.toml" "--no-deps", kill_on_drop: false }`
[INFO] started tweaking git repo https://github.com/cgreencode/vipers
[INFO] finished tweaking git repo https://github.com/cgreencode/vipers
[INFO] tweaked toml for git repo https://github.com/cgreencode/vipers written to /workspace/builds/worker-4-tc1/source/Cargo.toml
[INFO] crate git repo https://github.com/cgreencode/vipers already has a lockfile, it will not be regenerated
[INFO] running `Command { std: CARGO_HOME="/workspace/cargo-home" RUSTUP_HOME="/workspace/rustup-home" "/workspace/cargo-home/bin/cargo" "+1.69.0" "fetch" "--manifest-path" "Cargo.toml", kill_on_drop: false }`
[INFO] [stderr]  Downloading crates ...
[INFO] [stderr]   Downloaded anchor-spl v0.20.1
[INFO] [stderr]   Downloaded borsh-schema-derive-internal v0.9.2
[INFO] [stderr]   Downloaded borsh-derive-internal v0.9.2
[INFO] [stderr]   Downloaded solana-sdk-macro v1.9.5
[INFO] [stderr]   Downloaded borsh v0.9.2
[INFO] [stderr]   Downloaded borsh-derive v0.9.2
[INFO] [stderr]   Downloaded solana-frozen-abi-macro v1.9.5
[INFO] [stderr]   Downloaded solana-logger v1.9.5
[INFO] [stderr]   Downloaded solana-frozen-abi v1.9.5
[INFO] [stderr]   Downloaded solana-program v1.9.5
[INFO] [stderr]   Downloaded static-pubkey v1.0.2
[INFO] running `Command { std: "docker" "create" "-v" "/var/lib/crater-agent-workspace/builds/worker-4-tc1/target:/opt/rustwide/target:rw,Z" "-v" "/var/lib/crater-agent-workspace/builds/worker-4-tc1/source:/opt/rustwide/workdir:ro,Z" "-v" "/var/lib/crater-agent-workspace/cargo-home:/opt/rustwide/cargo-home:ro,Z" "-v" "/var/lib/crater-agent-workspace/rustup-home:/opt/rustwide/rustup-home:ro,Z" "-e" "SOURCE_DIR=/opt/rustwide/workdir" "-e" "CARGO_TARGET_DIR=/opt/rustwide/target" "-e" "CARGO_HOME=/opt/rustwide/cargo-home" "-e" "RUSTUP_HOME=/opt/rustwide/rustup-home" "-w" "/opt/rustwide/workdir" "-m" "1610612736" "--user" "0:0" "--network" "none" "ghcr.io/rust-lang/crates-build-env/linux@sha256:5ff2268d62e97bff2cde7d5815dd6ed5b47097566f13b8d0ca110b04b60e07ed" "/opt/rustwide/cargo-home/bin/cargo" "+1.69.0" "metadata" "--no-deps" "--format-version=1", kill_on_drop: false }`
[INFO] [stdout] 0084e09cb7691a399a5c2b225d021ccbd56ad96615a638a62d28fac77da6ebc1
[INFO] running `Command { std: "docker" "start" "-a" "0084e09cb7691a399a5c2b225d021ccbd56ad96615a638a62d28fac77da6ebc1", kill_on_drop: false }`
[INFO] running `Command { std: "docker" "inspect" "0084e09cb7691a399a5c2b225d021ccbd56ad96615a638a62d28fac77da6ebc1", kill_on_drop: false }`
[INFO] running `Command { std: "docker" "rm" "-f" "0084e09cb7691a399a5c2b225d021ccbd56ad96615a638a62d28fac77da6ebc1", kill_on_drop: false }`
[INFO] [stdout] 0084e09cb7691a399a5c2b225d021ccbd56ad96615a638a62d28fac77da6ebc1
[INFO] running `Command { std: "docker" "create" "-v" "/var/lib/crater-agent-workspace/builds/worker-4-tc1/target:/opt/rustwide/target:rw,Z" "-v" "/var/lib/crater-agent-workspace/builds/worker-4-tc1/source:/opt/rustwide/workdir:ro,Z" "-v" "/var/lib/crater-agent-workspace/cargo-home:/opt/rustwide/cargo-home:ro,Z" "-v" "/var/lib/crater-agent-workspace/rustup-home:/opt/rustwide/rustup-home:ro,Z" "-e" "SOURCE_DIR=/opt/rustwide/workdir" "-e" "CARGO_TARGET_DIR=/opt/rustwide/target" "-e" "CARGO_INCREMENTAL=0" "-e" "RUST_BACKTRACE=full" "-e" "RUSTFLAGS=--cap-lints=warn" "-e" "RUSTDOCFLAGS=--cap-lints=warn" "-e" "CARGO_HOME=/opt/rustwide/cargo-home" "-e" "RUSTUP_HOME=/opt/rustwide/rustup-home" "-w" "/opt/rustwide/workdir" "-m" "1610612736" "--user" "0:0" "--network" "none" "ghcr.io/rust-lang/crates-build-env/linux@sha256:5ff2268d62e97bff2cde7d5815dd6ed5b47097566f13b8d0ca110b04b60e07ed" "/opt/rustwide/cargo-home/bin/cargo" "+1.69.0" "build" "--frozen" "--message-format=json", kill_on_drop: false }`
[INFO] [stdout] 00d1784523ab03bcf9e383d1977cf65efc098cc4319698844ec038134474ee97
[INFO] running `Command { std: "docker" "start" "-a" "00d1784523ab03bcf9e383d1977cf65efc098cc4319698844ec038134474ee97", kill_on_drop: false }`
[INFO] [stderr]    Compiling proc-macro2 v1.0.36
[INFO] [stderr]    Compiling unicode-xid v0.2.2
[INFO] [stderr]    Compiling syn v1.0.86
[INFO] [stderr]    Compiling serde_derive v1.0.136
[INFO] [stderr]    Compiling serde v1.0.136
[INFO] [stderr]    Compiling version_check v0.9.4
[INFO] [stderr]    Compiling typenum v1.15.0
[INFO] [stderr]    Compiling cfg-if v1.0.0
[INFO] [stderr]    Compiling libc v0.2.115
[INFO] [stderr]    Compiling block-padding v0.2.1
[INFO] [stderr]    Compiling opaque-debug v0.3.0
[INFO] [stderr]    Compiling cpufeatures v0.2.1
[INFO] [stderr]    Compiling subtle v2.4.1
[INFO] [stderr]    Compiling semver v1.0.4
[INFO] [stderr]    Compiling log v0.4.14
[INFO] [stderr]    Compiling serde_json v1.0.78
[INFO] [stderr]    Compiling anyhow v1.0.53
[INFO] [stderr]    Compiling yansi v0.5.0
[INFO] [stderr]    Compiling crunchy v0.2.2
[INFO] [stderr]    Compiling ryu v1.0.9
[INFO] [stderr]    Compiling itoa v1.0.1
[INFO] [stderr]    Compiling unicode-segmentation v1.8.0
[INFO] [stderr]    Compiling memchr v2.4.1
[INFO] [stderr]    Compiling bs58 v0.3.1
[INFO] [stderr]    Compiling getrandom v0.1.16
[INFO] [stderr]    Compiling wasm-bindgen-shared v0.2.79
[INFO] [stderr]    Compiling regex-syntax v0.6.25
[INFO] [stderr]    Compiling rustversion v1.0.6
[INFO] [stderr]    Compiling generic-array v0.14.5
[INFO] [stderr]    Compiling proc-macro2-diagnostics v0.9.1
[INFO] [stderr]    Compiling heck v0.3.3
[INFO] [stderr]    Compiling ahash v0.7.6
[INFO] [stderr]    Compiling rustc_version v0.4.0
[INFO] [stderr]    Compiling bumpalo v3.9.1
[INFO] [stderr]    Compiling feature-probe v0.1.1
[INFO] [stderr]    Compiling once_cell v1.9.0
[INFO] [stderr]    Compiling ppv-lite86 v0.2.16
[INFO] [stderr]    Compiling termcolor v1.1.2
[INFO] [stderr]    Compiling autocfg v1.0.1
[INFO] [stderr]    Compiling cc v1.0.72
[INFO] [stderr]    Compiling bs58 v0.4.0
[INFO] [stderr]    Compiling quote v1.0.15
[INFO] [stderr]    Compiling humantime v2.1.0
[INFO] [stderr]    Compiling bv v0.11.1
[INFO] [stderr]    Compiling solana-frozen-abi-macro v1.9.5
[INFO] [stderr]    Compiling aho-corasick v0.7.18
[INFO] [stderr]    Compiling atty v0.2.14
[INFO] [stderr]    Compiling getrandom v0.2.4
[INFO] [stderr]    Compiling rand_core v0.5.1
[INFO] [stderr]    Compiling solana-frozen-abi v1.9.5
[INFO] [stderr]    Compiling wasm-bindgen v0.2.79
[INFO] [stderr]    Compiling arrayref v0.3.6
[INFO] [stderr]    Compiling num-traits v0.2.14
[INFO] [stderr]    Compiling solana-program v1.9.5
[INFO] [stderr]    Compiling memmap2 v0.5.2
[INFO] [stderr]    Compiling byteorder v1.4.3
[INFO] [stderr]    Compiling either v1.6.1
[INFO] [stderr]    Compiling arrayvec v0.7.2
[INFO] [stderr]    Compiling rand_chacha v0.2.2
[INFO] [stderr]    Compiling hashbrown v0.11.2
[INFO] [stderr]    Compiling keccak v0.1.0
[INFO] [stderr]    Compiling zeroize v1.5.1
[INFO] [stderr]    Compiling constant_time_eq v0.1.5
[INFO] [stderr]    Compiling base64 v0.12.3
[INFO] [stderr]    Compiling itertools v0.10.3
[INFO] [stderr]    Compiling base64 v0.13.0
[INFO] [stderr]    Compiling bitflags v1.3.2
[INFO] [stderr]    Compiling rand v0.7.3
[INFO] [stderr]    Compiling blake3 v1.3.1
[INFO] [stderr]    Compiling regex v1.5.4
[INFO] [stderr]    Compiling env_logger v0.9.0
[INFO] [stderr]    Compiling solana-logger v1.9.5
[INFO] [stderr]    Compiling wasm-bindgen-backend v0.2.79
[INFO] [stderr]    Compiling borsh-schema-derive-internal v0.9.2
[INFO] [stderr]    Compiling borsh-derive-internal v0.9.2
[INFO] [stderr]    Compiling thiserror-impl v1.0.30
[INFO] [stderr]    Compiling bytemuck_derive v1.0.1
[INFO] [stderr]    Compiling solana-sdk-macro v1.9.5
[INFO] [stderr]    Compiling num-derive v0.3.3
[INFO] [stderr]    Compiling wasm-bindgen-macro-support v0.2.79
[INFO] [stderr]    Compiling bytemuck v1.7.3
[INFO] [stderr]    Compiling wasm-bindgen-macro v0.2.79
[INFO] [stderr]    Compiling thiserror v1.0.30
[INFO] [stderr]    Compiling toml v0.5.8
[INFO] [stderr]    Compiling bincode v1.3.3
[INFO] [stderr]    Compiling serde_bytes v0.11.5
[INFO] [stderr]    Compiling digest v0.9.0
[INFO] [stderr]    Compiling block-buffer v0.9.0
[INFO] [stderr]    Compiling crypto-mac v0.8.0
[INFO] [stderr]    Compiling block-buffer v0.10.0
[INFO] [stderr]    Compiling crypto-common v0.1.1
[INFO] [stderr]    Compiling sha2 v0.9.9
[INFO] [stderr]    Compiling libsecp256k1-core v0.2.2
[INFO] [stderr]    Compiling hmac v0.8.1
[INFO] [stderr]    Compiling curve25519-dalek v3.2.0
[INFO] [stderr]    Compiling sha3 v0.9.1
[INFO] [stderr]    Compiling digest v0.10.1
[INFO] [stderr]    Compiling hmac-drbg v0.3.0
[INFO] [stderr]    Compiling proc-macro-crate v0.1.5
[INFO] [stderr]    Compiling proc-macro-crate v1.1.0
[INFO] [stderr]    Compiling anchor-syn v0.20.1
[INFO] [stderr]    Compiling borsh-derive v0.9.2
[INFO] [stderr]    Compiling num_enum_derive v0.5.6
[INFO] [stderr]    Compiling libsecp256k1-gen-genmult v0.2.1
[INFO] [stderr]    Compiling libsecp256k1-gen-ecmult v0.2.1
[INFO] [stderr]    Compiling libsecp256k1 v0.6.0
[INFO] [stderr]    Compiling borsh v0.9.2
[INFO] [stderr]    Compiling num_enum v0.5.6
[INFO] [stderr]    Compiling anchor-attribute-access-control v0.20.1
[INFO] [stderr]    Compiling anchor-attribute-error v0.20.1
[INFO] [stderr]    Compiling anchor-attribute-event v0.20.1
[INFO] [stderr]    Compiling anchor-attribute-state v0.20.1
[INFO] [stderr]    Compiling anchor-attribute-interface v0.20.1
[INFO] [stderr]    Compiling anchor-attribute-constant v0.20.1
[INFO] [stderr]    Compiling anchor-derive-accounts v0.20.1
[INFO] [stderr]    Compiling anchor-attribute-account v0.20.1
[INFO] [stderr]    Compiling anchor-attribute-program v0.20.1
[INFO] [stderr]    Compiling spl-token v3.3.0
[INFO] [stderr]    Compiling anchor-lang v0.20.1
[INFO] [stderr]    Compiling spl-associated-token-account v1.0.3
[INFO] [stderr]    Compiling anchor-spl v0.20.1
[INFO] [stderr]    Compiling vipers v1.5.9 (/opt/rustwide/workdir/vipers)
[INFO] [stderr]     Finished dev [unoptimized + debuginfo] target(s) in 24.49s
[INFO] running `Command { std: "docker" "inspect" "00d1784523ab03bcf9e383d1977cf65efc098cc4319698844ec038134474ee97", kill_on_drop: false }`
[INFO] running `Command { std: "docker" "rm" "-f" "00d1784523ab03bcf9e383d1977cf65efc098cc4319698844ec038134474ee97", kill_on_drop: false }`
[INFO] [stdout] 00d1784523ab03bcf9e383d1977cf65efc098cc4319698844ec038134474ee97
[INFO] running `Command { std: "docker" "create" "-v" "/var/lib/crater-agent-workspace/builds/worker-4-tc1/target:/opt/rustwide/target:rw,Z" "-v" "/var/lib/crater-agent-workspace/builds/worker-4-tc1/source:/opt/rustwide/workdir:ro,Z" "-v" "/var/lib/crater-agent-workspace/cargo-home:/opt/rustwide/cargo-home:ro,Z" "-v" "/var/lib/crater-agent-workspace/rustup-home:/opt/rustwide/rustup-home:ro,Z" "-e" "SOURCE_DIR=/opt/rustwide/workdir" "-e" "CARGO_TARGET_DIR=/opt/rustwide/target" "-e" "CARGO_INCREMENTAL=0" "-e" "RUST_BACKTRACE=full" "-e" "RUSTFLAGS=--cap-lints=warn" "-e" "RUSTDOCFLAGS=--cap-lints=warn" "-e" "CARGO_HOME=/opt/rustwide/cargo-home" "-e" "RUSTUP_HOME=/opt/rustwide/rustup-home" "-w" "/opt/rustwide/workdir" "-m" "1610612736" "--user" "0:0" "--network" "none" "ghcr.io/rust-lang/crates-build-env/linux@sha256:5ff2268d62e97bff2cde7d5815dd6ed5b47097566f13b8d0ca110b04b60e07ed" "/opt/rustwide/cargo-home/bin/cargo" "+1.69.0" "test" "--frozen" "--no-run" "--message-format=json", kill_on_drop: false }`
[INFO] [stdout] ef38b537289e96f71403916af8e3fdf78e4dcd9783f7abb77f180ca1a2ca5453
[INFO] running `Command { std: "docker" "start" "-a" "ef38b537289e96f71403916af8e3fdf78e4dcd9783f7abb77f180ca1a2ca5453", kill_on_drop: false }`
[INFO] [stderr]    Compiling static-pubkey v1.0.2
[INFO] [stderr]    Compiling vipers v1.5.9 (/opt/rustwide/workdir/vipers)
[INFO] [stderr]     Finished test [unoptimized + debuginfo] target(s) in 1.10s
[INFO] running `Command { std: "docker" "inspect" "ef38b537289e96f71403916af8e3fdf78e4dcd9783f7abb77f180ca1a2ca5453", kill_on_drop: false }`
[INFO] running `Command { std: "docker" "rm" "-f" "ef38b537289e96f71403916af8e3fdf78e4dcd9783f7abb77f180ca1a2ca5453", kill_on_drop: false }`
[INFO] [stdout] ef38b537289e96f71403916af8e3fdf78e4dcd9783f7abb77f180ca1a2ca5453
[INFO] running `Command { std: "docker" "create" "-v" "/var/lib/crater-agent-workspace/builds/worker-4-tc1/target:/opt/rustwide/target:rw,Z" "-v" "/var/lib/crater-agent-workspace/builds/worker-4-tc1/source:/opt/rustwide/workdir:ro,Z" "-v" "/var/lib/crater-agent-workspace/cargo-home:/opt/rustwide/cargo-home:ro,Z" "-v" "/var/lib/crater-agent-workspace/rustup-home:/opt/rustwide/rustup-home:ro,Z" "-e" "SOURCE_DIR=/opt/rustwide/workdir" "-e" "CARGO_TARGET_DIR=/opt/rustwide/target" "-e" "CARGO_INCREMENTAL=0" "-e" "RUST_BACKTRACE=full" "-e" "RUSTFLAGS=--cap-lints=warn" "-e" "RUSTDOCFLAGS=--cap-lints=warn" "-e" "CARGO_HOME=/opt/rustwide/cargo-home" "-e" "RUSTUP_HOME=/opt/rustwide/rustup-home" "-w" "/opt/rustwide/workdir" "-m" "1610612736" "--user" "0:0" "--network" "none" "ghcr.io/rust-lang/crates-build-env/linux@sha256:5ff2268d62e97bff2cde7d5815dd6ed5b47097566f13b8d0ca110b04b60e07ed" "/opt/rustwide/cargo-home/bin/cargo" "+1.69.0" "test" "--frozen", kill_on_drop: false }`
[INFO] [stdout] d21eb0b16288476f3591e94b58007149e6ebccc506feb759c6e2411e11729903
[INFO] running `Command { std: "docker" "start" "-a" "d21eb0b16288476f3591e94b58007149e6ebccc506feb759c6e2411e11729903", kill_on_drop: false }`
[INFO] [stderr]     Finished test [unoptimized + debuginfo] target(s) in 0.08s
[INFO] [stderr]      Running unittests src/lib.rs (/opt/rustwide/target/debug/deps/vipers-43e5ad49e63e5030)
[INFO] [stdout] 
[INFO] [stdout] running 7 tests
[INFO] [stdout] test assert::tests::test_compiles_deprecated ... ok
[INFO] [stdout] test assert::tests::test_assert_owner ... ok
[INFO] [stdout] test assert::tests::test_unwrap_checked ... ok
[INFO] [stdout] test assert::tests::test_invariant ... ok
[INFO] [stdout] test assert::tests::test_unwrap_opt_block ... ok
[INFO] [stdout] test test_id ... ok
[INFO] [stdout] test assert::tests::test_compiles ... ok
[INFO] [stdout] 
[INFO] [stdout] test result: ok. 7 passed; 0 failed; 0 ignored; 0 measured; 0 filtered out; finished in 0.00s
[INFO] [stdout] 
[INFO] [stderr]    Doc-tests vipers
[INFO] [stderr] warning: unknown lint: `rustdoc::missing_doc_code_examples`
[INFO] [stderr]  --> /opt/rustwide/workdir/vipers/src/lib.rs:4:1
[INFO] [stderr]   |
[INFO] [stderr] 4 | #![allow(rustdoc::missing_doc_code_examples)]
[INFO] [stderr]   | ^^^^^^^^^^^^^^^^^^^^^^^^^^^^^^^^^^^^^^^^^^^^^
[INFO] [stderr]   |
[INFO] [stderr]   = note: the `rustdoc::missing_doc_code_examples` lint is unstable
[INFO] [stderr]   = note: see issue #101730 <https://github.com/rust-lang/rust/issues/101730> for more information
[INFO] [stderr]   = note: `#[warn(unknown_lints)]` on by default
[INFO] [stderr] 
[INFO] [stderr] warning: 1 warning emitted
[INFO] [stderr] 
[INFO] [stdout] 
[INFO] [stdout] running 18 tests
[INFO] [stdout] test src/assert.rs - assert::invariant (line 548) ... FAILED
[INFO] [stdout] test src/assert.rs - assert::assert_is_zero_token_account (line 335) ... FAILED
[INFO] [stdout] test src/assert.rs - assert::assert_keys_eq (line 268) ... FAILED
[INFO] [stdout] test src/assert.rs - assert::format_err (line 38) ... FAILED
[INFO] [stdout] test src/assert.rs - assert::assert_keys_eq (line 280) ... FAILED
[INFO] [stdout] test src/assert.rs - assert::program_err (line 61) ... FAILED
[INFO] [stdout] test src/assert.rs - assert::throw_err (line 143) ... FAILED
[INFO] [stdout] test src/assert.rs - assert::assert_keys_neq (line 404) ... FAILED
[INFO] [stdout] test src/assert.rs - assert::try_or_err (line 497) ... ok
[INFO] [stdout] test src/assert.rs - assert::invariant (line 539) ... ok
[INFO] [stdout] test src/assert.rs - assert::unwrap_or_err (line 455) ... ok
[INFO] [stdout] test src/assert.rs - assert::invariant (line 530) ... ok
[INFO] [stdout] test src/assert.rs - assert::unwrap_opt_block (line 94) ... ok
[INFO] [stdout] test src/assert.rs - assert::unwrap_checked (line 120) ... ok
[INFO] [stdout] test src/assert.rs - assert::unwrap_opt (line 609) ... ok
[INFO] [stdout] test src/lib.rs - validate_derived_address (line 20) ... ok
[INFO] [stdout] test src/assert.rs - assert::unwrap_int (line 477) ... ok
[INFO] [stdout] test src/assert.rs - assert::invariant (line 521) ... ok
[INFO] [stdout] 
[INFO] [stdout] failures:
[INFO] [stdout] 
[INFO] [stdout] ---- src/assert.rs - assert::invariant (line 548) stdout ----
[INFO] [stdout] Couldn't compile the test.
[INFO] [stdout] ---- src/assert.rs - assert::assert_is_zero_token_account (line 335) stdout ----
[INFO] [stdout] Couldn't compile the test.
[INFO] [stdout] ---- src/assert.rs - assert::assert_keys_eq (line 268) stdout ----
[INFO] [stdout] Couldn't compile the test.
[INFO] [stdout] ---- src/assert.rs - assert::format_err (line 38) stdout ----
[INFO] [stdout] Couldn't compile the test.
[INFO] [stdout] ---- src/assert.rs - assert::assert_keys_eq (line 280) stdout ----
[INFO] [stdout] Couldn't compile the test.
[INFO] [stdout] ---- src/assert.rs - assert::program_err (line 61) stdout ----
[INFO] [stdout] Couldn't compile the test.
[INFO] [stdout] ---- src/assert.rs - assert::throw_err (line 143) stdout ----
[INFO] [stdout] Couldn't compile the test.
[INFO] [stdout] ---- src/assert.rs - assert::assert_keys_neq (line 404) stdout ----
[INFO] [stdout] error: linking with `cc` failed: exit status: 1
[INFO] [stdout]   |
[INFO] [stdout]   = note: LC_ALL="C" PATH="/opt/rustwide/rustup-home/toolchains/1.69.0-x86_64-unknown-linux-gnu/lib/rustlib/x86_64-unknown-linux-gnu/bin:/opt/rustwide/cargo-home/bin:/usr/local/sbin:/usr/local/bin:/usr/sbin:/usr/bin:/sbin:/bin" VSLANG="1033" "cc" "-m64" "/tmp/rustcVhfK7E/symbols.o" "/tmp/rustdoctest61yYIe/rust_out.rust_out.5bfee551-cgu.0.rcgu.o" "/tmp/rustdoctest61yYIe/rust_out.j00p4ncf7xg64kg.rcgu.o" "-Wl,--as-needed" "-L" "/opt/rustwide/target/debug/deps" "-L" "/opt/rustwide/target/debug/deps" "-L" "/opt/rustwide/target/debug/build/blake3-44fe96421683ab3b/out" "-L" "/opt/rustwide/rustup-home/toolchains/1.69.0-x86_64-unknown-linux-gnu/lib/rustlib/x86_64-unknown-linux-gnu/lib" "-Wl,-Bstatic" "/opt/rustwide/target/debug/deps/libvipers-bb1104e4e82bf430.rlib" "/opt/rustwide/target/debug/deps/libanchor_spl-7e1e680ebec87a24.rlib" "/opt/rustwide/target/debug/deps/libspl_associated_token_account-c756a1cc394bf08e.rlib" "/opt/rustwide/target/debug/deps/libspl_token-48bdd2ff78d8723a.rlib" "/opt/rustwide/target/debug/deps/libnum_enum-d95cf0dfb169ef2c.rlib" "/opt/rustwide/target/debug/deps/libanchor_lang-6e068be2614901b8.rlib" "/opt/rustwide/target/debug/deps/libsolana_program-25111e5a3215ba80.rlib" "/opt/rustwide/target/debug/deps/liblibsecp256k1-eb3528408442c575.rlib" "/opt/rustwide/target/debug/deps/libbase64-302c24c543d89420.rlib" "/opt/rustwide/target/debug/deps/libhmac_drbg-e6e857086c6bc42d.rlib" "/opt/rustwide/target/debug/deps/libhmac-88d698df7a486c17.rlib" "/opt/rustwide/target/debug/deps/libcrypto_mac-652f5372c2412b9c.rlib" "/opt/rustwide/target/debug/deps/liblibsecp256k1_core-048211d1d1c228ed.rlib" "/opt/rustwide/target/debug/deps/libcrunchy-a436a26727758dc0.rlib" "/opt/rustwide/target/debug/deps/librand-e21227bc27ee374a.rlib" "/opt/rustwide/target/debug/deps/librand_chacha-ed2c3cf3965437dc.rlib" "/opt/rustwide/target/debug/deps/libppv_lite86-663deac31cfbfc11.rlib" "/opt/rustwide/target/debug/deps/libcurve25519_dalek-17bc71f4d9a9fc41.rlib" "/opt/rustwide/target/debug/deps/libzeroize-1530b13271c08b02.rlib" "/opt/rustwide/target/debug/deps/librand_core-67ae0f96495f0f68.rlib" "/opt/rustwide/target/debug/deps/libgetrandom-75b2f27f6d79b91e.rlib" "/opt/rustwide/target/debug/deps/liblibc-06409c5f9a9ccc73.rlib" "/opt/rustwide/target/debug/deps/libbyteorder-f4448a6ec9b1b852.rlib" "/opt/rustwide/target/debug/deps/libbase64-007e7c1fbda2b30a.rlib" "/opt/rustwide/target/debug/deps/libserde_bytes-f59b04e327901d1d.rlib" "/opt/rustwide/target/debug/deps/libbs58-87068924f57c323a.rlib" "/opt/rustwide/target/debug/deps/libwasm_bindgen-103ea846c0264911.rlib" "/opt/rustwide/target/debug/deps/libbitflags-82cc2d155c6eb112.rlib" "/opt/rustwide/target/debug/deps/libbv-c161d3c91f584875.rlib" "/opt/rustwide/target/debug/deps/libitertools-616539432dbce704.rlib" "/opt/rustwide/target/debug/deps/libeither-35bc8c9d74b85ee8.rlib" "/opt/rustwide/target/debug/deps/libblake3-ac279e64bd190085.rlib" "/opt/rustwide/target/debug/deps/libconstant_time_eq-6fe25b1f97b127b0.rlib" "/opt/rustwide/target/debug/deps/libarrayvec-eaab725bd11a1a74.rlib" "/opt/rustwide/target/debug/deps/libdigest-e3d42d1d7e4c7741.rlib" "/opt/rustwide/target/debug/deps/libsubtle-ae2c2164c6e4cd38.rlib" "/opt/rustwide/target/debug/deps/libblock_buffer-a035bada59b8288c.rlib" "/opt/rustwide/target/debug/deps/libcrypto_common-a5da3908d0c65805.rlib" "/opt/rustwide/target/debug/deps/libarrayref-6f2a7630164a9ee6.rlib" "/opt/rustwide/target/debug/deps/liblazy_static-a15e1ed0a3c31761.rlib" "/opt/rustwide/target/debug/deps/libsha3-1dce5d952642d8e7.rlib" "/opt/rustwide/target/debug/deps/libkeccak-fd9fc6edce8c4c5b.rlib" "/opt/rustwide/target/debug/deps/libsha2-ac4eaed333c956ff.rlib" "/opt/rustwide/target/debug/deps/libcpufeatures-95359a6f6f2254d9.rlib" "/opt/rustwide/target/debug/deps/libopaque_debug-502d41d476583e16.rlib" "/opt/rustwide/target/debug/deps/libdigest-5bafaffacc72627b.rlib" "/opt/rustwide/target/debug/deps/libblock_buffer-12f6f711f80bd7f6.rlib" "/opt/rustwide/target/debug/deps/libblock_padding-4e7fecc44dbeff7c.rlib" "/opt/rustwide/target/debug/deps/libgeneric_array-1f0db1af397deba1.rlib" "/opt/rustwide/target/debug/deps/libtypenum-9f315a73fa1c732e.rlib" "/opt/rustwide/target/debug/deps/liblog-50c946da9511fc97.rlib" "/opt/rustwide/target/debug/deps/libcfg_if-e5e118dd7d121aaa.rlib" "/opt/rustwide/target/debug/deps/libnum_traits-ff870d52b3ba384a.rlib" "/opt/rustwide/target/debug/deps/libbincode-6013c7d067f13f0a.rlib" "/opt/rustwide/target/debug/deps/libserde-f672b9ca319d0ca8.rlib" "/opt/rustwide/target/debug/deps/libthiserror-1a298e4b08576576.rlib" "/opt/rustwide/target/debug/deps/libborsh-8103723c2bb13c23.rlib" "/opt/rustwide/target/debug/deps/libbytemuck-4cc3b782466e4e12.rlib" "/opt/rustwide/rustup-home/toolchains/1.69.0-x86_64-unknown-linux-gnu/lib/rustlib/x86_64-unknown-linux-gnu/lib/libstd-89bc084783fdc439.rlib" "/opt/rustwide/rustup-home/toolchains/1.69.0-x86_64-unknown-linux-gnu/lib/rustlib/x86_64-unknown-linux-gnu/lib/libpanic_unwind-8bee4b287d4367c1.rlib" "/opt/rustwide/rustup-home/toolchains/1.69.0-x86_64-unknown-linux-gnu/lib/rustlib/x86_64-unknown-linux-gnu/lib/libobject-d61707aed80694c0.rlib" "/opt/rustwide/rustup-home/toolchains/1.69.0-x86_64-unknown-linux-gnu/lib/rustlib/x86_64-unknown-linux-gnu/lib/libmemchr-d85366256f22345b.rlib" "/opt/rustwide/rustup-home/toolchains/1.69.0-x86_64-unknown-linux-gnu/lib/rustlib/x86_64-unknown-linux-gnu/lib/libaddr2line-96069b86b8a8cae9.rlib" "/opt/rustwide/rustup-home/toolchains/1.69.0-x86_64-unknown-linux-gnu/lib/rustlib/x86_64-unknown-linux-gnu/lib/libgimli-d19d53abf68dfa6c.rlib" "/opt/rustwide/rustup-home/toolchains/1.69.0-x86_64-unknown-linux-gnu/lib/rustlib/x86_64-unknown-linux-gnu/lib/librustc_demangle-787cbccd19d64ac6.rlib" "/opt/rustwide/rustup-home/toolchains/1.69.0-x86_64-unknown-linux-gnu/lib/rustlib/x86_64-unknown-linux-gnu/lib/libstd_detect-b3837a36b830e0d0.rlib" "/opt/rustwide/rustup-home/toolchains/1.69.0-x86_64-unknown-linux-gnu/lib/rustlib/x86_64-unknown-linux-gnu/lib/libhashbrown-e3deb0e7e3f04966.rlib" "/opt/rustwide/rustup-home/toolchains/1.69.0-x86_64-unknown-linux-gnu/lib/rustlib/x86_64-unknown-linux-gnu/lib/libminiz_oxide-dabbb79c9815def4.rlib" "/opt/rustwide/rustup-home/toolchains/1.69.0-x86_64-unknown-linux-gnu/lib/rustlib/x86_64-unknown-linux-gnu/lib/libadler-305b01f34c9409f2.rlib" "/opt/rustwide/rustup-home/toolchains/1.69.0-x86_64-unknown-linux-gnu/lib/rustlib/x86_64-unknown-linux-gnu/lib/librustc_std_workspace_alloc-f833521df6074e73.rlib" "/opt/rustwide/rustup-home/toolchains/1.69.0-x86_64-unknown-linux-gnu/lib/rustlib/x86_64-unknown-linux-gnu/lib/libunwind-9ac333113350d171.rlib" "/opt/rustwide/rustup-home/toolchains/1.69.0-x86_64-unknown-linux-gnu/lib/rustlib/x86_64-unknown-linux-gnu/lib/libcfg_if-1c126114322d0eee.rlib" "/opt/rustwide/rustup-home/toolchains/1.69.0-x86_64-unknown-linux-gnu/lib/rustlib/x86_64-unknown-linux-gnu/lib/liblibc-bad9164fdeeecf92.rlib" "/opt/rustwide/rustup-home/toolchains/1.69.0-x86_64-unknown-linux-gnu/lib/rustlib/x86_64-unknown-linux-gnu/lib/liballoc-f9374b1e480fa681.rlib" "/opt/rustwide/rustup-home/toolchains/1.69.0-x86_64-unknown-linux-gnu/lib/rustlib/x86_64-unknown-linux-gnu/lib/librustc_std_workspace_core-207f06e41d9603af.rlib" "/opt/rustwide/rustup-home/toolchains/1.69.0-x86_64-unknown-linux-gnu/lib/rustlib/x86_64-unknown-linux-gnu/lib/libcore-7e2768e66e984e85.rlib" "/opt/rustwide/rustup-home/toolchains/1.69.0-x86_64-unknown-linux-gnu/lib/rustlib/x86_64-unknown-linux-gnu/lib/libcompiler_builtins-957b4aff41f8cd46.rlib" "-Wl,-Bdynamic" "-lgcc_s" "-lutil" "-lrt" "-lpthread" "-lm" "-ldl" "-lc" "-Wl,--eh-frame-hdr" "-Wl,-z,noexecstack" "-L" "/opt/rustwide/rustup-home/toolchains/1.69.0-x86_64-unknown-linux-gnu/lib/rustlib/x86_64-unknown-linux-gnu/lib" "-o" "/tmp/rustdoctest61yYIe/rust_out" "-Wl,--gc-sections" "-pie" "-Wl,-z,relro,-z,now" "-nodefaultlibs"
[INFO] [stdout]   = note: collect2: fatal error: ld terminated with signal 9 [Killed]
[INFO] [stdout]           compilation terminated.
[INFO] [stdout]           
[INFO] [stdout] 
[INFO] [stdout] error: aborting due to previous error
[INFO] [stdout] 
[INFO] [stdout] Couldn't compile the test.
[INFO] [stdout] 
[INFO] [stdout] failures:
[INFO] [stdout]     src/assert.rs - assert::assert_is_zero_token_account (line 335)
[INFO] [stdout]     src/assert.rs - assert::assert_keys_eq (line 268)
[INFO] [stdout]     src/assert.rs - assert::assert_keys_eq (line 280)
[INFO] [stdout]     src/assert.rs - assert::assert_keys_neq (line 404)
[INFO] [stdout]     src/assert.rs - assert::format_err (line 38)
[INFO] [stdout]     src/assert.rs - assert::invariant (line 548)
[INFO] [stdout]     src/assert.rs - assert::program_err (line 61)
[INFO] [stdout]     src/assert.rs - assert::throw_err (line 143)
[INFO] [stdout] 
[INFO] [stdout] test result: FAILED. 10 passed; 8 failed; 0 ignored; 0 measured; 0 filtered out; finished in 2.67s
[INFO] [stdout] 
[INFO] [stderr] error: doctest failed, to rerun pass `--doc`
[INFO] running `Command { std: "docker" "inspect" "d21eb0b16288476f3591e94b58007149e6ebccc506feb759c6e2411e11729903", kill_on_drop: false }`
[INFO] running `Command { std: "docker" "rm" "-f" "d21eb0b16288476f3591e94b58007149e6ebccc506feb759c6e2411e11729903", kill_on_drop: false }`
[INFO] [stdout] d21eb0b16288476f3591e94b58007149e6ebccc506feb759c6e2411e11729903
