[INFO] cloning repository https://github.com/cgm616/cube_puzzle
[INFO] running `Command { std: "git" "-c" "credential.helper=" "-c" "credential.helper=/workspace/cargo-home/bin/git-credential-null" "clone" "--bare" "https://github.com/cgm616/cube_puzzle" "/workspace/cache/git-repos/https%3A%2F%2Fgithub.com%2Fcgm616%2Fcube_puzzle", kill_on_drop: false }`
[INFO] [stderr] Cloning into bare repository '/workspace/cache/git-repos/https%3A%2F%2Fgithub.com%2Fcgm616%2Fcube_puzzle'...
[INFO] running `Command { std: "git" "rev-parse" "HEAD", kill_on_drop: false }`
[INFO] [stdout] eab939615d2f79f07944c7f6258e1963de5b2adb
[INFO] testing cgm616/cube_puzzle against beta-2023-04-20 for beta-1.70-1
[INFO] running `Command { std: "git" "clone" "/workspace/cache/git-repos/https%3A%2F%2Fgithub.com%2Fcgm616%2Fcube_puzzle" "/workspace/builds/worker-6-tc2/source", kill_on_drop: false }`
[INFO] [stderr] Cloning into '/workspace/builds/worker-6-tc2/source'...
[INFO] [stderr] done.
[INFO] validating manifest of git repo https://github.com/cgm616/cube_puzzle on toolchain beta-2023-04-20
[INFO] running `Command { std: CARGO_HOME="/workspace/cargo-home" RUSTUP_HOME="/workspace/rustup-home" "/workspace/cargo-home/bin/cargo" "+beta-2023-04-20" "metadata" "--manifest-path" "Cargo.toml" "--no-deps", kill_on_drop: false }`
[INFO] started tweaking git repo https://github.com/cgm616/cube_puzzle
[INFO] finished tweaking git repo https://github.com/cgm616/cube_puzzle
[INFO] tweaked toml for git repo https://github.com/cgm616/cube_puzzle written to /workspace/builds/worker-6-tc2/source/Cargo.toml
[INFO] crate git repo https://github.com/cgm616/cube_puzzle already has a lockfile, it will not be regenerated
[INFO] running `Command { std: CARGO_HOME="/workspace/cargo-home" RUSTUP_HOME="/workspace/rustup-home" "/workspace/cargo-home/bin/cargo" "+beta-2023-04-20" "fetch" "--manifest-path" "Cargo.toml", kill_on_drop: false }`
[INFO] running `Command { std: "docker" "create" "-v" "/var/lib/crater-agent-workspace/builds/worker-6-tc2/target:/opt/rustwide/target:rw,Z" "-v" "/var/lib/crater-agent-workspace/builds/worker-6-tc2/source:/opt/rustwide/workdir:ro,Z" "-v" "/var/lib/crater-agent-workspace/cargo-home:/opt/rustwide/cargo-home:ro,Z" "-v" "/var/lib/crater-agent-workspace/rustup-home:/opt/rustwide/rustup-home:ro,Z" "-e" "SOURCE_DIR=/opt/rustwide/workdir" "-e" "CARGO_TARGET_DIR=/opt/rustwide/target" "-e" "CARGO_HOME=/opt/rustwide/cargo-home" "-e" "RUSTUP_HOME=/opt/rustwide/rustup-home" "-w" "/opt/rustwide/workdir" "-m" "1610612736" "--user" "0:0" "--network" "none" "ghcr.io/rust-lang/crates-build-env/linux@sha256:5ff2268d62e97bff2cde7d5815dd6ed5b47097566f13b8d0ca110b04b60e07ed" "/opt/rustwide/cargo-home/bin/cargo" "+beta-2023-04-20" "metadata" "--no-deps" "--format-version=1", kill_on_drop: false }`
[INFO] [stdout] fc30411a8ae80ac7ff1cb13815bfa1f3e1903737f5ab2cffd2f09254677b6bca
[INFO] running `Command { std: "docker" "start" "-a" "fc30411a8ae80ac7ff1cb13815bfa1f3e1903737f5ab2cffd2f09254677b6bca", kill_on_drop: false }`
[INFO] running `Command { std: "docker" "inspect" "fc30411a8ae80ac7ff1cb13815bfa1f3e1903737f5ab2cffd2f09254677b6bca", kill_on_drop: false }`
[INFO] running `Command { std: "docker" "rm" "-f" "fc30411a8ae80ac7ff1cb13815bfa1f3e1903737f5ab2cffd2f09254677b6bca", kill_on_drop: false }`
[INFO] [stdout] fc30411a8ae80ac7ff1cb13815bfa1f3e1903737f5ab2cffd2f09254677b6bca
[INFO] running `Command { std: "docker" "create" "-v" "/var/lib/crater-agent-workspace/builds/worker-6-tc2/target:/opt/rustwide/target:rw,Z" "-v" "/var/lib/crater-agent-workspace/builds/worker-6-tc2/source:/opt/rustwide/workdir:ro,Z" "-v" "/var/lib/crater-agent-workspace/cargo-home:/opt/rustwide/cargo-home:ro,Z" "-v" "/var/lib/crater-agent-workspace/rustup-home:/opt/rustwide/rustup-home:ro,Z" "-e" "SOURCE_DIR=/opt/rustwide/workdir" "-e" "CARGO_TARGET_DIR=/opt/rustwide/target" "-e" "CARGO_INCREMENTAL=0" "-e" "RUST_BACKTRACE=full" "-e" "RUSTFLAGS=--cap-lints=warn" "-e" "RUSTDOCFLAGS=--cap-lints=warn" "-e" "CARGO_HOME=/opt/rustwide/cargo-home" "-e" "RUSTUP_HOME=/opt/rustwide/rustup-home" "-w" "/opt/rustwide/workdir" "-m" "1610612736" "--user" "0:0" "--network" "none" "ghcr.io/rust-lang/crates-build-env/linux@sha256:5ff2268d62e97bff2cde7d5815dd6ed5b47097566f13b8d0ca110b04b60e07ed" "/opt/rustwide/cargo-home/bin/cargo" "+beta-2023-04-20" "build" "--frozen" "--message-format=json", kill_on_drop: false }`
[INFO] [stdout] a7214d2564a07983d57b34b7f04d07073a39498e78ed960f00675219944a26b9
[INFO] running `Command { std: "docker" "start" "-a" "a7214d2564a07983d57b34b7f04d07073a39498e78ed960f00675219944a26b9", kill_on_drop: false }`
[INFO] [stderr]    Compiling cube_puzzle v0.1.0 (/opt/rustwide/workdir)
[INFO] [stdout] warning: unused import: `Polymino`
[INFO] [stdout]  --> src/board.rs:1:60
[INFO] [stdout]   |
[INFO] [stdout] 1 | use super::poly::{Color, Location, Orientation, PolyIndex, Polymino};
[INFO] [stdout]   |                                                            ^^^^^^^^
[INFO] [stdout]   |
[INFO] [stdout]   = note: `#[warn(unused_imports)]` on by default
[INFO] [stdout] 
[INFO] [stdout] 
[INFO] [stdout] warning: function `rotate_grain_180` is never used
[INFO] [stdout]   --> src/poly.rs:41:12
[INFO] [stdout]    |
[INFO] [stdout] 41 |         fn rotate_grain_180(cubes: &[(Location, Color); 5]) -> [(Location, Color); 5] {
[INFO] [stdout]    |            ^^^^^^^^^^^^^^^^
[INFO] [stdout]    |
[INFO] [stdout]    = note: `#[warn(dead_code)]` on by default
[INFO] [stdout] 
[INFO] [stdout] 
[INFO] [stdout] warning: 2 warnings emitted
[INFO] [stdout] 
[INFO] [stdout] 
[INFO] [stderr]     Finished dev [unoptimized + debuginfo] target(s) in 0.80s
[INFO] running `Command { std: "docker" "inspect" "a7214d2564a07983d57b34b7f04d07073a39498e78ed960f00675219944a26b9", kill_on_drop: false }`
[INFO] running `Command { std: "docker" "rm" "-f" "a7214d2564a07983d57b34b7f04d07073a39498e78ed960f00675219944a26b9", kill_on_drop: false }`
[INFO] [stdout] a7214d2564a07983d57b34b7f04d07073a39498e78ed960f00675219944a26b9
[INFO] running `Command { std: "docker" "create" "-v" "/var/lib/crater-agent-workspace/builds/worker-6-tc2/target:/opt/rustwide/target:rw,Z" "-v" "/var/lib/crater-agent-workspace/builds/worker-6-tc2/source:/opt/rustwide/workdir:ro,Z" "-v" "/var/lib/crater-agent-workspace/cargo-home:/opt/rustwide/cargo-home:ro,Z" "-v" "/var/lib/crater-agent-workspace/rustup-home:/opt/rustwide/rustup-home:ro,Z" "-e" "SOURCE_DIR=/opt/rustwide/workdir" "-e" "CARGO_TARGET_DIR=/opt/rustwide/target" "-e" "CARGO_INCREMENTAL=0" "-e" "RUST_BACKTRACE=full" "-e" "RUSTFLAGS=--cap-lints=warn" "-e" "RUSTDOCFLAGS=--cap-lints=warn" "-e" "CARGO_HOME=/opt/rustwide/cargo-home" "-e" "RUSTUP_HOME=/opt/rustwide/rustup-home" "-w" "/opt/rustwide/workdir" "-m" "1610612736" "--user" "0:0" "--network" "none" "ghcr.io/rust-lang/crates-build-env/linux@sha256:5ff2268d62e97bff2cde7d5815dd6ed5b47097566f13b8d0ca110b04b60e07ed" "/opt/rustwide/cargo-home/bin/cargo" "+beta-2023-04-20" "test" "--frozen" "--no-run" "--message-format=json", kill_on_drop: false }`
[INFO] [stdout] 74657f12df84a48647bd49095d0731426e649697771cd2347f5ac2e26243d50b
[INFO] running `Command { std: "docker" "start" "-a" "74657f12df84a48647bd49095d0731426e649697771cd2347f5ac2e26243d50b", kill_on_drop: false }`
[INFO] [stderr]    Compiling cube_puzzle v0.1.0 (/opt/rustwide/workdir)
[INFO] [stdout] warning: unused import: `Polymino`
[INFO] [stdout]  --> src/board.rs:1:60
[INFO] [stdout]   |
[INFO] [stdout] 1 | use super::poly::{Color, Location, Orientation, PolyIndex, Polymino};
[INFO] [stdout]   |                                                            ^^^^^^^^
[INFO] [stdout]   |
[INFO] [stdout]   = note: `#[warn(unused_imports)]` on by default
[INFO] [stdout] 
[INFO] [stdout] 
[INFO] [stdout] warning: unused import: `self`
[INFO] [stdout]    --> src/board.rs:170:23
[INFO] [stdout]     |
[INFO] [stdout] 170 |     use crate::poly::{self, Orientation, POLYMINOS};
[INFO] [stdout]     |                       ^^^^
[INFO] [stdout] 
[INFO] [stdout] 
[INFO] [stdout] warning: unused variable: `any_cubes`
[INFO] [stdout]    --> src/board.rs:200:21
[INFO] [stdout]     |
[INFO] [stdout] 200 |                 let any_cubes = board
[INFO] [stdout]     |                     ^^^^^^^^^ help: if this is intentional, prefix it with an underscore: `_any_cubes`
[INFO] [stdout]     |
[INFO] [stdout]     = note: `#[warn(unused_variables)]` on by default
[INFO] [stdout] 
[INFO] [stdout] 
[INFO] [stdout] warning: function `rotate_grain_180` is never used
[INFO] [stdout]   --> src/poly.rs:41:12
[INFO] [stdout]    |
[INFO] [stdout] 41 |         fn rotate_grain_180(cubes: &[(Location, Color); 5]) -> [(Location, Color); 5] {
[INFO] [stdout]    |            ^^^^^^^^^^^^^^^^
[INFO] [stdout]    |
[INFO] [stdout]    = note: `#[warn(dead_code)]` on by default
[INFO] [stdout] 
[INFO] [stdout] 
[INFO] [stdout] warning: 4 warnings emitted
[INFO] [stdout] 
[INFO] [stdout] 
[INFO] [stderr]     Finished test [unoptimized + debuginfo] target(s) in 0.74s
[INFO] running `Command { std: "docker" "inspect" "74657f12df84a48647bd49095d0731426e649697771cd2347f5ac2e26243d50b", kill_on_drop: false }`
[INFO] running `Command { std: "docker" "rm" "-f" "74657f12df84a48647bd49095d0731426e649697771cd2347f5ac2e26243d50b", kill_on_drop: false }`
[INFO] [stdout] 74657f12df84a48647bd49095d0731426e649697771cd2347f5ac2e26243d50b
[INFO] running `Command { std: "docker" "create" "-v" "/var/lib/crater-agent-workspace/builds/worker-6-tc2/target:/opt/rustwide/target:rw,Z" "-v" "/var/lib/crater-agent-workspace/builds/worker-6-tc2/source:/opt/rustwide/workdir:ro,Z" "-v" "/var/lib/crater-agent-workspace/cargo-home:/opt/rustwide/cargo-home:ro,Z" "-v" "/var/lib/crater-agent-workspace/rustup-home:/opt/rustwide/rustup-home:ro,Z" "-e" "SOURCE_DIR=/opt/rustwide/workdir" "-e" "CARGO_TARGET_DIR=/opt/rustwide/target" "-e" "CARGO_INCREMENTAL=0" "-e" "RUST_BACKTRACE=full" "-e" "RUSTFLAGS=--cap-lints=warn" "-e" "RUSTDOCFLAGS=--cap-lints=warn" "-e" "CARGO_HOME=/opt/rustwide/cargo-home" "-e" "RUSTUP_HOME=/opt/rustwide/rustup-home" "-w" "/opt/rustwide/workdir" "-m" "1610612736" "--user" "0:0" "--network" "none" "ghcr.io/rust-lang/crates-build-env/linux@sha256:5ff2268d62e97bff2cde7d5815dd6ed5b47097566f13b8d0ca110b04b60e07ed" "/opt/rustwide/cargo-home/bin/cargo" "+beta-2023-04-20" "test" "--frozen", kill_on_drop: false }`
[INFO] [stdout] 87d5cb9559a02c433615a122a35f174d6778708341e9a0311de162ab4e8cdc35
[INFO] running `Command { std: "docker" "start" "-a" "87d5cb9559a02c433615a122a35f174d6778708341e9a0311de162ab4e8cdc35", kill_on_drop: false }`
[INFO] [stderr] warning: unused import: `Polymino`
[INFO] [stderr]  --> src/board.rs:1:60
[INFO] [stderr]   |
[INFO] [stderr] 1 | use super::poly::{Color, Location, Orientation, PolyIndex, Polymino};
[INFO] [stderr]   |                                                            ^^^^^^^^
[INFO] [stderr]   |
[INFO] [stderr]   = note: `#[warn(unused_imports)]` on by default
[INFO] [stderr] 
[INFO] [stderr] warning: unused import: `self`
[INFO] [stderr]    --> src/board.rs:170:23
[INFO] [stderr]     |
[INFO] [stderr] 170 |     use crate::poly::{self, Orientation, POLYMINOS};
[INFO] [stderr]     |                       ^^^^
[INFO] [stderr] 
[INFO] [stderr] warning: unused variable: `any_cubes`
[INFO] [stderr]    --> src/board.rs:200:21
[INFO] [stderr]     |
[INFO] [stderr] 200 |                 let any_cubes = board
[INFO] [stderr]     |                     ^^^^^^^^^ help: if this is intentional, prefix it with an underscore: `_any_cubes`
[INFO] [stderr]     |
[INFO] [stderr]     = note: `#[warn(unused_variables)]` on by default
[INFO] [stderr] 
[INFO] [stderr] warning: function `rotate_grain_180` is never used
[INFO] [stderr]   --> src/poly.rs:41:12
[INFO] [stderr]    |
[INFO] [stderr] 41 |         fn rotate_grain_180(cubes: &[(Location, Color); 5]) -> [(Location, Color); 5] {
[INFO] [stderr]    |            ^^^^^^^^^^^^^^^^
[INFO] [stderr]    |
[INFO] [stderr]    = note: `#[warn(dead_code)]` on by default
[INFO] [stderr] 
[INFO] [stderr] warning: `cube_puzzle` (bin "cube_puzzle" test) generated 4 warnings (run `cargo fix --bin "cube_puzzle" --tests` to apply 3 suggestions)
[INFO] [stderr]     Finished test [unoptimized + debuginfo] target(s) in 0.00s
[INFO] [stderr]      Running unittests src/main.rs (/opt/rustwide/target/debug/deps/cube_puzzle-f19519c42c2ee86b)
[INFO] [stdout] 
[INFO] [stdout] running 5 tests
[INFO] [stdout] test poly::test::no_op_normalize ... ok
[INFO] [stdout] test poly::test::no_op_orient ... ok
[INFO] [stdout] test poly::test::short_three_sixty ... ok
[INFO] [stdout] test poly::test::long_three_sixty ... ok
[INFO] [stdout] test board::test::push_and_pop ... FAILED
[INFO] [stdout] 
[INFO] [stdout] failures:
[INFO] [stdout] 
[INFO] [stdout] ---- board::test::push_and_pop stdout ----
[INFO] [stdout] board state:    moves:
[INFO] [stdout] _____   _____      - polymino 0 at (1, 1, 0) not rotated
[INFO] [stdout] _BW__   __B__   
[INFO] [stdout] __BW_   _____   
[INFO] [stdout] _____   _____   
[INFO] [stdout] _____   _____   
[INFO] [stdout] 
[INFO] [stdout] board state:    moves:
[INFO] [stdout] _____   _____      - polymino 0 at (1, 2, 0) rotated 180° about short axis
[INFO] [stdout] _____   _____   
[INFO] [stdout] _WB__   _____   
[INFO] [stdout] __WB_   __B__   
[INFO] [stdout] _____   _____   
[INFO] [stdout] 
[INFO] [stdout] board state:    moves:
[INFO] [stdout] _____   _____      - polymino 0 at (1, 2, 0) rotated 90° about long axis
[INFO] [stdout] _____   _____   
[INFO] [stdout] __B__   _____   
[INFO] [stdout] _BW__   __BW_   
[INFO] [stdout] _____   _____   
[INFO] [stdout] 
[INFO] [stdout] board state:    moves:
[INFO] [stdout] _____   _____      - polymino 0 at (1, 1, 0) rotated 90° about long axis then 180° about short axis
[INFO] [stdout] __WB_   _WB__   
[INFO] [stdout] __B__   _____   
[INFO] [stdout] _____   _____   
[INFO] [stdout] _____   _____   
[INFO] [stdout] 
[INFO] [stdout] board state:    moves:
[INFO] [stdout] _____   _____      - polymino 0 at (1, 1, 0) rotated 180° about long axis
[INFO] [stdout] _____   __BW_   
[INFO] [stdout] __B__   _BW__   
[INFO] [stdout] _____   _____   
[INFO] [stdout] _____   _____   
[INFO] [stdout] 
[INFO] [stdout] board state:    moves:
[INFO] [stdout] _____   _____      - polymino 0 at (1, 2, 0) rotated 180° about long axis then 180° about short axis
[INFO] [stdout] _____   _____   
[INFO] [stdout] __B__   __WB_   
[INFO] [stdout] _____   _WB__   
[INFO] [stdout] _____   _____   
[INFO] [stdout] 
[INFO] [stdout] board state:    moves:
[INFO] [stdout] _____   _____      - polymino 0 at (1, 2, 0) rotated 270° about long axis
[INFO] [stdout] _____   _____   
[INFO] [stdout] __BW_   _BW__   
[INFO] [stdout] _____   __B__   
[INFO] [stdout] _____   _____   
[INFO] [stdout] 
[INFO] [stdout] board state:    moves:
[INFO] [stdout] _____   _____      - polymino 1 at (1, 2, 0) not rotated
[INFO] [stdout] _____   _____   
[INFO] [stdout] _W___   _____   
[INFO] [stdout] _B___   _____   
[INFO] [stdout] _W___   _BW__   
[INFO] [stdout] 
[INFO] [stdout] board state:    moves:
[INFO] [stdout] _____   _____      - polymino 1 at (1, 1, 0) rotated 180° about short axis
[INFO] [stdout] __W__   _WB__   
[INFO] [stdout] __B__   _____   
[INFO] [stdout] __W__   _____   
[INFO] [stdout] _____   _____   
[INFO] [stdout] 
[INFO] [stdout] thread 'board::test::push_and_pop' panicked at 'called `Result::unwrap()` on an `Err` value: "impossible orientation for this piece"', src/board.rs:187:26
[INFO] [stdout] stack backtrace:
[INFO] [stdout]    0:     0x5640ee9c675a - std::backtrace_rs::backtrace::libunwind::trace::h2f05d0192276a8f6
[INFO] [stdout]                                at /rustc/1b7dd2252b99671ce5d1cb9664c5f8636329436d/library/std/src/../../backtrace/src/backtrace/libunwind.rs:93:5
[INFO] [stdout]    1:     0x5640ee9c675a - std::backtrace_rs::backtrace::trace_unsynchronized::hedc23dff7a1af150
[INFO] [stdout]                                at /rustc/1b7dd2252b99671ce5d1cb9664c5f8636329436d/library/std/src/../../backtrace/src/backtrace/mod.rs:66:5
[INFO] [stdout]    2:     0x5640ee9c675a - std::sys_common::backtrace::_print_fmt::h17541ef7592f3ce2
[INFO] [stdout]                                at /rustc/1b7dd2252b99671ce5d1cb9664c5f8636329436d/library/std/src/sys_common/backtrace.rs:65:5
[INFO] [stdout]    3:     0x5640ee9c675a - <std::sys_common::backtrace::_print::DisplayBacktrace as core::fmt::Display>::fmt::h20f75df5ab0c0792
[INFO] [stdout]                                at /rustc/1b7dd2252b99671ce5d1cb9664c5f8636329436d/library/std/src/sys_common/backtrace.rs:44:22
[INFO] [stdout]    4:     0x5640ee9ea3af - core::fmt::write::h78109e6f466b3af6
[INFO] [stdout]                                at /rustc/1b7dd2252b99671ce5d1cb9664c5f8636329436d/library/core/src/fmt/mod.rs:1254:17
[INFO] [stdout]    5:     0x5640ee9c3aa5 - std::io::Write::write_fmt::hd24bfb68a1b35a25
[INFO] [stdout]                                at /rustc/1b7dd2252b99671ce5d1cb9664c5f8636329436d/library/std/src/io/mod.rs:1698:15
[INFO] [stdout]    6:     0x5640ee9c6525 - std::sys_common::backtrace::_print::h8dac57a9f8fbf9a5
[INFO] [stdout]                                at /rustc/1b7dd2252b99671ce5d1cb9664c5f8636329436d/library/std/src/sys_common/backtrace.rs:47:5
[INFO] [stdout]    7:     0x5640ee9c6525 - std::sys_common::backtrace::print::hf9ecbf41d1aa712f
[INFO] [stdout]                                at /rustc/1b7dd2252b99671ce5d1cb9664c5f8636329436d/library/std/src/sys_common/backtrace.rs:34:9
[INFO] [stdout]    8:     0x5640ee9c81de - std::panicking::default_hook::{{closure}}::h04c07acfc84ca028
[INFO] [stdout]                                at /rustc/1b7dd2252b99671ce5d1cb9664c5f8636329436d/library/std/src/panicking.rs:269:22
[INFO] [stdout]    9:     0x5640ee9c7f11 - std::panicking::default_hook::h01f6bb23e1eceb2c
[INFO] [stdout]                                at /rustc/1b7dd2252b99671ce5d1cb9664c5f8636329436d/library/std/src/panicking.rs:285:9
[INFO] [stdout]   10:     0x5640ee99b8ab - <alloc::boxed::Box<F,A> as core::ops::function::Fn<Args>>::call::h87fe9f7b2fd49e4c
[INFO] [stdout]                                at /rustc/1b7dd2252b99671ce5d1cb9664c5f8636329436d/library/alloc/src/boxed.rs:1987:9
[INFO] [stdout]   11:     0x5640ee99b8ab - test::test_main::{{closure}}::he94d679243a7531b
[INFO] [stdout]                                at /rustc/1b7dd2252b99671ce5d1cb9664c5f8636329436d/library/test/src/lib.rs:134:21
[INFO] [stdout]   12:     0x5640ee9c88c4 - <alloc::boxed::Box<F,A> as core::ops::function::Fn<Args>>::call::h3f2d6d8b14c4769f
[INFO] [stdout]                                at /rustc/1b7dd2252b99671ce5d1cb9664c5f8636329436d/library/alloc/src/boxed.rs:1987:9
[INFO] [stdout]   13:     0x5640ee9c88c4 - std::panicking::rust_panic_with_hook::h2bb3722bbaf2f6df
[INFO] [stdout]                                at /rustc/1b7dd2252b99671ce5d1cb9664c5f8636329436d/library/std/src/panicking.rs:695:13
[INFO] [stdout]   14:     0x5640ee9c8639 - std::panicking::begin_panic_handler::{{closure}}::h91bc7f36a4be011b
[INFO] [stdout]                                at /rustc/1b7dd2252b99671ce5d1cb9664c5f8636329436d/library/std/src/panicking.rs:582:13
[INFO] [stdout]   15:     0x5640ee9c6bc6 - std::sys_common::backtrace::__rust_end_short_backtrace::h8b3d3717114f9e59
[INFO] [stdout]                                at /rustc/1b7dd2252b99671ce5d1cb9664c5f8636329436d/library/std/src/sys_common/backtrace.rs:150:18
[INFO] [stdout]   16:     0x5640ee9c8392 - rust_begin_unwind
[INFO] [stdout]                                at /rustc/1b7dd2252b99671ce5d1cb9664c5f8636329436d/library/std/src/panicking.rs:578:5
[INFO] [stdout]   17:     0x5640ee95bba3 - core::panicking::panic_fmt::hfd368e3fbdabea26
[INFO] [stdout]                                at /rustc/1b7dd2252b99671ce5d1cb9664c5f8636329436d/library/core/src/panicking.rs:67:14
[INFO] [stdout]   18:     0x5640ee95bff3 - core::result::unwrap_failed::he54eb4b2f125b26f
[INFO] [stdout]                                at /rustc/1b7dd2252b99671ce5d1cb9664c5f8636329436d/library/core/src/result.rs:1687:5
[INFO] [stdout]   19:     0x5640ee96799c - core::result::Result<T,E>::unwrap::h555e3c102b236497
[INFO] [stdout]                                at /rustc/1b7dd2252b99671ce5d1cb9664c5f8636329436d/library/core/src/result.rs:1089:23
[INFO] [stdout]   20:     0x5640ee960149 - cube_puzzle::board::test::push_and_pop::h24641dcfacab7540
[INFO] [stdout]                                at /opt/rustwide/workdir/src/board.rs:185:21
[INFO] [stdout]   21:     0x5640ee95fce7 - cube_puzzle::board::test::push_and_pop::{{closure}}::h1f215e3e4040f1d2
[INFO] [stdout]                                at /opt/rustwide/workdir/src/board.rs:173:23
[INFO] [stdout]   22:     0x5640ee9625a5 - core::ops::function::FnOnce::call_once::hfaceebef026fcc7c
[INFO] [stdout]                                at /rustc/1b7dd2252b99671ce5d1cb9664c5f8636329436d/library/core/src/ops/function.rs:250:5
[INFO] [stdout]   23:     0x5640ee9a077f - core::ops::function::FnOnce::call_once::ha6a70e79f7481a7e
[INFO] [stdout]                                at /rustc/1b7dd2252b99671ce5d1cb9664c5f8636329436d/library/core/src/ops/function.rs:250:5
[INFO] [stdout]   24:     0x5640ee9a077f - test::__rust_begin_short_backtrace::hce33033019b61e69
[INFO] [stdout]                                at /rustc/1b7dd2252b99671ce5d1cb9664c5f8636329436d/library/test/src/lib.rs:655:18
[INFO] [stdout]   25:     0x5640ee96df6c - test::run_test::{{closure}}::h858d3528838ae3e5
[INFO] [stdout]                                at /rustc/1b7dd2252b99671ce5d1cb9664c5f8636329436d/library/test/src/lib.rs:646:30
[INFO] [stdout]   26:     0x5640ee96df6c - core::ops::function::FnOnce::call_once{{vtable.shim}}::he8ac2b00f01ae79e
[INFO] [stdout]                                at /rustc/1b7dd2252b99671ce5d1cb9664c5f8636329436d/library/core/src/ops/function.rs:250:5
[INFO] [stdout]   27:     0x5640ee99f856 - <alloc::boxed::Box<F,A> as core::ops::function::FnOnce<Args>>::call_once::h8093d25b522725ef
[INFO] [stdout]                                at /rustc/1b7dd2252b99671ce5d1cb9664c5f8636329436d/library/alloc/src/boxed.rs:1973:9
[INFO] [stdout]   28:     0x5640ee99f856 - <core::panic::unwind_safe::AssertUnwindSafe<F> as core::ops::function::FnOnce<()>>::call_once::h5c334c204e4a3913
[INFO] [stdout]                                at /rustc/1b7dd2252b99671ce5d1cb9664c5f8636329436d/library/core/src/panic/unwind_safe.rs:271:9
[INFO] [stdout]   29:     0x5640ee99f856 - std::panicking::try::do_call::ha8b740c7b9478074
[INFO] [stdout]                                at /rustc/1b7dd2252b99671ce5d1cb9664c5f8636329436d/library/std/src/panicking.rs:485:40
[INFO] [stdout]   30:     0x5640ee99f856 - std::panicking::try::h5d34f63d0e41b64e
[INFO] [stdout]                                at /rustc/1b7dd2252b99671ce5d1cb9664c5f8636329436d/library/std/src/panicking.rs:449:19
[INFO] [stdout]   31:     0x5640ee99f856 - std::panic::catch_unwind::hcfbb511e1aa7fc67
[INFO] [stdout]                                at /rustc/1b7dd2252b99671ce5d1cb9664c5f8636329436d/library/std/src/panic.rs:140:14
[INFO] [stdout]   32:     0x5640ee99f856 - test::run_test_in_process::h9abda90f802eaf21
[INFO] [stdout]                                at /rustc/1b7dd2252b99671ce5d1cb9664c5f8636329436d/library/test/src/lib.rs:678:27
[INFO] [stdout]   33:     0x5640ee99f856 - test::run_test::run_test_inner::{{closure}}::h0f058de91f6c6edf
[INFO] [stdout]                                at /rustc/1b7dd2252b99671ce5d1cb9664c5f8636329436d/library/test/src/lib.rs:572:39
[INFO] [stdout]   34:     0x5640ee968775 - test::run_test::run_test_inner::{{closure}}::h5ca48a4c59c6c1fb
[INFO] [stdout]                                at /rustc/1b7dd2252b99671ce5d1cb9664c5f8636329436d/library/test/src/lib.rs:599:37
[INFO] [stdout]   35:     0x5640ee968775 - std::sys_common::backtrace::__rust_begin_short_backtrace::h32bd51e1495d4a33
[INFO] [stdout]                                at /rustc/1b7dd2252b99671ce5d1cb9664c5f8636329436d/library/std/src/sys_common/backtrace.rs:134:18
[INFO] [stdout]   36:     0x5640ee96dcb1 - std::thread::Builder::spawn_unchecked_::{{closure}}::{{closure}}::hc086fae9b128b2db
[INFO] [stdout]                                at /rustc/1b7dd2252b99671ce5d1cb9664c5f8636329436d/library/std/src/thread/mod.rs:526:17
[INFO] [stdout]   37:     0x5640ee96dcb1 - <core::panic::unwind_safe::AssertUnwindSafe<F> as core::ops::function::FnOnce<()>>::call_once::hb66571888d270d43
[INFO] [stdout]                                at /rustc/1b7dd2252b99671ce5d1cb9664c5f8636329436d/library/core/src/panic/unwind_safe.rs:271:9
[INFO] [stdout]   38:     0x5640ee96dcb1 - std::panicking::try::do_call::h4fa2ef4f6e51fecf
[INFO] [stdout]                                at /rustc/1b7dd2252b99671ce5d1cb9664c5f8636329436d/library/std/src/panicking.rs:485:40
[INFO] [stdout]   39:     0x5640ee96dcb1 - std::panicking::try::h1e9e22b8584489b5
[INFO] [stdout]                                at /rustc/1b7dd2252b99671ce5d1cb9664c5f8636329436d/library/std/src/panicking.rs:449:19
[INFO] [stdout]   40:     0x5640ee96dcb1 - std::panic::catch_unwind::h44698a3de0e0769e
[INFO] [stdout]                                at /rustc/1b7dd2252b99671ce5d1cb9664c5f8636329436d/library/std/src/panic.rs:140:14
[INFO] [stdout]   41:     0x5640ee96dcb1 - std::thread::Builder::spawn_unchecked_::{{closure}}::h50153abde3fe239e
[INFO] [stdout]                                at /rustc/1b7dd2252b99671ce5d1cb9664c5f8636329436d/library/std/src/thread/mod.rs:525:30
[INFO] [stdout]   42:     0x5640ee96dcb1 - core::ops::function::FnOnce::call_once{{vtable.shim}}::hbe5bbf6f38394364
[INFO] [stdout]                                at /rustc/1b7dd2252b99671ce5d1cb9664c5f8636329436d/library/core/src/ops/function.rs:250:5
[INFO] [stdout]   43:     0x5640ee9ccd95 - <alloc::boxed::Box<F,A> as core::ops::function::FnOnce<Args>>::call_once::h0d83cb2920a49046
[INFO] [stdout]                                at /rustc/1b7dd2252b99671ce5d1cb9664c5f8636329436d/library/alloc/src/boxed.rs:1973:9
[INFO] [stdout]   44:     0x5640ee9ccd95 - <alloc::boxed::Box<F,A> as core::ops::function::FnOnce<Args>>::call_once::hbe0a008aa7d9ef59
[INFO] [stdout]                                at /rustc/1b7dd2252b99671ce5d1cb9664c5f8636329436d/library/alloc/src/boxed.rs:1973:9
[INFO] [stdout]   45:     0x5640ee9ccd95 - std::sys::unix::thread::Thread::new::thread_start::h3a466996bdf6b1f9
[INFO] [stdout]                                at /rustc/1b7dd2252b99671ce5d1cb9664c5f8636329436d/library/std/src/sys/unix/thread.rs:108:17
[INFO] [stdout]   46:     0x7f250c061b43 - <unknown>
[INFO] [stdout]   47:     0x7f250c0f2bb4 - __clone
[INFO] [stdout]   48:                0x0 - <unknown>
[INFO] [stdout] 
[INFO] [stdout] 
[INFO] [stdout] failures:
[INFO] [stdout]     board::test::push_and_pop
[INFO] [stdout] 
[INFO] [stdout] test result: FAILED. 4 passed; 1 failed; 0 ignored; 0 measured; 0 filtered out; finished in 0.01s
[INFO] [stdout] 
[INFO] [stderr] error: test failed, to rerun pass `--bin cube_puzzle`
[INFO] running `Command { std: "docker" "inspect" "87d5cb9559a02c433615a122a35f174d6778708341e9a0311de162ab4e8cdc35", kill_on_drop: false }`
[INFO] running `Command { std: "docker" "rm" "-f" "87d5cb9559a02c433615a122a35f174d6778708341e9a0311de162ab4e8cdc35", kill_on_drop: false }`
[INFO] [stdout] 87d5cb9559a02c433615a122a35f174d6778708341e9a0311de162ab4e8cdc35
