[INFO] cloning repository https://github.com/carlosecp/raytracer
[INFO] running `Command { std: "git" "-c" "credential.helper=" "-c" "credential.helper=/workspace/cargo-home/bin/git-credential-null" "clone" "--bare" "https://github.com/carlosecp/raytracer" "/workspace/cache/git-repos/https%3A%2F%2Fgithub.com%2Fcarlosecp%2Fraytracer", kill_on_drop: false }`
[INFO] [stderr] Cloning into bare repository '/workspace/cache/git-repos/https%3A%2F%2Fgithub.com%2Fcarlosecp%2Fraytracer'...
[INFO] running `Command { std: "git" "rev-parse" "HEAD", kill_on_drop: false }`
[INFO] [stdout] cf9283821b3e6e621bbbeb197e5133e3954b844f
[INFO] testing carlosecp/raytracer against 1.69.0 for beta-1.70-1
[INFO] running `Command { std: "git" "clone" "/workspace/cache/git-repos/https%3A%2F%2Fgithub.com%2Fcarlosecp%2Fraytracer" "/workspace/builds/worker-2-tc1/source", kill_on_drop: false }`
[INFO] [stderr] Cloning into '/workspace/builds/worker-2-tc1/source'...
[INFO] [stderr] done.
[INFO] validating manifest of git repo https://github.com/carlosecp/raytracer on toolchain 1.69.0
[INFO] running `Command { std: CARGO_HOME="/workspace/cargo-home" RUSTUP_HOME="/workspace/rustup-home" "/workspace/cargo-home/bin/cargo" "+1.69.0" "metadata" "--manifest-path" "Cargo.toml" "--no-deps", kill_on_drop: false }`
[INFO] started tweaking git repo https://github.com/carlosecp/raytracer
[INFO] finished tweaking git repo https://github.com/carlosecp/raytracer
[INFO] tweaked toml for git repo https://github.com/carlosecp/raytracer written to /workspace/builds/worker-2-tc1/source/Cargo.toml
[INFO] crate git repo https://github.com/carlosecp/raytracer already has a lockfile, it will not be regenerated
[INFO] running `Command { std: CARGO_HOME="/workspace/cargo-home" RUSTUP_HOME="/workspace/rustup-home" "/workspace/cargo-home/bin/cargo" "+1.69.0" "fetch" "--manifest-path" "Cargo.toml", kill_on_drop: false }`
[INFO] [stderr]  Downloading crates ...
[INFO] [stderr]   Downloaded console v0.15.4
[INFO] [stderr]   Downloaded serde_test v1.0.152
[INFO] running `Command { std: "docker" "create" "-v" "/var/lib/crater-agent-workspace/builds/worker-2-tc1/target:/opt/rustwide/target:rw,Z" "-v" "/var/lib/crater-agent-workspace/builds/worker-2-tc1/source:/opt/rustwide/workdir:ro,Z" "-v" "/var/lib/crater-agent-workspace/cargo-home:/opt/rustwide/cargo-home:ro,Z" "-v" "/var/lib/crater-agent-workspace/rustup-home:/opt/rustwide/rustup-home:ro,Z" "-e" "SOURCE_DIR=/opt/rustwide/workdir" "-e" "CARGO_TARGET_DIR=/opt/rustwide/target" "-e" "CARGO_HOME=/opt/rustwide/cargo-home" "-e" "RUSTUP_HOME=/opt/rustwide/rustup-home" "-w" "/opt/rustwide/workdir" "-m" "1610612736" "--user" "0:0" "--network" "none" "ghcr.io/rust-lang/crates-build-env/linux@sha256:5ff2268d62e97bff2cde7d5815dd6ed5b47097566f13b8d0ca110b04b60e07ed" "/opt/rustwide/cargo-home/bin/cargo" "+1.69.0" "metadata" "--no-deps" "--format-version=1", kill_on_drop: false }`
[INFO] [stdout] c953875bc7bb44d884dcbb44950c05e8f38d5fc83c522c8db046b5f4d5e2a1e8
[INFO] running `Command { std: "docker" "start" "-a" "c953875bc7bb44d884dcbb44950c05e8f38d5fc83c522c8db046b5f4d5e2a1e8", kill_on_drop: false }`
[INFO] running `Command { std: "docker" "inspect" "c953875bc7bb44d884dcbb44950c05e8f38d5fc83c522c8db046b5f4d5e2a1e8", kill_on_drop: false }`
[INFO] running `Command { std: "docker" "rm" "-f" "c953875bc7bb44d884dcbb44950c05e8f38d5fc83c522c8db046b5f4d5e2a1e8", kill_on_drop: false }`
[INFO] [stdout] c953875bc7bb44d884dcbb44950c05e8f38d5fc83c522c8db046b5f4d5e2a1e8
[INFO] running `Command { std: "docker" "create" "-v" "/var/lib/crater-agent-workspace/builds/worker-2-tc1/target:/opt/rustwide/target:rw,Z" "-v" "/var/lib/crater-agent-workspace/builds/worker-2-tc1/source:/opt/rustwide/workdir:ro,Z" "-v" "/var/lib/crater-agent-workspace/cargo-home:/opt/rustwide/cargo-home:ro,Z" "-v" "/var/lib/crater-agent-workspace/rustup-home:/opt/rustwide/rustup-home:ro,Z" "-e" "SOURCE_DIR=/opt/rustwide/workdir" "-e" "CARGO_TARGET_DIR=/opt/rustwide/target" "-e" "CARGO_INCREMENTAL=0" "-e" "RUST_BACKTRACE=full" "-e" "RUSTFLAGS=--cap-lints=warn" "-e" "RUSTDOCFLAGS=--cap-lints=warn" "-e" "CARGO_HOME=/opt/rustwide/cargo-home" "-e" "RUSTUP_HOME=/opt/rustwide/rustup-home" "-w" "/opt/rustwide/workdir" "-m" "1610612736" "--user" "0:0" "--network" "none" "ghcr.io/rust-lang/crates-build-env/linux@sha256:5ff2268d62e97bff2cde7d5815dd6ed5b47097566f13b8d0ca110b04b60e07ed" "/opt/rustwide/cargo-home/bin/cargo" "+1.69.0" "build" "--frozen" "--message-format=json", kill_on_drop: false }`
[INFO] [stdout] c32af66536d5fb43c7cba7c5652a79368731a33e1a0844c9b5499f87f4a3edeb
[INFO] running `Command { std: "docker" "start" "-a" "c32af66536d5fb43c7cba7c5652a79368731a33e1a0844c9b5499f87f4a3edeb", kill_on_drop: false }`
[INFO] [stderr]    Compiling autocfg v1.1.0
[INFO] [stderr]    Compiling cfg-if v1.0.0
[INFO] [stderr]    Compiling libc v0.2.139
[INFO] [stderr]    Compiling proc-macro2 v1.0.49
[INFO] [stderr]    Compiling unicode-ident v1.0.6
[INFO] [stderr]    Compiling quote v1.0.23
[INFO] [stderr]    Compiling syn v1.0.107
[INFO] [stderr]    Compiling scopeguard v1.1.0
[INFO] [stderr]    Compiling crossbeam-utils v0.8.14
[INFO] [stderr]    Compiling rayon-core v1.10.1
[INFO] [stderr]    Compiling crc32fast v1.3.2
[INFO] [stderr]    Compiling adler v1.0.2
[INFO] [stderr]    Compiling futures-core v0.3.25
[INFO] [stderr]    Compiling either v1.8.0
[INFO] [stderr]    Compiling serde_derive v1.0.152
[INFO] [stderr]    Compiling futures-sink v0.3.25
[INFO] [stderr]    Compiling portable-atomic v0.3.19
[INFO] [stderr]    Compiling miniz_oxide v0.6.2
[INFO] [stderr]    Compiling weezl v0.1.7
[INFO] [stderr]    Compiling unicode-width v0.1.10
[INFO] [stderr]    Compiling lazy_static v1.4.0
[INFO] [stderr]    Compiling lebe v0.5.2
[INFO] [stderr]    Compiling smallvec v1.10.0
[INFO] [stderr]    Compiling bit_field v0.10.1
[INFO] [stderr]    Compiling half v2.2.1
[INFO] [stderr]    Compiling serde v1.0.152
[INFO] [stderr]    Compiling thiserror v1.0.38
[INFO] [stderr]    Compiling bitflags v1.3.2
[INFO] [stderr]    Compiling memoffset v0.7.1
[INFO] [stderr]    Compiling crossbeam-epoch v0.9.13
[INFO] [stderr]    Compiling lock_api v0.4.9
[INFO] [stderr]    Compiling num-traits v0.2.15
[INFO] [stderr]    Compiling num-integer v0.1.45
[INFO] [stderr]    Compiling num-rational v0.4.1
[INFO] [stderr]    Compiling flate2 v1.0.25
[INFO] [stderr]    Compiling crossbeam-channel v0.5.6
[INFO] [stderr]    Compiling ppv-lite86 v0.2.17
[INFO] [stderr]    Compiling color_quant v1.1.0
[INFO] [stderr]    Compiling scoped_threadpool v0.1.9
[INFO] [stderr]    Compiling bytemuck v1.12.3
[INFO] [stderr]    Compiling gif v0.11.4
[INFO] [stderr]    Compiling png v0.17.7
[INFO] [stderr]    Compiling getrandom v0.2.8
[INFO] [stderr]    Compiling num_cpus v1.15.0
[INFO] [stderr]    Compiling spin v0.9.4
[INFO] [stderr]    Compiling console v0.15.4
[INFO] [stderr]    Compiling crossbeam-deque v0.8.2
[INFO] [stderr]    Compiling byteorder v1.4.3
[INFO] [stderr]    Compiling nanorand v0.7.0
[INFO] [stderr]    Compiling threadpool v1.8.1
[INFO] [stderr]    Compiling rand_core v0.6.4
[INFO] [stderr]    Compiling number_prefix v0.4.0
[INFO] [stderr]    Compiling indicatif v0.17.2
[INFO] [stderr]    Compiling rand_chacha v0.3.1
[INFO] [stderr]    Compiling rand v0.8.5
[INFO] [stderr]    Compiling rayon v1.6.1
[INFO] [stderr]    Compiling jpeg-decoder v0.3.0
[INFO] [stderr]    Compiling pin-project-internal v1.0.12
[INFO] [stderr]    Compiling thiserror-impl v1.0.38
[INFO] [stderr]    Compiling tiff v0.8.1
[INFO] [stderr]    Compiling pin-project v1.0.12
[INFO] [stderr]    Compiling flume v0.10.14
[INFO] [stderr]    Compiling exr v1.5.2
[INFO] [stderr]    Compiling image v0.24.5
[INFO] [stderr]    Compiling raytracer v0.1.0 (/opt/rustwide/workdir)
[INFO] [stderr]     Finished dev [unoptimized + debuginfo] target(s) in 13.98s
[INFO] running `Command { std: "docker" "inspect" "c32af66536d5fb43c7cba7c5652a79368731a33e1a0844c9b5499f87f4a3edeb", kill_on_drop: false }`
[INFO] running `Command { std: "docker" "rm" "-f" "c32af66536d5fb43c7cba7c5652a79368731a33e1a0844c9b5499f87f4a3edeb", kill_on_drop: false }`
[INFO] [stdout] c32af66536d5fb43c7cba7c5652a79368731a33e1a0844c9b5499f87f4a3edeb
[INFO] running `Command { std: "docker" "create" "-v" "/var/lib/crater-agent-workspace/builds/worker-2-tc1/target:/opt/rustwide/target:rw,Z" "-v" "/var/lib/crater-agent-workspace/builds/worker-2-tc1/source:/opt/rustwide/workdir:ro,Z" "-v" "/var/lib/crater-agent-workspace/cargo-home:/opt/rustwide/cargo-home:ro,Z" "-v" "/var/lib/crater-agent-workspace/rustup-home:/opt/rustwide/rustup-home:ro,Z" "-e" "SOURCE_DIR=/opt/rustwide/workdir" "-e" "CARGO_TARGET_DIR=/opt/rustwide/target" "-e" "CARGO_INCREMENTAL=0" "-e" "RUST_BACKTRACE=full" "-e" "RUSTFLAGS=--cap-lints=warn" "-e" "RUSTDOCFLAGS=--cap-lints=warn" "-e" "CARGO_HOME=/opt/rustwide/cargo-home" "-e" "RUSTUP_HOME=/opt/rustwide/rustup-home" "-w" "/opt/rustwide/workdir" "-m" "1610612736" "--user" "0:0" "--network" "none" "ghcr.io/rust-lang/crates-build-env/linux@sha256:5ff2268d62e97bff2cde7d5815dd6ed5b47097566f13b8d0ca110b04b60e07ed" "/opt/rustwide/cargo-home/bin/cargo" "+1.69.0" "test" "--frozen" "--no-run" "--message-format=json", kill_on_drop: false }`
[INFO] [stdout] 8cddb5a08755df24e0799553b6562e76dff829aa76ae7d8f7c5b3b74600ef5f7
[INFO] running `Command { std: "docker" "start" "-a" "8cddb5a08755df24e0799553b6562e76dff829aa76ae7d8f7c5b3b74600ef5f7", kill_on_drop: false }`
[INFO] [stderr]    Compiling serde_test v1.0.152
[INFO] [stderr]    Compiling raytracer v0.1.0 (/opt/rustwide/workdir)
[INFO] [stderr]     Finished test [unoptimized + debuginfo] target(s) in 6.62s
[INFO] running `Command { std: "docker" "inspect" "8cddb5a08755df24e0799553b6562e76dff829aa76ae7d8f7c5b3b74600ef5f7", kill_on_drop: false }`
[INFO] running `Command { std: "docker" "rm" "-f" "8cddb5a08755df24e0799553b6562e76dff829aa76ae7d8f7c5b3b74600ef5f7", kill_on_drop: false }`
[INFO] [stdout] 8cddb5a08755df24e0799553b6562e76dff829aa76ae7d8f7c5b3b74600ef5f7
[INFO] running `Command { std: "docker" "create" "-v" "/var/lib/crater-agent-workspace/builds/worker-2-tc1/target:/opt/rustwide/target:rw,Z" "-v" "/var/lib/crater-agent-workspace/builds/worker-2-tc1/source:/opt/rustwide/workdir:ro,Z" "-v" "/var/lib/crater-agent-workspace/cargo-home:/opt/rustwide/cargo-home:ro,Z" "-v" "/var/lib/crater-agent-workspace/rustup-home:/opt/rustwide/rustup-home:ro,Z" "-e" "SOURCE_DIR=/opt/rustwide/workdir" "-e" "CARGO_TARGET_DIR=/opt/rustwide/target" "-e" "CARGO_INCREMENTAL=0" "-e" "RUST_BACKTRACE=full" "-e" "RUSTFLAGS=--cap-lints=warn" "-e" "RUSTDOCFLAGS=--cap-lints=warn" "-e" "CARGO_HOME=/opt/rustwide/cargo-home" "-e" "RUSTUP_HOME=/opt/rustwide/rustup-home" "-w" "/opt/rustwide/workdir" "-m" "1610612736" "--user" "0:0" "--network" "none" "ghcr.io/rust-lang/crates-build-env/linux@sha256:5ff2268d62e97bff2cde7d5815dd6ed5b47097566f13b8d0ca110b04b60e07ed" "/opt/rustwide/cargo-home/bin/cargo" "+1.69.0" "test" "--frozen", kill_on_drop: false }`
[INFO] [stdout] 10545e5f1f9faa7555f10ee20b4f717142b88fc482838bf044dc23361bfb6ef7
[INFO] running `Command { std: "docker" "start" "-a" "10545e5f1f9faa7555f10ee20b4f717142b88fc482838bf044dc23361bfb6ef7", kill_on_drop: false }`
[INFO] [stderr]     Finished test [unoptimized + debuginfo] target(s) in 0.08s
[INFO] [stderr]      Running unittests src/lib.rs (/opt/rustwide/target/debug/deps/raytracer-178206a72d6cdf54)
[INFO] [stdout] 
[INFO] [stdout] running 287 tests
[INFO] [stdout] test camera::tests::trying_to_create_a_camera_with_a_multiple_of_pi_field_of_view ... ok
[INFO] [stdout] test camera::tests::the_pixel_size_for_a_horizontal_canvas ... ok
[INFO] [stdout] test camera::tests::constructing_a_ray_through_the_center_of_the_canvas ... ok
[INFO] [stdout] test camera::tests::constructing_a_camera ... ok
[INFO] [stdout] test camera::tests::comparing_cameras ... ok
[INFO] [stdout] test camera::tests::the_pixel_size_for_a_vertical_canvas ... ok
[INFO] [stdout] test camera::tests::constructing_a_ray_when_the_camera_is_transformed ... ok
[INFO] [stdout] test camera::tests::constructing_a_ray_through_a_corner_of_the_canvas ... ok
[INFO] [stdout] test camera::tests::trying_to_create_a_camera_with_null_dimensions ... ok
[INFO] [stdout] test canvas::tests::creating_a_canvas ... ok
[INFO] [stdout] test color::tests::colors_are_red_green_blue_tuples ... ok
[INFO] [stdout] test color::tests::deserializing_a_color ... ok
[INFO] [stdout] test canvas::tests::creating_an_image_buffer_from_a_canvas_pixels ... ok
[INFO] [stdout] test color::tests::multiplying_two_colors ... ok
[INFO] [stdout] test color::tests::subtracting_colors ... ok
[INFO] [stdout] test intersection::tests::an_intersection_encapsulates_t_and_object ... ok
[INFO] [stdout] test float::tests::comparing_two_approximated_floats ... ok
[INFO] [stdout] test float::tests::comparing_two_floats_which_difference_is_lower_than_epsilon ... ok
[INFO] [stdout] test float::tests::a_number_is_greater_or_equal_to_other ... ok
[INFO] [stdout] test intersection::tests::finding_n1_and_n2_at_various_intersections ... ok
[INFO] [stdout] test color::tests::adding_colors ... ok
[INFO] [stdout] test color::tests::multiplying_a_color_by_a_scalar ... ok
[INFO] [stdout] test canvas::tests::writing_pixels_to_a_canvas ... ok
[INFO] [stdout] test intersection::tests::precomputing_the_reflection_vector ... ok
[INFO] [stdout] test intersection::tests::aggregating_intersections ... ok
[INFO] [stdout] test intersection::tests::precomputing_the_state_of_an_intersection ... ok
[INFO] [stdout] test intersection::tests::sorting_a_vector_of_intersections ... ok
[INFO] [stdout] test intersection::tests::the_hit_is_always_the_lowest_non_negative_intersection ... ok
[INFO] [stdout] test intersection::tests::the_hit_should_offset_the_point ... ok
[INFO] [stdout] test intersection::tests::the_hit_when_all_intersections_have_negative_t ... ok
[INFO] [stdout] test intersection::tests::the_schlick_approximatoin_with_a_perpendicular_viewing_angle ... ok
[INFO] [stdout] test light::tests::finding_a_single_point_on_a_jittered_area_light ... ok
[INFO] [stdout] test light::tests::creating_an_area_light ... ok
[INFO] [stdout] test light::tests::a_number_generator_returns_a_cyclic_sequence_of_numbers ... ok
[INFO] [stdout] test intersection::tests::the_hit_when_an_intersection_occurs_on_the_inside ... ok
[INFO] [stdout] test light::tests::the_area_light_intensity_function ... ok
[INFO] [stdout] test material::tests::lighting_uses_light_intensity_to_attenuate_color ... ok
[INFO] [stdout] test camera::tests::rendering_a_world_with_a_camera ... ok
[INFO] [stdout] test intersection::tests::the_schlick_approximation_under_total_internal_reflection ... ok
[INFO] [stdout] test material::tests::lighting_with_a_pattern_applied ... ok
[INFO] [stdout] test material::tests::lighting_samples_the_area_light ... ok
[INFO] [stdout] test material::tests::lighting_with_eye_opposite_surface_light_offset_45_degrees ... ok
[INFO] [stdout] test light::tests::a_point_light_has_a_position_and_intensity ... ok
[INFO] [stdout] test intersection::tests::the_under_point_is_offset_below_the_surface ... ok
[INFO] [stdout] test light::tests::point_lights_evaluate_the_light_intensity_at_a_given_point ... ok
[INFO] [stdout] test light::tests::finding_a_single_point_on_an_area_light ... ok
[INFO] [stdout] test intersection::tests::the_hit_when_all_intersections_have_positive_t ... ok
[INFO] [stdout] test intersection::tests::the_hit_when_an_intersection_occurs_on_the_outside ... ok
[INFO] [stdout] test material::tests::lighting_with_eye_in_the_path_of_the_reflection_vector ... ok
[INFO] [stdout] test material::tests::lighting_with_the_eye_between_the_light_and_the_surface ... ok
[INFO] [stdout] test intersection::tests::the_schlick_approximation_with_small_andle_and_n2_greater_than_n1 ... ok
[INFO] [stdout] test intersection::tests::the_hit_when_some_intersections_have_negative_t ... ok
[INFO] [stdout] test material::tests::lighting_with_the_eye_between_the_light_and_the_surface_eye_offset_45_degrees ... ok
[INFO] [stdout] test material::tests::lighting_with_the_light_behind_the_surface ... ok
[INFO] [stdout] test material::tests::the_default_matrial ... ok
[INFO] [stdout] test material::tests::lighting_with_the_surface_in_shadow ... ok
[INFO] [stdout] test matrix::tests::a_submatrix_of_a_4x4_matrix_is_a_3x3_matrix ... ok
[INFO] [stdout] test matrix::tests::calculating_a_minor_of_a_3x3_matrix ... ok
[INFO] [stdout] test matrix::tests::a_submatrix_of_a_3x3_matrix_is_a_2x2_matrix ... ok
[INFO] [stdout] test matrix::tests::a_matrix_multiplied_by_a_tuple ... ok
[INFO] [stdout] test matrix::tests::calculating_the_determinant_of_a_2x2_matrix ... ok
[INFO] [stdout] test material::tests::lighting_with_the_light_on_the_surface ... ok
[INFO] [stdout] test matrix::tests::calculating_a_cofactor_of_a_3x3_matrix ... ok
[INFO] [stdout] test matrix::tests::constructing_and_inspecting_a_2x2_matrix ... ok
[INFO] [stdout] test matrix::tests::calculating_the_determinant_of_a_3x3_matrix ... ok
[INFO] [stdout] test matrix::tests::calculating_the_determinant_of_a_4x4_matrix ... ok
[INFO] [stdout] test matrix::tests::calculating_the_inverse_of_a_third_matrix ... ok
[INFO] [stdout] test matrix::tests::comparing_matrices ... ok
[INFO] [stdout] test matrix::tests::calculating_the_inverse_of_another_matrix ... ok
[INFO] [stdout] test matrix::tests::calculating_the_inverse_of_an_invertible_matrix ... ok
[INFO] [stdout] test matrix::tests::constructing_and_inspecting_a_4x4_matrix ... ok
[INFO] [stdout] test matrix::tests::multiplying_a_matrix_by_the_identity_matrix ... ok
[INFO] [stdout] test matrix::tests::transposing_a_matrix ... ok
[INFO] [stdout] test matrix::tests::multiplying_the_identity_matrix_by_a_tuple ... ok
[INFO] [stdout] test model::tests::parsing_a_single_smooth_triangle_face ... ok
[INFO] [stdout] test matrix::tests::trying_to_calculate_the_inverse_of_a_non_invertible_matrix ... ok
[INFO] [stdout] test model::tests::getting_error_with_line_information_when_parsing_fails ... ok
[INFO] [stdout] test model::tests::parsing_a_face_element ... ok
[INFO] [stdout] test model::tests::an_error_should_display_with_correct_message ... ok
[INFO] [stdout] test matrix::tests::transposing_the_identity_matrix ... ok
[INFO] [stdout] test matrix::tests::multiplying_a_product_by_its_inverse ... ok
[INFO] [stdout] test matrix::tests::constructing_and_inspecting_a_3x3_matrix ... ok
[INFO] [stdout] test matrix::tests::multiplying_two_matrices ... ok
[INFO] [stdout] test matrix::tests::testing_an_invertible_matrix_for_invertibility ... ok
[INFO] [stdout] test matrix::tests::testing_a_non_invertible_matrix_for_invertibility ... ok
[INFO] [stdout] test model::tests::parsing_a_single_triangle_face ... ok
[INFO] [stdout] test model::tests::triangulating_polygons ... ok
[INFO] [stdout] test model::tests::parsing_faces_with_normals ... ok
[INFO] [stdout] test model::tests::parsing_vertex_normal_records ... ok
[INFO] [stdout] test model::tests::trying_to_parse_a_face_element_with_an_invalid_vertex_index ... ok
[INFO] [stdout] test model::tests::trying_to_parse_a_face_with_insufficient_vertices ... ok
[INFO] [stdout] test model::tests::parsing_a_vertex ... ok
[INFO] [stdout] test model::tests::parsing_vertex_records ... ok
[INFO] [stdout] test model::tests::triangles_in_groups ... ok
[INFO] [stdout] test pattern::tests::a_pattern_with_an_object_transformation ... ok
[INFO] [stdout] test pattern::tests::a_pattern_with_a_pattern_transformation ... ok
[INFO] [stdout] test pattern::tests::a_gradient_linearly_interpolates_between_colors ... ok
[INFO] [stdout] test model::tests::parsing_triangle_faces ... ok
[INFO] [stdout] test model::tests::trying_to_parse_a_vertex_with_an_invalid_coordinate ... ok
[INFO] [stdout] test model::tests::trying_to_parse_a_group_without_a_name ... ok
[INFO] [stdout] test pattern::tests::a_ring_should_extend_in_both_x_and_z ... ok
[INFO] [stdout] test pattern::tests::checkers_should_repeat_in_z ... ok
[INFO] [stdout] test pattern::tests::stripes_with_object_transform ... ok
[INFO] [stdout] test ray::tests::creating_and_querying_a_ray ... ok
[INFO] [stdout] test ray::tests::scaling_a_ray ... ok
[INFO] [stdout] test shape::bounding_box::tests::adding_one_bouding_box_to_another ... ok
[INFO] [stdout] test shape::bounding_box::tests::adding_points_to_an_empty_bounding_box ... ok
[INFO] [stdout] test pattern::tests::a_pattern_with_both_an_object_and_a_pattern_transformation ... ok
[INFO] [stdout] test shape::bounding_box::tests::intersecting_a_ray_with_a_bouding_box_at_the_origin ... ok
[INFO] [stdout] test shape::bounding_box::tests::checking_to_see_if_a_box_contains_a_given_point ... ok
[INFO] [stdout] test shape::bounding_box::tests::splitting_a_perfect_cube ... ok
[INFO] [stdout] test shape::bounding_box::tests::intersecting_a_ray_with_a_non_cubic_bounding_box ... ok
[INFO] [stdout] test shape::bounding_box::tests::splitting_an_x_wide_bounding_box ... ok
[INFO] [stdout] test shape::bounding_box::tests::splitting_an_y_wide_bounding_box ... ok
[INFO] [stdout] test shape::bounding_box::tests::splitting_an_z_wide_bounding_box ... ok
[INFO] [stdout] test pattern::tests::a_stripe_pattern_alternates_in_x ... ok
[INFO] [stdout] test shape::cube::tests::a_cube_has_a_bounding_box ... ok
[INFO] [stdout] test shape::cube::tests::a_ray_intersects_a_cube_from_the_inside ... ok
[INFO] [stdout] test pattern::tests::a_stripe_pattern_is_constant_in_y ... ok
[INFO] [stdout] test shape::cube::tests::a_ray_intersects_a_cube_from_the_x_axis ... ok
[INFO] [stdout] test shape::cube::tests::a_ray_intersects_a_cube_from_the_y_axis ... ok
[INFO] [stdout] test shape::cube::tests::a_ray_misses_a_cube ... ok
[INFO] [stdout] test shape::cube::tests::the_normal_on_the_surface_of_a_cube ... ok
[INFO] [stdout] test shape::bounding_box::tests::checking_to_see_if_a_box_contains_another_box ... ok
[INFO] [stdout] test ray::tests::computing_the_point_from_a_distance ... ok
[INFO] [stdout] test ray::tests::translating_a_ray ... ok
[INFO] [stdout] test shape::cylinder::tests::a_bounded_cylinder_has_a_bounding_box ... ok
[INFO] [stdout] test pattern::tests::a_stripe_pattern_is_constant_in_z ... ok
[INFO] [stdout] test model::tests::trying_to_parse_a_vertex_with_a_missing_field ... ok
[INFO] [stdout] test shape::cube::tests::the_normal_on_the_corners_of_a_cube ... ok
[INFO] [stdout] test pattern::tests::checkers_should_repeat_in_y ... ok
[INFO] [stdout] test pattern::tests::creating_a_stripe_pattern ... ok
[INFO] [stdout] test pattern::tests::stripes_with_a_pattern_transformation ... ok
[INFO] [stdout] test pattern::tests::stripes_with_both_an_object_and_a_pattern_transformation ... ok
[INFO] [stdout] test shape::cube::tests::a_ray_intersects_a_cube_from_the_z_axis ... ok
[INFO] [stdout] test shape::cylinder::tests::intersecting_a_ray_inside_constrained_cylinder ... ok
[INFO] [stdout] test shape::cylinder::tests::a_ray_misses_a_cylinder ... ok
[INFO] [stdout] test shape::cylinder::tests::intersecting_a_constrained_cylinder_through_the_middle ... ok
[INFO] [stdout] test shape::cylinder::tests::a_ray_strikes_a_cylinder ... ok
[INFO] [stdout] test shape::cylinder::tests::an_unbounde_cylinder_has_a_bounding_box ... ok
[INFO] [stdout] test pattern::tests::checkers_should_repeat_in_x ... ok
[INFO] [stdout] test shape::bounding_box::tests::transforming_a_bounding_box ... ok
[INFO] [stdout] test shape::cylinder::tests::the_default_closed_value_for_a_cylinder ... ok
[INFO] [stdout] test shape::cylinder::tests::the_default_minimum_and_maximum_for_a_cylinder ... ok
[INFO] [stdout] test shape::cylinder::tests::intersecting_the_border_of_the_caps_of_a_closed_cylinder ... ok
[INFO] [stdout] test shape::cylinder::tests::the_normal_vector_on_a_cylinders_end_caps ... ok
[INFO] [stdout] test shape::group::tests::partitioning_a_groups_children ... ok
[INFO] [stdout] test shape::group::tests::intersecting_a_transformed_group ... ok
[INFO] [stdout] test shape::cylinder::tests::intersecting_a_tangent_ray_exactly_through_a_constrained_cylinders_caps ... ok
[INFO] [stdout] test shape::cylinder::tests::intersecting_a_tangent_ray_above_and_below_to_constrained_cylinders_caps ... ok
[INFO] [stdout] test shape::cylinder::tests::intersecting_the_caps_of_a_closed_cylinder ... ok
[INFO] [stdout] test shape::group::tests::intersecting_a_ray_with_an_empty_group ... ok
[INFO] [stdout] test shape::group::tests::a_group_has_a_bouding_box_that_contains_its_children ... ok
[INFO] [stdout] test shape::cylinder::tests::normal_vector_on_a_cylinder ... ok
[INFO] [stdout] test shape::group::tests::intersecting_a_ray_with_a_non_empty_group ... ok
[INFO] [stdout] test shape::group::tests::subdividing_a_group_partitions_its_children ... ok
[INFO] [stdout] test shape::group::tests::creating_a_subgroup_from_a_list_of_children ... ok
[INFO] [stdout] test shape::plane::tests::a_plane_has_a_bounding_box ... ok
[INFO] [stdout] test shape::smooth_triangle::tests::preparing_the_normal_on_a_smooth_triangle ... ok
[INFO] [stdout] test shape::plane::tests::the_normal_of_a_plane_is_constant_everywhere ... ok
[INFO] [stdout] test shape::sphere::tests::a_sphere_has_a_bounding_box ... ok
[INFO] [stdout] test shape::sphere::tests::a_sphere_is_behind_a_ray ... ok
[INFO] [stdout] test shape::plane::tests::intersect_with_a_coplanar_ray ... ok
[INFO] [stdout] test shape::sphere::tests::a_ray_intersects_a_sphere_at_a_tangent ... ok
[INFO] [stdout] test shape::plane::tests::a_ray_intersecting_a_plane_from_above ... ok
[INFO] [stdout] test shape::sphere::tests::the_normal_on_a_sphere_at_a_point_on_the_x_axis ... ok
[INFO] [stdout] test shape::sphere::tests::the_normal_on_a_sphere_at_a_non_axial_point ... ok
[INFO] [stdout] test shape::smooth_triangle::tests::an_intersection_with_a_smooth_triangle_stores_u_and_v ... ok
[INFO] [stdout] test shape::plane::tests::a_ray_intersecting_a_plane_from_below ... ok
[INFO] [stdout] test float::tests::comparing_two_different_floats_which_difference_is_greater_than_epsilon - should panic ... ok
[INFO] [stdout] test shape::sphere::tests::the_normal_is_a_normalized_vector ... ok
[INFO] [stdout] test shape::sphere::tests::a_ray_intersects_a_sphere_at_two_points ... ok
[INFO] [stdout] test shape::smooth_triangle::tests::a_smooth_triangle_uses_u_and_v_to_interpolate_the_normal ... ok
[INFO] [stdout] test shape::sphere::tests::a_ray_originates_inside_a_sphere ... ok
[INFO] [stdout] test shape::sphere::tests::the_normal_on_a_sphere_at_a_point_on_the_y_axis ... ok
[INFO] [stdout] test shape::sphere::tests::a_ray_misses_a_sphere ... ok
[INFO] [stdout] test shape::plane::tests::intersect_with_a_ray_parallel_to_the_plane ... ok
[INFO] [stdout] test float::tests::comparing_two_approximated_floats_which_difference_is_epsilon - should panic ... ok
[INFO] [stdout] test shape::sphere::tests::the_normal_on_a_sphere_at_a_point_on_the_z_axis ... ok
[INFO] [stdout] test shape::tests::computing_the_normal_on_a_transformed_object ... ok
[INFO] [stdout] test shape::tests::finding_the_normal_on_a_child_object ... ok
[INFO] [stdout] test shape::triangle::tests::intersecting_a_ray_parallel_to_the_triangle ... ok
[INFO] [stdout] test transform::tests::a_shearing_transformation_moves_x_in_proportion_to_y ... ok
[INFO] [stdout] test transform::tests::a_shearing_transformation_moves_x_in_proportion_to_z ... ok
[INFO] [stdout] test shape::tests::querying_a_shapes_bounding_box_in_its_parents_space ... ok
[INFO] [stdout] test transform::tests::a_shearing_transformation_moves_y_in_proportion_to_x ... ok
[INFO] [stdout] test transform::tests::a_shearing_transformation_moves_z_in_proportion_to_x ... ok
[INFO] [stdout] test transform::tests::a_shearing_transformation_moves_y_in_proportion_to_z ... ok
[INFO] [stdout] test transform::tests::a_shearing_transformation_moves_z_in_proportion_to_y ... ok
[INFO] [stdout] test transform::tests::a_view_transformation_matrix_looking_in_positive_z_direction ... ok
[INFO] [stdout] test transform::tests::an_arbitrary_view_transformation ... ok
[INFO] [stdout] test transform::tests::chained_transformations_must_be_applied_in_reverse_order ... ok
[INFO] [stdout] test shape::tests::intersecting_a_translated_object_with_a_ray ... ok
[INFO] [stdout] test transform::tests::converting_from_degrees_to_radians ... ok
[INFO] [stdout] test transform::tests::deserializing_a_rotation_x_transformation ... ok
[INFO] [stdout] test transform::tests::deserializing_a_rotation_y_transformation ... ok
[INFO] [stdout] test transform::tests::deserializing_a_rotation_z_transformation ... ok
[INFO] [stdout] test transform::tests::deserializing_a_scaling_transformation ... ok
[INFO] [stdout] test transform::tests::deserializing_a_shearing_transformation ... ok
[INFO] [stdout] test transform::tests::deserializing_a_translation_transformation ... ok
[INFO] [stdout] test shape::tests::intersecting_a_scaled_object_with_a_ray ... ok
[INFO] [stdout] test shape::triangle::tests::constructing_a_triangle ... ok
[INFO] [stdout] test shape::tests::computing_the_normal_on_a_translated_object ... ok
[INFO] [stdout] test shape::triangle::tests::a_ray_misses_the_p1_p2_edge ... ok
[INFO] [stdout] test shape::triangle::tests::a_ray_misses_the_p0_p2_edge ... ok
[INFO] [stdout] test shape::triangle::tests::a_ray_misses_the_p0_p1_edge ... ok
[INFO] [stdout] test shape::triangle::tests::a_ray_strikes_a_triangle ... ok
[INFO] [stdout] test transform::tests::a_scaling_matrix_applied_to_a_point ... ok
[INFO] [stdout] test shape::triangle::tests::trying_to_construct_a_triangle_with_collinear_sides ... ok
[INFO] [stdout] test shape::triangle::tests::a_triangle_has_a_bounding_box ... ok
[INFO] [stdout] test transform::tests::multiplying_by_a_translation_matrix ... ok
[INFO] [stdout] test transform::tests::deserializing_a_view_transformation ... ok
[INFO] [stdout] test transform::tests::individual_transformations_are_applied_in_sequence ... ok
[INFO] [stdout] test transform::tests::getting_the_transpose_transformation ... ok
[INFO] [stdout] test shape::triangle::tests::finding_the_normal_on_a_triangle ... ok
[INFO] [stdout] test transform::tests::rotating_a_point_around_the_x_axis ... ok
[INFO] [stdout] test transform::tests::the_transformation_matrix_for_the_default_orientation ... ok
[INFO] [stdout] test transform::tests::the_inverse_of_an_x_rotation_rotates_in_the_opposite_direction ... ok
[INFO] [stdout] test transform::tests::trying_to_create_an_anti_isomorphic_shearing_transformation ... ok
[INFO] [stdout] test transform::tests::trying_to_create_a_view_transformation_with_collinear_direction_and_up_vectors ... ok
[INFO] [stdout] test transform::tests::trying_to_deserialize_an_invalid_scaling_transform ... ok
[INFO] [stdout] test transform::tests::trying_to_create_a_view_transformation_with_equal_from_and_to_vectors ... ok
[INFO] [stdout] test transform::tests::the_view_transformation_moves_the_world ... ok
[INFO] [stdout] test transform::tests::trying_to_create_an_anti_isomorphic_scaling_transformation ... ok
[INFO] [stdout] test transform::tests::trying_to_create_a_view_transformation_with_a_null_up_vector ... ok
[INFO] [stdout] test transform::tests::the_default_transformation ... ok
[INFO] [stdout] test transform::tests::rotating_a_point_around_the_z_axis ... ok
[INFO] [stdout] test transform::tests::translation_does_not_affect_vectors ... ok
[INFO] [stdout] test transform::tests::rotating_a_point_around_the_y_axis ... ok
[INFO] [stdout] test transform::tests::multiplying_by_the_inverse_of_a_translation_matrix ... ok
[INFO] [stdout] test transform::tests::multiplying_by_the_inverse_of_a_scaling_matrix ... ok
[INFO] [stdout] test transform::tests::a_scaling_matrix_applied_to_a_vector ... ok
[INFO] [stdout] test tuple::tests::computing_the_magnitude_of_an_arbitrary_vector ... ok
[INFO] [stdout] test tuple::tests::computing_the_magnitude_of_unit_vectors ... ok
[INFO] [stdout] test tuple::tests::normalizing_non_null_vectors ... ok
[INFO] [stdout] test tuple::tests::multiplying_a_vector_by_a_scalar ... ok
[INFO] [stdout] test tuple::tests::negating_a_vector ... ok
[INFO] [stdout] test tuple::tests::point_new_creates_tuples_with_w_1_0 ... ok
[INFO] [stdout] test tuple::tests::dividing_a_vector_by_a_non_zero_scalar ... ok
[INFO] [stdout] test transform::tests::reflection_is_scaling_by_a_negative_value ... ok
[INFO] [stdout] test tuple::tests::a_tuple_with_w_0_0_is_a_vector ... ok
[INFO] [stdout] test tuple::tests::adding_two_vectors ... ok
[INFO] [stdout] test transform::tests::trying_to_deserialize_an_invalid_view_transformation ... ok
[INFO] [stdout] test tuple::tests::subtracting_a_vector_from_the_null_vector ... ok
[INFO] [stdout] test tuple::tests::subtracting_a_vector_from_a_point ... ok
[INFO] [stdout] test tuple::tests::subtracting_two_points ... ok
[INFO] [stdout] test tuple::tests::reflecting_a_vector_approaching_at_45_degrees ... ok
[INFO] [stdout] test tuple::tests::adding_a_point_and_a_vector ... ok
[INFO] [stdout] test transform::tests::trying_to_deserialize_an_invalid_shearing_transform ... ok
[INFO] [stdout] test tuple::tests::comparing_tuples ... ok
[INFO] [stdout] test tuple::tests::a_tuple_with_w_1_0_is_a_point ... ok
[INFO] [stdout] test tuple::tests::adding_two_tuples ... ok
[INFO] [stdout] test tuple::tests::deserializing_a_vector ... ok
[INFO] [stdout] test tuple::tests::deserializing_a_point ... ok
[INFO] [stdout] test tuple::tests::reflecting_a_vector_off_a_slanted_surface ... ok
[INFO] [stdout] test tuple::tests::the_cross_product_of_two_vectors ... ok
[INFO] [stdout] test tuple::tests::the_dot_product_of_two_vectors ... ok
[INFO] [stdout] test tuple::tests::trying_to_divide_a_vector_by_zero ... ok
[INFO] [stdout] test tuple::tests::trying_to_normalize_a_null_vector ... ok
[INFO] [stdout] test world::tests::shading_an_intersection ... ok
[INFO] [stdout] test tuple::tests::subtracting_two_vectors ... ok
[INFO] [stdout] test tuple::tests::subtracting_two_tuples ... ok
[INFO] [stdout] test world::tests::creating_a_world ... ok
[INFO] [stdout] test world::tests::intersect_a_world_with_a_ray ... ok
[INFO] [stdout] test world::tests::shade_hit_with_a_reflective_material ... ok
[INFO] [stdout] test world::tests::color_at_with_mutually_reflective_surfaces ... ok
[INFO] [stdout] test world::tests::is_shadowed_test_for_occlusion_between_two_points ... ok
[INFO] [stdout] test world::tests::shade_hit_with_a_transparent_material ... ok
[INFO] [stdout] test tuple::tests::vector_new_creates_tuples_with_w_0_0 ... ok
[INFO] [stdout] test world::tests::shade_hit_is_given_an_intersection_in_shadow ... ok
[INFO] [stdout] test world::tests::shade_hit_with_a_reflective_and_transparent_material ... ok
[INFO] [stdout] test world::tests::shade_hit_when_there_is_no_light ... ok
[INFO] [stdout] test world::tests::shading_an_intersection_from_the_inside ... ok
[INFO] [stdout] test world::tests::the_color_when_an_intersection_behind_the_ray ... ok
[INFO] [stdout] test world::tests::the_reflected_color_for_a_non_reflective_material ... ok
[INFO] [stdout] test world::tests::the_color_when_a_ray_misses ... ok
[INFO] [stdout] test world::tests::the_reflected_color_for_a_reflective_material ... ok
[INFO] [stdout] test world::tests::the_color_when_a_ray_hits ... ok
[INFO] [stdout] test world::tests::the_reflected_color_at_the_maximum_recursive_depth ... ok
[INFO] [stdout] test world::tests::the_shadow_when_an_object_is_between_the_point_and_the_light ... ok
[INFO] [stdout] test world::tests::there_is_no_shadow_when_an_object_is_behind_the_point ... ok
[INFO] [stdout] test world::tests::there_is_no_shadow_when_an_object_is_behind_the_light ... ok
[INFO] [stdout] test world::tests::there_is_no_shadow_when_the_light_is_on_the_point ... ok
[INFO] [stdout] test world::tests::the_refracted_color_under_total_internal_reflection ... ok
[INFO] [stdout] test world::tests::there_is_no_shadow_when_nothing_is_collinear_with_point_and_light ... ok
[INFO] [stdout] test world::tests::the_refracted_color_at_the_maximum_recursive_depth ... ok
[INFO] [stdout] test world::tests::the_refracted_color_with_an_opaque_surface ... ok
[INFO] [stdout] 
[INFO] [stdout] test result: ok. 287 passed; 0 failed; 0 ignored; 0 measured; 0 filtered out; finished in 0.21s
[INFO] [stdout] 
[INFO] [stderr]    Doc-tests raytracer
[INFO] [stdout] 
[INFO] [stdout] running 9 tests
[INFO] [stdout] test src/model.rs - model::Model (line 73) - compile ... ok
[INFO] [stdout] test src/camera.rs - camera::Camera (line 44) ... FAILED
[INFO] [stdout] test src/light.rs - light::PointLight (line 28) ... ok
[INFO] [stdout] test src/light.rs - light::AreaLight (line 61) ... ok
[INFO] [stdout] test src/shape/triangle.rs - shape::triangle::Triangle (line 25) ... ok
[INFO] [stdout] test src/shape/cylinder.rs - shape::cylinder::Cylinder (line 20) ... ok
[INFO] [stdout] test src/shape.rs - shape::ShapeBuilder (line 52) ... ok
[INFO] [stdout] test src/shape/group.rs - shape::group::Group (line 13) ... ok
[INFO] [stdout] test src/shape/group.rs - shape::group::Group::divide (line 142) ... ok
[INFO] [stdout] 
[INFO] [stdout] failures:
[INFO] [stdout] 
[INFO] [stdout] ---- src/camera.rs - camera::Camera (line 44) stdout ----
[INFO] [stdout] error: linking with `cc` failed: exit status: 1
[INFO] [stdout]   |
[INFO] [stdout]   = note: LC_ALL="C" PATH="/opt/rustwide/rustup-home/toolchains/1.69.0-x86_64-unknown-linux-gnu/lib/rustlib/x86_64-unknown-linux-gnu/bin:/opt/rustwide/cargo-home/bin:/usr/local/sbin:/usr/local/bin:/usr/sbin:/usr/bin:/sbin:/bin" VSLANG="1033" "cc" "-m64" "/tmp/rustcO4lNG2/symbols.o" "/tmp/rustdoctestZjlNrF/rust_out.rust_out.5bfee551-cgu.0.rcgu.o" "/tmp/rustdoctestZjlNrF/rust_out.j00p4ncf7xg64kg.rcgu.o" "-Wl,--as-needed" "-L" "/opt/rustwide/target/debug/deps" "-L" "/opt/rustwide/target/debug/deps" "-L" "/opt/rustwide/rustup-home/toolchains/1.69.0-x86_64-unknown-linux-gnu/lib/rustlib/x86_64-unknown-linux-gnu/lib" "-Wl,-Bstatic" "/opt/rustwide/target/debug/deps/libraytracer-0ce360a7bb09f5c9.rlib" "/opt/rustwide/target/debug/deps/librand-29f0817eeb494ccd.rlib" "/opt/rustwide/target/debug/deps/librand_chacha-b6249572e1d9ba58.rlib" "/opt/rustwide/target/debug/deps/libppv_lite86-c3ad053967cc551c.rlib" "/opt/rustwide/target/debug/deps/librand_core-17790a371ccd60ca.rlib" "/opt/rustwide/target/debug/deps/libserde-cd3a25a9dea055f5.rlib" "/opt/rustwide/target/debug/deps/libindicatif-fd4a19e9a30f6b3d.rlib" "/opt/rustwide/target/debug/deps/libportable_atomic-949b7a3fd943c06d.rlib" "/opt/rustwide/target/debug/deps/libnumber_prefix-ec439dbb4468b0bb.rlib" "/opt/rustwide/target/debug/deps/libconsole-14bac7638054d61f.rlib" "/opt/rustwide/target/debug/deps/libunicode_width-f75bb0008a5efcfa.rlib" "/opt/rustwide/target/debug/deps/liblazy_static-a15e1ed0a3c31761.rlib" "/opt/rustwide/target/debug/deps/libthiserror-cb5fb29c63065b2b.rlib" "/opt/rustwide/target/debug/deps/libimage-57ff8321521f8bad.rlib" "/opt/rustwide/target/debug/deps/libbytemuck-2155218304803ac3.rlib" "/opt/rustwide/target/debug/deps/libpng-0a62def810c93694.rlib" "/opt/rustwide/target/debug/deps/libbitflags-82cc2d155c6eb112.rlib" "/opt/rustwide/target/debug/deps/libexr-7c500092f7153102.rlib" "/opt/rustwide/target/debug/deps/libflume-4e713b01a6a7bdfd.rlib" "/opt/rustwide/target/debug/deps/libspin-a2775f0bb80dfeca.rlib" "/opt/rustwide/target/debug/deps/liblock_api-68f9f4627da435ce.rlib" "/opt/rustwide/target/debug/deps/libpin_project-968714d23a19bf3d.rlib" "/opt/rustwide/target/debug/deps/libfutures_sink-40bff7ef821f5527.rlib" "/opt/rustwide/target/debug/deps/libfutures_core-e781dd503dba1737.rlib" "/opt/rustwide/target/debug/deps/libnanorand-30d19d300401d491.rlib" "/opt/rustwide/target/debug/deps/libgetrandom-2177fd19aa9d9a50.rlib" "/opt/rustwide/target/debug/deps/libthreadpool-9324bc89aa3d65ef.rlib" "/opt/rustwide/target/debug/deps/libbit_field-44ea6354523a5bc9.rlib" "/opt/rustwide/target/debug/deps/liblebe-e0db7848fd0bd84d.rlib" "/opt/rustwide/target/debug/deps/libhalf-0ae4fd77684753d1.rlib" "/opt/rustwide/target/debug/deps/libsmallvec-22f2447eab0ca59b.rlib" "/opt/rustwide/target/debug/deps/libscoped_threadpool-4f6c1420c01fda30.rlib" "/opt/rustwide/target/debug/deps/libnum_rational-43cf7dc1504f1785.rlib" "/opt/rustwide/target/debug/deps/libnum_integer-8c06f5afb834bef5.rlib" "/opt/rustwide/target/debug/deps/libgif-a18efa9c08b73864.rlib" "/opt/rustwide/target/debug/deps/libcolor_quant-c4e6a74fd65e1c69.rlib" "/opt/rustwide/target/debug/deps/libbyteorder-50c19e9bd62c942c.rlib" "/opt/rustwide/target/debug/deps/libnum_traits-b237925f6bfbb7f7.rlib" "/opt/rustwide/target/debug/deps/libtiff-ed45ea44701aa445.rlib" "/opt/rustwide/target/debug/deps/libflate2-038c389e777e2585.rlib" "/opt/rustwide/target/debug/deps/libminiz_oxide-cc55475cd2d98179.rlib" "/opt/rustwide/target/debug/deps/libadler-478247d24f5486f3.rlib" "/opt/rustwide/target/debug/deps/libcrc32fast-104e9b895f0c2d44.rlib" "/opt/rustwide/target/debug/deps/libweezl-b8d0d3d3ea86fdd3.rlib" "/opt/rustwide/target/debug/deps/libjpeg_decoder-1b1446723dae6583.rlib" "/opt/rustwide/target/debug/deps/librayon-e0e3df2771dcd945.rlib" "/opt/rustwide/target/debug/deps/librayon_core-a1dbda06168224fd.rlib" "/opt/rustwide/target/debug/deps/libnum_cpus-0881820fe5e7de80.rlib" "/opt/rustwide/target/debug/deps/liblibc-d81809097c4281db.rlib" "/opt/rustwide/target/debug/deps/libcrossbeam_deque-b209090db5c9d021.rlib" "/opt/rustwide/target/debug/deps/libcrossbeam_epoch-43609855139a8868.rlib" "/opt/rustwide/target/debug/deps/libmemoffset-7b66612974528ab1.rlib" "/opt/rustwide/target/debug/deps/libscopeguard-f471875f675163b5.rlib" "/opt/rustwide/target/debug/deps/libcrossbeam_channel-8d4eb3ea25713791.rlib" "/opt/rustwide/target/debug/deps/libcrossbeam_utils-9474c8c404c48463.rlib" "/opt/rustwide/target/debug/deps/libcfg_if-e5e118dd7d121aaa.rlib" "/opt/rustwide/target/debug/deps/libeither-75ba33c86981998f.rlib" "/opt/rustwide/rustup-home/toolchains/1.69.0-x86_64-unknown-linux-gnu/lib/rustlib/x86_64-unknown-linux-gnu/lib/libstd-89bc084783fdc439.rlib" "/opt/rustwide/rustup-home/toolchains/1.69.0-x86_64-unknown-linux-gnu/lib/rustlib/x86_64-unknown-linux-gnu/lib/libpanic_unwind-8bee4b287d4367c1.rlib" "/opt/rustwide/rustup-home/toolchains/1.69.0-x86_64-unknown-linux-gnu/lib/rustlib/x86_64-unknown-linux-gnu/lib/libobject-d61707aed80694c0.rlib" "/opt/rustwide/rustup-home/toolchains/1.69.0-x86_64-unknown-linux-gnu/lib/rustlib/x86_64-unknown-linux-gnu/lib/libmemchr-d85366256f22345b.rlib" "/opt/rustwide/rustup-home/toolchains/1.69.0-x86_64-unknown-linux-gnu/lib/rustlib/x86_64-unknown-linux-gnu/lib/libaddr2line-96069b86b8a8cae9.rlib" "/opt/rustwide/rustup-home/toolchains/1.69.0-x86_64-unknown-linux-gnu/lib/rustlib/x86_64-unknown-linux-gnu/lib/libgimli-d19d53abf68dfa6c.rlib" "/opt/rustwide/rustup-home/toolchains/1.69.0-x86_64-unknown-linux-gnu/lib/rustlib/x86_64-unknown-linux-gnu/lib/librustc_demangle-787cbccd19d64ac6.rlib" "/opt/rustwide/rustup-home/toolchains/1.69.0-x86_64-unknown-linux-gnu/lib/rustlib/x86_64-unknown-linux-gnu/lib/libstd_detect-b3837a36b830e0d0.rlib" "/opt/rustwide/rustup-home/toolchains/1.69.0-x86_64-unknown-linux-gnu/lib/rustlib/x86_64-unknown-linux-gnu/lib/libhashbrown-e3deb0e7e3f04966.rlib" "/opt/rustwide/rustup-home/toolchains/1.69.0-x86_64-unknown-linux-gnu/lib/rustlib/x86_64-unknown-linux-gnu/lib/libminiz_oxide-dabbb79c9815def4.rlib" "/opt/rustwide/rustup-home/toolchains/1.69.0-x86_64-unknown-linux-gnu/lib/rustlib/x86_64-unknown-linux-gnu/lib/libadler-305b01f34c9409f2.rlib" "/opt/rustwide/rustup-home/toolchains/1.69.0-x86_64-unknown-linux-gnu/lib/rustlib/x86_64-unknown-linux-gnu/lib/librustc_std_workspace_alloc-f833521df6074e73.rlib" "/opt/rustwide/rustup-home/toolchains/1.69.0-x86_64-unknown-linux-gnu/lib/rustlib/x86_64-unknown-linux-gnu/lib/libunwind-9ac333113350d171.rlib" "/opt/rustwide/rustup-home/toolchains/1.69.0-x86_64-unknown-linux-gnu/lib/rustlib/x86_64-unknown-linux-gnu/lib/libcfg_if-1c126114322d0eee.rlib" "/opt/rustwide/rustup-home/toolchains/1.69.0-x86_64-unknown-linux-gnu/lib/rustlib/x86_64-unknown-linux-gnu/lib/liblibc-bad9164fdeeecf92.rlib" "/opt/rustwide/rustup-home/toolchains/1.69.0-x86_64-unknown-linux-gnu/lib/rustlib/x86_64-unknown-linux-gnu/lib/liballoc-f9374b1e480fa681.rlib" "/opt/rustwide/rustup-home/toolchains/1.69.0-x86_64-unknown-linux-gnu/lib/rustlib/x86_64-unknown-linux-gnu/lib/librustc_std_workspace_core-207f06e41d9603af.rlib" "/opt/rustwide/rustup-home/toolchains/1.69.0-x86_64-unknown-linux-gnu/lib/rustlib/x86_64-unknown-linux-gnu/lib/libcore-7e2768e66e984e85.rlib" "/opt/rustwide/rustup-home/toolchains/1.69.0-x86_64-unknown-linux-gnu/lib/rustlib/x86_64-unknown-linux-gnu/lib/libcompiler_builtins-957b4aff41f8cd46.rlib" "-Wl,-Bdynamic" "-lgcc_s" "-lutil" "-lrt" "-lpthread" "-lm" "-ldl" "-lc" "-Wl,--eh-frame-hdr" "-Wl,-z,noexecstack" "-L" "/opt/rustwide/rustup-home/toolchains/1.69.0-x86_64-unknown-linux-gnu/lib/rustlib/x86_64-unknown-linux-gnu/lib" "-o" "/tmp/rustdoctestZjlNrF/rust_out" "-Wl,--gc-sections" "-pie" "-Wl,-z,relro,-z,now" "-nodefaultlibs"
[INFO] [stdout]   = note: collect2: fatal error: ld terminated with signal 9 [Killed]
[INFO] [stdout]           compilation terminated.
[INFO] [stdout]           
[INFO] [stdout] 
[INFO] [stdout] error: aborting due to previous error
[INFO] [stdout] 
[INFO] [stdout] Couldn't compile the test.
[INFO] [stdout] 
[INFO] [stdout] failures:
[INFO] [stdout]     src/camera.rs - camera::Camera (line 44)
[INFO] [stdout] 
[INFO] [stdout] test result: FAILED. 8 passed; 1 failed; 0 ignored; 0 measured; 0 filtered out; finished in 6.06s
[INFO] [stdout] 
[INFO] [stderr] error: doctest failed, to rerun pass `--doc`
[INFO] running `Command { std: "docker" "inspect" "10545e5f1f9faa7555f10ee20b4f717142b88fc482838bf044dc23361bfb6ef7", kill_on_drop: false }`
[INFO] running `Command { std: "docker" "rm" "-f" "10545e5f1f9faa7555f10ee20b4f717142b88fc482838bf044dc23361bfb6ef7", kill_on_drop: false }`
[INFO] [stdout] 10545e5f1f9faa7555f10ee20b4f717142b88fc482838bf044dc23361bfb6ef7
