[INFO] cloning repository https://github.com/cargo-quick/cargo-quickbuild
[INFO] running `Command { std: "git" "-c" "credential.helper=" "-c" "credential.helper=/workspace/cargo-home/bin/git-credential-null" "clone" "--bare" "https://github.com/cargo-quick/cargo-quickbuild" "/workspace/cache/git-repos/https%3A%2F%2Fgithub.com%2Fcargo-quick%2Fcargo-quickbuild", kill_on_drop: false }`
[INFO] [stderr] Cloning into bare repository '/workspace/cache/git-repos/https%3A%2F%2Fgithub.com%2Fcargo-quick%2Fcargo-quickbuild'...
[INFO] running `Command { std: "git" "rev-parse" "HEAD", kill_on_drop: false }`
[INFO] [stdout] afcf08275e84cda62d2da04eddbe219ac675825a
[INFO] testing cargo-quick/cargo-quickbuild against beta-2023-04-20 for beta-1.70-1
[INFO] running `Command { std: "git" "clone" "/workspace/cache/git-repos/https%3A%2F%2Fgithub.com%2Fcargo-quick%2Fcargo-quickbuild" "/workspace/builds/worker-6-tc2/source", kill_on_drop: false }`
[INFO] [stderr] Cloning into '/workspace/builds/worker-6-tc2/source'...
[INFO] [stderr] done.
[INFO] validating manifest of git repo https://github.com/cargo-quick/cargo-quickbuild on toolchain beta-2023-04-20
[INFO] running `Command { std: CARGO_HOME="/workspace/cargo-home" RUSTUP_HOME="/workspace/rustup-home" "/workspace/cargo-home/bin/cargo" "+beta-2023-04-20" "metadata" "--manifest-path" "Cargo.toml" "--no-deps", kill_on_drop: false }`
[INFO] started tweaking git repo https://github.com/cargo-quick/cargo-quickbuild
[INFO] finished tweaking git repo https://github.com/cargo-quick/cargo-quickbuild
[INFO] tweaked toml for git repo https://github.com/cargo-quick/cargo-quickbuild written to /workspace/builds/worker-6-tc2/source/Cargo.toml
[INFO] crate git repo https://github.com/cargo-quick/cargo-quickbuild already has a lockfile, it will not be regenerated
[INFO] running `Command { std: CARGO_HOME="/workspace/cargo-home" RUSTUP_HOME="/workspace/rustup-home" "/workspace/cargo-home/bin/cargo" "+beta-2023-04-20" "fetch" "--manifest-path" "Cargo.toml", kill_on_drop: false }`
[INFO] [stderr]  Downloading crates ...
[INFO] [stderr]   Downloaded cargo-lock v8.0.1
[INFO] [stderr]   Downloaded curl-sys v0.4.55+curl-7.83.1
[INFO] running `Command { std: "docker" "create" "-v" "/var/lib/crater-agent-workspace/builds/worker-6-tc2/target:/opt/rustwide/target:rw,Z" "-v" "/var/lib/crater-agent-workspace/builds/worker-6-tc2/source:/opt/rustwide/workdir:ro,Z" "-v" "/var/lib/crater-agent-workspace/cargo-home:/opt/rustwide/cargo-home:ro,Z" "-v" "/var/lib/crater-agent-workspace/rustup-home:/opt/rustwide/rustup-home:ro,Z" "-e" "SOURCE_DIR=/opt/rustwide/workdir" "-e" "CARGO_TARGET_DIR=/opt/rustwide/target" "-e" "CARGO_HOME=/opt/rustwide/cargo-home" "-e" "RUSTUP_HOME=/opt/rustwide/rustup-home" "-w" "/opt/rustwide/workdir" "-m" "1610612736" "--user" "0:0" "--network" "none" "ghcr.io/rust-lang/crates-build-env/linux@sha256:5ff2268d62e97bff2cde7d5815dd6ed5b47097566f13b8d0ca110b04b60e07ed" "/opt/rustwide/cargo-home/bin/cargo" "+beta-2023-04-20" "metadata" "--no-deps" "--format-version=1", kill_on_drop: false }`
[INFO] [stdout] d5453deeb26c5ce27a025c15f77e41dbdabf5d8b89f9b57d799e78b6ec088110
[INFO] running `Command { std: "docker" "start" "-a" "d5453deeb26c5ce27a025c15f77e41dbdabf5d8b89f9b57d799e78b6ec088110", kill_on_drop: false }`
[INFO] running `Command { std: "docker" "inspect" "d5453deeb26c5ce27a025c15f77e41dbdabf5d8b89f9b57d799e78b6ec088110", kill_on_drop: false }`
[INFO] running `Command { std: "docker" "rm" "-f" "d5453deeb26c5ce27a025c15f77e41dbdabf5d8b89f9b57d799e78b6ec088110", kill_on_drop: false }`
[INFO] [stdout] d5453deeb26c5ce27a025c15f77e41dbdabf5d8b89f9b57d799e78b6ec088110
[INFO] running `Command { std: "docker" "create" "-v" "/var/lib/crater-agent-workspace/builds/worker-6-tc2/target:/opt/rustwide/target:rw,Z" "-v" "/var/lib/crater-agent-workspace/builds/worker-6-tc2/source:/opt/rustwide/workdir:ro,Z" "-v" "/var/lib/crater-agent-workspace/cargo-home:/opt/rustwide/cargo-home:ro,Z" "-v" "/var/lib/crater-agent-workspace/rustup-home:/opt/rustwide/rustup-home:ro,Z" "-e" "SOURCE_DIR=/opt/rustwide/workdir" "-e" "CARGO_TARGET_DIR=/opt/rustwide/target" "-e" "CARGO_INCREMENTAL=0" "-e" "RUST_BACKTRACE=full" "-e" "RUSTFLAGS=--cap-lints=warn" "-e" "RUSTDOCFLAGS=--cap-lints=warn" "-e" "CARGO_HOME=/opt/rustwide/cargo-home" "-e" "RUSTUP_HOME=/opt/rustwide/rustup-home" "-w" "/opt/rustwide/workdir" "-m" "1610612736" "--user" "0:0" "--network" "none" "ghcr.io/rust-lang/crates-build-env/linux@sha256:5ff2268d62e97bff2cde7d5815dd6ed5b47097566f13b8d0ca110b04b60e07ed" "/opt/rustwide/cargo-home/bin/cargo" "+beta-2023-04-20" "build" "--frozen" "--message-format=json", kill_on_drop: false }`
[INFO] [stdout] 76977c86acd2f87d00a865f58045cbc4db706ebc7b383e380f750b203ea7fd58
[INFO] running `Command { std: "docker" "start" "-a" "76977c86acd2f87d00a865f58045cbc4db706ebc7b383e380f750b203ea7fd58", kill_on_drop: false }`
[INFO] [stderr]    Compiling libc v0.2.132
[INFO] [stderr]    Compiling proc-macro2 v1.0.38
[INFO] [stderr]    Compiling autocfg v1.1.0
[INFO] [stderr]    Compiling unicode-xid v0.2.3
[INFO] [stderr]    Compiling syn v1.0.94
[INFO] [stderr]    Compiling pkg-config v0.3.25
[INFO] [stderr]    Compiling memchr v2.5.0
[INFO] [stderr]    Compiling log v0.4.17
[INFO] [stderr]    Compiling serde_derive v1.0.137
[INFO] [stderr]    Compiling serde v1.0.137
[INFO] [stderr]    Compiling once_cell v1.14.0
[INFO] [stderr]    Compiling bitflags v1.3.2
[INFO] [stderr]    Compiling bytes v1.1.0
[INFO] [stderr]    Compiling pin-project-lite v0.2.9
[INFO] [stderr]    Compiling matches v0.1.9
[INFO] [stderr]    Compiling fnv v1.0.7
[INFO] [stderr]    Compiling hashbrown v0.11.2
[INFO] [stderr]    Compiling itoa v1.0.1
[INFO] [stderr]    Compiling tinyvec_macros v0.1.0
[INFO] [stderr]    Compiling typenum v1.15.0
[INFO] [stderr]    Compiling version_check v0.9.4
[INFO] [stderr]    Compiling tinyvec v1.6.0
[INFO] [stderr]    Compiling percent-encoding v2.1.0
[INFO] [stderr]    Compiling futures-core v0.3.21
[INFO] [stderr]    Compiling form_urlencoded v1.0.1
[INFO] [stderr]    Compiling foreign-types-shared v0.1.1
[INFO] [stderr]    Compiling parking_lot_core v0.9.3
[INFO] [stderr]    Compiling indexmap v1.8.1
[INFO] [stderr]    Compiling lock_api v0.4.7
[INFO] [stderr]    Compiling openssl-probe v0.1.5
[INFO] [stderr]    Compiling openssl v0.10.40
[INFO] [stderr]    Compiling unicode-bidi v0.3.8
[INFO] [stderr]    Compiling foreign-types v0.3.2
[INFO] [stderr]    Compiling smallvec v1.8.0
[INFO] [stderr]    Compiling regex-syntax v0.6.25
[INFO] [stderr]    Compiling futures-channel v0.3.21
[INFO] [stderr]    Compiling futures-task v0.3.21
[INFO] [stderr]    Compiling ryu v1.0.9
[INFO] [stderr]    Compiling futures-sink v0.3.21
[INFO] [stderr]    Compiling regex-automata v0.1.10
[INFO] [stderr]    Compiling futures-util v0.3.21
[INFO] [stderr]    Compiling pin-utils v0.1.0
[INFO] [stderr]    Compiling quote v1.0.18
[INFO] [stderr]    Compiling aho-corasick v0.7.18
[INFO] [stderr]    Compiling futures-io v0.3.21
[INFO] [stderr]    Compiling jobserver v0.1.24
[INFO] [stderr]    Compiling socket2 v0.4.4
[INFO] [stderr]    Compiling unicode-normalization v0.1.19
[INFO] [stderr]    Compiling num_cpus v1.13.1
[INFO] [stderr]    Compiling mio v0.8.3
[INFO] [stderr]    Compiling signal-hook-registry v1.4.0
[INFO] [stderr]    Compiling slab v0.4.6
[INFO] [stderr]    Compiling cc v1.0.73
[INFO] [stderr]    Compiling generic-array v0.14.5
[INFO] [stderr]    Compiling tracing-core v0.1.26
[INFO] [stderr]    Compiling crossbeam-utils v0.8.8
[INFO] [stderr]    Compiling crc32fast v1.3.2
[INFO] [stderr]    Compiling parking_lot v0.12.0
[INFO] [stderr]    Compiling same-file v1.0.6
[INFO] [stderr]    Compiling anyhow v1.0.57
[INFO] [stderr]    Compiling atty v0.2.14
[INFO] [stderr]    Compiling walkdir v2.3.2
[INFO] [stderr]    Compiling filetime v0.2.16
[INFO] [stderr]    Compiling http v0.2.7
[INFO] [stderr]    Compiling curl v0.4.43
[INFO] [stderr]    Compiling httparse v1.7.1
[INFO] [stderr]    Compiling termcolor v1.1.3
[INFO] [stderr]    Compiling semver v1.0.9
[INFO] [stderr]    Compiling idna v0.2.3
[INFO] [stderr]    Compiling remove_dir_all v0.5.3
[INFO] [stderr]    Compiling serde_json v1.0.81
[INFO] [stderr]    Compiling native-tls v0.2.10
[INFO] [stderr]    Compiling xattr v0.2.3
[INFO] [stderr]    Compiling num-traits v0.2.15
[INFO] [stderr]    Compiling thread_local v1.1.4
[INFO] [stderr]    Compiling try-lock v0.2.3
[INFO] [stderr]    Compiling fastrand v1.7.0
[INFO] [stderr]    Compiling tar v0.4.38
[INFO] [stderr]    Compiling want v0.3.0
[INFO] [stderr]    Compiling url v2.2.2
[INFO] [stderr]    Compiling openssl-sys v0.9.73
[INFO] [stderr]    Compiling libz-sys v1.1.6
[INFO] [stderr]    Compiling libnghttp2-sys v0.1.7+1.45.0
[INFO] [stderr]    Compiling regex v1.5.5
[INFO] [stderr]    Compiling curl-sys v0.4.55+curl-7.83.1
[INFO] [stderr]    Compiling libssh2-sys v0.2.23
[INFO] [stderr]    Compiling libgit2-sys v0.13.2+1.4.2
[INFO] [stderr]    Compiling http-body v0.4.4
[INFO] [stderr]    Compiling tempfile v3.3.0
[INFO] [stderr]    Compiling bitmaps v2.1.0
[INFO] [stderr]    Compiling vte_generate_state_changes v0.1.1
[INFO] [stderr]    Compiling flate2 v1.0.23
[INFO] [stderr]    Compiling im-rc v15.1.0
[INFO] [stderr]    Compiling num-integer v0.1.45
[INFO] [stderr]    Compiling os_str_bytes v6.0.1
[INFO] [stderr]    Compiling utf8parse v0.2.0
[INFO] [stderr]    Compiling httpdate v1.0.2
[INFO] [stderr]    Compiling quick-error v1.2.3
[INFO] [stderr]    Compiling encoding_rs v0.8.31
[INFO] [stderr]    Compiling rand_core v0.6.3
[INFO] [stderr]    Compiling arrayvec v0.5.2
[INFO] [stderr]    Compiling tower-service v0.3.1
[INFO] [stderr]    Compiling hex v0.3.2
[INFO] [stderr]    Compiling humantime v1.3.0
[INFO] [stderr]    Compiling rand_xoshiro v0.6.0
[INFO] [stderr]    Compiling itertools v0.10.3
[INFO] [stderr]    Compiling clap_lex v0.2.0
[INFO] [stderr]    Compiling vte v0.10.1
[INFO] [stderr]    Compiling sized-chunks v0.6.5
[INFO] [stderr]    Compiling block-buffer v0.10.2
[INFO] [stderr]    Compiling cargo v0.61.1
[INFO] [stderr]    Compiling crypto-common v0.1.3
[INFO] [stderr]    Compiling combine v4.6.4
[INFO] [stderr]    Compiling csv-core v0.1.10
[INFO] [stderr]    Compiling textwrap v0.15.0
[INFO] [stderr]    Compiling itoa v0.4.8
[INFO] [stderr]    Compiling strsim v0.10.0
[INFO] [stderr]    Compiling humantime v2.1.0
[INFO] [stderr]    Compiling fixedbitset v0.4.1
[INFO] [stderr]    Compiling shell-escape v0.1.5
[INFO] [stderr]    Compiling hex v0.4.3
[INFO] [stderr]    Compiling petgraph v0.6.2
[INFO] [stderr]    Compiling env_logger v0.9.0
[INFO] [stderr]    Compiling clap v3.1.18
[INFO] [stderr]    Compiling digest v0.10.3
[INFO] [stderr]    Compiling env_logger v0.7.1
[INFO] [stderr]    Compiling strip-ansi-escapes v0.1.1
[INFO] [stderr]    Compiling time v0.1.44
[INFO] [stderr]    Compiling rand v0.4.6
[INFO] [stderr]    Compiling mime v0.3.16
[INFO] [stderr]    Compiling home v0.5.3
[INFO] [stderr]    Compiling iana-time-zone v0.1.47
[INFO] [stderr]    Compiling bytesize v1.1.0
[INFO] [stderr]    Compiling cpufeatures v0.2.2
[INFO] [stderr]    Compiling unicode-width v0.1.9
[INFO] [stderr]    Compiling glob v0.3.0
[INFO] [stderr]    Compiling rustc-workspace-hack v1.0.0
[INFO] [stderr]    Compiling ipnet v2.5.0
[INFO] [stderr]    Compiling lazycell v1.3.0
[INFO] [stderr]    Compiling base64 v0.13.0
[INFO] [stderr]    Compiling sha2 v0.10.2
[INFO] [stderr]    Compiling chrono v0.4.22
[INFO] [stderr]    Compiling pretty_env_logger v0.4.0
[INFO] [stderr]    Compiling cargo-quick v0.1.0 (/opt/rustwide/workdir/cargo-quick)
[INFO] [stderr]    Compiling tempdir v0.3.7
[INFO] [stderr]    Compiling openssl-macros v0.1.0
[INFO] [stderr]    Compiling futures-macro v0.3.21
[INFO] [stderr]    Compiling tokio-macros v1.7.0
[INFO] [stderr]    Compiling tracing-attributes v0.1.21
[INFO] [stderr]    Compiling tokio v1.18.2
[INFO] [stderr]    Compiling tracing v0.1.34
[INFO] [stderr]    Compiling crypto-hash v0.3.4
[INFO] [stderr]    Compiling cargo-util v0.1.2
[INFO] [stderr]    Compiling futures-executor v0.3.21
[INFO] [stderr]    Compiling futures v0.3.21
[INFO] [stderr]    Compiling git2 v0.14.2
[INFO] [stderr]    Compiling tokio-util v0.7.2
[INFO] [stderr]    Compiling tokio-native-tls v0.3.0
[INFO] [stderr]    Compiling h2 v0.3.13
[INFO] [stderr]    Compiling bstr v0.2.17
[INFO] [stderr]    Compiling kstring v1.0.6
[INFO] [stderr]    Compiling os_info v3.3.0
[INFO] [stderr]    Compiling serde_ignored v0.1.3
[INFO] [stderr]    Compiling cargo-platform v0.1.2
[INFO] [stderr]    Compiling serde_urlencoded v0.7.1
[INFO] [stderr]    Compiling toml v0.5.9
[INFO] [stderr]    Compiling git2-curl v0.15.0
[INFO] [stderr]    Compiling toml_edit v0.13.4
[INFO] [stderr]    Compiling globset v0.4.8
[INFO] [stderr]    Compiling opener v0.5.0
[INFO] [stderr]    Compiling csv v1.1.6
[INFO] [stderr]    Compiling ignore v0.4.18
[INFO] [stderr]    Compiling cargo-lock v8.0.1
[INFO] [stderr]    Compiling crates-io v0.34.0
[INFO] [stderr]    Compiling rustfix v0.6.0
[INFO] [stderr]    Compiling hyper v0.14.18
[INFO] [stderr]    Compiling globwalk v0.8.1
[INFO] [stderr]    Compiling breakdown v0.0.0 (/opt/rustwide/workdir/experiments/breakdown)
[INFO] [stderr]    Compiling hyper-tls v0.5.0
[INFO] [stderr]    Compiling reqwest v0.11.10
[INFO] [stderr]    Compiling fetch v0.0.0 (/opt/rustwide/workdir/experiments/fetch)
[INFO] [stderr]    Compiling cargo-quickbuild v0.0.0 (/opt/rustwide/workdir/cargo-quickbuild)
[INFO] [stderr]     Finished dev [unoptimized + debuginfo] target(s) in 52.00s
[INFO] running `Command { std: "docker" "inspect" "76977c86acd2f87d00a865f58045cbc4db706ebc7b383e380f750b203ea7fd58", kill_on_drop: false }`
[INFO] running `Command { std: "docker" "rm" "-f" "76977c86acd2f87d00a865f58045cbc4db706ebc7b383e380f750b203ea7fd58", kill_on_drop: false }`
[INFO] [stdout] 76977c86acd2f87d00a865f58045cbc4db706ebc7b383e380f750b203ea7fd58
[INFO] running `Command { std: "docker" "create" "-v" "/var/lib/crater-agent-workspace/builds/worker-6-tc2/target:/opt/rustwide/target:rw,Z" "-v" "/var/lib/crater-agent-workspace/builds/worker-6-tc2/source:/opt/rustwide/workdir:ro,Z" "-v" "/var/lib/crater-agent-workspace/cargo-home:/opt/rustwide/cargo-home:ro,Z" "-v" "/var/lib/crater-agent-workspace/rustup-home:/opt/rustwide/rustup-home:ro,Z" "-e" "SOURCE_DIR=/opt/rustwide/workdir" "-e" "CARGO_TARGET_DIR=/opt/rustwide/target" "-e" "CARGO_INCREMENTAL=0" "-e" "RUST_BACKTRACE=full" "-e" "RUSTFLAGS=--cap-lints=warn" "-e" "RUSTDOCFLAGS=--cap-lints=warn" "-e" "CARGO_HOME=/opt/rustwide/cargo-home" "-e" "RUSTUP_HOME=/opt/rustwide/rustup-home" "-w" "/opt/rustwide/workdir" "-m" "1610612736" "--user" "0:0" "--network" "none" "ghcr.io/rust-lang/crates-build-env/linux@sha256:5ff2268d62e97bff2cde7d5815dd6ed5b47097566f13b8d0ca110b04b60e07ed" "/opt/rustwide/cargo-home/bin/cargo" "+beta-2023-04-20" "test" "--frozen" "--no-run" "--message-format=json", kill_on_drop: false }`
[INFO] [stdout] e951ebb7a09c28f3cf8d9e31435026d79da565110b95d14a5922494e296296b8
[INFO] running `Command { std: "docker" "start" "-a" "e951ebb7a09c28f3cf8d9e31435026d79da565110b95d14a5922494e296296b8", kill_on_drop: false }`
[INFO] [stderr]     Blocking waiting for file lock on package cache
[INFO] [stderr]    Compiling cargo-quick v0.1.0 (/opt/rustwide/workdir/cargo-quick)
[INFO] [stderr]    Compiling breakdown v0.0.0 (/opt/rustwide/workdir/experiments/breakdown)
[INFO] [stderr]    Compiling cargo-quickbuild v0.0.0 (/opt/rustwide/workdir/cargo-quickbuild)
[INFO] [stderr]    Compiling fetch v0.0.0 (/opt/rustwide/workdir/experiments/fetch)
[INFO] [stderr]     Finished test [unoptimized + debuginfo] target(s) in 7.94s
[INFO] running `Command { std: "docker" "inspect" "e951ebb7a09c28f3cf8d9e31435026d79da565110b95d14a5922494e296296b8", kill_on_drop: false }`
[INFO] running `Command { std: "docker" "rm" "-f" "e951ebb7a09c28f3cf8d9e31435026d79da565110b95d14a5922494e296296b8", kill_on_drop: false }`
[INFO] [stdout] e951ebb7a09c28f3cf8d9e31435026d79da565110b95d14a5922494e296296b8
[INFO] running `Command { std: "docker" "create" "-v" "/var/lib/crater-agent-workspace/builds/worker-6-tc2/target:/opt/rustwide/target:rw,Z" "-v" "/var/lib/crater-agent-workspace/builds/worker-6-tc2/source:/opt/rustwide/workdir:ro,Z" "-v" "/var/lib/crater-agent-workspace/cargo-home:/opt/rustwide/cargo-home:ro,Z" "-v" "/var/lib/crater-agent-workspace/rustup-home:/opt/rustwide/rustup-home:ro,Z" "-e" "SOURCE_DIR=/opt/rustwide/workdir" "-e" "CARGO_TARGET_DIR=/opt/rustwide/target" "-e" "CARGO_INCREMENTAL=0" "-e" "RUST_BACKTRACE=full" "-e" "RUSTFLAGS=--cap-lints=warn" "-e" "RUSTDOCFLAGS=--cap-lints=warn" "-e" "CARGO_HOME=/opt/rustwide/cargo-home" "-e" "RUSTUP_HOME=/opt/rustwide/rustup-home" "-w" "/opt/rustwide/workdir" "-m" "1610612736" "--user" "0:0" "--network" "none" "ghcr.io/rust-lang/crates-build-env/linux@sha256:5ff2268d62e97bff2cde7d5815dd6ed5b47097566f13b8d0ca110b04b60e07ed" "/opt/rustwide/cargo-home/bin/cargo" "+beta-2023-04-20" "test" "--frozen", kill_on_drop: false }`
[INFO] [stdout] 72587ad336324347a728b6c63c2d99a6e4245b7e8294240d88ad3e75e766f23e
[INFO] running `Command { std: "docker" "start" "-a" "72587ad336324347a728b6c63c2d99a6e4245b7e8294240d88ad3e75e766f23e", kill_on_drop: false }`
[INFO] [stderr]     Blocking waiting for file lock on package cache
[INFO] [stderr]     Finished test [unoptimized + debuginfo] target(s) in 0.74s
[INFO] [stderr]      Running unittests src/main.rs (/opt/rustwide/target/debug/deps/breakdown-23150a209816c7a2)
[INFO] [stdout] 
[INFO] [stdout] running 3 tests
[INFO] [stdout] test test::test_get_dependencies_including_self ... ok
[INFO] [stdout] test test::hash_packages_gives_different_values_for_leaf_nodes ... ok
[INFO] [stdout] test test::test_hash_packages ... ok
[INFO] [stdout] 
[INFO] [stdout] test result: ok. 3 passed; 0 failed; 0 ignored; 0 measured; 0 filtered out; finished in 0.04s
[INFO] [stdout] 
[INFO] [stderr]      Running unittests src/main.rs (/opt/rustwide/target/debug/deps/cargo_quick-f59c9bec62863305)
[INFO] [stdout] 
[INFO] [stdout] running 0 tests
[INFO] [stdout] 
[INFO] [stdout] test result: ok. 0 passed; 0 failed; 0 ignored; 0 measured; 0 filtered out; finished in 0.00s
[INFO] [stdout] 
[INFO] [stderr]      Running unittests src/main.rs (/opt/rustwide/target/debug/deps/cargo_quickbuild-7be9d3a0a2c883f6)
[INFO] [stdout] 
[INFO] [stdout] running 1 test
[INFO] [stdout] test quick_resolve::tests::sense_check_recursive_deps ... FAILED
[INFO] [stdout] 
[INFO] [stdout] failures:
[INFO] [stdout] 
[INFO] [stdout] ---- quick_resolve::tests::sense_check_recursive_deps stdout ----
[INFO] [stdout] thread 'quick_resolve::tests::sense_check_recursive_deps' panicked at 'assertion failed: `(left == right)`
[INFO] [stdout]   left: `["curl-sys", "libc", "libnghttp2-sys", "libz-sys", "openssl-sys"]`,
[INFO] [stdout]  right: `["curl-sys", "libc", "libnghttp2-sys", "libz-sys"]`', cargo-quickbuild/src/quick_resolve.rs:387:9
[INFO] [stdout] stack backtrace:
[INFO] [stdout]    0:     0x55a74382562a - std::backtrace_rs::backtrace::libunwind::trace::h2f05d0192276a8f6
[INFO] [stdout]                                at /rustc/1b7dd2252b99671ce5d1cb9664c5f8636329436d/library/std/src/../../backtrace/src/backtrace/libunwind.rs:93:5
[INFO] [stdout]    1:     0x55a74382562a - std::backtrace_rs::backtrace::trace_unsynchronized::hedc23dff7a1af150
[INFO] [stdout]                                at /rustc/1b7dd2252b99671ce5d1cb9664c5f8636329436d/library/std/src/../../backtrace/src/backtrace/mod.rs:66:5
[INFO] [stdout]    2:     0x55a74382562a - std::sys_common::backtrace::_print_fmt::h17541ef7592f3ce2
[INFO] [stdout]                                at /rustc/1b7dd2252b99671ce5d1cb9664c5f8636329436d/library/std/src/sys_common/backtrace.rs:65:5
[INFO] [stdout]    3:     0x55a74382562a - <std::sys_common::backtrace::_print::DisplayBacktrace as core::fmt::Display>::fmt::h20f75df5ab0c0792
[INFO] [stdout]                                at /rustc/1b7dd2252b99671ce5d1cb9664c5f8636329436d/library/std/src/sys_common/backtrace.rs:44:22
[INFO] [stdout]    4:     0x55a74384f95f - core::fmt::write::h78109e6f466b3af6
[INFO] [stdout]                                at /rustc/1b7dd2252b99671ce5d1cb9664c5f8636329436d/library/core/src/fmt/mod.rs:1254:17
[INFO] [stdout]    5:     0x55a743821805 - std::io::Write::write_fmt::hd24bfb68a1b35a25
[INFO] [stdout]                                at /rustc/1b7dd2252b99671ce5d1cb9664c5f8636329436d/library/std/src/io/mod.rs:1698:15
[INFO] [stdout]    6:     0x55a7438253f5 - std::sys_common::backtrace::_print::h8dac57a9f8fbf9a5
[INFO] [stdout]                                at /rustc/1b7dd2252b99671ce5d1cb9664c5f8636329436d/library/std/src/sys_common/backtrace.rs:47:5
[INFO] [stdout]    7:     0x55a7438253f5 - std::sys_common::backtrace::print::hf9ecbf41d1aa712f
[INFO] [stdout]                                at /rustc/1b7dd2252b99671ce5d1cb9664c5f8636329436d/library/std/src/sys_common/backtrace.rs:34:9
[INFO] [stdout]    8:     0x55a74382779e - std::panicking::default_hook::{{closure}}::h04c07acfc84ca028
[INFO] [stdout]                                at /rustc/1b7dd2252b99671ce5d1cb9664c5f8636329436d/library/std/src/panicking.rs:269:22
[INFO] [stdout]    9:     0x55a7438274d1 - std::panicking::default_hook::h01f6bb23e1eceb2c
[INFO] [stdout]                                at /rustc/1b7dd2252b99671ce5d1cb9664c5f8636329436d/library/std/src/panicking.rs:285:9
[INFO] [stdout]   10:     0x55a7429ab4db - <alloc::boxed::Box<F,A> as core::ops::function::Fn<Args>>::call::h87fe9f7b2fd49e4c
[INFO] [stdout]                                at /rustc/1b7dd2252b99671ce5d1cb9664c5f8636329436d/library/alloc/src/boxed.rs:1987:9
[INFO] [stdout]   11:     0x55a7429ab4db - test::test_main::{{closure}}::he94d679243a7531b
[INFO] [stdout]                                at /rustc/1b7dd2252b99671ce5d1cb9664c5f8636329436d/library/test/src/lib.rs:134:21
[INFO] [stdout]   12:     0x55a743827e84 - <alloc::boxed::Box<F,A> as core::ops::function::Fn<Args>>::call::h3f2d6d8b14c4769f
[INFO] [stdout]                                at /rustc/1b7dd2252b99671ce5d1cb9664c5f8636329436d/library/alloc/src/boxed.rs:1987:9
[INFO] [stdout]   13:     0x55a743827e84 - std::panicking::rust_panic_with_hook::h2bb3722bbaf2f6df
[INFO] [stdout]                                at /rustc/1b7dd2252b99671ce5d1cb9664c5f8636329436d/library/std/src/panicking.rs:695:13
[INFO] [stdout]   14:     0x55a743827bf9 - std::panicking::begin_panic_handler::{{closure}}::h91bc7f36a4be011b
[INFO] [stdout]                                at /rustc/1b7dd2252b99671ce5d1cb9664c5f8636329436d/library/std/src/panicking.rs:582:13
[INFO] [stdout]   15:     0x55a743825a96 - std::sys_common::backtrace::__rust_end_short_backtrace::h8b3d3717114f9e59
[INFO] [stdout]                                at /rustc/1b7dd2252b99671ce5d1cb9664c5f8636329436d/library/std/src/sys_common/backtrace.rs:150:18
[INFO] [stdout]   16:     0x55a743827952 - rust_begin_unwind
[INFO] [stdout]                                at /rustc/1b7dd2252b99671ce5d1cb9664c5f8636329436d/library/std/src/panicking.rs:578:5
[INFO] [stdout]   17:     0x55a742931d63 - core::panicking::panic_fmt::hfd368e3fbdabea26
[INFO] [stdout]                                at /rustc/1b7dd2252b99671ce5d1cb9664c5f8636329436d/library/core/src/panicking.rs:67:14
[INFO] [stdout]   18:     0x55a74293218f - core::panicking::assert_failed_inner::haef49168e1798a91
[INFO] [stdout]   19:     0x55a7429696ae - core::panicking::assert_failed::h7fa867666b431e97
[INFO] [stdout]                                at /rustc/1b7dd2252b99671ce5d1cb9664c5f8636329436d/library/core/src/panicking.rs:228:5
[INFO] [stdout]   20:     0x55a74296c89f - cargo_quickbuild::quick_resolve::tests::sense_check_recursive_deps::hff6cd84a8cda57bc
[INFO] [stdout]                                at /opt/rustwide/workdir/cargo-quickbuild/src/quick_resolve.rs:387:9
[INFO] [stdout]   21:     0x55a74296b027 - cargo_quickbuild::quick_resolve::tests::sense_check_recursive_deps::{{closure}}::h1c8453a350241dfe
[INFO] [stdout]                                at /opt/rustwide/workdir/cargo-quickbuild/src/quick_resolve.rs:220:40
[INFO] [stdout]   22:     0x55a742952cf5 - core::ops::function::FnOnce::call_once::h86ef060745f07b3e
[INFO] [stdout]                                at /rustc/1b7dd2252b99671ce5d1cb9664c5f8636329436d/library/core/src/ops/function.rs:250:5
[INFO] [stdout]   23:     0x55a7429b03af - core::ops::function::FnOnce::call_once::ha6a70e79f7481a7e
[INFO] [stdout]                                at /rustc/1b7dd2252b99671ce5d1cb9664c5f8636329436d/library/core/src/ops/function.rs:250:5
[INFO] [stdout]   24:     0x55a7429b03af - test::__rust_begin_short_backtrace::hce33033019b61e69
[INFO] [stdout]                                at /rustc/1b7dd2252b99671ce5d1cb9664c5f8636329436d/library/test/src/lib.rs:655:18
[INFO] [stdout]   25:     0x55a74297db9c - test::run_test::{{closure}}::h858d3528838ae3e5
[INFO] [stdout]                                at /rustc/1b7dd2252b99671ce5d1cb9664c5f8636329436d/library/test/src/lib.rs:646:30
[INFO] [stdout]   26:     0x55a74297db9c - core::ops::function::FnOnce::call_once{{vtable.shim}}::he8ac2b00f01ae79e
[INFO] [stdout]                                at /rustc/1b7dd2252b99671ce5d1cb9664c5f8636329436d/library/core/src/ops/function.rs:250:5
[INFO] [stdout]   27:     0x55a7429af486 - <alloc::boxed::Box<F,A> as core::ops::function::FnOnce<Args>>::call_once::h8093d25b522725ef
[INFO] [stdout]                                at /rustc/1b7dd2252b99671ce5d1cb9664c5f8636329436d/library/alloc/src/boxed.rs:1973:9
[INFO] [stdout]   28:     0x55a7429af486 - <core::panic::unwind_safe::AssertUnwindSafe<F> as core::ops::function::FnOnce<()>>::call_once::h5c334c204e4a3913
[INFO] [stdout]                                at /rustc/1b7dd2252b99671ce5d1cb9664c5f8636329436d/library/core/src/panic/unwind_safe.rs:271:9
[INFO] [stdout]   29:     0x55a7429af486 - std::panicking::try::do_call::ha8b740c7b9478074
[INFO] [stdout]                                at /rustc/1b7dd2252b99671ce5d1cb9664c5f8636329436d/library/std/src/panicking.rs:485:40
[INFO] [stdout]   30:     0x55a7429af486 - std::panicking::try::h5d34f63d0e41b64e
[INFO] [stdout]                                at /rustc/1b7dd2252b99671ce5d1cb9664c5f8636329436d/library/std/src/panicking.rs:449:19
[INFO] [stdout]   31:     0x55a7429af486 - std::panic::catch_unwind::hcfbb511e1aa7fc67
[INFO] [stdout]                                at /rustc/1b7dd2252b99671ce5d1cb9664c5f8636329436d/library/std/src/panic.rs:140:14
[INFO] [stdout]   32:     0x55a7429af486 - test::run_test_in_process::h9abda90f802eaf21
[INFO] [stdout]                                at /rustc/1b7dd2252b99671ce5d1cb9664c5f8636329436d/library/test/src/lib.rs:678:27
[INFO] [stdout]   33:     0x55a7429af486 - test::run_test::run_test_inner::{{closure}}::h0f058de91f6c6edf
[INFO] [stdout]                                at /rustc/1b7dd2252b99671ce5d1cb9664c5f8636329436d/library/test/src/lib.rs:572:39
[INFO] [stdout]   34:     0x55a7429783a5 - test::run_test::run_test_inner::{{closure}}::h5ca48a4c59c6c1fb
[INFO] [stdout]                                at /rustc/1b7dd2252b99671ce5d1cb9664c5f8636329436d/library/test/src/lib.rs:599:37
[INFO] [stdout]   35:     0x55a7429783a5 - std::sys_common::backtrace::__rust_begin_short_backtrace::h32bd51e1495d4a33
[INFO] [stdout]                                at /rustc/1b7dd2252b99671ce5d1cb9664c5f8636329436d/library/std/src/sys_common/backtrace.rs:134:18
[INFO] [stdout]   36:     0x55a74297d8e1 - std::thread::Builder::spawn_unchecked_::{{closure}}::{{closure}}::hc086fae9b128b2db
[INFO] [stdout]                                at /rustc/1b7dd2252b99671ce5d1cb9664c5f8636329436d/library/std/src/thread/mod.rs:526:17
[INFO] [stdout]   37:     0x55a74297d8e1 - <core::panic::unwind_safe::AssertUnwindSafe<F> as core::ops::function::FnOnce<()>>::call_once::hb66571888d270d43
[INFO] [stdout]                                at /rustc/1b7dd2252b99671ce5d1cb9664c5f8636329436d/library/core/src/panic/unwind_safe.rs:271:9
[INFO] [stdout]   38:     0x55a74297d8e1 - std::panicking::try::do_call::h4fa2ef4f6e51fecf
[INFO] [stdout]                                at /rustc/1b7dd2252b99671ce5d1cb9664c5f8636329436d/library/std/src/panicking.rs:485:40
[INFO] [stdout]   39:     0x55a74297d8e1 - std::panicking::try::h1e9e22b8584489b5
[INFO] [stdout]                                at /rustc/1b7dd2252b99671ce5d1cb9664c5f8636329436d/library/std/src/panicking.rs:449:19
[INFO] [stdout]   40:     0x55a74297d8e1 - std::panic::catch_unwind::h44698a3de0e0769e
[INFO] [stdout]                                at /rustc/1b7dd2252b99671ce5d1cb9664c5f8636329436d/library/std/src/panic.rs:140:14
[INFO] [stdout]   41:     0x55a74297d8e1 - std::thread::Builder::spawn_unchecked_::{{closure}}::h50153abde3fe239e
[INFO] [stdout]                                at /rustc/1b7dd2252b99671ce5d1cb9664c5f8636329436d/library/std/src/thread/mod.rs:525:30
[INFO] [stdout]   42:     0x55a74297d8e1 - core::ops::function::FnOnce::call_once{{vtable.shim}}::hbe5bbf6f38394364
[INFO] [stdout]                                at /rustc/1b7dd2252b99671ce5d1cb9664c5f8636329436d/library/core/src/ops/function.rs:250:5
[INFO] [stdout]   43:     0x55a74382d9e5 - <alloc::boxed::Box<F,A> as core::ops::function::FnOnce<Args>>::call_once::h0d83cb2920a49046
[INFO] [stdout]                                at /rustc/1b7dd2252b99671ce5d1cb9664c5f8636329436d/library/alloc/src/boxed.rs:1973:9
[INFO] [stdout]   44:     0x55a74382d9e5 - <alloc::boxed::Box<F,A> as core::ops::function::FnOnce<Args>>::call_once::hbe0a008aa7d9ef59
[INFO] [stdout]                                at /rustc/1b7dd2252b99671ce5d1cb9664c5f8636329436d/library/alloc/src/boxed.rs:1973:9
[INFO] [stdout]   45:     0x55a74382d9e5 - std::sys::unix::thread::Thread::new::thread_start::h3a466996bdf6b1f9
[INFO] [stdout]                                at /rustc/1b7dd2252b99671ce5d1cb9664c5f8636329436d/library/std/src/sys/unix/thread.rs:108:17
[INFO] [stdout]   46:     0x7f6d44382b43 - <unknown>
[INFO] [stdout]   47:     0x7f6d44413bb4 - __clone
[INFO] [stdout]   48:                0x0 - <unknown>
[INFO] [stdout] 
[INFO] [stdout] 
[INFO] [stdout] failures:
[INFO] [stdout]     quick_resolve::tests::sense_check_recursive_deps
[INFO] [stdout] 
[INFO] [stdout] test result: FAILED. 0 passed; 1 failed; 0 ignored; 0 measured; 0 filtered out; finished in 3.23s
[INFO] [stdout] 
[INFO] [stderr] error: test failed, to rerun pass `-p cargo-quickbuild --bin cargo-quickbuild`
[INFO] running `Command { std: "docker" "inspect" "72587ad336324347a728b6c63c2d99a6e4245b7e8294240d88ad3e75e766f23e", kill_on_drop: false }`
[INFO] running `Command { std: "docker" "rm" "-f" "72587ad336324347a728b6c63c2d99a6e4245b7e8294240d88ad3e75e766f23e", kill_on_drop: false }`
[INFO] [stdout] 72587ad336324347a728b6c63c2d99a6e4245b7e8294240d88ad3e75e766f23e
