[INFO] cloning repository https://github.com/cardano-rust-cli/cardano
[INFO] running `Command { std: "git" "-c" "credential.helper=" "-c" "credential.helper=/workspace/cargo-home/bin/git-credential-null" "clone" "--bare" "https://github.com/cardano-rust-cli/cardano" "/workspace/cache/git-repos/https%3A%2F%2Fgithub.com%2Fcardano-rust-cli%2Fcardano", kill_on_drop: false }`
[INFO] [stderr] Cloning into bare repository '/workspace/cache/git-repos/https%3A%2F%2Fgithub.com%2Fcardano-rust-cli%2Fcardano'...
[INFO] running `Command { std: "git" "rev-parse" "HEAD", kill_on_drop: false }`
[INFO] [stdout] 061b0b7329968517bb81e06b437a032774065023
[INFO] testing cardano-rust-cli/cardano against 1.69.0 for beta-1.70-1
[INFO] running `Command { std: "git" "clone" "/workspace/cache/git-repos/https%3A%2F%2Fgithub.com%2Fcardano-rust-cli%2Fcardano" "/workspace/builds/worker-3-tc1/source", kill_on_drop: false }`
[INFO] [stderr] Cloning into '/workspace/builds/worker-3-tc1/source'...
[INFO] [stderr] done.
[INFO] validating manifest of git repo https://github.com/cardano-rust-cli/cardano on toolchain 1.69.0
[INFO] running `Command { std: CARGO_HOME="/workspace/cargo-home" RUSTUP_HOME="/workspace/rustup-home" "/workspace/cargo-home/bin/cargo" "+1.69.0" "metadata" "--manifest-path" "Cargo.toml" "--no-deps", kill_on_drop: false }`
[INFO] started tweaking git repo https://github.com/cardano-rust-cli/cardano
[INFO] finished tweaking git repo https://github.com/cardano-rust-cli/cardano
[INFO] tweaked toml for git repo https://github.com/cardano-rust-cli/cardano written to /workspace/builds/worker-3-tc1/source/Cargo.toml
[INFO] crate git repo https://github.com/cardano-rust-cli/cardano already has a lockfile, it will not be regenerated
[INFO] running `Command { std: CARGO_HOME="/workspace/cargo-home" RUSTUP_HOME="/workspace/rustup-home" "/workspace/cargo-home/bin/cargo" "+1.69.0" "fetch" "--manifest-path" "Cargo.toml", kill_on_drop: false }`
[INFO] [stderr]  Downloading crates ...
[INFO] [stderr]   Downloaded noop_proc_macro v0.3.0
[INFO] [stderr]   Downloaded clap-verbosity-flag v1.0.1
[INFO] [stderr]   Downloaded ed25519-bip32 v0.4.1
[INFO] [stderr]   Downloaded dyn-clone v1.0.6
[INFO] [stderr]   Downloaded schemars_derive v0.8.10
[INFO] [stderr]   Downloaded cbor_event v2.2.0
[INFO] [stderr]   Downloaded cryptoxide v0.4.2
[INFO] [stderr]   Downloaded schemars v0.8.10
[INFO] [stderr]   Downloaded config v0.13.1
[INFO] [stderr]   Downloaded sysinfo v0.24.6
[INFO] [stderr]   Downloaded cardano-multiplatform-lib v0.3.0
[INFO] running `Command { std: "docker" "create" "-v" "/var/lib/crater-agent-workspace/builds/worker-3-tc1/target:/opt/rustwide/target:rw,Z" "-v" "/var/lib/crater-agent-workspace/builds/worker-3-tc1/source:/opt/rustwide/workdir:ro,Z" "-v" "/var/lib/crater-agent-workspace/cargo-home:/opt/rustwide/cargo-home:ro,Z" "-v" "/var/lib/crater-agent-workspace/rustup-home:/opt/rustwide/rustup-home:ro,Z" "-e" "SOURCE_DIR=/opt/rustwide/workdir" "-e" "CARGO_TARGET_DIR=/opt/rustwide/target" "-e" "CARGO_HOME=/opt/rustwide/cargo-home" "-e" "RUSTUP_HOME=/opt/rustwide/rustup-home" "-w" "/opt/rustwide/workdir" "-m" "1610612736" "--user" "0:0" "--network" "none" "ghcr.io/rust-lang/crates-build-env/linux@sha256:5ff2268d62e97bff2cde7d5815dd6ed5b47097566f13b8d0ca110b04b60e07ed" "/opt/rustwide/cargo-home/bin/cargo" "+1.69.0" "metadata" "--no-deps" "--format-version=1", kill_on_drop: false }`
[INFO] [stdout] ed341f1526f334e6f11ef3f343e053a79a8d1abd5686bd1eb75bebea696f7609
[INFO] running `Command { std: "docker" "start" "-a" "ed341f1526f334e6f11ef3f343e053a79a8d1abd5686bd1eb75bebea696f7609", kill_on_drop: false }`
[INFO] running `Command { std: "docker" "inspect" "ed341f1526f334e6f11ef3f343e053a79a8d1abd5686bd1eb75bebea696f7609", kill_on_drop: false }`
[INFO] running `Command { std: "docker" "rm" "-f" "ed341f1526f334e6f11ef3f343e053a79a8d1abd5686bd1eb75bebea696f7609", kill_on_drop: false }`
[INFO] [stdout] ed341f1526f334e6f11ef3f343e053a79a8d1abd5686bd1eb75bebea696f7609
[INFO] running `Command { std: "docker" "create" "-v" "/var/lib/crater-agent-workspace/builds/worker-3-tc1/target:/opt/rustwide/target:rw,Z" "-v" "/var/lib/crater-agent-workspace/builds/worker-3-tc1/source:/opt/rustwide/workdir:ro,Z" "-v" "/var/lib/crater-agent-workspace/cargo-home:/opt/rustwide/cargo-home:ro,Z" "-v" "/var/lib/crater-agent-workspace/rustup-home:/opt/rustwide/rustup-home:ro,Z" "-e" "SOURCE_DIR=/opt/rustwide/workdir" "-e" "CARGO_TARGET_DIR=/opt/rustwide/target" "-e" "CARGO_INCREMENTAL=0" "-e" "RUST_BACKTRACE=full" "-e" "RUSTFLAGS=--cap-lints=warn" "-e" "RUSTDOCFLAGS=--cap-lints=warn" "-e" "CARGO_HOME=/opt/rustwide/cargo-home" "-e" "RUSTUP_HOME=/opt/rustwide/rustup-home" "-w" "/opt/rustwide/workdir" "-m" "1610612736" "--user" "0:0" "--network" "none" "ghcr.io/rust-lang/crates-build-env/linux@sha256:5ff2268d62e97bff2cde7d5815dd6ed5b47097566f13b8d0ca110b04b60e07ed" "/opt/rustwide/cargo-home/bin/cargo" "+1.69.0" "build" "--frozen" "--message-format=json", kill_on_drop: false }`
[INFO] [stdout] cd22cab33180837443699dd6c4c6c9199c9af26b5a575e28d11c8050b68cdce8
[INFO] running `Command { std: "docker" "start" "-a" "cd22cab33180837443699dd6c4c6c9199c9af26b5a575e28d11c8050b68cdce8", kill_on_drop: false }`
[INFO] [stderr]    Compiling libc v0.2.126
[INFO] [stderr]    Compiling proc-macro2 v1.0.39
[INFO] [stderr]    Compiling unicode-ident v1.0.0
[INFO] [stderr]    Compiling syn v1.0.96
[INFO] [stderr]    Compiling once_cell v1.12.0
[INFO] [stderr]    Compiling memchr v2.5.0
[INFO] [stderr]    Compiling serde_derive v1.0.138
[INFO] [stderr]    Compiling ahash v0.7.6
[INFO] [stderr]    Compiling serde v1.0.138
[INFO] [stderr]    Compiling crossbeam-utils v0.8.10
[INFO] [stderr]    Compiling memoffset v0.6.5
[INFO] [stderr]    Compiling num-traits v0.2.15
[INFO] [stderr]    Compiling crossbeam-epoch v0.9.9
[INFO] [stderr]    Compiling proc-macro-error-attr v1.0.4
[INFO] [stderr]    Compiling ucd-trie v0.1.4
[INFO] [stderr]    Compiling aho-corasick v0.7.18
[INFO] [stderr]    Compiling pest v2.1.3
[INFO] [stderr]    Compiling quote v1.0.18
[INFO] [stderr]    Compiling num-integer v0.1.45
[INFO] [stderr]    Compiling proc-macro-error v1.0.4
[INFO] [stderr]    Compiling regex-syntax v0.6.26
[INFO] [stderr]    Compiling serde_json v1.0.81
[INFO] [stderr]    Compiling rayon-core v1.9.3
[INFO] [stderr]    Compiling maplit v1.0.2
[INFO] [stderr]    Compiling getrandom v0.2.6
[INFO] [stderr]    Compiling atty v0.2.14
[INFO] [stderr]    Compiling pest_meta v2.1.3
[INFO] [stderr]    Compiling hashbrown v0.12.1
[INFO] [stderr]    Compiling indexmap v1.9.1
[INFO] [stderr]    Compiling ryu v1.0.10
[INFO] [stderr]    Compiling either v1.6.1
[INFO] [stderr]    Compiling log v0.4.17
[INFO] [stderr]    Compiling itoa v1.0.2
[INFO] [stderr]    Compiling crossbeam-deque v0.8.1
[INFO] [stderr]    Compiling rand_core v0.6.3
[INFO] [stderr]    Compiling num_cpus v1.13.1
[INFO] [stderr]    Compiling crossbeam-channel v0.5.5
[INFO] [stderr]    Compiling clear_on_drop v0.2.5
[INFO] [stderr]    Compiling num-bigint v0.4.3
[INFO] [stderr]    Compiling rayon v1.5.3
[INFO] [stderr]    Compiling regex v1.5.6
[INFO] [stderr]    Compiling base64 v0.13.0
[INFO] [stderr]    Compiling termcolor v1.1.3
[INFO] [stderr]    Compiling os_str_bytes v6.1.0
[INFO] [stderr]    Compiling linked-hash-map v0.5.6
[INFO] [stderr]    Compiling dlv-list v0.3.0
[INFO] [stderr]    Compiling heck v0.4.0
[INFO] [stderr]    Compiling async-trait v0.1.56
[INFO] [stderr]    Compiling schemars v0.8.10
[INFO] [stderr]    Compiling ordered-multimap v0.4.3
[INFO] [stderr]    Compiling clap_lex v0.2.3
[INFO] [stderr]    Compiling rand_chacha v0.3.1
[INFO] [stderr]    Compiling terminal_size v0.1.17
[INFO] [stderr]    Compiling backtrace v0.3.65
[INFO] [stderr]    Compiling unicode-width v0.1.9
[INFO] [stderr]    Compiling remove_dir_all v0.5.3
[INFO] [stderr]    Compiling cryptoxide v0.4.2
[INFO] [stderr]    Compiling gimli v0.26.1
[INFO] [stderr]    Compiling textwrap v0.15.0
[INFO] [stderr]    Compiling anyhow v1.0.58
[INFO] [stderr]    Compiling dyn-clone v1.0.6
[INFO] [stderr]    Compiling serde_derive_internals v0.26.0
[INFO] [stderr]    Compiling pest_generator v2.1.3
[INFO] [stderr]    Compiling strsim v0.10.0
[INFO] [stderr]    Compiling sysinfo v0.24.6
[INFO] [stderr]    Compiling adler v1.0.2
[INFO] [stderr]    Compiling cpufeatures v0.2.2
[INFO] [stderr]    Compiling rand_core v0.4.2
[INFO] [stderr]    Compiling nom v7.1.1
[INFO] [stderr]    Compiling sha2 v0.9.9
[INFO] [stderr]    Compiling rand_os v0.1.3
[INFO] [stderr]    Compiling miniz_oxide v0.5.3
[INFO] [stderr]    Compiling console v0.15.0
[INFO] [stderr]    Compiling tempfile v3.3.0
[INFO] [stderr]    Compiling ed25519-bip32 v0.4.1
[INFO] [stderr]    Compiling addr2line v0.17.0
[INFO] [stderr]    Compiling rand v0.8.5
[INFO] [stderr]    Compiling rust-ini v0.18.0
[INFO] [stderr]    Compiling colored v1.9.3
[INFO] [stderr]    Compiling yaml-rust v0.4.5
[INFO] [stderr]    Compiling schemars_derive v0.8.10
[INFO] [stderr]    Compiling clap_derive v3.2.7
[INFO] [stderr]    Compiling pest_derive v2.1.0
[INFO] [stderr]    Compiling itertools v0.10.3
[INFO] [stderr]    Compiling time v0.1.44
[INFO] [stderr]    Compiling dirs-sys v0.3.7
[INFO] [stderr]    Compiling object v0.28.4
[INFO] [stderr]    Compiling cbor_event v2.2.0
[INFO] [stderr]    Compiling pathdiff v0.2.1
[INFO] [stderr]    Compiling rustc-demangle v0.1.21
[INFO] [stderr]    Compiling noop_proc_macro v0.3.0
[INFO] [stderr]    Compiling bech32 v0.7.3
[INFO] [stderr]    Compiling zeroize v1.5.6
[INFO] [stderr]    Compiling chrono v0.4.19
[INFO] [stderr]    Compiling dirs v4.0.0
[INFO] [stderr]    Compiling dialoguer v0.10.1
[INFO] [stderr]    Compiling fern v0.6.1
[INFO] [stderr]    Compiling clap v3.2.8
[INFO] [stderr]    Compiling os_type v2.4.0
[INFO] [stderr]    Compiling uuid v0.8.2
[INFO] [stderr]    Compiling nix v0.24.1
[INFO] [stderr]    Compiling convert_case v0.5.0
[INFO] [stderr]    Compiling ctrlc v3.2.2
[INFO] [stderr]    Compiling clap_complete v3.2.3
[INFO] [stderr]    Compiling clap-verbosity-flag v1.0.1
[INFO] [stderr]    Compiling toml v0.5.9
[INFO] [stderr]    Compiling json5 v0.4.1
[INFO] [stderr]    Compiling ron v0.7.1
[INFO] [stderr]    Compiling config v0.13.1
[INFO] [stderr]    Compiling human-panic v1.0.3
[INFO] [stderr]    Compiling cardano-multiplatform-lib v0.3.0
[INFO] [stderr]    Compiling lib v0.0.5 (/opt/rustwide/workdir/src/lib)
[INFO] [stderr]    Compiling cardano v0.0.5 (/opt/rustwide/workdir/src/bin)
[INFO] [stderr]     Finished dev [unoptimized + debuginfo] target(s) in 1m 07s
[INFO] running `Command { std: "docker" "inspect" "cd22cab33180837443699dd6c4c6c9199c9af26b5a575e28d11c8050b68cdce8", kill_on_drop: false }`
[INFO] running `Command { std: "docker" "rm" "-f" "cd22cab33180837443699dd6c4c6c9199c9af26b5a575e28d11c8050b68cdce8", kill_on_drop: false }`
[INFO] [stdout] cd22cab33180837443699dd6c4c6c9199c9af26b5a575e28d11c8050b68cdce8
[INFO] running `Command { std: "docker" "create" "-v" "/var/lib/crater-agent-workspace/builds/worker-3-tc1/target:/opt/rustwide/target:rw,Z" "-v" "/var/lib/crater-agent-workspace/builds/worker-3-tc1/source:/opt/rustwide/workdir:ro,Z" "-v" "/var/lib/crater-agent-workspace/cargo-home:/opt/rustwide/cargo-home:ro,Z" "-v" "/var/lib/crater-agent-workspace/rustup-home:/opt/rustwide/rustup-home:ro,Z" "-e" "SOURCE_DIR=/opt/rustwide/workdir" "-e" "CARGO_TARGET_DIR=/opt/rustwide/target" "-e" "CARGO_INCREMENTAL=0" "-e" "RUST_BACKTRACE=full" "-e" "RUSTFLAGS=--cap-lints=warn" "-e" "RUSTDOCFLAGS=--cap-lints=warn" "-e" "CARGO_HOME=/opt/rustwide/cargo-home" "-e" "RUSTUP_HOME=/opt/rustwide/rustup-home" "-w" "/opt/rustwide/workdir" "-m" "1610612736" "--user" "0:0" "--network" "none" "ghcr.io/rust-lang/crates-build-env/linux@sha256:5ff2268d62e97bff2cde7d5815dd6ed5b47097566f13b8d0ca110b04b60e07ed" "/opt/rustwide/cargo-home/bin/cargo" "+1.69.0" "test" "--frozen" "--no-run" "--message-format=json", kill_on_drop: false }`
[INFO] [stdout] a0c840a07942846bf2fe41c0e244d961631d46dcda9a39edad902c2424906511
[INFO] running `Command { std: "docker" "start" "-a" "a0c840a07942846bf2fe41c0e244d961631d46dcda9a39edad902c2424906511", kill_on_drop: false }`
[INFO] [stderr]    Compiling predicates-core v1.0.3
[INFO] [stderr]    Compiling float-cmp v0.9.0
[INFO] [stderr]    Compiling termtree v0.2.4
[INFO] [stderr]    Compiling regex-automata v0.1.10
[INFO] [stderr]    Compiling difflib v0.4.0
[INFO] [stderr]    Compiling normalize-line-endings v0.3.0
[INFO] [stderr]    Compiling wait-timeout v0.2.0
[INFO] [stderr]    Compiling diff v0.1.12
[INFO] [stderr]    Compiling ansi_term v0.12.1
[INFO] [stderr]    Compiling predicates-tree v1.0.5
[INFO] [stderr]    Compiling ctor v0.1.22
[INFO] [stderr]    Compiling bstr v0.2.17
[INFO] [stderr]    Compiling pretty_assertions v1.2.1
[INFO] [stderr]    Compiling predicates v2.1.1
[INFO] [stderr]    Compiling assert_cmd v2.0.4
[INFO] [stderr]    Compiling lib v0.0.5 (/opt/rustwide/workdir/src/lib)
[INFO] [stderr]    Compiling cardano v0.0.5 (/opt/rustwide/workdir/src/bin)
[INFO] [stderr]     Finished test [unoptimized + debuginfo] target(s) in 7.19s
[INFO] running `Command { std: "docker" "inspect" "a0c840a07942846bf2fe41c0e244d961631d46dcda9a39edad902c2424906511", kill_on_drop: false }`
[INFO] running `Command { std: "docker" "rm" "-f" "a0c840a07942846bf2fe41c0e244d961631d46dcda9a39edad902c2424906511", kill_on_drop: false }`
[INFO] [stdout] a0c840a07942846bf2fe41c0e244d961631d46dcda9a39edad902c2424906511
[INFO] running `Command { std: "docker" "create" "-v" "/var/lib/crater-agent-workspace/builds/worker-3-tc1/target:/opt/rustwide/target:rw,Z" "-v" "/var/lib/crater-agent-workspace/builds/worker-3-tc1/source:/opt/rustwide/workdir:ro,Z" "-v" "/var/lib/crater-agent-workspace/cargo-home:/opt/rustwide/cargo-home:ro,Z" "-v" "/var/lib/crater-agent-workspace/rustup-home:/opt/rustwide/rustup-home:ro,Z" "-e" "SOURCE_DIR=/opt/rustwide/workdir" "-e" "CARGO_TARGET_DIR=/opt/rustwide/target" "-e" "CARGO_INCREMENTAL=0" "-e" "RUST_BACKTRACE=full" "-e" "RUSTFLAGS=--cap-lints=warn" "-e" "RUSTDOCFLAGS=--cap-lints=warn" "-e" "CARGO_HOME=/opt/rustwide/cargo-home" "-e" "RUSTUP_HOME=/opt/rustwide/rustup-home" "-w" "/opt/rustwide/workdir" "-m" "1610612736" "--user" "0:0" "--network" "none" "ghcr.io/rust-lang/crates-build-env/linux@sha256:5ff2268d62e97bff2cde7d5815dd6ed5b47097566f13b8d0ca110b04b60e07ed" "/opt/rustwide/cargo-home/bin/cargo" "+1.69.0" "test" "--frozen", kill_on_drop: false }`
[INFO] [stdout] 4b5a1caa79c0af9c86cec1702eec10c782480a899c08733efebdc3913947c5f5
[INFO] running `Command { std: "docker" "start" "-a" "4b5a1caa79c0af9c86cec1702eec10c782480a899c08733efebdc3913947c5f5", kill_on_drop: false }`
[INFO] [stderr]     Finished test [unoptimized + debuginfo] target(s) in 0.14s
[INFO] [stderr]      Running unittests src/main.rs (/opt/rustwide/target/debug/deps/cardano-ced5fd56111fbf34)
[INFO] [stdout] 
[INFO] [stdout] running 0 tests
[INFO] [stdout] 
[INFO] [stdout] test result: ok. 0 passed; 0 failed; 0 ignored; 0 measured; 0 filtered out; finished in 0.00s
[INFO] [stdout] 
[INFO] [stderr]      Running tests/cli.rs (/opt/rustwide/target/debug/deps/cli-9e2fe0fe1fa7163b)
[INFO] [stdout] 
[INFO] [stdout] running 3 tests
[INFO] [stdout] test cardano::node::node::test_cardano_node_install ... ok
[INFO] [stdout] test cardano::node::node::test_cardano_node ... ok
[INFO] [stdout] test cardano::cardano::cardano_cli_works ... ok
[INFO] [stdout] 
[INFO] [stdout] test result: ok. 3 passed; 0 failed; 0 ignored; 0 measured; 0 filtered out; finished in 0.03s
[INFO] [stdout] 
[INFO] [stderr]      Running unittests src/lib.rs (/opt/rustwide/target/debug/deps/lib-e07820ea85a2d3b3)
[INFO] [stdout] 
[INFO] [stdout] running 56 tests
[INFO] [stdout] test cli::node::sync::test::test_download_snapshot ... ignored
[INFO] [stdout] test cli::update::test::test_update_cli ... ignored
[INFO] [stdout] test components::component::test::test_cardano_component ... ignored
[INFO] [stdout] test components::component::test::test_uninstall_component ... ok
[INFO] [stdout] test configs::settings::test::test_read_settings ... ok
[INFO] [stdout] test packages::cabal::test::test_cabal ... ignored
[INFO] [stdout] test packages::cabal::test::test_check_cabal ... ignored
[INFO] [stdout] test packages::cabal::test::test_check_installed_cabal ... ignored
[INFO] [stdout] test configs::settings::test::test_settings ... ok
[INFO] [stdout] test configs::settings::test::test_show_settings ... ok
[INFO] [stdout] test packages::ghc::test::test_compare_ghc ... ignored
[INFO] [stdout] test configs::settings::test::test_read_setting_fails - should panic ... ok
[INFO] [stdout] test packages::platform::test::test_setup_packages ... ignored
[INFO] [stdout] test configs::settings::test::test_read_setting ... ok
[INFO] [stdout] test packages::system::test::test_check_cpu ... ok
[INFO] [stdout] test packages::system::test::test_check_cpu_cores ... ok
[INFO] [stdout] test packages::system::test::test_check_cpu_frequency ... ok
[INFO] [stdout] test packages::system::test::test_check_cpu_vendors ... ok
[INFO] [stdout] test packages::system::test::test_check_disk ... ok
[INFO] [stdout] test packages::ghc::test::test_check_installed_ghc ... ok
[INFO] [stdout] test packages::system::test::test_check_os ... ok
[INFO] [stdout] test packages::system::test::test_check_memory ... ok
[INFO] [stdout] test packages::platform::test::test_platform_info ... ok
[INFO] [stdout] test packages::system::test::test_get_available_disk_space ... ok
[INFO] [stdout] test packages::system::test::test_get_available_memory_in_kb ... ok
[INFO] [stdout] test packages::system::test::test_get_cpu_cores ... ok
[INFO] [stdout] test packages::system::test::test_get_cpu_frequency ... ok
[INFO] [stdout] test packages::system::test::test_get_all_sysinfo ... ok
[INFO] [stdout] test packages::ghc::test::test_get_ghc_version ... FAILED
[INFO] [stdout] test packages::ghc::test::test_ghc ... ok
[INFO] [stdout] test packages::cabal::test::test_compare_cabal ... FAILED
[INFO] [stdout] test packages::shell::test::test_write_note_socket_path ... ok
[INFO] [stdout] test test::test_network_info ... ok
[INFO] [stdout] test packages::system::test::test_check_requirements ... FAILED
[INFO] [stdout] test utils::env::test::test_check_env ... FAILED
[INFO] [stdout] test utils::env::test::test_check_user ... FAILED
[INFO] [stdout] test utils::env::test::test_set_env ... ok
[INFO] [stdout] test utils::env::test::test_setup_env ... ok
[INFO] [stdout] test packages::cabal::test::test_get_cabal_version ... FAILED
[INFO] [stdout] test packages::system::test::test_get_memory_info ... ok
[INFO] [stdout] test packages::system::test::test_get_cpu_info ... ok
[INFO] [stdout] test utils::executer::test::test_async_command ... ok
[INFO] [stdout] test packages::system::test::test_get_cpu_vendor ... ok
[INFO] [stdout] test packages::system::test::test_get_sysinfo ... ok
[INFO] [stdout] test utils::executer::test::test_async_command_pipe ... ok
[INFO] [stdout] test utils::fs::test::test_check_work_dir ... ok
[INFO] [stdout] test utils::executer::test::test_process_success_inherit ... ok
[INFO] [stdout] test utils::fs::test::test_update_project_file ... ok
[INFO] [stdout] test packages::system::test::test_get_disk_info ... ok
[INFO] [stdout] test utils::executer::test::test_is_program_installed ... ok
[INFO] [stdout] test utils::fs::test::test_check_project_file ... ok
[INFO] [stdout] test utils::executer::test::test_process_success ... ok
[INFO] [stdout] test utils::fs::test::test_setup_work_dir ... ok
[INFO] [stdout] test utils::fs::test::test_get_project_file ... ok
[INFO] [stdout] test utils::executer::test::test_pipe ... ok
[INFO] [stdout] test utils::git::test::test_check_latest_version ... FAILED
[INFO] [stdout] 
[INFO] [stdout] failures:
[INFO] [stdout] 
[INFO] [stdout] ---- utils::env::test::test_check_env stdout ----
[INFO] [stdout] Error: Failed to check the actual user: Failed to check environment variable USER: environment variable not found
[INFO] [stdout] 
[INFO] [stdout] ---- utils::env::test::test_check_user stdout ----
[INFO] [stdout] Error: Failed to check the actual user: Failed to check environment variable USER: environment variable not found
[INFO] [stdout] 
[INFO] [stdout] 
[INFO] [stdout] failures:
[INFO] [stdout]     packages::cabal::test::test_compare_cabal
[INFO] [stdout]     packages::cabal::test::test_get_cabal_version
[INFO] [stdout]     packages::ghc::test::test_get_ghc_version
[INFO] [stdout]     packages::system::test::test_check_requirements
[INFO] [stdout]     utils::env::test::test_check_env
[INFO] [stdout]     utils::env::test::test_check_user
[INFO] [stdout]     utils::git::test::test_check_latest_version
[INFO] [stdout] 
[INFO] [stdout] test result: FAILED. 41 passed; 7 failed; 8 ignored; 0 measured; 0 filtered out; finished in 0.29s
[INFO] [stdout] 
[INFO] [stderr] error: test failed, to rerun pass `-p lib --lib`
[INFO] running `Command { std: "docker" "inspect" "4b5a1caa79c0af9c86cec1702eec10c782480a899c08733efebdc3913947c5f5", kill_on_drop: false }`
[INFO] running `Command { std: "docker" "rm" "-f" "4b5a1caa79c0af9c86cec1702eec10c782480a899c08733efebdc3913947c5f5", kill_on_drop: false }`
[INFO] [stdout] 4b5a1caa79c0af9c86cec1702eec10c782480a899c08733efebdc3913947c5f5
