[INFO] cloning repository https://github.com/c410-f3r/cleu-orm
[INFO] running `Command { std: "git" "-c" "credential.helper=" "-c" "credential.helper=/workspace/cargo-home/bin/git-credential-null" "clone" "--bare" "https://github.com/c410-f3r/cleu-orm" "/workspace/cache/git-repos/https%3A%2F%2Fgithub.com%2Fc410-f3r%2Fcleu-orm", kill_on_drop: false }`
[INFO] [stderr] Cloning into bare repository '/workspace/cache/git-repos/https%3A%2F%2Fgithub.com%2Fc410-f3r%2Fcleu-orm'...
[INFO] running `Command { std: "git" "rev-parse" "HEAD", kill_on_drop: false }`
[INFO] [stdout] 683f1b118d52ec0ebfd9b4806013cabf9b210fc8
[INFO] testing c410-f3r/cleu-orm against 1.69.0 for beta-1.70-1
[INFO] running `Command { std: "git" "clone" "/workspace/cache/git-repos/https%3A%2F%2Fgithub.com%2Fc410-f3r%2Fcleu-orm" "/workspace/builds/worker-1-tc1/source", kill_on_drop: false }`
[INFO] [stderr] Cloning into '/workspace/builds/worker-1-tc1/source'...
[INFO] [stderr] done.
[INFO] validating manifest of git repo https://github.com/c410-f3r/cleu-orm on toolchain 1.69.0
[INFO] running `Command { std: CARGO_HOME="/workspace/cargo-home" RUSTUP_HOME="/workspace/rustup-home" "/workspace/cargo-home/bin/cargo" "+1.69.0" "metadata" "--manifest-path" "Cargo.toml" "--no-deps", kill_on_drop: false }`
[INFO] started tweaking git repo https://github.com/c410-f3r/cleu-orm
[INFO] finished tweaking git repo https://github.com/c410-f3r/cleu-orm
[INFO] tweaked toml for git repo https://github.com/c410-f3r/cleu-orm written to /workspace/builds/worker-1-tc1/source/Cargo.toml
[INFO] crate git repo https://github.com/c410-f3r/cleu-orm already has a lockfile, it will not be regenerated
[INFO] running `Command { std: CARGO_HOME="/workspace/cargo-home" RUSTUP_HOME="/workspace/rustup-home" "/workspace/cargo-home/bin/cargo" "+1.69.0" "fetch" "--manifest-path" "Cargo.toml", kill_on_drop: false }`
[INFO] [stderr]  Downloading crates ...
[INFO] [stderr]   Downloaded cl-aux v2.0.0
[INFO] [stderr]   Downloaded sqlx-rt v0.6.0
[INFO] [stderr]   Downloaded trybuild v1.0.61
[INFO] [stderr]   Downloaded sqlx-core v0.6.0
[INFO] running `Command { std: "docker" "create" "-v" "/var/lib/crater-agent-workspace/builds/worker-1-tc1/target:/opt/rustwide/target:rw,Z" "-v" "/var/lib/crater-agent-workspace/builds/worker-1-tc1/source:/opt/rustwide/workdir:ro,Z" "-v" "/var/lib/crater-agent-workspace/cargo-home:/opt/rustwide/cargo-home:ro,Z" "-v" "/var/lib/crater-agent-workspace/rustup-home:/opt/rustwide/rustup-home:ro,Z" "-e" "SOURCE_DIR=/opt/rustwide/workdir" "-e" "CARGO_TARGET_DIR=/opt/rustwide/target" "-e" "CARGO_HOME=/opt/rustwide/cargo-home" "-e" "RUSTUP_HOME=/opt/rustwide/rustup-home" "-w" "/opt/rustwide/workdir" "-m" "1610612736" "--user" "0:0" "--network" "none" "ghcr.io/rust-lang/crates-build-env/linux@sha256:5ff2268d62e97bff2cde7d5815dd6ed5b47097566f13b8d0ca110b04b60e07ed" "/opt/rustwide/cargo-home/bin/cargo" "+1.69.0" "metadata" "--no-deps" "--format-version=1", kill_on_drop: false }`
[INFO] [stdout] 3a01f683e3dda1d9ba0f4b88cd4bd55fe9e61d511f61e6a78093433eae74885d
[INFO] running `Command { std: "docker" "start" "-a" "3a01f683e3dda1d9ba0f4b88cd4bd55fe9e61d511f61e6a78093433eae74885d", kill_on_drop: false }`
[INFO] running `Command { std: "docker" "inspect" "3a01f683e3dda1d9ba0f4b88cd4bd55fe9e61d511f61e6a78093433eae74885d", kill_on_drop: false }`
[INFO] running `Command { std: "docker" "rm" "-f" "3a01f683e3dda1d9ba0f4b88cd4bd55fe9e61d511f61e6a78093433eae74885d", kill_on_drop: false }`
[INFO] [stdout] 3a01f683e3dda1d9ba0f4b88cd4bd55fe9e61d511f61e6a78093433eae74885d
[INFO] running `Command { std: "docker" "create" "-v" "/var/lib/crater-agent-workspace/builds/worker-1-tc1/target:/opt/rustwide/target:rw,Z" "-v" "/var/lib/crater-agent-workspace/builds/worker-1-tc1/source:/opt/rustwide/workdir:ro,Z" "-v" "/var/lib/crater-agent-workspace/cargo-home:/opt/rustwide/cargo-home:ro,Z" "-v" "/var/lib/crater-agent-workspace/rustup-home:/opt/rustwide/rustup-home:ro,Z" "-e" "SOURCE_DIR=/opt/rustwide/workdir" "-e" "CARGO_TARGET_DIR=/opt/rustwide/target" "-e" "CARGO_INCREMENTAL=0" "-e" "RUST_BACKTRACE=full" "-e" "RUSTFLAGS=--cap-lints=warn" "-e" "RUSTDOCFLAGS=--cap-lints=warn" "-e" "CARGO_HOME=/opt/rustwide/cargo-home" "-e" "RUSTUP_HOME=/opt/rustwide/rustup-home" "-w" "/opt/rustwide/workdir" "-m" "1610612736" "--user" "0:0" "--network" "none" "ghcr.io/rust-lang/crates-build-env/linux@sha256:5ff2268d62e97bff2cde7d5815dd6ed5b47097566f13b8d0ca110b04b60e07ed" "/opt/rustwide/cargo-home/bin/cargo" "+1.69.0" "build" "--frozen" "--message-format=json", kill_on_drop: false }`
[INFO] [stdout] 887a5411c4fa2c215f3d5b57df8c56c70967f20a58a0116c0dc9ef14897fe221
[INFO] running `Command { std: "docker" "start" "-a" "887a5411c4fa2c215f3d5b57df8c56c70967f20a58a0116c0dc9ef14897fe221", kill_on_drop: false }`
[INFO] [stderr]    Compiling proc-macro2 v1.0.37
[INFO] [stderr]    Compiling unicode-xid v0.2.3
[INFO] [stderr]    Compiling syn v1.0.92
[INFO] [stderr]    Compiling smallvec v1.8.0
[INFO] [stderr]    Compiling cl-aux v2.0.0
[INFO] [stderr]    Compiling cleu-orm v0.1.0 (/opt/rustwide/workdir/cleu-orm)
[INFO] [stdout] warning: unused import: `cl_aux::DynString`
[INFO] [stdout]  --> cleu-orm/src/no_table_entity.rs:3:5
[INFO] [stdout]   |
[INFO] [stdout] 3 | use cl_aux::DynString;
[INFO] [stdout]   |     ^^^^^^^^^^^^^^^^^
[INFO] [stdout]   |
[INFO] [stdout]   = note: `#[warn(unused_imports)]` on by default
[INFO] [stdout] 
[INFO] [stdout] 
[INFO] [stderr]    Compiling quote v1.0.18
[INFO] [stderr]    Compiling cleu-orm-derive v0.1.0 (/opt/rustwide/workdir/cleu-orm-derive)
[INFO] [stdout] warning: 1 warning emitted
[INFO] [stdout] 
[INFO] [stdout] 
[INFO] [stderr]     Finished dev [unoptimized + debuginfo] target(s) in 3.11s
[INFO] running `Command { std: "docker" "inspect" "887a5411c4fa2c215f3d5b57df8c56c70967f20a58a0116c0dc9ef14897fe221", kill_on_drop: false }`
[INFO] running `Command { std: "docker" "rm" "-f" "887a5411c4fa2c215f3d5b57df8c56c70967f20a58a0116c0dc9ef14897fe221", kill_on_drop: false }`
[INFO] [stdout] 887a5411c4fa2c215f3d5b57df8c56c70967f20a58a0116c0dc9ef14897fe221
[INFO] running `Command { std: "docker" "create" "-v" "/var/lib/crater-agent-workspace/builds/worker-1-tc1/target:/opt/rustwide/target:rw,Z" "-v" "/var/lib/crater-agent-workspace/builds/worker-1-tc1/source:/opt/rustwide/workdir:ro,Z" "-v" "/var/lib/crater-agent-workspace/cargo-home:/opt/rustwide/cargo-home:ro,Z" "-v" "/var/lib/crater-agent-workspace/rustup-home:/opt/rustwide/rustup-home:ro,Z" "-e" "SOURCE_DIR=/opt/rustwide/workdir" "-e" "CARGO_TARGET_DIR=/opt/rustwide/target" "-e" "CARGO_INCREMENTAL=0" "-e" "RUST_BACKTRACE=full" "-e" "RUSTFLAGS=--cap-lints=warn" "-e" "RUSTDOCFLAGS=--cap-lints=warn" "-e" "CARGO_HOME=/opt/rustwide/cargo-home" "-e" "RUSTUP_HOME=/opt/rustwide/rustup-home" "-w" "/opt/rustwide/workdir" "-m" "1610612736" "--user" "0:0" "--network" "none" "ghcr.io/rust-lang/crates-build-env/linux@sha256:5ff2268d62e97bff2cde7d5815dd6ed5b47097566f13b8d0ca110b04b60e07ed" "/opt/rustwide/cargo-home/bin/cargo" "+1.69.0" "test" "--frozen" "--no-run" "--message-format=json", kill_on_drop: false }`
[INFO] [stdout] 63b6fb5e1adfa49889b8912e42c8ad708f3f63054a5e9c9104c0b12ce8a14462
[INFO] running `Command { std: "docker" "start" "-a" "63b6fb5e1adfa49889b8912e42c8ad708f3f63054a5e9c9104c0b12ce8a14462", kill_on_drop: false }`
[INFO] [stderr]    Compiling proc-macro2 v1.0.37
[INFO] [stderr]    Compiling unicode-xid v0.2.3
[INFO] [stderr]    Compiling serde v1.0.137
[INFO] [stderr]    Compiling serde_derive v1.0.137
[INFO] [stderr]    Compiling serde_json v1.0.80
[INFO] [stderr]    Compiling trybuild v1.0.61
[INFO] [stderr]    Compiling itoa v1.0.1
[INFO] [stderr]    Compiling ryu v1.0.9
[INFO] [stderr]    Compiling glob v0.3.0
[INFO] [stderr]    Compiling once_cell v1.10.0
[INFO] [stderr]    Compiling termcolor v1.1.3
[INFO] [stderr]    Compiling syn v1.0.92
[INFO] [stdout] warning: unused import: `cl_aux::DynString`
[INFO] [stdout]  --> cleu-orm/src/no_table_entity.rs:3:5
[INFO] [stdout]   |
[INFO] [stdout] 3 | use cl_aux::DynString;
[INFO] [stdout]   |     ^^^^^^^^^^^^^^^^^
[INFO] [stdout]   |
[INFO] [stdout]   = note: `#[warn(unused_imports)]` on by default
[INFO] [stdout] 
[INFO] [stdout] 
[INFO] [stdout] warning: 1 warning emitted
[INFO] [stdout] 
[INFO] [stdout] 
[INFO] [stderr]    Compiling cleu-orm v0.1.0 (/opt/rustwide/workdir/cleu-orm)
[INFO] [stdout] warning: unused import: `cl_aux::DynString`
[INFO] [stdout]  --> cleu-orm/src/no_table_entity.rs:3:5
[INFO] [stdout]   |
[INFO] [stdout] 3 | use cl_aux::DynString;
[INFO] [stdout]   |     ^^^^^^^^^^^^^^^^^
[INFO] [stdout]   |
[INFO] [stdout]   = note: `#[warn(unused_imports)]` on by default
[INFO] [stdout] 
[INFO] [stdout] 
[INFO] [stderr]    Compiling quote v1.0.18
[INFO] [stderr]    Compiling cleu-orm-derive v0.1.0 (/opt/rustwide/workdir/cleu-orm-derive)
[INFO] [stderr]    Compiling toml v0.5.9
[INFO] [stdout] warning: 1 warning emitted
[INFO] [stdout] 
[INFO] [stdout] 
[INFO] [stderr]     Finished test [unoptimized + debuginfo] target(s) in 7.79s
[INFO] running `Command { std: "docker" "inspect" "63b6fb5e1adfa49889b8912e42c8ad708f3f63054a5e9c9104c0b12ce8a14462", kill_on_drop: false }`
[INFO] running `Command { std: "docker" "rm" "-f" "63b6fb5e1adfa49889b8912e42c8ad708f3f63054a5e9c9104c0b12ce8a14462", kill_on_drop: false }`
[INFO] [stdout] 63b6fb5e1adfa49889b8912e42c8ad708f3f63054a5e9c9104c0b12ce8a14462
[INFO] running `Command { std: "docker" "create" "-v" "/var/lib/crater-agent-workspace/builds/worker-1-tc1/target:/opt/rustwide/target:rw,Z" "-v" "/var/lib/crater-agent-workspace/builds/worker-1-tc1/source:/opt/rustwide/workdir:ro,Z" "-v" "/var/lib/crater-agent-workspace/cargo-home:/opt/rustwide/cargo-home:ro,Z" "-v" "/var/lib/crater-agent-workspace/rustup-home:/opt/rustwide/rustup-home:ro,Z" "-e" "SOURCE_DIR=/opt/rustwide/workdir" "-e" "CARGO_TARGET_DIR=/opt/rustwide/target" "-e" "CARGO_INCREMENTAL=0" "-e" "RUST_BACKTRACE=full" "-e" "RUSTFLAGS=--cap-lints=warn" "-e" "RUSTDOCFLAGS=--cap-lints=warn" "-e" "CARGO_HOME=/opt/rustwide/cargo-home" "-e" "RUSTUP_HOME=/opt/rustwide/rustup-home" "-w" "/opt/rustwide/workdir" "-m" "1610612736" "--user" "0:0" "--network" "none" "ghcr.io/rust-lang/crates-build-env/linux@sha256:5ff2268d62e97bff2cde7d5815dd6ed5b47097566f13b8d0ca110b04b60e07ed" "/opt/rustwide/cargo-home/bin/cargo" "+1.69.0" "test" "--frozen", kill_on_drop: false }`
[INFO] [stdout] b16c28d6a4a359542ad6098c3fdc967dd94f76d272f60d9063ef943976b4fd22
[INFO] running `Command { std: "docker" "start" "-a" "b16c28d6a4a359542ad6098c3fdc967dd94f76d272f60d9063ef943976b4fd22", kill_on_drop: false }`
[INFO] [stderr] warning: unused import: `cl_aux::DynString`
[INFO] [stderr]  --> cleu-orm/src/no_table_entity.rs:3:5
[INFO] [stderr]   |
[INFO] [stderr] 3 | use cl_aux::DynString;
[INFO] [stderr]   |     ^^^^^^^^^^^^^^^^^
[INFO] [stderr]   |
[INFO] [stderr]   = note: `#[warn(unused_imports)]` on by default
[INFO] [stderr] 
[INFO] [stderr] warning: `cleu-orm` (lib) generated 1 warning (run `cargo fix --lib -p cleu-orm` to apply 1 suggestion)
[INFO] [stderr] warning: `cleu-orm` (lib test) generated 1 warning (1 duplicate)
[INFO] [stderr]     Finished test [unoptimized + debuginfo] target(s) in 0.04s
[INFO] [stderr]      Running unittests src/lib.rs (/opt/rustwide/target/debug/deps/cleu_orm-2241c46cab2f8657)
[INFO] [stdout] 
[INFO] [stdout] running 7 tests
[INFO] [stdout] test tests::collection::assert_sizes ... ok
[INFO] [stdout] test tests::collection::update_some_values_has_correct_behavior ... ok
[INFO] [stdout] test tests::diamond::assert_sizes ... ok
[INFO] [stdout] test tests::collection::write_collection_has_correct_params ... ok
[INFO] [stdout] test tests::diamond::referred_table_has_correct_statements ... ok
[INFO] [stdout] test tests::diamond::standalone_table_has_correct_statements ... ok
[INFO] [stdout] test tests::diamond::multi_referred_table_has_correct_statements ... ok
[INFO] [stdout] 
[INFO] [stdout] test result: ok. 7 passed; 0 failed; 0 ignored; 0 measured; 0 filtered out; finished in 0.00s
[INFO] [stdout] 
[INFO] [stderr]      Running unittests src/lib.rs (/opt/rustwide/target/debug/deps/cleu_orm_derive-a0d9e07a077846e6)
[INFO] [stdout] 
[INFO] [stdout] running 0 tests
[INFO] [stdout] 
[INFO] [stdout] test result: ok. 0 passed; 0 failed; 0 ignored; 0 measured; 0 filtered out; finished in 0.00s
[INFO] [stdout] 
[INFO] [stderr]      Running tests/tests.rs (/opt/rustwide/target/debug/deps/tests-ae7071f70ed18668)
[INFO] [stdout] 
[INFO] [stdout] running 1 test
[INFO] [stderr]    Compiling proc-macro2 v1.0.37
[INFO] [stderr]    Compiling syn v1.0.92
[INFO] [stderr]    Compiling unicode-xid v0.2.3
[INFO] [stderr]    Compiling cl-aux v2.0.0
[INFO] [stderr]    Compiling smallvec v1.8.0
[INFO] [stderr]    Compiling cleu-orm v0.1.0 (/opt/rustwide/workdir/cleu-orm)
[INFO] [stderr] warning: unused import: `cl_aux::DynString`
[INFO] [stderr]  --> /opt/rustwide/workdir/cleu-orm/src/no_table_entity.rs:3:5
[INFO] [stderr]   |
[INFO] [stderr] 3 | use cl_aux::DynString;
[INFO] [stderr]   |     ^^^^^^^^^^^^^^^^^
[INFO] [stderr]   |
[INFO] [stderr]   = note: `#[warn(unused_imports)]` on by default
[INFO] [stderr] 
[INFO] [stderr]    Compiling quote v1.0.18
[INFO] [stderr]    Compiling cleu-orm-derive v0.1.0 (/opt/rustwide/workdir/cleu-orm-derive)
[INFO] [stderr] warning: `cleu-orm` (lib) generated 1 warning (run `cargo fix --lib -p cleu-orm` to apply 1 suggestion)
[INFO] [stderr]    Compiling cleu-orm-derive-tests v0.0.0 (/opt/rustwide/target/tests/cleu-orm-derive)
[INFO] [stderr]     Finished dev [unoptimized + debuginfo] target(s) in 3.53s
[INFO] [stderr] 
[INFO] [stderr] 
[INFO] [stderr] test tests/fail/non-named-fiels.rs [should fail to compile] ... mismatch
[INFO] [stderr] 
[INFO] [stderr] EXPECTED:
[INFO] [stderr] ┈┈┈┈┈┈┈┈┈┈┈┈┈┈┈┈┈┈┈┈┈┈┈┈┈┈┈┈┈┈┈┈┈┈┈┈┈┈┈┈┈┈┈┈┈┈┈┈┈┈┈┈┈┈┈┈┈┈┈┈
[INFO] [stderr] error: Table element must be a structure with named fields
[INFO] [stderr]  --> tests/fail/non-named-fiels.rs:3:1
[INFO] [stderr]   |
[INFO] [stderr] 3 | pub struct Foo(i32);
[INFO] [stderr]   | ^^^^^^^^^^^^^^^^^^^^
[INFO] [stderr] ┈┈┈┈┈┈┈┈┈┈┈┈┈┈┈┈┈┈┈┈┈┈┈┈┈┈┈┈┈┈┈┈┈┈┈┈┈┈┈┈┈┈┈┈┈┈┈┈┈┈┈┈┈┈┈┈┈┈┈┈
[INFO] [stderr] 
[INFO] [stderr] ACTUAL OUTPUT:
[INFO] [stderr] ┈┈┈┈┈┈┈┈┈┈┈┈┈┈┈┈┈┈┈┈┈┈┈┈┈┈┈┈┈┈┈┈┈┈┈┈┈┈┈┈┈┈┈┈┈┈┈┈┈┈┈┈┈┈┈┈┈┈┈┈
[INFO] [stderr] error[E0433]: failed to resolve: could not find `TableParams` in `cleu_orm_derive`
[INFO] [stderr]  --> tests/fail/non-named-fiels.rs:2:27
[INFO] [stderr]   |
[INFO] [stderr] 2 | #[derive(cleu_orm_derive::TableParams)]
[INFO] [stderr]   |                           ^^^^^^^^^^^ could not find `TableParams` in `cleu_orm_derive`
[INFO] [stderr] ┈┈┈┈┈┈┈┈┈┈┈┈┈┈┈┈┈┈┈┈┈┈┈┈┈┈┈┈┈┈┈┈┈┈┈┈┈┈┈┈┈┈┈┈┈┈┈┈┈┈┈┈┈┈┈┈┈┈┈┈
[INFO] [stderr] note: If the actual output is the correct output you can bless it by rerunning
[INFO] [stderr]       your test with the environment variable TRYBUILD=overwrite
[INFO] [stderr] 
[INFO] [stderr] test tests/pass/accepts-custom-error.rs [should pass] ... error
[INFO] [stderr] ┈┈┈┈┈┈┈┈┈┈┈┈┈┈┈┈┈┈┈┈┈┈┈┈┈┈┈┈┈┈┈┈┈┈┈┈┈┈┈┈┈┈┈┈┈┈┈┈┈┈┈┈┈┈┈┈┈┈┈┈
[INFO] [stderr] error[E0433]: failed to resolve: could not find `TableParams` in `cleu_orm_derive`
[INFO] [stderr]   --> tests/pass/accepts-custom-error.rs:12:34
[INFO] [stderr]    |
[INFO] [stderr] 12 | #[derive(Debug, cleu_orm_derive::TableParams)]
[INFO] [stderr]    |                                  ^^^^^^^^^^^ could not find `TableParams` in `cleu_orm_derive`
[INFO] [stderr] 
[INFO] [stderr] error: cannot find attribute `cleu_orm` in this scope
[INFO] [stderr]   --> tests/pass/accepts-custom-error.rs:13:3
[INFO] [stderr]    |
[INFO] [stderr] 13 | #[cleu_orm(error(ty = "Error"))]
[INFO] [stderr]    |   ^^^^^^^^
[INFO] [stderr]    |
[INFO] [stderr]    = note: `cleu_orm` is in scope, but it is a crate, not an attribute
[INFO] [stderr] ┈┈┈┈┈┈┈┈┈┈┈┈┈┈┈┈┈┈┈┈┈┈┈┈┈┈┈┈┈┈┈┈┈┈┈┈┈┈┈┈┈┈┈┈┈┈┈┈┈┈┈┈┈┈┈┈┈┈┈┈
[INFO] [stderr] 
[INFO] [stderr] test tests/pass/derive-implements-expected-structures.rs [should pass] ... error
[INFO] [stderr] ┈┈┈┈┈┈┈┈┈┈┈┈┈┈┈┈┈┈┈┈┈┈┈┈┈┈┈┈┈┈┈┈┈┈┈┈┈┈┈┈┈┈┈┈┈┈┈┈┈┈┈┈┈┈┈┈┈┈┈┈
[INFO] [stderr] error[E0433]: failed to resolve: could not find `NoAssociation` in `cleu_orm`
[INFO] [stderr]  --> tests/pass/derive-implements-expected-structures.rs:3:17
[INFO] [stderr]   |
[INFO] [stderr] 3 | #[derive(Debug, cleu_orm_derive::TableDefs)]
[INFO] [stderr]   |                 ^^^^^^^^^^^^^^^^^^^^^^^^^^ could not find `NoAssociation` in `cleu_orm`
[INFO] [stderr]   |
[INFO] [stderr]   = note: this error originates in the derive macro `cleu_orm_derive::TableDefs` (in Nightly builds, run with -Z macro-backtrace for more info)
[INFO] [stderr] 
[INFO] [stderr] error[E0412]: cannot find type `NoAssociation` in crate `cleu_orm`
[INFO] [stderr]  --> tests/pass/derive-implements-expected-structures.rs:3:17
[INFO] [stderr]   |
[INFO] [stderr] 3 | #[derive(Debug, cleu_orm_derive::TableDefs)]
[INFO] [stderr]   |                 ^^^^^^^^^^^^^^^^^^^^^^^^^^ not found in `cleu_orm`
[INFO] [stderr]   |
[INFO] [stderr]   = note: this error originates in the derive macro `cleu_orm_derive::TableDefs` (in Nightly builds, run with -Z macro-backtrace for more info)
[INFO] [stderr] 
[INFO] [stderr] error[E0405]: cannot find trait `TableValues` in crate `cleu_orm`
[INFO] [stderr]  --> tests/pass/derive-implements-expected-structures.rs:3:17
[INFO] [stderr]   |
[INFO] [stderr] 3 | #[derive(Debug, cleu_orm_derive::TableDefs)]
[INFO] [stderr]   |                 ^^^^^^^^^^^^^^^^^^^^^^^^^^ not found in `cleu_orm`
[INFO] [stderr]   |
[INFO] [stderr]   = note: this error originates in the derive macro `cleu_orm_derive::TableDefs` (in Nightly builds, run with -Z macro-backtrace for more info)
[INFO] [stderr] 
[INFO] [stderr] error[E0412]: cannot find type `FooDefs` in this scope
[INFO] [stderr]  --> tests/pass/derive-implements-expected-structures.rs:9:17
[INFO] [stderr]   |
[INFO] [stderr] 9 | #[derive(Debug, cleu_orm_derive::TableDefs)]pub struct Bar {
[INFO] [stderr]   |                 ^^^^^^^^^^^^^^^^^^^^^^^^^^ not found in this scope
[INFO] [stderr]   |
[INFO] [stderr]   = note: this error originates in the derive macro `cleu_orm_derive::TableDefs` (in Nightly builds, run with -Z macro-backtrace for more info)
[INFO] [stderr] 
[INFO] [stderr] error[E0405]: cannot find trait `TableValues` in crate `cleu_orm`
[INFO] [stderr]  --> tests/pass/derive-implements-expected-structures.rs:9:17
[INFO] [stderr]   |
[INFO] [stderr] 9 | #[derive(Debug, cleu_orm_derive::TableDefs)]pub struct Bar {
[INFO] [stderr]   |                 ^^^^^^^^^^^^^^^^^^^^^^^^^^ not found in `cleu_orm`
[INFO] [stderr]   |
[INFO] [stderr]   = note: this error originates in the derive macro `cleu_orm_derive::TableDefs` (in Nightly builds, run with -Z macro-backtrace for more info)
[INFO] [stderr] 
[INFO] [stderr] warning: unused import: `cleu_orm::TableDefs`
[INFO] [stderr]  --> tests/pass/derive-implements-expected-structures.rs:1:5
[INFO] [stderr]   |
[INFO] [stderr] 1 | use cleu_orm::TableDefs;
[INFO] [stderr]   |     ^^^^^^^^^^^^^^^^^^^
[INFO] [stderr]   |
[INFO] [stderr]   = note: `#[warn(unused_imports)]` on by default
[INFO] [stderr] 
[INFO] [stderr] error[E0433]: failed to resolve: use of undeclared type `FooDefs`
[INFO] [stderr]  --> tests/pass/derive-implements-expected-structures.rs:9:17
[INFO] [stderr]   |
[INFO] [stderr] 9 | #[derive(Debug, cleu_orm_derive::TableDefs)]pub struct Bar {
[INFO] [stderr]   |                 ^^^^^^^^^^^^^^^^^^^^^^^^^^ use of undeclared type `FooDefs`
[INFO] [stderr]   |
[INFO] [stderr]   = note: this error originates in the derive macro `cleu_orm_derive::TableDefs` (in Nightly builds, run with -Z macro-backtrace for more info)
[INFO] [stderr] 
[INFO] [stderr] error[E0433]: failed to resolve: use of undeclared type `FooTable`
[INFO] [stderr]   --> tests/pass/derive-implements-expected-structures.rs:17:19
[INFO] [stderr]    |
[INFO] [stderr] 17 |   let foo_table = FooTable::new(0);
[INFO] [stderr]    |                   ^^^^^^^^ use of undeclared type `FooTable`
[INFO] [stderr] 
[INFO] [stderr] error[E0433]: failed to resolve: use of undeclared type `BarTable`
[INFO] [stderr]   --> tests/pass/derive-implements-expected-structures.rs:18:19
[INFO] [stderr]    |
[INFO] [stderr] 18 |   let bar_table = BarTable::new(0);
[INFO] [stderr]    |                   ^^^^^^^^ use of undeclared type `BarTable`
[INFO] [stderr] ┈┈┈┈┈┈┈┈┈┈┈┈┈┈┈┈┈┈┈┈┈┈┈┈┈┈┈┈┈┈┈┈┈┈┈┈┈┈┈┈┈┈┈┈┈┈┈┈┈┈┈┈┈┈┈┈┈┈┈┈
[INFO] [stderr] 
[INFO] [stderr] test tests/pass/table-group-changes-table-definitions.rs [should pass] ... error
[INFO] [stderr] ┈┈┈┈┈┈┈┈┈┈┈┈┈┈┈┈┈┈┈┈┈┈┈┈┈┈┈┈┈┈┈┈┈┈┈┈┈┈┈┈┈┈┈┈┈┈┈┈┈┈┈┈┈┈┈┈┈┈┈┈
[INFO] [stderr] error[E0432]: unresolved import `cleu_orm::TableParams`
[INFO] [stderr]  --> tests/pass/table-group-changes-table-definitions.rs:1:5
[INFO] [stderr]   |
[INFO] [stderr] 1 | use cleu_orm::TableParams;
[INFO] [stderr]   |     ^^^^^^^^^^^^^^^^^^^^^ no `TableParams` in the root
[INFO] [stderr] 
[INFO] [stderr] error[E0433]: failed to resolve: could not find `TableParams` in `cleu_orm_derive`
[INFO] [stderr]  --> tests/pass/table-group-changes-table-definitions.rs:3:34
[INFO] [stderr]   |
[INFO] [stderr] 3 | #[derive(Debug, cleu_orm_derive::TableParams)]
[INFO] [stderr]   |                                  ^^^^^^^^^^^ could not find `TableParams` in `cleu_orm_derive`
[INFO] [stderr] 
[INFO] [stderr] error: cannot find attribute `cleu_orm` in this scope
[INFO] [stderr]  --> tests/pass/table-group-changes-table-definitions.rs:4:3
[INFO] [stderr]   |
[INFO] [stderr] 4 | #[cleu_orm(table(alias = "FOO", name = "BAR"))]
[INFO] [stderr]   |   ^^^^^^^^
[INFO] [stderr]   |
[INFO] [stderr]   = note: `cleu_orm` is in scope, but it is a crate, not an attribute
[INFO] [stderr] 
[INFO] [stderr] error[E0433]: failed to resolve: use of undeclared type `FooParams`
[INFO] [stderr]   --> tests/pass/table-group-changes-table-definitions.rs:11:14
[INFO] [stderr]    |
[INFO] [stderr] 11 |   assert_eq!(FooParams::table_name(), "BAR");
[INFO] [stderr]    |              ^^^^^^^^^ use of undeclared type `FooParams`
[INFO] [stderr] 
[INFO] [stderr] error[E0433]: failed to resolve: use of undeclared type `FooParams`
[INFO] [stderr]   --> tests/pass/table-group-changes-table-definitions.rs:12:14
[INFO] [stderr]    |
[INFO] [stderr] 12 |   assert_eq!(FooParams::table_name_alias(), Some("FOO"));
[INFO] [stderr]    |              ^^^^^^^^^ use of undeclared type `FooParams`
[INFO] [stderr] ┈┈┈┈┈┈┈┈┈┈┈┈┈┈┈┈┈┈┈┈┈┈┈┈┈┈┈┈┈┈┈┈┈┈┈┈┈┈┈┈┈┈┈┈┈┈┈┈┈┈┈┈┈┈┈┈┈┈┈┈
[INFO] [stderr] 
[INFO] [stderr] 
[INFO] [stderr] 
[INFO] [stdout] test tests ... FAILED
[INFO] [stdout] 
[INFO] [stdout] failures:
[INFO] [stdout] 
[INFO] [stdout] ---- tests stdout ----
[INFO] [stdout] thread 'tests' panicked at '4 of 4 tests failed', /opt/rustwide/cargo-home/registry/src/github.com-1ecc6299db9ec823/trybuild-1.0.61/src/run.rs:100:13
[INFO] [stdout] stack backtrace:
[INFO] [stdout]    0:     0x562a6ac3909a - std::backtrace_rs::backtrace::libunwind::trace::ha9053a9a07ca49cb
[INFO] [stdout]                                at /rustc/84c898d65adf2f39a5a98507f1fe0ce10a2b8dbc/library/std/src/../../backtrace/src/backtrace/libunwind.rs:93:5
[INFO] [stdout]    1:     0x562a6ac3909a - std::backtrace_rs::backtrace::trace_unsynchronized::h9c2852a457ad564e
[INFO] [stdout]                                at /rustc/84c898d65adf2f39a5a98507f1fe0ce10a2b8dbc/library/std/src/../../backtrace/src/backtrace/mod.rs:66:5
[INFO] [stdout]    2:     0x562a6ac3909a - std::sys_common::backtrace::_print_fmt::h457936fbfaa0070f
[INFO] [stdout]                                at /rustc/84c898d65adf2f39a5a98507f1fe0ce10a2b8dbc/library/std/src/sys_common/backtrace.rs:65:5
[INFO] [stdout]    3:     0x562a6ac3909a - <std::sys_common::backtrace::_print::DisplayBacktrace as core::fmt::Display>::fmt::h5779d7bf7f70cb0c
[INFO] [stdout]                                at /rustc/84c898d65adf2f39a5a98507f1fe0ce10a2b8dbc/library/std/src/sys_common/backtrace.rs:44:22
[INFO] [stdout]    4:     0x562a6ac5ed3e - core::fmt::write::h5a4baaff1bcd3eb5
[INFO] [stdout]                                at /rustc/84c898d65adf2f39a5a98507f1fe0ce10a2b8dbc/library/core/src/fmt/mod.rs:1232:17
[INFO] [stdout]    5:     0x562a6ac356e5 - std::io::Write::write_fmt::h478f79c628ef31d1
[INFO] [stdout]                                at /rustc/84c898d65adf2f39a5a98507f1fe0ce10a2b8dbc/library/std/src/io/mod.rs:1684:15
[INFO] [stdout]    6:     0x562a6ac38e65 - std::sys_common::backtrace::_print::h5fcdc36060f177e8
[INFO] [stdout]                                at /rustc/84c898d65adf2f39a5a98507f1fe0ce10a2b8dbc/library/std/src/sys_common/backtrace.rs:47:5
[INFO] [stdout]    7:     0x562a6ac38e65 - std::sys_common::backtrace::print::h54ca9458b876c8bf
[INFO] [stdout]                                at /rustc/84c898d65adf2f39a5a98507f1fe0ce10a2b8dbc/library/std/src/sys_common/backtrace.rs:34:9
[INFO] [stdout]    8:     0x562a6ac3ac2f - std::panicking::default_hook::{{closure}}::hbe471161c7664ed6
[INFO] [stdout]                                at /rustc/84c898d65adf2f39a5a98507f1fe0ce10a2b8dbc/library/std/src/panicking.rs:271:22
[INFO] [stdout]    9:     0x562a6ac3a8ef - std::panicking::default_hook::ha3500da57aa4ac4f
[INFO] [stdout]                                at /rustc/84c898d65adf2f39a5a98507f1fe0ce10a2b8dbc/library/std/src/panicking.rs:287:9
[INFO] [stdout]   10:     0x562a6ac0b5c7 - <alloc::boxed::Box<F,A> as core::ops::function::Fn<Args>>::call::hdf1b89dd137ece34
[INFO] [stdout]                                at /rustc/84c898d65adf2f39a5a98507f1fe0ce10a2b8dbc/library/alloc/src/boxed.rs:2001:9
[INFO] [stdout]   11:     0x562a6ac0b5c7 - test::test_main::{{closure}}::h9081a79f20e75698
[INFO] [stdout]                                at /rustc/84c898d65adf2f39a5a98507f1fe0ce10a2b8dbc/library/test/src/lib.rs:135:21
[INFO] [stdout]   12:     0x562a6ac3b35d - <alloc::boxed::Box<F,A> as core::ops::function::Fn<Args>>::call::h6507bddc3eebb4a5
[INFO] [stdout]                                at /rustc/84c898d65adf2f39a5a98507f1fe0ce10a2b8dbc/library/alloc/src/boxed.rs:2001:9
[INFO] [stdout]   13:     0x562a6ac3b35d - std::panicking::rust_panic_with_hook::h50c09d000dc561d2
[INFO] [stdout]                                at /rustc/84c898d65adf2f39a5a98507f1fe0ce10a2b8dbc/library/std/src/panicking.rs:696:13
[INFO] [stdout]   14:     0x562a6ac3b0d9 - std::panicking::begin_panic_handler::{{closure}}::h9e2b2176e00e0d9c
[INFO] [stdout]                                at /rustc/84c898d65adf2f39a5a98507f1fe0ce10a2b8dbc/library/std/src/panicking.rs:583:13
[INFO] [stdout]   15:     0x562a6ac39506 - std::sys_common::backtrace::__rust_end_short_backtrace::h5739b8e512c09d02
[INFO] [stdout]                                at /rustc/84c898d65adf2f39a5a98507f1fe0ce10a2b8dbc/library/std/src/sys_common/backtrace.rs:150:18
[INFO] [stdout]   16:     0x562a6ac3ade2 - rust_begin_unwind
[INFO] [stdout]                                at /rustc/84c898d65adf2f39a5a98507f1fe0ce10a2b8dbc/library/std/src/panicking.rs:579:5
[INFO] [stdout]   17:     0x562a6a9ece53 - core::panicking::panic_fmt::hf33a1475b4dc5c3e
[INFO] [stdout]                                at /rustc/84c898d65adf2f39a5a98507f1fe0ce10a2b8dbc/library/core/src/panicking.rs:64:14
[INFO] [stdout]   18:     0x562a6aa00c69 - trybuild::run::<impl trybuild::Runner>::run::h693216321a7e9291
[INFO] [stdout]                                at /opt/rustwide/cargo-home/registry/src/github.com-1ecc6299db9ec823/trybuild-1.0.61/src/run.rs:100:13
[INFO] [stdout]   19:     0x562a6aa07f6a - <trybuild::TestCases as core::ops::drop::Drop>::drop::he24e28ee11142707
[INFO] [stdout]                                at /opt/rustwide/cargo-home/registry/src/github.com-1ecc6299db9ec823/trybuild-1.0.61/src/lib.rs:308:13
[INFO] [stdout]   20:     0x562a6a9ee837 - core::ptr::drop_in_place<trybuild::TestCases>::hc62f054c18ff82e9
[INFO] [stdout]                                at /rustc/84c898d65adf2f39a5a98507f1fe0ce10a2b8dbc/library/core/src/ptr/mod.rs:490:1
[INFO] [stdout]   21:     0x562a6a9ed5eb - tests::tests::h7f5fd683ccb6b758
[INFO] [stdout]                                at /opt/rustwide/workdir/cleu-orm-derive/tests/tests.rs:6:1
[INFO] [stdout]   22:     0x562a6a9ed567 - tests::tests::{{closure}}::he75a3ec5dc72d336
[INFO] [stdout]                                at /opt/rustwide/workdir/cleu-orm-derive/tests/tests.rs:2:12
[INFO] [stdout]   23:     0x562a6a9ee7d5 - core::ops::function::FnOnce::call_once::h2852fcb79af4c6f4
[INFO] [stdout]                                at /rustc/84c898d65adf2f39a5a98507f1fe0ce10a2b8dbc/library/core/src/ops/function.rs:250:5
[INFO] [stdout]   24:     0x562a6ac109af - core::ops::function::FnOnce::call_once::h7d969581be7d0075
[INFO] [stdout]                                at /rustc/84c898d65adf2f39a5a98507f1fe0ce10a2b8dbc/library/core/src/ops/function.rs:250:5
[INFO] [stdout]   25:     0x562a6ac109af - test::__rust_begin_short_backtrace::hca25a52684e56655
[INFO] [stdout]                                at /rustc/84c898d65adf2f39a5a98507f1fe0ce10a2b8dbc/library/test/src/lib.rs:656:18
[INFO] [stdout]   26:     0x562a6abe1fcc - test::run_test::{{closure}}::ha8ac744c4af1a4bb
[INFO] [stdout]                                at /rustc/84c898d65adf2f39a5a98507f1fe0ce10a2b8dbc/library/test/src/lib.rs:647:30
[INFO] [stdout]   27:     0x562a6abe1fcc - core::ops::function::FnOnce::call_once{{vtable.shim}}::h7b411a9ed45bdecf
[INFO] [stdout]                                at /rustc/84c898d65adf2f39a5a98507f1fe0ce10a2b8dbc/library/core/src/ops/function.rs:250:5
[INFO] [stdout]   28:     0x562a6ac0f976 - <alloc::boxed::Box<F,A> as core::ops::function::FnOnce<Args>>::call_once::hd05328869a8ed200
[INFO] [stdout]                                at /rustc/84c898d65adf2f39a5a98507f1fe0ce10a2b8dbc/library/alloc/src/boxed.rs:1987:9
[INFO] [stdout]   29:     0x562a6ac0f976 - <core::panic::unwind_safe::AssertUnwindSafe<F> as core::ops::function::FnOnce<()>>::call_once::h0c601ce20bd5b2be
[INFO] [stdout]                                at /rustc/84c898d65adf2f39a5a98507f1fe0ce10a2b8dbc/library/core/src/panic/unwind_safe.rs:271:9
[INFO] [stdout]   30:     0x562a6ac0f976 - std::panicking::try::do_call::ha4be5c164fe30854
[INFO] [stdout]                                at /rustc/84c898d65adf2f39a5a98507f1fe0ce10a2b8dbc/library/std/src/panicking.rs:487:40
[INFO] [stdout]   31:     0x562a6ac0f976 - std::panicking::try::h604546f3609af05f
[INFO] [stdout]                                at /rustc/84c898d65adf2f39a5a98507f1fe0ce10a2b8dbc/library/std/src/panicking.rs:451:19
[INFO] [stdout]   32:     0x562a6ac0f976 - std::panic::catch_unwind::h5bfa8afe44c9c2f9
[INFO] [stdout]                                at /rustc/84c898d65adf2f39a5a98507f1fe0ce10a2b8dbc/library/std/src/panic.rs:140:14
[INFO] [stdout]   33:     0x562a6ac0f976 - test::run_test_in_process::hd50dee55dd63e6aa
[INFO] [stdout]                                at /rustc/84c898d65adf2f39a5a98507f1fe0ce10a2b8dbc/library/test/src/lib.rs:679:27
[INFO] [stdout]   34:     0x562a6ac0f976 - test::run_test::run_test_inner::{{closure}}::h4aa0f433aa85cea8
[INFO] [stdout]                                at /rustc/84c898d65adf2f39a5a98507f1fe0ce10a2b8dbc/library/test/src/lib.rs:573:39
[INFO] [stdout]   35:     0x562a6abdc641 - test::run_test::run_test_inner::{{closure}}::had56431adf24b4d6
[INFO] [stdout]                                at /rustc/84c898d65adf2f39a5a98507f1fe0ce10a2b8dbc/library/test/src/lib.rs:600:37
[INFO] [stdout]   36:     0x562a6abdc641 - std::sys_common::backtrace::__rust_begin_short_backtrace::ha8d9890e0c73bf13
[INFO] [stdout]                                at /rustc/84c898d65adf2f39a5a98507f1fe0ce10a2b8dbc/library/std/src/sys_common/backtrace.rs:134:18
[INFO] [stdout]   37:     0x562a6abe205b - std::thread::Builder::spawn_unchecked_::{{closure}}::{{closure}}::h251832bcb4a95327
[INFO] [stdout]                                at /rustc/84c898d65adf2f39a5a98507f1fe0ce10a2b8dbc/library/std/src/thread/mod.rs:560:17
[INFO] [stdout]   38:     0x562a6abe205b - <core::panic::unwind_safe::AssertUnwindSafe<F> as core::ops::function::FnOnce<()>>::call_once::h8fdff598fa414831
[INFO] [stdout]                                at /rustc/84c898d65adf2f39a5a98507f1fe0ce10a2b8dbc/library/core/src/panic/unwind_safe.rs:271:9
[INFO] [stdout]   39:     0x562a6abe205b - std::panicking::try::do_call::h455dd2f7764a950f
[INFO] [stdout]                                at /rustc/84c898d65adf2f39a5a98507f1fe0ce10a2b8dbc/library/std/src/panicking.rs:487:40
[INFO] [stdout]   40:     0x562a6abe205b - std::panicking::try::had6f23b7b73ae72a
[INFO] [stdout]                                at /rustc/84c898d65adf2f39a5a98507f1fe0ce10a2b8dbc/library/std/src/panicking.rs:451:19
[INFO] [stdout]   41:     0x562a6abe205b - std::panic::catch_unwind::ha6a5ca3915b4dad0
[INFO] [stdout]                                at /rustc/84c898d65adf2f39a5a98507f1fe0ce10a2b8dbc/library/std/src/panic.rs:140:14
[INFO] [stdout]   42:     0x562a6abe205b - std::thread::Builder::spawn_unchecked_::{{closure}}::h883b72ef75da6231
[INFO] [stdout]                                at /rustc/84c898d65adf2f39a5a98507f1fe0ce10a2b8dbc/library/std/src/thread/mod.rs:559:30
[INFO] [stdout]   43:     0x562a6abe205b - core::ops::function::FnOnce::call_once{{vtable.shim}}::hb7dff73dc8bd2ccb
[INFO] [stdout]                                at /rustc/84c898d65adf2f39a5a98507f1fe0ce10a2b8dbc/library/core/src/ops/function.rs:250:5
[INFO] [stdout]   44:     0x562a6ac405c3 - <alloc::boxed::Box<F,A> as core::ops::function::FnOnce<Args>>::call_once::h39990b24eedef2ab
[INFO] [stdout]                                at /rustc/84c898d65adf2f39a5a98507f1fe0ce10a2b8dbc/library/alloc/src/boxed.rs:1987:9
[INFO] [stdout]   45:     0x562a6ac405c3 - <alloc::boxed::Box<F,A> as core::ops::function::FnOnce<Args>>::call_once::h01a027258444143b
[INFO] [stdout]                                at /rustc/84c898d65adf2f39a5a98507f1fe0ce10a2b8dbc/library/alloc/src/boxed.rs:1987:9
[INFO] [stdout]   46:     0x562a6ac405c3 - std::sys::unix::thread::Thread::new::thread_start::ha4f1cdd9c25884ba
[INFO] [stdout]                                at /rustc/84c898d65adf2f39a5a98507f1fe0ce10a2b8dbc/library/std/src/sys/unix/thread.rs:108:17
[INFO] [stdout]   47:     0x7f0e82860b43 - <unknown>
[INFO] [stdout]   48:     0x7f0e828f1bb4 - __clone
[INFO] [stdout]   49:                0x0 - <unknown>
[INFO] [stdout] 
[INFO] [stdout] 
[INFO] [stdout] failures:
[INFO] [stdout]     tests
[INFO] [stdout] 
[INFO] [stdout] test result: FAILED. 0 passed; 1 failed; 0 ignored; 0 measured; 0 filtered out; finished in 4.04s
[INFO] [stdout] 
[INFO] [stderr] error: test failed, to rerun pass `-p cleu-orm-derive --test tests`
[INFO] running `Command { std: "docker" "inspect" "b16c28d6a4a359542ad6098c3fdc967dd94f76d272f60d9063ef943976b4fd22", kill_on_drop: false }`
[INFO] running `Command { std: "docker" "rm" "-f" "b16c28d6a4a359542ad6098c3fdc967dd94f76d272f60d9063ef943976b4fd22", kill_on_drop: false }`
[INFO] [stdout] b16c28d6a4a359542ad6098c3fdc967dd94f76d272f60d9063ef943976b4fd22
