[INFO] cloning repository https://github.com/broxus/nekoton-codegen
[INFO] running `Command { std: "git" "-c" "credential.helper=" "-c" "credential.helper=/workspace/cargo-home/bin/git-credential-null" "clone" "--bare" "https://github.com/broxus/nekoton-codegen" "/workspace/cache/git-repos/https%3A%2F%2Fgithub.com%2Fbroxus%2Fnekoton-codegen", kill_on_drop: false }`
[INFO] [stderr] Cloning into bare repository '/workspace/cache/git-repos/https%3A%2F%2Fgithub.com%2Fbroxus%2Fnekoton-codegen'...
[INFO] running `Command { std: "git" "rev-parse" "HEAD", kill_on_drop: false }`
[INFO] [stdout] 4f7141e9846d0e39e3bf58e71577e89f7bb00698
[INFO] testing broxus/nekoton-codegen against 1.69.0 for beta-1.70-1
[INFO] running `Command { std: "git" "clone" "/workspace/cache/git-repos/https%3A%2F%2Fgithub.com%2Fbroxus%2Fnekoton-codegen" "/workspace/builds/worker-2-tc1/source", kill_on_drop: false }`
[INFO] [stderr] Cloning into '/workspace/builds/worker-2-tc1/source'...
[INFO] [stderr] done.
[INFO] validating manifest of git repo https://github.com/broxus/nekoton-codegen on toolchain 1.69.0
[INFO] running `Command { std: CARGO_HOME="/workspace/cargo-home" RUSTUP_HOME="/workspace/rustup-home" "/workspace/cargo-home/bin/cargo" "+1.69.0" "metadata" "--manifest-path" "Cargo.toml" "--no-deps", kill_on_drop: false }`
[INFO] started tweaking git repo https://github.com/broxus/nekoton-codegen
[INFO] finished tweaking git repo https://github.com/broxus/nekoton-codegen
[INFO] tweaked toml for git repo https://github.com/broxus/nekoton-codegen written to /workspace/builds/worker-2-tc1/source/Cargo.toml
[INFO] crate git repo https://github.com/broxus/nekoton-codegen already has a lockfile, it will not be regenerated
[INFO] running `Command { std: CARGO_HOME="/workspace/cargo-home" RUSTUP_HOME="/workspace/rustup-home" "/workspace/cargo-home/bin/cargo" "+1.69.0" "fetch" "--manifest-path" "Cargo.toml", kill_on_drop: false }`
[INFO] [stderr]     Updating git repository `https://github.com/0xdeafbeef/codegen.git`
[INFO] [stderr]     Updating git repository `https://github.com/broxus/nekoton.git`
[INFO] [stderr]     Updating git repository `https://github.com/tonlabs/ton-labs-abi`
[INFO] [stderr]     Updating git repository `https://github.com/broxus/ton-labs-block.git`
[INFO] [stderr]     Updating git repository `https://github.com/broxus/ton-labs-types.git`
[INFO] [stderr]     Updating git repository `https://github.com/tonlabs/ton-labs-block.git`
[INFO] [stderr]     Updating git repository `https://github.com/tonlabs/ton-labs-types.git`
[INFO] [stderr]     Updating git repository `https://github.com/tonlabs/lockfree.git`
[INFO] [stderr]  Downloading crates ...
[INFO] [stderr]   Downloaded pretty_assertions v0.5.1
[INFO] [stderr]   Downloaded clear_on_drop v0.2.4
[INFO] running `Command { std: "docker" "create" "-v" "/var/lib/crater-agent-workspace/builds/worker-2-tc1/target:/opt/rustwide/target:rw,Z" "-v" "/var/lib/crater-agent-workspace/builds/worker-2-tc1/source:/opt/rustwide/workdir:ro,Z" "-v" "/var/lib/crater-agent-workspace/cargo-home:/opt/rustwide/cargo-home:ro,Z" "-v" "/var/lib/crater-agent-workspace/rustup-home:/opt/rustwide/rustup-home:ro,Z" "-e" "SOURCE_DIR=/opt/rustwide/workdir" "-e" "CARGO_TARGET_DIR=/opt/rustwide/target" "-e" "CARGO_HOME=/opt/rustwide/cargo-home" "-e" "RUSTUP_HOME=/opt/rustwide/rustup-home" "-w" "/opt/rustwide/workdir" "-m" "1610612736" "--user" "0:0" "--network" "none" "ghcr.io/rust-lang/crates-build-env/linux@sha256:5ff2268d62e97bff2cde7d5815dd6ed5b47097566f13b8d0ca110b04b60e07ed" "/opt/rustwide/cargo-home/bin/cargo" "+1.69.0" "metadata" "--no-deps" "--format-version=1", kill_on_drop: false }`
[INFO] [stdout] 300601ff1efb5d87bf210052a680be6edac1f45ad92def9ca2e30dab2242ebb0
[INFO] running `Command { std: "docker" "start" "-a" "300601ff1efb5d87bf210052a680be6edac1f45ad92def9ca2e30dab2242ebb0", kill_on_drop: false }`
[INFO] running `Command { std: "docker" "inspect" "300601ff1efb5d87bf210052a680be6edac1f45ad92def9ca2e30dab2242ebb0", kill_on_drop: false }`
[INFO] running `Command { std: "docker" "rm" "-f" "300601ff1efb5d87bf210052a680be6edac1f45ad92def9ca2e30dab2242ebb0", kill_on_drop: false }`
[INFO] [stdout] 300601ff1efb5d87bf210052a680be6edac1f45ad92def9ca2e30dab2242ebb0
[INFO] running `Command { std: "docker" "create" "-v" "/var/lib/crater-agent-workspace/builds/worker-2-tc1/target:/opt/rustwide/target:rw,Z" "-v" "/var/lib/crater-agent-workspace/builds/worker-2-tc1/source:/opt/rustwide/workdir:ro,Z" "-v" "/var/lib/crater-agent-workspace/cargo-home:/opt/rustwide/cargo-home:ro,Z" "-v" "/var/lib/crater-agent-workspace/rustup-home:/opt/rustwide/rustup-home:ro,Z" "-e" "SOURCE_DIR=/opt/rustwide/workdir" "-e" "CARGO_TARGET_DIR=/opt/rustwide/target" "-e" "CARGO_INCREMENTAL=0" "-e" "RUST_BACKTRACE=full" "-e" "RUSTFLAGS=--cap-lints=warn" "-e" "RUSTDOCFLAGS=--cap-lints=warn" "-e" "CARGO_HOME=/opt/rustwide/cargo-home" "-e" "RUSTUP_HOME=/opt/rustwide/rustup-home" "-w" "/opt/rustwide/workdir" "-m" "1610612736" "--user" "0:0" "--network" "none" "ghcr.io/rust-lang/crates-build-env/linux@sha256:5ff2268d62e97bff2cde7d5815dd6ed5b47097566f13b8d0ca110b04b60e07ed" "/opt/rustwide/cargo-home/bin/cargo" "+1.69.0" "build" "--frozen" "--message-format=json", kill_on_drop: false }`
[INFO] [stdout] c4520b4f4958c7b191236f01444b6a48a0d3b777d9458ab32824dda2c07dad7a
[INFO] running `Command { std: "docker" "start" "-a" "c4520b4f4958c7b191236f01444b6a48a0d3b777d9458ab32824dda2c07dad7a", kill_on_drop: false }`
[INFO] [stderr]    Compiling proc-macro2 v1.0.28
[INFO] [stderr]    Compiling unicode-xid v0.2.2
[INFO] [stderr]    Compiling syn v1.0.74
[INFO] [stderr]    Compiling libc v0.2.98
[INFO] [stderr]    Compiling cfg-if v1.0.0
[INFO] [stderr]    Compiling version_check v0.9.3
[INFO] [stderr]    Compiling typenum v1.13.0
[INFO] [stderr]    Compiling num-traits v0.2.14
[INFO] [stderr]    Compiling serde_derive v1.0.127
[INFO] [stderr]    Compiling num-integer v0.1.44
[INFO] [stderr]    Compiling serde v1.0.127
[INFO] [stderr]    Compiling getrandom v0.1.16
[INFO] [stderr]    Compiling generic-array v0.14.4
[INFO] [stderr]    Compiling ppv-lite86 v0.2.10
[INFO] [stderr]    Compiling memchr v2.4.0
[INFO] [stderr]    Compiling quote v1.0.9
[INFO] [stderr]    Compiling byteorder v1.4.3
[INFO] [stderr]    Compiling miniz_oxide v0.4.4
[INFO] [stderr]    Compiling num-bigint v0.2.6
[INFO] [stderr]    Compiling cc v1.0.69
[INFO] [stderr]    Compiling rand_core v0.5.1
[INFO] [stderr]    Compiling generic-array v0.12.4
[INFO] [stderr]    Compiling num-complex v0.2.4
[INFO] [stderr]    Compiling num-rational v0.2.4
[INFO] [stderr]    Compiling num-iter v0.1.42
[INFO] [stderr]    Compiling failure_derive v0.1.8
[INFO] [stderr]    Compiling gimli v0.25.0
[INFO] [stderr]    Compiling build_const v0.2.2
[INFO] [stderr]    Compiling adler v1.0.2
[INFO] [stderr]    Compiling crc v1.8.1
[INFO] [stderr]    Compiling object v0.26.0
[INFO] [stderr]    Compiling log v0.4.14
[INFO] [stderr]    Compiling backtrace v0.3.61
[INFO] [stderr]    Compiling rustc-demangle v0.1.20
[INFO] [stderr]    Compiling block-buffer v0.7.3
[INFO] [stderr]    Compiling digest v0.9.0
[INFO] [stderr]    Compiling digest v0.8.1
[INFO] [stderr]    Compiling rand_chacha v0.2.2
[INFO] [stderr]    Compiling fake-simd v0.1.2
[INFO] [stderr]    Compiling owned-alloc v0.2.0
[INFO] [stderr]    Compiling sha2 v0.8.2
[INFO] [stderr]    Compiling rand v0.7.3
[INFO] [stderr]    Compiling lockfree v0.5.1 (https://github.com/tonlabs/lockfree.git#bfcb6658)
[INFO] [stderr]    Compiling block-buffer v0.9.0
[INFO] [stderr]    Compiling getrandom v0.2.3
[INFO] [stderr]    Compiling subtle v2.4.1
[INFO] [stderr]    Compiling signature v1.3.1
[INFO] [stderr]    Compiling base64 v0.11.0
[INFO] [stderr]    Compiling cpufeatures v0.1.5
[INFO] [stderr]    Compiling hex v0.4.3
[INFO] [stderr]    Compiling opaque-debug v0.3.0
[INFO] [stderr]    Compiling addr2line v0.16.0
[INFO] [stderr]    Compiling sha2 v0.9.5
[INFO] [stderr]    Compiling ed25519 v1.2.0
[INFO] [stderr]    Compiling rand_core v0.6.3
[INFO] [stderr]    Compiling proc-macro-error-attr v1.0.4
[INFO] [stderr]    Compiling base64 v0.10.1
[INFO] [stderr]    Compiling proc-macro-error v1.0.4
[INFO] [stderr]    Compiling rand_chacha v0.3.1
[INFO] [stderr]    Compiling indexmap v1.7.0
[INFO] [stderr]    Compiling synstructure v0.12.5
[INFO] [stderr]    Compiling ton_types v1.10.2 (https://github.com/broxus/ton-labs-types.git#d03d308f)
[INFO] [stderr]    Compiling ton_types v1.10.4 (https://github.com/tonlabs/ton-labs-types.git#87d0916f)
[INFO] [stderr]    Compiling ryu v1.0.5
[INFO] [stderr]    Compiling rand v0.8.4
[INFO] [stderr]    Compiling serde_json v1.0.66
[INFO] [stderr]    Compiling hashbrown v0.11.2
[INFO] [stderr]    Compiling anyhow v1.0.42
[INFO] [stderr]    Compiling ton_block v1.7.14 (https://github.com/broxus/ton-labs-block.git#bb2c911c)
[INFO] [stderr]    Compiling ton_block v1.7.18 (https://github.com/tonlabs/ton-labs-block.git#d8cbe76e)
[INFO] [stderr]    Compiling unicode-segmentation v1.8.0
[INFO] [stderr]    Compiling time v0.1.43
[INFO] [stderr]    Compiling heck v0.3.3
[INFO] [stderr]    Compiling itoa v0.4.7
[INFO] [stderr]    Compiling unicode-width v0.1.8
[INFO] [stderr]    Compiling difference v2.0.0
[INFO] [stderr]    Compiling textwrap v0.12.1
[INFO] [stderr]    Compiling atty v0.2.14
[INFO] [stderr]    Compiling chrono v0.4.19
[INFO] [stderr]    Compiling pretty_assertions v0.5.1
[INFO] [stderr]    Compiling termcolor v1.1.2
[INFO] [stderr]    Compiling strsim v0.10.0
[INFO] [stderr]    Compiling os_str_bytes v2.4.0
[INFO] [stderr]    Compiling base64 v0.13.0
[INFO] [stderr]    Compiling hex v0.3.2
[INFO] [stderr]    Compiling either v1.6.1
[INFO] [stderr]    Compiling itertools v0.10.1
[INFO] [stderr]    Compiling codegen v0.1.3 (https://github.com/0xdeafbeef/codegen.git#936f2059)
[INFO] [stderr]    Compiling case v1.0.0
[INFO] [stderr]    Compiling tap v1.0.1
[INFO] [stderr]    Compiling zeroize_derive v1.1.0
[INFO] [stderr]    Compiling num-derive v0.3.3
[INFO] [stderr]    Compiling thiserror-impl v1.0.26
[INFO] [stderr]    Compiling clap_derive v3.0.0-beta.2
[INFO] [stderr]    Compiling zeroize v1.4.1
[INFO] [stderr]    Compiling failure v0.1.8
[INFO] [stderr]    Compiling curve25519-dalek v3.2.0
[INFO] [stderr]    Compiling thiserror v1.0.26
[INFO] [stderr]    Compiling clap v3.0.0-beta.2
[INFO] [stderr]    Compiling ed25519-dalek v1.0.1
[INFO] [stderr]    Compiling num v0.2.1
[INFO] [stderr]    Compiling nekoton-utils v0.3.0 (https://github.com/broxus/nekoton.git#db85ad68)
[INFO] [stderr]    Compiling ton_abi v1.0.1 (https://github.com/tonlabs/ton-labs-abi?rev=a2b2a9dc2e8c30a070e9af79cf0c24a55bdd5a87#a2b2a9dc)
[INFO] [stderr]    Compiling nekoton-codegen v0.2.0 (/opt/rustwide/workdir)
[INFO] [stdout] warning: unnecessary parentheses around match arm expression
[INFO] [stdout]    --> src/main.rs:678:46
[INFO] [stdout]     |
[INFO] [stdout] 678 |                 MappedType::Ty { ty, .. } => (ty),
[INFO] [stdout]     |                                              ^  ^
[INFO] [stdout]     |
[INFO] [stdout]     = note: `#[warn(unused_parens)]` on by default
[INFO] [stdout] help: remove these parentheses
[INFO] [stdout]     |
[INFO] [stdout] 678 -                 MappedType::Ty { ty, .. } => (ty),
[INFO] [stdout] 678 +                 MappedType::Ty { ty, .. } => ty,
[INFO] [stdout]     |
[INFO] [stdout] 
[INFO] [stdout] 
[INFO] [stdout] warning: unnecessary parentheses around match arm expression
[INFO] [stdout]    --> src/main.rs:687:46
[INFO] [stdout]     |
[INFO] [stdout] 687 |                 MappedType::Ty { ty, .. } => (ty),
[INFO] [stdout]     |                                              ^  ^
[INFO] [stdout]     |
[INFO] [stdout] help: remove these parentheses
[INFO] [stdout]     |
[INFO] [stdout] 687 -                 MappedType::Ty { ty, .. } => (ty),
[INFO] [stdout] 687 +                 MappedType::Ty { ty, .. } => ty,
[INFO] [stdout]     |
[INFO] [stdout] 
[INFO] [stdout] 
[INFO] [stdout] warning: 2 warnings emitted
[INFO] [stdout] 
[INFO] [stdout] 
[INFO] [stderr]     Finished dev [unoptimized + debuginfo] target(s) in 46.51s
[INFO] running `Command { std: "docker" "inspect" "c4520b4f4958c7b191236f01444b6a48a0d3b777d9458ab32824dda2c07dad7a", kill_on_drop: false }`
[INFO] running `Command { std: "docker" "rm" "-f" "c4520b4f4958c7b191236f01444b6a48a0d3b777d9458ab32824dda2c07dad7a", kill_on_drop: false }`
[INFO] [stdout] c4520b4f4958c7b191236f01444b6a48a0d3b777d9458ab32824dda2c07dad7a
[INFO] running `Command { std: "docker" "create" "-v" "/var/lib/crater-agent-workspace/builds/worker-2-tc1/target:/opt/rustwide/target:rw,Z" "-v" "/var/lib/crater-agent-workspace/builds/worker-2-tc1/source:/opt/rustwide/workdir:ro,Z" "-v" "/var/lib/crater-agent-workspace/cargo-home:/opt/rustwide/cargo-home:ro,Z" "-v" "/var/lib/crater-agent-workspace/rustup-home:/opt/rustwide/rustup-home:ro,Z" "-e" "SOURCE_DIR=/opt/rustwide/workdir" "-e" "CARGO_TARGET_DIR=/opt/rustwide/target" "-e" "CARGO_INCREMENTAL=0" "-e" "RUST_BACKTRACE=full" "-e" "RUSTFLAGS=--cap-lints=warn" "-e" "RUSTDOCFLAGS=--cap-lints=warn" "-e" "CARGO_HOME=/opt/rustwide/cargo-home" "-e" "RUSTUP_HOME=/opt/rustwide/rustup-home" "-w" "/opt/rustwide/workdir" "-m" "1610612736" "--user" "0:0" "--network" "none" "ghcr.io/rust-lang/crates-build-env/linux@sha256:5ff2268d62e97bff2cde7d5815dd6ed5b47097566f13b8d0ca110b04b60e07ed" "/opt/rustwide/cargo-home/bin/cargo" "+1.69.0" "test" "--frozen" "--no-run" "--message-format=json", kill_on_drop: false }`
[INFO] [stdout] 40bb1d82bfdca5b08429a4e4fa810134d4f661d0ad2ee64b8cd63bdb61d67ed7
[INFO] running `Command { std: "docker" "start" "-a" "40bb1d82bfdca5b08429a4e4fa810134d4f661d0ad2ee64b8cd63bdb61d67ed7", kill_on_drop: false }`
[INFO] [stderr]    Compiling nekoton-codegen v0.2.0 (/opt/rustwide/workdir)
[INFO] [stdout] warning: unnecessary parentheses around match arm expression
[INFO] [stdout]    --> src/main.rs:678:46
[INFO] [stdout]     |
[INFO] [stdout] 678 |                 MappedType::Ty { ty, .. } => (ty),
[INFO] [stdout]     |                                              ^  ^
[INFO] [stdout]     |
[INFO] [stdout]     = note: `#[warn(unused_parens)]` on by default
[INFO] [stdout] help: remove these parentheses
[INFO] [stdout]     |
[INFO] [stdout] 678 -                 MappedType::Ty { ty, .. } => (ty),
[INFO] [stdout] 678 +                 MappedType::Ty { ty, .. } => ty,
[INFO] [stdout]     |
[INFO] [stdout] 
[INFO] [stdout] 
[INFO] [stdout] warning: unnecessary parentheses around match arm expression
[INFO] [stdout]    --> src/main.rs:687:46
[INFO] [stdout]     |
[INFO] [stdout] 687 |                 MappedType::Ty { ty, .. } => (ty),
[INFO] [stdout]     |                                              ^  ^
[INFO] [stdout]     |
[INFO] [stdout] help: remove these parentheses
[INFO] [stdout]     |
[INFO] [stdout] 687 -                 MappedType::Ty { ty, .. } => (ty),
[INFO] [stdout] 687 +                 MappedType::Ty { ty, .. } => ty,
[INFO] [stdout]     |
[INFO] [stdout] 
[INFO] [stdout] 
[INFO] [stdout] warning: 2 warnings emitted
[INFO] [stdout] 
[INFO] [stdout] 
[INFO] [stderr]     Finished test [unoptimized + debuginfo] target(s) in 3.63s
[INFO] running `Command { std: "docker" "inspect" "40bb1d82bfdca5b08429a4e4fa810134d4f661d0ad2ee64b8cd63bdb61d67ed7", kill_on_drop: false }`
[INFO] running `Command { std: "docker" "rm" "-f" "40bb1d82bfdca5b08429a4e4fa810134d4f661d0ad2ee64b8cd63bdb61d67ed7", kill_on_drop: false }`
[INFO] [stdout] 40bb1d82bfdca5b08429a4e4fa810134d4f661d0ad2ee64b8cd63bdb61d67ed7
[INFO] running `Command { std: "docker" "create" "-v" "/var/lib/crater-agent-workspace/builds/worker-2-tc1/target:/opt/rustwide/target:rw,Z" "-v" "/var/lib/crater-agent-workspace/builds/worker-2-tc1/source:/opt/rustwide/workdir:ro,Z" "-v" "/var/lib/crater-agent-workspace/cargo-home:/opt/rustwide/cargo-home:ro,Z" "-v" "/var/lib/crater-agent-workspace/rustup-home:/opt/rustwide/rustup-home:ro,Z" "-e" "SOURCE_DIR=/opt/rustwide/workdir" "-e" "CARGO_TARGET_DIR=/opt/rustwide/target" "-e" "CARGO_INCREMENTAL=0" "-e" "RUST_BACKTRACE=full" "-e" "RUSTFLAGS=--cap-lints=warn" "-e" "RUSTDOCFLAGS=--cap-lints=warn" "-e" "CARGO_HOME=/opt/rustwide/cargo-home" "-e" "RUSTUP_HOME=/opt/rustwide/rustup-home" "-w" "/opt/rustwide/workdir" "-m" "1610612736" "--user" "0:0" "--network" "none" "ghcr.io/rust-lang/crates-build-env/linux@sha256:5ff2268d62e97bff2cde7d5815dd6ed5b47097566f13b8d0ca110b04b60e07ed" "/opt/rustwide/cargo-home/bin/cargo" "+1.69.0" "test" "--frozen", kill_on_drop: false }`
[INFO] [stdout] c0ab788a4e3dfd9dd475e8bb8ee798f245cc21a315980ed8f9b8e76941652b19
[INFO] running `Command { std: "docker" "start" "-a" "c0ab788a4e3dfd9dd475e8bb8ee798f245cc21a315980ed8f9b8e76941652b19", kill_on_drop: false }`
[INFO] [stderr]     Blocking waiting for file lock on package cache
[INFO] [stderr] warning: unnecessary parentheses around match arm expression
[INFO] [stderr]    --> src/main.rs:678:46
[INFO] [stderr]     |
[INFO] [stderr] 678 |                 MappedType::Ty { ty, .. } => (ty),
[INFO] [stderr]     |                                              ^  ^
[INFO] [stderr]     |
[INFO] [stderr]     = note: `#[warn(unused_parens)]` on by default
[INFO] [stderr] help: remove these parentheses
[INFO] [stderr]     |
[INFO] [stderr] 678 -                 MappedType::Ty { ty, .. } => (ty),
[INFO] [stderr] 678 +                 MappedType::Ty { ty, .. } => ty,
[INFO] [stderr]     |
[INFO] [stderr] 
[INFO] [stderr] warning: unnecessary parentheses around match arm expression
[INFO] [stderr]    --> src/main.rs:687:46
[INFO] [stderr]     |
[INFO] [stderr] 687 |                 MappedType::Ty { ty, .. } => (ty),
[INFO] [stderr]     |                                              ^  ^
[INFO] [stderr]     |
[INFO] [stderr] help: remove these parentheses
[INFO] [stderr]     |
[INFO] [stderr] 687 -                 MappedType::Ty { ty, .. } => (ty),
[INFO] [stderr] 687 +                 MappedType::Ty { ty, .. } => ty,
[INFO] [stderr]     |
[INFO] [stderr] 
[INFO] [stderr] warning: `nekoton-codegen` (bin "nekoton-codegen" test) generated 2 warnings (run `cargo fix --bin "nekoton-codegen" --tests` to apply 2 suggestions)
[INFO] [stderr]     Finished test [unoptimized + debuginfo] target(s) in 0.60s
[INFO] [stderr]      Running unittests src/main.rs (/opt/rustwide/target/debug/deps/nekoton_codegen-84eb960759e69589)
[INFO] [stdout] 
[INFO] [stdout] running 1 test
[INFO] [stdout] test test::test ... FAILED
[INFO] [stdout] 
[INFO] [stdout] failures:
[INFO] [stdout] 
[INFO] [stdout] ---- test::test stdout ----
[INFO] [stdout] thread 'test::test' panicked at 'called `Result::unwrap()` on an `Err` value: Os { code: 2, kind: NotFound, message: "No such file or directory" }', src/main.rs:727:74
[INFO] [stdout] stack backtrace:
[INFO] [stdout]    0:     0x55cb732cfbca - std::backtrace_rs::backtrace::libunwind::trace::ha9053a9a07ca49cb
[INFO] [stdout]                                at /rustc/84c898d65adf2f39a5a98507f1fe0ce10a2b8dbc/library/std/src/../../backtrace/src/backtrace/libunwind.rs:93:5
[INFO] [stdout]    1:     0x55cb732cfbca - std::backtrace_rs::backtrace::trace_unsynchronized::h9c2852a457ad564e
[INFO] [stdout]                                at /rustc/84c898d65adf2f39a5a98507f1fe0ce10a2b8dbc/library/std/src/../../backtrace/src/backtrace/mod.rs:66:5
[INFO] [stdout]    2:     0x55cb732cfbca - std::sys_common::backtrace::_print_fmt::h457936fbfaa0070f
[INFO] [stdout]                                at /rustc/84c898d65adf2f39a5a98507f1fe0ce10a2b8dbc/library/std/src/sys_common/backtrace.rs:65:5
[INFO] [stdout]    3:     0x55cb732cfbca - <std::sys_common::backtrace::_print::DisplayBacktrace as core::fmt::Display>::fmt::h5779d7bf7f70cb0c
[INFO] [stdout]                                at /rustc/84c898d65adf2f39a5a98507f1fe0ce10a2b8dbc/library/std/src/sys_common/backtrace.rs:44:22
[INFO] [stdout]    4:     0x55cb732f3d6e - core::fmt::write::h5a4baaff1bcd3eb5
[INFO] [stdout]                                at /rustc/84c898d65adf2f39a5a98507f1fe0ce10a2b8dbc/library/core/src/fmt/mod.rs:1232:17
[INFO] [stdout]    5:     0x55cb732ccef5 - std::io::Write::write_fmt::h478f79c628ef31d1
[INFO] [stdout]                                at /rustc/84c898d65adf2f39a5a98507f1fe0ce10a2b8dbc/library/std/src/io/mod.rs:1684:15
[INFO] [stdout]    6:     0x55cb732cf995 - std::sys_common::backtrace::_print::h5fcdc36060f177e8
[INFO] [stdout]                                at /rustc/84c898d65adf2f39a5a98507f1fe0ce10a2b8dbc/library/std/src/sys_common/backtrace.rs:47:5
[INFO] [stdout]    7:     0x55cb732cf995 - std::sys_common::backtrace::print::h54ca9458b876c8bf
[INFO] [stdout]                                at /rustc/84c898d65adf2f39a5a98507f1fe0ce10a2b8dbc/library/std/src/sys_common/backtrace.rs:34:9
[INFO] [stdout]    8:     0x55cb732d175f - std::panicking::default_hook::{{closure}}::hbe471161c7664ed6
[INFO] [stdout]                                at /rustc/84c898d65adf2f39a5a98507f1fe0ce10a2b8dbc/library/std/src/panicking.rs:271:22
[INFO] [stdout]    9:     0x55cb732d141f - std::panicking::default_hook::ha3500da57aa4ac4f
[INFO] [stdout]                                at /rustc/84c898d65adf2f39a5a98507f1fe0ce10a2b8dbc/library/std/src/panicking.rs:287:9
[INFO] [stdout]   10:     0x55cb7312fc17 - <alloc::boxed::Box<F,A> as core::ops::function::Fn<Args>>::call::hdf1b89dd137ece34
[INFO] [stdout]                                at /rustc/84c898d65adf2f39a5a98507f1fe0ce10a2b8dbc/library/alloc/src/boxed.rs:2001:9
[INFO] [stdout]   11:     0x55cb7312fc17 - test::test_main::{{closure}}::h9081a79f20e75698
[INFO] [stdout]                                at /rustc/84c898d65adf2f39a5a98507f1fe0ce10a2b8dbc/library/test/src/lib.rs:135:21
[INFO] [stdout]   12:     0x55cb732d1e8d - <alloc::boxed::Box<F,A> as core::ops::function::Fn<Args>>::call::h6507bddc3eebb4a5
[INFO] [stdout]                                at /rustc/84c898d65adf2f39a5a98507f1fe0ce10a2b8dbc/library/alloc/src/boxed.rs:2001:9
[INFO] [stdout]   13:     0x55cb732d1e8d - std::panicking::rust_panic_with_hook::h50c09d000dc561d2
[INFO] [stdout]                                at /rustc/84c898d65adf2f39a5a98507f1fe0ce10a2b8dbc/library/std/src/panicking.rs:696:13
[INFO] [stdout]   14:     0x55cb732d1c09 - std::panicking::begin_panic_handler::{{closure}}::h9e2b2176e00e0d9c
[INFO] [stdout]                                at /rustc/84c898d65adf2f39a5a98507f1fe0ce10a2b8dbc/library/std/src/panicking.rs:583:13
[INFO] [stdout]   15:     0x55cb732d0036 - std::sys_common::backtrace::__rust_end_short_backtrace::h5739b8e512c09d02
[INFO] [stdout]                                at /rustc/84c898d65adf2f39a5a98507f1fe0ce10a2b8dbc/library/std/src/sys_common/backtrace.rs:150:18
[INFO] [stdout]   16:     0x55cb732d1912 - rust_begin_unwind
[INFO] [stdout]                                at /rustc/84c898d65adf2f39a5a98507f1fe0ce10a2b8dbc/library/std/src/panicking.rs:579:5
[INFO] [stdout]   17:     0x55cb73096c03 - core::panicking::panic_fmt::hf33a1475b4dc5c3e
[INFO] [stdout]                                at /rustc/84c898d65adf2f39a5a98507f1fe0ce10a2b8dbc/library/core/src/panicking.rs:64:14
[INFO] [stdout]   18:     0x55cb73097053 - core::result::unwrap_failed::hdff5465d74574b44
[INFO] [stdout]                                at /rustc/84c898d65adf2f39a5a98507f1fe0ce10a2b8dbc/library/core/src/result.rs:1750:5
[INFO] [stdout]   19:     0x55cb730ecbfb - core::result::Result<T,E>::unwrap::h3a4167d2f092c02d
[INFO] [stdout]                                at /rustc/84c898d65adf2f39a5a98507f1fe0ce10a2b8dbc/library/core/src/result.rs:1090:23
[INFO] [stdout]   20:     0x55cb730cd67c - nekoton_codegen::test::test::h70b7abf47727dcfc
[INFO] [stdout]                                at /opt/rustwide/workdir/src/main.rs:727:19
[INFO] [stdout]   21:     0x55cb730cd627 - nekoton_codegen::test::test::{{closure}}::h11cf90db0019e713
[INFO] [stdout]                                at /opt/rustwide/workdir/src/main.rs:726:15
[INFO] [stdout]   22:     0x55cb730c8d85 - core::ops::function::FnOnce::call_once::h49cd1871e4e5a482
[INFO] [stdout]                                at /rustc/84c898d65adf2f39a5a98507f1fe0ce10a2b8dbc/library/core/src/ops/function.rs:250:5
[INFO] [stdout]   23:     0x55cb73134fff - core::ops::function::FnOnce::call_once::h7d969581be7d0075
[INFO] [stdout]                                at /rustc/84c898d65adf2f39a5a98507f1fe0ce10a2b8dbc/library/core/src/ops/function.rs:250:5
[INFO] [stdout]   24:     0x55cb73134fff - test::__rust_begin_short_backtrace::hca25a52684e56655
[INFO] [stdout]                                at /rustc/84c898d65adf2f39a5a98507f1fe0ce10a2b8dbc/library/test/src/lib.rs:656:18
[INFO] [stdout]   25:     0x55cb7310661c - test::run_test::{{closure}}::ha8ac744c4af1a4bb
[INFO] [stdout]                                at /rustc/84c898d65adf2f39a5a98507f1fe0ce10a2b8dbc/library/test/src/lib.rs:647:30
[INFO] [stdout]   26:     0x55cb7310661c - core::ops::function::FnOnce::call_once{{vtable.shim}}::h7b411a9ed45bdecf
[INFO] [stdout]                                at /rustc/84c898d65adf2f39a5a98507f1fe0ce10a2b8dbc/library/core/src/ops/function.rs:250:5
[INFO] [stdout]   27:     0x55cb73133fc6 - <alloc::boxed::Box<F,A> as core::ops::function::FnOnce<Args>>::call_once::hd05328869a8ed200
[INFO] [stdout]                                at /rustc/84c898d65adf2f39a5a98507f1fe0ce10a2b8dbc/library/alloc/src/boxed.rs:1987:9
[INFO] [stdout]   28:     0x55cb73133fc6 - <core::panic::unwind_safe::AssertUnwindSafe<F> as core::ops::function::FnOnce<()>>::call_once::h0c601ce20bd5b2be
[INFO] [stdout]                                at /rustc/84c898d65adf2f39a5a98507f1fe0ce10a2b8dbc/library/core/src/panic/unwind_safe.rs:271:9
[INFO] [stdout]   29:     0x55cb73133fc6 - std::panicking::try::do_call::ha4be5c164fe30854
[INFO] [stdout]                                at /rustc/84c898d65adf2f39a5a98507f1fe0ce10a2b8dbc/library/std/src/panicking.rs:487:40
[INFO] [stdout]   30:     0x55cb73133fc6 - std::panicking::try::h604546f3609af05f
[INFO] [stdout]                                at /rustc/84c898d65adf2f39a5a98507f1fe0ce10a2b8dbc/library/std/src/panicking.rs:451:19
[INFO] [stdout]   31:     0x55cb73133fc6 - std::panic::catch_unwind::h5bfa8afe44c9c2f9
[INFO] [stdout]                                at /rustc/84c898d65adf2f39a5a98507f1fe0ce10a2b8dbc/library/std/src/panic.rs:140:14
[INFO] [stdout]   32:     0x55cb73133fc6 - test::run_test_in_process::hd50dee55dd63e6aa
[INFO] [stdout]                                at /rustc/84c898d65adf2f39a5a98507f1fe0ce10a2b8dbc/library/test/src/lib.rs:679:27
[INFO] [stdout]   33:     0x55cb73133fc6 - test::run_test::run_test_inner::{{closure}}::h4aa0f433aa85cea8
[INFO] [stdout]                                at /rustc/84c898d65adf2f39a5a98507f1fe0ce10a2b8dbc/library/test/src/lib.rs:573:39
[INFO] [stdout]   34:     0x55cb73100c91 - test::run_test::run_test_inner::{{closure}}::had56431adf24b4d6
[INFO] [stdout]                                at /rustc/84c898d65adf2f39a5a98507f1fe0ce10a2b8dbc/library/test/src/lib.rs:600:37
[INFO] [stdout]   35:     0x55cb73100c91 - std::sys_common::backtrace::__rust_begin_short_backtrace::ha8d9890e0c73bf13
[INFO] [stdout]                                at /rustc/84c898d65adf2f39a5a98507f1fe0ce10a2b8dbc/library/std/src/sys_common/backtrace.rs:134:18
[INFO] [stdout]   36:     0x55cb731066ab - std::thread::Builder::spawn_unchecked_::{{closure}}::{{closure}}::h251832bcb4a95327
[INFO] [stdout]                                at /rustc/84c898d65adf2f39a5a98507f1fe0ce10a2b8dbc/library/std/src/thread/mod.rs:560:17
[INFO] [stdout]   37:     0x55cb731066ab - <core::panic::unwind_safe::AssertUnwindSafe<F> as core::ops::function::FnOnce<()>>::call_once::h8fdff598fa414831
[INFO] [stdout]                                at /rustc/84c898d65adf2f39a5a98507f1fe0ce10a2b8dbc/library/core/src/panic/unwind_safe.rs:271:9
[INFO] [stdout]   38:     0x55cb731066ab - std::panicking::try::do_call::h455dd2f7764a950f
[INFO] [stdout]                                at /rustc/84c898d65adf2f39a5a98507f1fe0ce10a2b8dbc/library/std/src/panicking.rs:487:40
[INFO] [stdout]   39:     0x55cb731066ab - std::panicking::try::had6f23b7b73ae72a
[INFO] [stdout]                                at /rustc/84c898d65adf2f39a5a98507f1fe0ce10a2b8dbc/library/std/src/panicking.rs:451:19
[INFO] [stdout]   40:     0x55cb731066ab - std::panic::catch_unwind::ha6a5ca3915b4dad0
[INFO] [stdout]                                at /rustc/84c898d65adf2f39a5a98507f1fe0ce10a2b8dbc/library/std/src/panic.rs:140:14
[INFO] [stdout]   41:     0x55cb731066ab - std::thread::Builder::spawn_unchecked_::{{closure}}::h883b72ef75da6231
[INFO] [stdout]                                at /rustc/84c898d65adf2f39a5a98507f1fe0ce10a2b8dbc/library/std/src/thread/mod.rs:559:30
[INFO] [stdout]   42:     0x55cb731066ab - core::ops::function::FnOnce::call_once{{vtable.shim}}::hb7dff73dc8bd2ccb
[INFO] [stdout]                                at /rustc/84c898d65adf2f39a5a98507f1fe0ce10a2b8dbc/library/core/src/ops/function.rs:250:5
[INFO] [stdout]   43:     0x55cb732d6233 - <alloc::boxed::Box<F,A> as core::ops::function::FnOnce<Args>>::call_once::h39990b24eedef2ab
[INFO] [stdout]                                at /rustc/84c898d65adf2f39a5a98507f1fe0ce10a2b8dbc/library/alloc/src/boxed.rs:1987:9
[INFO] [stdout]   44:     0x55cb732d6233 - <alloc::boxed::Box<F,A> as core::ops::function::FnOnce<Args>>::call_once::h01a027258444143b
[INFO] [stdout]                                at /rustc/84c898d65adf2f39a5a98507f1fe0ce10a2b8dbc/library/alloc/src/boxed.rs:1987:9
[INFO] [stdout]   45:     0x55cb732d6233 - std::sys::unix::thread::Thread::new::thread_start::ha4f1cdd9c25884ba
[INFO] [stdout]                                at /rustc/84c898d65adf2f39a5a98507f1fe0ce10a2b8dbc/library/std/src/sys/unix/thread.rs:108:17
[INFO] [stdout]   46:     0x7fb6942f4b43 - <unknown>
[INFO] [stdout]   47:     0x7fb694385bb4 - __clone
[INFO] [stdout]   48:                0x0 - <unknown>
[INFO] [stdout] 
[INFO] [stdout] 
[INFO] [stdout] failures:
[INFO] [stdout]     test::test
[INFO] [stdout] 
[INFO] [stdout] test result: FAILED. 0 passed; 1 failed; 0 ignored; 0 measured; 0 filtered out; finished in 0.05s
[INFO] [stdout] 
[INFO] [stderr] error: test failed, to rerun pass `--bin nekoton-codegen`
[INFO] running `Command { std: "docker" "inspect" "c0ab788a4e3dfd9dd475e8bb8ee798f245cc21a315980ed8f9b8e76941652b19", kill_on_drop: false }`
[INFO] running `Command { std: "docker" "rm" "-f" "c0ab788a4e3dfd9dd475e8bb8ee798f245cc21a315980ed8f9b8e76941652b19", kill_on_drop: false }`
[INFO] [stdout] c0ab788a4e3dfd9dd475e8bb8ee798f245cc21a315980ed8f9b8e76941652b19
