[INFO] cloning repository https://github.com/broosa/RustCribbage
[INFO] running `Command { std: "git" "-c" "credential.helper=" "-c" "credential.helper=/workspace/cargo-home/bin/git-credential-null" "clone" "--bare" "https://github.com/broosa/RustCribbage" "/workspace/cache/git-repos/https%3A%2F%2Fgithub.com%2Fbroosa%2FRustCribbage", kill_on_drop: false }`
[INFO] [stderr] Cloning into bare repository '/workspace/cache/git-repos/https%3A%2F%2Fgithub.com%2Fbroosa%2FRustCribbage'...
[INFO] running `Command { std: "git" "rev-parse" "HEAD", kill_on_drop: false }`
[INFO] [stdout] d77dffc975c04beccacc25b1e749b78975b7e04b
[INFO] testing broosa/RustCribbage against beta-2023-04-20 for beta-1.70-1
[INFO] running `Command { std: "git" "clone" "/workspace/cache/git-repos/https%3A%2F%2Fgithub.com%2Fbroosa%2FRustCribbage" "/workspace/builds/worker-6-tc2/source", kill_on_drop: false }`
[INFO] [stderr] Cloning into '/workspace/builds/worker-6-tc2/source'...
[INFO] [stderr] done.
[INFO] validating manifest of git repo https://github.com/broosa/RustCribbage on toolchain beta-2023-04-20
[INFO] running `Command { std: CARGO_HOME="/workspace/cargo-home" RUSTUP_HOME="/workspace/rustup-home" "/workspace/cargo-home/bin/cargo" "+beta-2023-04-20" "metadata" "--manifest-path" "Cargo.toml" "--no-deps", kill_on_drop: false }`
[INFO] started tweaking git repo https://github.com/broosa/RustCribbage
[INFO] finished tweaking git repo https://github.com/broosa/RustCribbage
[INFO] tweaked toml for git repo https://github.com/broosa/RustCribbage written to /workspace/builds/worker-6-tc2/source/Cargo.toml
[INFO] crate git repo https://github.com/broosa/RustCribbage already has a lockfile, it will not be regenerated
[INFO] running `Command { std: CARGO_HOME="/workspace/cargo-home" RUSTUP_HOME="/workspace/rustup-home" "/workspace/cargo-home/bin/cargo" "+beta-2023-04-20" "fetch" "--manifest-path" "Cargo.toml", kill_on_drop: false }`
[INFO] running `Command { std: "docker" "create" "-v" "/var/lib/crater-agent-workspace/builds/worker-6-tc2/target:/opt/rustwide/target:rw,Z" "-v" "/var/lib/crater-agent-workspace/builds/worker-6-tc2/source:/opt/rustwide/workdir:ro,Z" "-v" "/var/lib/crater-agent-workspace/cargo-home:/opt/rustwide/cargo-home:ro,Z" "-v" "/var/lib/crater-agent-workspace/rustup-home:/opt/rustwide/rustup-home:ro,Z" "-e" "SOURCE_DIR=/opt/rustwide/workdir" "-e" "CARGO_TARGET_DIR=/opt/rustwide/target" "-e" "CARGO_HOME=/opt/rustwide/cargo-home" "-e" "RUSTUP_HOME=/opt/rustwide/rustup-home" "-w" "/opt/rustwide/workdir" "-m" "1610612736" "--user" "0:0" "--network" "none" "ghcr.io/rust-lang/crates-build-env/linux@sha256:5ff2268d62e97bff2cde7d5815dd6ed5b47097566f13b8d0ca110b04b60e07ed" "/opt/rustwide/cargo-home/bin/cargo" "+beta-2023-04-20" "metadata" "--no-deps" "--format-version=1", kill_on_drop: false }`
[INFO] [stdout] e13ab2968422e704c7a5713926860b748c8d19cb391f8dda0be3414af57098af
[INFO] running `Command { std: "docker" "start" "-a" "e13ab2968422e704c7a5713926860b748c8d19cb391f8dda0be3414af57098af", kill_on_drop: false }`
[INFO] running `Command { std: "docker" "inspect" "e13ab2968422e704c7a5713926860b748c8d19cb391f8dda0be3414af57098af", kill_on_drop: false }`
[INFO] running `Command { std: "docker" "rm" "-f" "e13ab2968422e704c7a5713926860b748c8d19cb391f8dda0be3414af57098af", kill_on_drop: false }`
[INFO] [stdout] e13ab2968422e704c7a5713926860b748c8d19cb391f8dda0be3414af57098af
[INFO] running `Command { std: "docker" "create" "-v" "/var/lib/crater-agent-workspace/builds/worker-6-tc2/target:/opt/rustwide/target:rw,Z" "-v" "/var/lib/crater-agent-workspace/builds/worker-6-tc2/source:/opt/rustwide/workdir:ro,Z" "-v" "/var/lib/crater-agent-workspace/cargo-home:/opt/rustwide/cargo-home:ro,Z" "-v" "/var/lib/crater-agent-workspace/rustup-home:/opt/rustwide/rustup-home:ro,Z" "-e" "SOURCE_DIR=/opt/rustwide/workdir" "-e" "CARGO_TARGET_DIR=/opt/rustwide/target" "-e" "CARGO_INCREMENTAL=0" "-e" "RUST_BACKTRACE=full" "-e" "RUSTFLAGS=--cap-lints=warn" "-e" "RUSTDOCFLAGS=--cap-lints=warn" "-e" "CARGO_HOME=/opt/rustwide/cargo-home" "-e" "RUSTUP_HOME=/opt/rustwide/rustup-home" "-w" "/opt/rustwide/workdir" "-m" "1610612736" "--user" "0:0" "--network" "none" "ghcr.io/rust-lang/crates-build-env/linux@sha256:5ff2268d62e97bff2cde7d5815dd6ed5b47097566f13b8d0ca110b04b60e07ed" "/opt/rustwide/cargo-home/bin/cargo" "+beta-2023-04-20" "build" "--frozen" "--message-format=json", kill_on_drop: false }`
[INFO] [stdout] b1dec46633ac71e01ec64ddd2f6112babe21511c766f1226199416384553af12
[INFO] running `Command { std: "docker" "start" "-a" "b1dec46633ac71e01ec64ddd2f6112babe21511c766f1226199416384553af12", kill_on_drop: false }`
[INFO] [stderr]    Compiling libc v0.2.98
[INFO] [stderr]    Compiling ppv-lite86 v0.2.10
[INFO] [stderr]    Compiling getrandom v0.2.3
[INFO] [stderr]    Compiling rand_core v0.6.3
[INFO] [stderr]    Compiling rand_chacha v0.3.1
[INFO] [stderr]    Compiling rand v0.8.4
[INFO] [stderr]    Compiling rust_cribbage v0.1.0 (/opt/rustwide/workdir)
[INFO] [stdout] warning: methods `directly_precedes` and `directly_succeeds` are never used
[INFO] [stdout]   --> src/cribbage_cards.rs:29:12
[INFO] [stdout]    |
[INFO] [stdout] 28 | impl CribbageCard {
[INFO] [stdout]    | ----------------- methods in this implementation
[INFO] [stdout] 29 |     pub fn directly_precedes(&self, other: Self) -> bool {
[INFO] [stdout]    |            ^^^^^^^^^^^^^^^^^
[INFO] [stdout] ...
[INFO] [stdout] 40 |     pub fn directly_succeeds(&self, other: Self) -> bool {
[INFO] [stdout]    |            ^^^^^^^^^^^^^^^^^
[INFO] [stdout]    |
[INFO] [stdout]    = note: `#[warn(dead_code)]` on by default
[INFO] [stdout] 
[INFO] [stdout] 
[INFO] [stdout] warning: 1 warning emitted
[INFO] [stdout] 
[INFO] [stdout] 
[INFO] [stdout] warning: unused variable: `score`
[INFO] [stdout]   --> src/cribbage_scoring.rs:75:9
[INFO] [stdout]    |
[INFO] [stdout] 75 |     let score = 0;
[INFO] [stdout]    |         ^^^^^ help: if this is intentional, prefix it with an underscore: `_score`
[INFO] [stdout]    |
[INFO] [stdout]    = note: `#[warn(unused_variables)]` on by default
[INFO] [stdout] 
[INFO] [stdout] 
[INFO] [stdout] warning: unused variable: `quadScore`
[INFO] [stdout]    --> src/cribbage_scoring.rs:212:10
[INFO] [stdout]     |
[INFO] [stdout] 212 |     let (quadScore, quads, quads_remainder) = score_quads(&sorted_hand);
[INFO] [stdout]     |          ^^^^^^^^^ help: if this is intentional, prefix it with an underscore: `_quadScore`
[INFO] [stdout] 
[INFO] [stdout] 
[INFO] [stdout] warning: unused variable: `quads`
[INFO] [stdout]    --> src/cribbage_scoring.rs:212:21
[INFO] [stdout]     |
[INFO] [stdout] 212 |     let (quadScore, quads, quads_remainder) = score_quads(&sorted_hand);
[INFO] [stdout]     |                     ^^^^^ help: if this is intentional, prefix it with an underscore: `_quads`
[INFO] [stdout] 
[INFO] [stdout] 
[INFO] [stdout] warning: unused variable: `tripleScore`
[INFO] [stdout]    --> src/cribbage_scoring.rs:213:10
[INFO] [stdout]     |
[INFO] [stdout] 213 |     let (tripleScore, triples, triples_remainder) = score_triples(&quads_remainder);
[INFO] [stdout]     |          ^^^^^^^^^^^ help: if this is intentional, prefix it with an underscore: `_tripleScore`
[INFO] [stdout] 
[INFO] [stdout] 
[INFO] [stdout] warning: unused variable: `triples`
[INFO] [stdout]    --> src/cribbage_scoring.rs:213:23
[INFO] [stdout]     |
[INFO] [stdout] 213 |     let (tripleScore, triples, triples_remainder) = score_triples(&quads_remainder);
[INFO] [stdout]     |                       ^^^^^^^ help: if this is intentional, prefix it with an underscore: `_triples`
[INFO] [stdout] 
[INFO] [stdout] 
[INFO] [stdout] warning: unused variable: `pairScore`
[INFO] [stdout]    --> src/cribbage_scoring.rs:214:10
[INFO] [stdout]     |
[INFO] [stdout] 214 |     let (pairScore, pairs, pairs_remainder) = score_pairs(&triples_remainder);
[INFO] [stdout]     |          ^^^^^^^^^ help: if this is intentional, prefix it with an underscore: `_pairScore`
[INFO] [stdout] 
[INFO] [stdout] 
[INFO] [stdout] warning: unused variable: `pairs`
[INFO] [stdout]    --> src/cribbage_scoring.rs:214:21
[INFO] [stdout]     |
[INFO] [stdout] 214 |     let (pairScore, pairs, pairs_remainder) = score_pairs(&triples_remainder);
[INFO] [stdout]     |                     ^^^^^ help: if this is intentional, prefix it with an underscore: `_pairs`
[INFO] [stdout] 
[INFO] [stdout] 
[INFO] [stdout] warning: unused variable: `pairs_remainder`
[INFO] [stdout]    --> src/cribbage_scoring.rs:214:28
[INFO] [stdout]     |
[INFO] [stdout] 214 |     let (pairScore, pairs, pairs_remainder) = score_pairs(&triples_remainder);
[INFO] [stdout]     |                            ^^^^^^^^^^^^^^^ help: if this is intentional, prefix it with an underscore: `_pairs_remainder`
[INFO] [stdout] 
[INFO] [stdout] 
[INFO] [stdout] warning: unused variable: `runScore`
[INFO] [stdout]    --> src/cribbage_scoring.rs:215:10
[INFO] [stdout]     |
[INFO] [stdout] 215 |     let (runScore, runs, remainder) = score_runs(&sorted_hand);
[INFO] [stdout]     |          ^^^^^^^^ help: if this is intentional, prefix it with an underscore: `_runScore`
[INFO] [stdout] 
[INFO] [stdout] 
[INFO] [stdout] warning: unused variable: `runs`
[INFO] [stdout]    --> src/cribbage_scoring.rs:215:20
[INFO] [stdout]     |
[INFO] [stdout] 215 |     let (runScore, runs, remainder) = score_runs(&sorted_hand);
[INFO] [stdout]     |                    ^^^^ help: if this is intentional, prefix it with an underscore: `_runs`
[INFO] [stdout] 
[INFO] [stdout] 
[INFO] [stdout] warning: unused variable: `remainder`
[INFO] [stdout]    --> src/cribbage_scoring.rs:215:26
[INFO] [stdout]     |
[INFO] [stdout] 215 |     let (runScore, runs, remainder) = score_runs(&sorted_hand);
[INFO] [stdout]     |                          ^^^^^^^^^ help: if this is intentional, prefix it with an underscore: `_remainder`
[INFO] [stdout] 
[INFO] [stdout] 
[INFO] [stdout] warning: function `get_long_rank_desc` is never used
[INFO] [stdout]   --> src/cards.rs:52:8
[INFO] [stdout]    |
[INFO] [stdout] 52 | pub fn get_long_rank_desc(r: &str) -> &'static str {
[INFO] [stdout]    |        ^^^^^^^^^^^^^^^^^^
[INFO] [stdout]    |
[INFO] [stdout]    = note: `#[warn(dead_code)]` on by default
[INFO] [stdout] 
[INFO] [stdout] 
[INFO] [stdout] warning: method `directly_succeeds` is never used
[INFO] [stdout]   --> src/cribbage_cards.rs:40:12
[INFO] [stdout]    |
[INFO] [stdout] 28 | impl CribbageCard {
[INFO] [stdout]    | ----------------- method in this implementation
[INFO] [stdout] ...
[INFO] [stdout] 40 |     pub fn directly_succeeds(&self, other: Self) -> bool {
[INFO] [stdout]    |            ^^^^^^^^^^^^^^^^^
[INFO] [stdout] 
[INFO] [stdout] 
[INFO] [stdout] warning: function `score_flush` is never used
[INFO] [stdout]    --> src/cribbage_scoring.rs:195:8
[INFO] [stdout]     |
[INFO] [stdout] 195 | pub fn score_flush(hand: &Vec<CribbageCard>) -> (i8, Vec<Vec<CribbageCard>>) {
[INFO] [stdout]     |        ^^^^^^^^^^^
[INFO] [stdout] 
[INFO] [stdout] 
[INFO] [stdout] warning: variable `fifteensScore` should have a snake case name
[INFO] [stdout]    --> src/cribbage_scoring.rs:211:10
[INFO] [stdout]     |
[INFO] [stdout] 211 |     let (fifteensScore, fifteens) = score_fifteens(&sorted_hand);
[INFO] [stdout]     |          ^^^^^^^^^^^^^ help: convert the identifier to snake case: `fifteens_score`
[INFO] [stdout]     |
[INFO] [stdout]     = note: `#[warn(non_snake_case)]` on by default
[INFO] [stdout] 
[INFO] [stdout] 
[INFO] [stdout] warning: variable `quadScore` should have a snake case name
[INFO] [stdout]    --> src/cribbage_scoring.rs:212:10
[INFO] [stdout]     |
[INFO] [stdout] 212 |     let (quadScore, quads, quads_remainder) = score_quads(&sorted_hand);
[INFO] [stdout]     |          ^^^^^^^^^ help: convert the identifier to snake case: `quad_score`
[INFO] [stdout] 
[INFO] [stdout] 
[INFO] [stdout] warning: variable `tripleScore` should have a snake case name
[INFO] [stdout]    --> src/cribbage_scoring.rs:213:10
[INFO] [stdout]     |
[INFO] [stdout] 213 |     let (tripleScore, triples, triples_remainder) = score_triples(&quads_remainder);
[INFO] [stdout]     |          ^^^^^^^^^^^ help: convert the identifier to snake case: `triple_score`
[INFO] [stdout] 
[INFO] [stdout] 
[INFO] [stdout] warning: variable `pairScore` should have a snake case name
[INFO] [stdout]    --> src/cribbage_scoring.rs:214:10
[INFO] [stdout]     |
[INFO] [stdout] 214 |     let (pairScore, pairs, pairs_remainder) = score_pairs(&triples_remainder);
[INFO] [stdout]     |          ^^^^^^^^^ help: convert the identifier to snake case: `pair_score`
[INFO] [stdout] 
[INFO] [stdout] 
[INFO] [stdout] warning: variable `runScore` should have a snake case name
[INFO] [stdout]    --> src/cribbage_scoring.rs:215:10
[INFO] [stdout]     |
[INFO] [stdout] 215 |     let (runScore, runs, remainder) = score_runs(&sorted_hand);
[INFO] [stdout]     |          ^^^^^^^^ help: convert the identifier to snake case: `run_score`
[INFO] [stdout] 
[INFO] [stdout] 
[INFO] [stdout] warning: 19 warnings emitted
[INFO] [stdout] 
[INFO] [stdout] 
[INFO] [stderr]     Finished dev [unoptimized + debuginfo] target(s) in 4.56s
[INFO] running `Command { std: "docker" "inspect" "b1dec46633ac71e01ec64ddd2f6112babe21511c766f1226199416384553af12", kill_on_drop: false }`
[INFO] running `Command { std: "docker" "rm" "-f" "b1dec46633ac71e01ec64ddd2f6112babe21511c766f1226199416384553af12", kill_on_drop: false }`
[INFO] [stdout] b1dec46633ac71e01ec64ddd2f6112babe21511c766f1226199416384553af12
[INFO] running `Command { std: "docker" "create" "-v" "/var/lib/crater-agent-workspace/builds/worker-6-tc2/target:/opt/rustwide/target:rw,Z" "-v" "/var/lib/crater-agent-workspace/builds/worker-6-tc2/source:/opt/rustwide/workdir:ro,Z" "-v" "/var/lib/crater-agent-workspace/cargo-home:/opt/rustwide/cargo-home:ro,Z" "-v" "/var/lib/crater-agent-workspace/rustup-home:/opt/rustwide/rustup-home:ro,Z" "-e" "SOURCE_DIR=/opt/rustwide/workdir" "-e" "CARGO_TARGET_DIR=/opt/rustwide/target" "-e" "CARGO_INCREMENTAL=0" "-e" "RUST_BACKTRACE=full" "-e" "RUSTFLAGS=--cap-lints=warn" "-e" "RUSTDOCFLAGS=--cap-lints=warn" "-e" "CARGO_HOME=/opt/rustwide/cargo-home" "-e" "RUSTUP_HOME=/opt/rustwide/rustup-home" "-w" "/opt/rustwide/workdir" "-m" "1610612736" "--user" "0:0" "--network" "none" "ghcr.io/rust-lang/crates-build-env/linux@sha256:5ff2268d62e97bff2cde7d5815dd6ed5b47097566f13b8d0ca110b04b60e07ed" "/opt/rustwide/cargo-home/bin/cargo" "+beta-2023-04-20" "test" "--frozen" "--no-run" "--message-format=json", kill_on_drop: false }`
[INFO] [stdout] fa7d06f337c5805edcc8db6ce2b36b1d7c9b257c043550d2fb4e9a1b3a738988
[INFO] running `Command { std: "docker" "start" "-a" "fa7d06f337c5805edcc8db6ce2b36b1d7c9b257c043550d2fb4e9a1b3a738988", kill_on_drop: false }`
[INFO] [stderr]    Compiling rust_cribbage v0.1.0 (/opt/rustwide/workdir)
[INFO] [stdout] warning: methods `directly_precedes` and `directly_succeeds` are never used
[INFO] [stdout]   --> src/cribbage_cards.rs:29:12
[INFO] [stdout]    |
[INFO] [stdout] 28 | impl CribbageCard {
[INFO] [stdout]    | ----------------- methods in this implementation
[INFO] [stdout] 29 |     pub fn directly_precedes(&self, other: Self) -> bool {
[INFO] [stdout]    |            ^^^^^^^^^^^^^^^^^
[INFO] [stdout] ...
[INFO] [stdout] 40 |     pub fn directly_succeeds(&self, other: Self) -> bool {
[INFO] [stdout]    |            ^^^^^^^^^^^^^^^^^
[INFO] [stdout]    |
[INFO] [stdout]    = note: `#[warn(dead_code)]` on by default
[INFO] [stdout] 
[INFO] [stdout] 
[INFO] [stdout] warning: 1 warning emitted
[INFO] [stdout] 
[INFO] [stdout] 
[INFO] [stdout] warning: unused variable: `score`
[INFO] [stdout]   --> src/cribbage_scoring.rs:75:9
[INFO] [stdout]    |
[INFO] [stdout] 75 |     let score = 0;
[INFO] [stdout]    |         ^^^^^ help: if this is intentional, prefix it with an underscore: `_score`
[INFO] [stdout]    |
[INFO] [stdout]    = note: `#[warn(unused_variables)]` on by default
[INFO] [stdout] 
[INFO] [stdout] 
[INFO] [stdout] warning: unused variable: `quadScore`
[INFO] [stdout]    --> src/cribbage_scoring.rs:212:10
[INFO] [stdout]     |
[INFO] [stdout] 212 |     let (quadScore, quads, quads_remainder) = score_quads(&sorted_hand);
[INFO] [stdout]     |          ^^^^^^^^^ help: if this is intentional, prefix it with an underscore: `_quadScore`
[INFO] [stdout] 
[INFO] [stdout] 
[INFO] [stdout] warning: unused variable: `quads`
[INFO] [stdout]    --> src/cribbage_scoring.rs:212:21
[INFO] [stdout]     |
[INFO] [stdout] 212 |     let (quadScore, quads, quads_remainder) = score_quads(&sorted_hand);
[INFO] [stdout]     |                     ^^^^^ help: if this is intentional, prefix it with an underscore: `_quads`
[INFO] [stdout] 
[INFO] [stdout] 
[INFO] [stdout] warning: unused variable: `tripleScore`
[INFO] [stdout]    --> src/cribbage_scoring.rs:213:10
[INFO] [stdout]     |
[INFO] [stdout] 213 |     let (tripleScore, triples, triples_remainder) = score_triples(&quads_remainder);
[INFO] [stdout]     |          ^^^^^^^^^^^ help: if this is intentional, prefix it with an underscore: `_tripleScore`
[INFO] [stdout] 
[INFO] [stdout] 
[INFO] [stdout] warning: unused variable: `triples`
[INFO] [stdout]    --> src/cribbage_scoring.rs:213:23
[INFO] [stdout]     |
[INFO] [stdout] 213 |     let (tripleScore, triples, triples_remainder) = score_triples(&quads_remainder);
[INFO] [stdout]     |                       ^^^^^^^ help: if this is intentional, prefix it with an underscore: `_triples`
[INFO] [stdout] 
[INFO] [stdout] 
[INFO] [stdout] warning: unused variable: `pairScore`
[INFO] [stdout]    --> src/cribbage_scoring.rs:214:10
[INFO] [stdout]     |
[INFO] [stdout] 214 |     let (pairScore, pairs, pairs_remainder) = score_pairs(&triples_remainder);
[INFO] [stdout]     |          ^^^^^^^^^ help: if this is intentional, prefix it with an underscore: `_pairScore`
[INFO] [stdout] 
[INFO] [stdout] 
[INFO] [stdout] warning: unused variable: `pairs`
[INFO] [stdout]    --> src/cribbage_scoring.rs:214:21
[INFO] [stdout]     |
[INFO] [stdout] 214 |     let (pairScore, pairs, pairs_remainder) = score_pairs(&triples_remainder);
[INFO] [stdout]     |                     ^^^^^ help: if this is intentional, prefix it with an underscore: `_pairs`
[INFO] [stdout] 
[INFO] [stdout] 
[INFO] [stdout] warning: unused variable: `pairs_remainder`
[INFO] [stdout]    --> src/cribbage_scoring.rs:214:28
[INFO] [stdout]     |
[INFO] [stdout] 214 |     let (pairScore, pairs, pairs_remainder) = score_pairs(&triples_remainder);
[INFO] [stdout]     |                            ^^^^^^^^^^^^^^^ help: if this is intentional, prefix it with an underscore: `_pairs_remainder`
[INFO] [stdout] 
[INFO] [stdout] 
[INFO] [stdout] warning: unused variable: `runScore`
[INFO] [stdout]    --> src/cribbage_scoring.rs:215:10
[INFO] [stdout]     |
[INFO] [stdout] 215 |     let (runScore, runs, remainder) = score_runs(&sorted_hand);
[INFO] [stdout]     |          ^^^^^^^^ help: if this is intentional, prefix it with an underscore: `_runScore`
[INFO] [stdout] 
[INFO] [stdout] 
[INFO] [stdout] warning: unused variable: `runs`
[INFO] [stdout]    --> src/cribbage_scoring.rs:215:20
[INFO] [stdout]     |
[INFO] [stdout] 215 |     let (runScore, runs, remainder) = score_runs(&sorted_hand);
[INFO] [stdout]     |                    ^^^^ help: if this is intentional, prefix it with an underscore: `_runs`
[INFO] [stdout] 
[INFO] [stdout] 
[INFO] [stdout] warning: unused variable: `remainder`
[INFO] [stdout]    --> src/cribbage_scoring.rs:215:26
[INFO] [stdout]     |
[INFO] [stdout] 215 |     let (runScore, runs, remainder) = score_runs(&sorted_hand);
[INFO] [stdout]     |                          ^^^^^^^^^ help: if this is intentional, prefix it with an underscore: `_remainder`
[INFO] [stdout] 
[INFO] [stdout] 
[INFO] [stdout] warning: function `get_long_rank_desc` is never used
[INFO] [stdout]   --> src/cards.rs:52:8
[INFO] [stdout]    |
[INFO] [stdout] 52 | pub fn get_long_rank_desc(r: &str) -> &'static str {
[INFO] [stdout]    |        ^^^^^^^^^^^^^^^^^^
[INFO] [stdout]    |
[INFO] [stdout]    = note: `#[warn(dead_code)]` on by default
[INFO] [stdout] 
[INFO] [stdout] 
[INFO] [stdout] warning: method `directly_succeeds` is never used
[INFO] [stdout]   --> src/cribbage_cards.rs:40:12
[INFO] [stdout]    |
[INFO] [stdout] 28 | impl CribbageCard {
[INFO] [stdout]    | ----------------- method in this implementation
[INFO] [stdout] ...
[INFO] [stdout] 40 |     pub fn directly_succeeds(&self, other: Self) -> bool {
[INFO] [stdout]    |            ^^^^^^^^^^^^^^^^^
[INFO] [stdout] 
[INFO] [stdout] 
[INFO] [stdout] warning: function `score_flush` is never used
[INFO] [stdout]    --> src/cribbage_scoring.rs:195:8
[INFO] [stdout]     |
[INFO] [stdout] 195 | pub fn score_flush(hand: &Vec<CribbageCard>) -> (i8, Vec<Vec<CribbageCard>>) {
[INFO] [stdout]     |        ^^^^^^^^^^^
[INFO] [stdout] 
[INFO] [stdout] 
[INFO] [stdout] warning: variable `fifteensScore` should have a snake case name
[INFO] [stdout]    --> src/cribbage_scoring.rs:211:10
[INFO] [stdout]     |
[INFO] [stdout] 211 |     let (fifteensScore, fifteens) = score_fifteens(&sorted_hand);
[INFO] [stdout]     |          ^^^^^^^^^^^^^ help: convert the identifier to snake case: `fifteens_score`
[INFO] [stdout]     |
[INFO] [stdout]     = note: `#[warn(non_snake_case)]` on by default
[INFO] [stdout] 
[INFO] [stdout] 
[INFO] [stdout] warning: variable `quadScore` should have a snake case name
[INFO] [stdout]    --> src/cribbage_scoring.rs:212:10
[INFO] [stdout]     |
[INFO] [stdout] 212 |     let (quadScore, quads, quads_remainder) = score_quads(&sorted_hand);
[INFO] [stdout]     |          ^^^^^^^^^ help: convert the identifier to snake case: `quad_score`
[INFO] [stdout] 
[INFO] [stdout] 
[INFO] [stdout] warning: variable `tripleScore` should have a snake case name
[INFO] [stdout]    --> src/cribbage_scoring.rs:213:10
[INFO] [stdout]     |
[INFO] [stdout] 213 |     let (tripleScore, triples, triples_remainder) = score_triples(&quads_remainder);
[INFO] [stdout]     |          ^^^^^^^^^^^ help: convert the identifier to snake case: `triple_score`
[INFO] [stdout] 
[INFO] [stdout] 
[INFO] [stdout] warning: variable `pairScore` should have a snake case name
[INFO] [stdout]    --> src/cribbage_scoring.rs:214:10
[INFO] [stdout]     |
[INFO] [stdout] 214 |     let (pairScore, pairs, pairs_remainder) = score_pairs(&triples_remainder);
[INFO] [stdout]     |          ^^^^^^^^^ help: convert the identifier to snake case: `pair_score`
[INFO] [stdout] 
[INFO] [stdout] 
[INFO] [stdout] warning: variable `runScore` should have a snake case name
[INFO] [stdout]    --> src/cribbage_scoring.rs:215:10
[INFO] [stdout]     |
[INFO] [stdout] 215 |     let (runScore, runs, remainder) = score_runs(&sorted_hand);
[INFO] [stdout]     |          ^^^^^^^^ help: convert the identifier to snake case: `run_score`
[INFO] [stdout] 
[INFO] [stdout] 
[INFO] [stdout] warning: 19 warnings emitted
[INFO] [stdout] 
[INFO] [stdout] 
[INFO] [stdout] warning: unused variable: `d`
[INFO] [stdout]   --> tests/cards_test.rs:48:9
[INFO] [stdout]    |
[INFO] [stdout] 48 |     let d = c.get_long_description();
[INFO] [stdout]    |         ^ help: if this is intentional, prefix it with an underscore: `_d`
[INFO] [stdout]    |
[INFO] [stdout]    = note: `#[warn(unused_variables)]` on by default
[INFO] [stdout] 
[INFO] [stdout] 
[INFO] [stdout] warning: unused variable: `score`
[INFO] [stdout]   --> src/cribbage_scoring.rs:75:9
[INFO] [stdout]    |
[INFO] [stdout] 75 |     let score = 0;
[INFO] [stdout]    |         ^^^^^ help: if this is intentional, prefix it with an underscore: `_score`
[INFO] [stdout]    |
[INFO] [stdout]    = note: `#[warn(unused_variables)]` on by default
[INFO] [stdout] 
[INFO] [stdout] 
[INFO] [stdout] warning: unused variable: `quadScore`
[INFO] [stdout]    --> src/cribbage_scoring.rs:212:10
[INFO] [stdout]     |
[INFO] [stdout] 212 |     let (quadScore, quads, quads_remainder) = score_quads(&sorted_hand);
[INFO] [stdout]     |          ^^^^^^^^^ help: if this is intentional, prefix it with an underscore: `_quadScore`
[INFO] [stdout] 
[INFO] [stdout] 
[INFO] [stdout] warning: unused variable: `quads`
[INFO] [stdout]    --> src/cribbage_scoring.rs:212:21
[INFO] [stdout]     |
[INFO] [stdout] 212 |     let (quadScore, quads, quads_remainder) = score_quads(&sorted_hand);
[INFO] [stdout]     |                     ^^^^^ help: if this is intentional, prefix it with an underscore: `_quads`
[INFO] [stdout] 
[INFO] [stdout] 
[INFO] [stdout] warning: unused variable: `tripleScore`
[INFO] [stdout]    --> src/cribbage_scoring.rs:213:10
[INFO] [stdout]     |
[INFO] [stdout] 213 |     let (tripleScore, triples, triples_remainder) = score_triples(&quads_remainder);
[INFO] [stdout]     |          ^^^^^^^^^^^ help: if this is intentional, prefix it with an underscore: `_tripleScore`
[INFO] [stdout] 
[INFO] [stdout] 
[INFO] [stdout] warning: unused variable: `triples`
[INFO] [stdout]    --> src/cribbage_scoring.rs:213:23
[INFO] [stdout]     |
[INFO] [stdout] 213 |     let (tripleScore, triples, triples_remainder) = score_triples(&quads_remainder);
[INFO] [stdout]     |                       ^^^^^^^ help: if this is intentional, prefix it with an underscore: `_triples`
[INFO] [stdout] 
[INFO] [stdout] 
[INFO] [stdout] warning: unused variable: `pairScore`
[INFO] [stdout]    --> src/cribbage_scoring.rs:214:10
[INFO] [stdout]     |
[INFO] [stdout] 214 |     let (pairScore, pairs, pairs_remainder) = score_pairs(&triples_remainder);
[INFO] [stdout]     |          ^^^^^^^^^ help: if this is intentional, prefix it with an underscore: `_pairScore`
[INFO] [stdout] 
[INFO] [stdout] 
[INFO] [stdout] warning: unused variable: `pairs`
[INFO] [stdout]    --> src/cribbage_scoring.rs:214:21
[INFO] [stdout]     |
[INFO] [stdout] 214 |     let (pairScore, pairs, pairs_remainder) = score_pairs(&triples_remainder);
[INFO] [stdout]     |                     ^^^^^ help: if this is intentional, prefix it with an underscore: `_pairs`
[INFO] [stdout] 
[INFO] [stdout] 
[INFO] [stdout] warning: unused variable: `pairs_remainder`
[INFO] [stdout]    --> src/cribbage_scoring.rs:214:28
[INFO] [stdout]     |
[INFO] [stdout] 214 |     let (pairScore, pairs, pairs_remainder) = score_pairs(&triples_remainder);
[INFO] [stdout]     |                            ^^^^^^^^^^^^^^^ help: if this is intentional, prefix it with an underscore: `_pairs_remainder`
[INFO] [stdout] 
[INFO] [stdout] 
[INFO] [stdout] warning: unused variable: `runScore`
[INFO] [stdout]    --> src/cribbage_scoring.rs:215:10
[INFO] [stdout]     |
[INFO] [stdout] 215 |     let (runScore, runs, remainder) = score_runs(&sorted_hand);
[INFO] [stdout]     |          ^^^^^^^^ help: if this is intentional, prefix it with an underscore: `_runScore`
[INFO] [stdout] 
[INFO] [stdout] 
[INFO] [stdout] warning: unused variable: `runs`
[INFO] [stdout]    --> src/cribbage_scoring.rs:215:20
[INFO] [stdout]     |
[INFO] [stdout] 215 |     let (runScore, runs, remainder) = score_runs(&sorted_hand);
[INFO] [stdout]     |                    ^^^^ help: if this is intentional, prefix it with an underscore: `_runs`
[INFO] [stdout] 
[INFO] [stdout] 
[INFO] [stdout] warning: unused variable: `remainder`
[INFO] [stdout]    --> src/cribbage_scoring.rs:215:26
[INFO] [stdout]     |
[INFO] [stdout] 215 |     let (runScore, runs, remainder) = score_runs(&sorted_hand);
[INFO] [stdout]     |                          ^^^^^^^^^ help: if this is intentional, prefix it with an underscore: `_remainder`
[INFO] [stdout] 
[INFO] [stdout] 
[INFO] [stdout] warning: function `get_long_rank_desc` is never used
[INFO] [stdout]   --> src/cards.rs:52:8
[INFO] [stdout]    |
[INFO] [stdout] 52 | pub fn get_long_rank_desc(r: &str) -> &'static str {
[INFO] [stdout]    |        ^^^^^^^^^^^^^^^^^^
[INFO] [stdout]    |
[INFO] [stdout]    = note: `#[warn(dead_code)]` on by default
[INFO] [stdout] 
[INFO] [stdout] 
[INFO] [stdout] warning: method `directly_succeeds` is never used
[INFO] [stdout]   --> src/cribbage_cards.rs:40:12
[INFO] [stdout]    |
[INFO] [stdout] 28 | impl CribbageCard {
[INFO] [stdout]    | ----------------- method in this implementation
[INFO] [stdout] ...
[INFO] [stdout] 40 |     pub fn directly_succeeds(&self, other: Self) -> bool {
[INFO] [stdout]    |            ^^^^^^^^^^^^^^^^^
[INFO] [stdout] 
[INFO] [stdout] 
[INFO] [stdout] warning: function `score_flush` is never used
[INFO] [stdout]    --> src/cribbage_scoring.rs:195:8
[INFO] [stdout]     |
[INFO] [stdout] 195 | pub fn score_flush(hand: &Vec<CribbageCard>) -> (i8, Vec<Vec<CribbageCard>>) {
[INFO] [stdout]     |        ^^^^^^^^^^^
[INFO] [stdout] 
[INFO] [stdout] 
[INFO] [stdout] warning: variable `fifteensScore` should have a snake case name
[INFO] [stdout]    --> src/cribbage_scoring.rs:211:10
[INFO] [stdout]     |
[INFO] [stdout] 211 |     let (fifteensScore, fifteens) = score_fifteens(&sorted_hand);
[INFO] [stdout]     |          ^^^^^^^^^^^^^ help: convert the identifier to snake case: `fifteens_score`
[INFO] [stdout]     |
[INFO] [stdout]     = note: `#[warn(non_snake_case)]` on by default
[INFO] [stdout] 
[INFO] [stdout] 
[INFO] [stdout] warning: variable `quadScore` should have a snake case name
[INFO] [stdout]    --> src/cribbage_scoring.rs:212:10
[INFO] [stdout]     |
[INFO] [stdout] 212 |     let (quadScore, quads, quads_remainder) = score_quads(&sorted_hand);
[INFO] [stdout]     |          ^^^^^^^^^ help: convert the identifier to snake case: `quad_score`
[INFO] [stdout] 
[INFO] [stdout] 
[INFO] [stdout] warning: variable `tripleScore` should have a snake case name
[INFO] [stdout]    --> src/cribbage_scoring.rs:213:10
[INFO] [stdout]     |
[INFO] [stdout] 213 |     let (tripleScore, triples, triples_remainder) = score_triples(&quads_remainder);
[INFO] [stdout]     |          ^^^^^^^^^^^ help: convert the identifier to snake case: `triple_score`
[INFO] [stdout] 
[INFO] [stdout] 
[INFO] [stdout] warning: variable `pairScore` should have a snake case name
[INFO] [stdout]    --> src/cribbage_scoring.rs:214:10
[INFO] [stdout]     |
[INFO] [stdout] 214 |     let (pairScore, pairs, pairs_remainder) = score_pairs(&triples_remainder);
[INFO] [stdout]     |          ^^^^^^^^^ help: convert the identifier to snake case: `pair_score`
[INFO] [stdout] 
[INFO] [stdout] 
[INFO] [stdout] warning: variable `runScore` should have a snake case name
[INFO] [stdout]    --> src/cribbage_scoring.rs:215:10
[INFO] [stdout]     |
[INFO] [stdout] 215 |     let (runScore, runs, remainder) = score_runs(&sorted_hand);
[INFO] [stdout]     |          ^^^^^^^^ help: convert the identifier to snake case: `run_score`
[INFO] [stdout] 
[INFO] [stdout] 
[INFO] [stdout] warning: methods `directly_precedes` and `directly_succeeds` are never used
[INFO] [stdout]   --> src/cribbage_cards.rs:29:12
[INFO] [stdout]    |
[INFO] [stdout] 28 | impl CribbageCard {
[INFO] [stdout]    | ----------------- methods in this implementation
[INFO] [stdout] 29 |     pub fn directly_precedes(&self, other: Self) -> bool {
[INFO] [stdout]    |            ^^^^^^^^^^^^^^^^^
[INFO] [stdout] ...
[INFO] [stdout] 40 |     pub fn directly_succeeds(&self, other: Self) -> bool {
[INFO] [stdout]    |            ^^^^^^^^^^^^^^^^^
[INFO] [stdout]    |
[INFO] [stdout]    = note: `#[warn(dead_code)]` on by default
[INFO] [stdout] 
[INFO] [stdout] 
[INFO] [stdout] warning: 1 warning emitted
[INFO] [stdout] 
[INFO] [stdout] 
[INFO] [stdout] warning: 19 warnings emitted
[INFO] [stdout] 
[INFO] [stdout] 
[INFO] [stdout] warning: 1 warning emitted
[INFO] [stdout] 
[INFO] [stdout] 
[INFO] [stderr]     Finished test [unoptimized + debuginfo] target(s) in 0.92s
[INFO] running `Command { std: "docker" "inspect" "fa7d06f337c5805edcc8db6ce2b36b1d7c9b257c043550d2fb4e9a1b3a738988", kill_on_drop: false }`
[INFO] running `Command { std: "docker" "rm" "-f" "fa7d06f337c5805edcc8db6ce2b36b1d7c9b257c043550d2fb4e9a1b3a738988", kill_on_drop: false }`
[INFO] [stdout] fa7d06f337c5805edcc8db6ce2b36b1d7c9b257c043550d2fb4e9a1b3a738988
[INFO] running `Command { std: "docker" "create" "-v" "/var/lib/crater-agent-workspace/builds/worker-6-tc2/target:/opt/rustwide/target:rw,Z" "-v" "/var/lib/crater-agent-workspace/builds/worker-6-tc2/source:/opt/rustwide/workdir:ro,Z" "-v" "/var/lib/crater-agent-workspace/cargo-home:/opt/rustwide/cargo-home:ro,Z" "-v" "/var/lib/crater-agent-workspace/rustup-home:/opt/rustwide/rustup-home:ro,Z" "-e" "SOURCE_DIR=/opt/rustwide/workdir" "-e" "CARGO_TARGET_DIR=/opt/rustwide/target" "-e" "CARGO_INCREMENTAL=0" "-e" "RUST_BACKTRACE=full" "-e" "RUSTFLAGS=--cap-lints=warn" "-e" "RUSTDOCFLAGS=--cap-lints=warn" "-e" "CARGO_HOME=/opt/rustwide/cargo-home" "-e" "RUSTUP_HOME=/opt/rustwide/rustup-home" "-w" "/opt/rustwide/workdir" "-m" "1610612736" "--user" "0:0" "--network" "none" "ghcr.io/rust-lang/crates-build-env/linux@sha256:5ff2268d62e97bff2cde7d5815dd6ed5b47097566f13b8d0ca110b04b60e07ed" "/opt/rustwide/cargo-home/bin/cargo" "+beta-2023-04-20" "test" "--frozen", kill_on_drop: false }`
[INFO] [stdout] 03fc83bb08a01997424414fd2f2d2cf80c8b906c6c6057dce399b3acab094c58
[INFO] running `Command { std: "docker" "start" "-a" "03fc83bb08a01997424414fd2f2d2cf80c8b906c6c6057dce399b3acab094c58", kill_on_drop: false }`
[INFO] [stderr] warning: methods `directly_precedes` and `directly_succeeds` are never used
[INFO] [stderr]   --> src/cribbage_cards.rs:29:12
[INFO] [stderr]    |
[INFO] [stderr] 28 | impl CribbageCard {
[INFO] [stderr]    | ----------------- methods in this implementation
[INFO] [stderr] 29 |     pub fn directly_precedes(&self, other: Self) -> bool {
[INFO] [stderr]    |            ^^^^^^^^^^^^^^^^^
[INFO] [stderr] ...
[INFO] [stderr] 40 |     pub fn directly_succeeds(&self, other: Self) -> bool {
[INFO] [stderr]    |            ^^^^^^^^^^^^^^^^^
[INFO] [stderr]    |
[INFO] [stderr]    = note: `#[warn(dead_code)]` on by default
[INFO] [stderr] 
[INFO] [stderr] warning: `rust_cribbage` (lib) generated 1 warning
[INFO] [stderr] warning: `rust_cribbage` (lib test) generated 1 warning (1 duplicate)
[INFO] [stderr] warning: unused variable: `score`
[INFO] [stderr]   --> src/cribbage_scoring.rs:75:9
[INFO] [stderr]    |
[INFO] [stderr] 75 |     let score = 0;
[INFO] [stderr]    |         ^^^^^ help: if this is intentional, prefix it with an underscore: `_score`
[INFO] [stderr]    |
[INFO] [stderr]    = note: `#[warn(unused_variables)]` on by default
[INFO] [stderr] 
[INFO] [stderr] warning: unused variable: `quadScore`
[INFO] [stderr]    --> src/cribbage_scoring.rs:212:10
[INFO] [stderr]     |
[INFO] [stderr] 212 |     let (quadScore, quads, quads_remainder) = score_quads(&sorted_hand);
[INFO] [stderr]     |          ^^^^^^^^^ help: if this is intentional, prefix it with an underscore: `_quadScore`
[INFO] [stderr] 
[INFO] [stderr] warning: unused variable: `quads`
[INFO] [stderr]    --> src/cribbage_scoring.rs:212:21
[INFO] [stderr]     |
[INFO] [stderr] 212 |     let (quadScore, quads, quads_remainder) = score_quads(&sorted_hand);
[INFO] [stderr]     |                     ^^^^^ help: if this is intentional, prefix it with an underscore: `_quads`
[INFO] [stderr] 
[INFO] [stderr] warning: unused variable: `tripleScore`
[INFO] [stderr]    --> src/cribbage_scoring.rs:213:10
[INFO] [stderr]     |
[INFO] [stderr] 213 |     let (tripleScore, triples, triples_remainder) = score_triples(&quads_remainder);
[INFO] [stderr]     |          ^^^^^^^^^^^ help: if this is intentional, prefix it with an underscore: `_tripleScore`
[INFO] [stderr] 
[INFO] [stderr] warning: unused variable: `triples`
[INFO] [stderr]    --> src/cribbage_scoring.rs:213:23
[INFO] [stderr]     |
[INFO] [stderr] 213 |     let (tripleScore, triples, triples_remainder) = score_triples(&quads_remainder);
[INFO] [stderr]     |                       ^^^^^^^ help: if this is intentional, prefix it with an underscore: `_triples`
[INFO] [stderr] 
[INFO] [stderr] warning: unused variable: `pairScore`
[INFO] [stderr]    --> src/cribbage_scoring.rs:214:10
[INFO] [stderr]     |
[INFO] [stderr] 214 |     let (pairScore, pairs, pairs_remainder) = score_pairs(&triples_remainder);
[INFO] [stderr]     |          ^^^^^^^^^ help: if this is intentional, prefix it with an underscore: `_pairScore`
[INFO] [stderr] 
[INFO] [stderr] warning: unused variable: `pairs`
[INFO] [stderr]    --> src/cribbage_scoring.rs:214:21
[INFO] [stderr]     |
[INFO] [stderr] 214 |     let (pairScore, pairs, pairs_remainder) = score_pairs(&triples_remainder);
[INFO] [stderr]     |                     ^^^^^ help: if this is intentional, prefix it with an underscore: `_pairs`
[INFO] [stderr] 
[INFO] [stderr] warning: unused variable: `pairs_remainder`
[INFO] [stderr]    --> src/cribbage_scoring.rs:214:28
[INFO] [stderr]     |
[INFO] [stderr] 214 |     let (pairScore, pairs, pairs_remainder) = score_pairs(&triples_remainder);
[INFO] [stderr]     |                            ^^^^^^^^^^^^^^^ help: if this is intentional, prefix it with an underscore: `_pairs_remainder`
[INFO] [stderr] 
[INFO] [stderr] warning: unused variable: `runScore`
[INFO] [stderr]    --> src/cribbage_scoring.rs:215:10
[INFO] [stderr]     |
[INFO] [stderr] 215 |     let (runScore, runs, remainder) = score_runs(&sorted_hand);
[INFO] [stderr]     |          ^^^^^^^^ help: if this is intentional, prefix it with an underscore: `_runScore`
[INFO] [stderr] 
[INFO] [stderr] warning: unused variable: `runs`
[INFO] [stderr]    --> src/cribbage_scoring.rs:215:20
[INFO] [stderr]     |
[INFO] [stderr] 215 |     let (runScore, runs, remainder) = score_runs(&sorted_hand);
[INFO] [stderr]     |                    ^^^^ help: if this is intentional, prefix it with an underscore: `_runs`
[INFO] [stderr] 
[INFO] [stderr] warning: unused variable: `remainder`
[INFO] [stderr]    --> src/cribbage_scoring.rs:215:26
[INFO] [stderr]     |
[INFO] [stderr] 215 |     let (runScore, runs, remainder) = score_runs(&sorted_hand);
[INFO] [stderr]     |                          ^^^^^^^^^ help: if this is intentional, prefix it with an underscore: `_remainder`
[INFO] [stderr] 
[INFO] [stderr] warning: function `get_long_rank_desc` is never used
[INFO] [stderr]   --> src/cards.rs:52:8
[INFO] [stderr]    |
[INFO] [stderr] 52 | pub fn get_long_rank_desc(r: &str) -> &'static str {
[INFO] [stderr]    |        ^^^^^^^^^^^^^^^^^^
[INFO] [stderr]    |
[INFO] [stderr]    = note: `#[warn(dead_code)]` on by default
[INFO] [stderr] 
[INFO] [stderr] warning: method `directly_succeeds` is never used
[INFO] [stderr]   --> src/cribbage_cards.rs:40:12
[INFO] [stderr]    |
[INFO] [stderr] 28 | impl CribbageCard {
[INFO] [stderr]    | ----------------- method in this implementation
[INFO] [stderr] ...
[INFO] [stderr] 40 |     pub fn directly_succeeds(&self, other: Self) -> bool {
[INFO] [stderr]    |            ^^^^^^^^^^^^^^^^^
[INFO] [stderr] 
[INFO] [stderr] warning: function `score_flush` is never used
[INFO] [stderr]    --> src/cribbage_scoring.rs:195:8
[INFO] [stderr]     |
[INFO] [stderr] 195 | pub fn score_flush(hand: &Vec<CribbageCard>) -> (i8, Vec<Vec<CribbageCard>>) {
[INFO] [stderr]     |        ^^^^^^^^^^^
[INFO] [stderr] 
[INFO] [stderr] warning: variable `fifteensScore` should have a snake case name
[INFO] [stderr]    --> src/cribbage_scoring.rs:211:10
[INFO] [stderr]     |
[INFO] [stderr] 211 |     let (fifteensScore, fifteens) = score_fifteens(&sorted_hand);
[INFO] [stderr]     |          ^^^^^^^^^^^^^ help: convert the identifier to snake case: `fifteens_score`
[INFO] [stderr]     |
[INFO] [stderr]     = note: `#[warn(non_snake_case)]` on by default
[INFO] [stderr] 
[INFO] [stderr] warning: variable `quadScore` should have a snake case name
[INFO] [stderr]    --> src/cribbage_scoring.rs:212:10
[INFO] [stderr]     |
[INFO] [stderr] 212 |     let (quadScore, quads, quads_remainder) = score_quads(&sorted_hand);
[INFO] [stderr]     |          ^^^^^^^^^ help: convert the identifier to snake case: `quad_score`
[INFO] [stderr] 
[INFO] [stderr] warning: variable `tripleScore` should have a snake case name
[INFO] [stderr]    --> src/cribbage_scoring.rs:213:10
[INFO] [stderr]     |
[INFO] [stderr] 213 |     let (tripleScore, triples, triples_remainder) = score_triples(&quads_remainder);
[INFO] [stderr]     |          ^^^^^^^^^^^ help: convert the identifier to snake case: `triple_score`
[INFO] [stderr] 
[INFO] [stderr] warning: variable `pairScore` should have a snake case name
[INFO] [stderr]    --> src/cribbage_scoring.rs:214:10
[INFO] [stderr]     |
[INFO] [stderr] 214 |     let (pairScore, pairs, pairs_remainder) = score_pairs(&triples_remainder);
[INFO] [stderr]     |          ^^^^^^^^^ help: convert the identifier to snake case: `pair_score`
[INFO] [stderr] 
[INFO] [stderr] warning: variable `runScore` should have a snake case name
[INFO] [stderr]    --> src/cribbage_scoring.rs:215:10
[INFO] [stderr]     |
[INFO] [stderr] 215 |     let (runScore, runs, remainder) = score_runs(&sorted_hand);
[INFO] [stderr]     |          ^^^^^^^^ help: convert the identifier to snake case: `run_score`
[INFO] [stderr] 
[INFO] [stderr] warning: unused variable: `d`
[INFO] [stderr]   --> tests/cards_test.rs:48:9
[INFO] [stderr]    |
[INFO] [stderr] 48 |     let d = c.get_long_description();
[INFO] [stderr]    |         ^ help: if this is intentional, prefix it with an underscore: `_d`
[INFO] [stderr]    |
[INFO] [stderr]    = note: `#[warn(unused_variables)]` on by default
[INFO] [stderr] 
[INFO] [stderr] warning: `rust_cribbage` (bin "rust_cribbage" test) generated 19 warnings (run `cargo fix --bin "rust_cribbage" --tests` to apply 11 suggestions)
[INFO] [stderr] warning: `rust_cribbage` (test "cards_test") generated 1 warning (run `cargo fix --test "cards_test"` to apply 1 suggestion)
[INFO] [stderr] warning: `rust_cribbage` (bin "rust_cribbage") generated 19 warnings (19 duplicates)
[INFO] [stderr]     Finished test [unoptimized + debuginfo] target(s) in 0.04s
[INFO] [stderr]      Running unittests src/lib.rs (/opt/rustwide/target/debug/deps/rust_cribbage-706c066a48131b3b)
[INFO] [stderr]      Running unittests src/main.rs (/opt/rustwide/target/debug/deps/rust_cribbage-1e63db697aec2911)
[INFO] [stdout] 
[INFO] [stdout] running 0 tests
[INFO] [stdout] 
[INFO] [stdout] test result: ok. 0 passed; 0 failed; 0 ignored; 0 measured; 0 filtered out; finished in 0.00s
[INFO] [stdout] 
[INFO] [stdout] 
[INFO] [stdout] running 0 tests
[INFO] [stdout] 
[INFO] [stdout] test result: ok. 0 passed; 0 failed; 0 ignored; 0 measured; 0 filtered out; finished in 0.00s
[INFO] [stdout] 
[INFO] [stderr]      Running tests/cards_test.rs (/opt/rustwide/target/debug/deps/cards_test-133d05981943fb0d)
[INFO] [stdout] 
[INFO] [stdout] running 4 tests
[INFO] [stdout] test test_get_long_suit_desc ... ok
[INFO] [stdout] test test_card_functions ... FAILED
[INFO] [stdout] test test_card_invalid_rank - should panic ... ok
[INFO] [stdout] test test_get_short_suit_desc ... FAILED
[INFO] [stdout] 
[INFO] [stdout] failures:
[INFO] [stdout] 
[INFO] [stdout] ---- test_card_functions stdout ----
[INFO] [stdout] thread 'test_card_functions' panicked at 'assertion failed: `(left == right)`
[INFO] [stdout]   left: `"4♥"`,
[INFO] [stdout]  right: `"4H"`', tests/cards_test.rs:25:5
[INFO] [stdout] stack backtrace:
[INFO] [stdout]    0:     0x55ee04b5210a - std::backtrace_rs::backtrace::libunwind::trace::h2f05d0192276a8f6
[INFO] [stdout]                                at /rustc/1b7dd2252b99671ce5d1cb9664c5f8636329436d/library/std/src/../../backtrace/src/backtrace/libunwind.rs:93:5
[INFO] [stdout]    1:     0x55ee04b5210a - std::backtrace_rs::backtrace::trace_unsynchronized::hedc23dff7a1af150
[INFO] [stdout]                                at /rustc/1b7dd2252b99671ce5d1cb9664c5f8636329436d/library/std/src/../../backtrace/src/backtrace/mod.rs:66:5
[INFO] [stdout]    2:     0x55ee04b5210a - std::sys_common::backtrace::_print_fmt::h17541ef7592f3ce2
[INFO] [stdout]                                at /rustc/1b7dd2252b99671ce5d1cb9664c5f8636329436d/library/std/src/sys_common/backtrace.rs:65:5
[INFO] [stdout]    3:     0x55ee04b5210a - <std::sys_common::backtrace::_print::DisplayBacktrace as core::fmt::Display>::fmt::h20f75df5ab0c0792
[INFO] [stdout]                                at /rustc/1b7dd2252b99671ce5d1cb9664c5f8636329436d/library/std/src/sys_common/backtrace.rs:44:22
[INFO] [stdout]    4:     0x55ee04b75d5f - core::fmt::write::h78109e6f466b3af6
[INFO] [stdout]                                at /rustc/1b7dd2252b99671ce5d1cb9664c5f8636329436d/library/core/src/fmt/mod.rs:1254:17
[INFO] [stdout]    5:     0x55ee04b4f455 - std::io::Write::write_fmt::hd24bfb68a1b35a25
[INFO] [stdout]                                at /rustc/1b7dd2252b99671ce5d1cb9664c5f8636329436d/library/std/src/io/mod.rs:1698:15
[INFO] [stdout]    6:     0x55ee04b51ed5 - std::sys_common::backtrace::_print::h8dac57a9f8fbf9a5
[INFO] [stdout]                                at /rustc/1b7dd2252b99671ce5d1cb9664c5f8636329436d/library/std/src/sys_common/backtrace.rs:47:5
[INFO] [stdout]    7:     0x55ee04b51ed5 - std::sys_common::backtrace::print::hf9ecbf41d1aa712f
[INFO] [stdout]                                at /rustc/1b7dd2252b99671ce5d1cb9664c5f8636329436d/library/std/src/sys_common/backtrace.rs:34:9
[INFO] [stdout]    8:     0x55ee04b53b8e - std::panicking::default_hook::{{closure}}::h04c07acfc84ca028
[INFO] [stdout]                                at /rustc/1b7dd2252b99671ce5d1cb9664c5f8636329436d/library/std/src/panicking.rs:269:22
[INFO] [stdout]    9:     0x55ee04b538c1 - std::panicking::default_hook::h01f6bb23e1eceb2c
[INFO] [stdout]                                at /rustc/1b7dd2252b99671ce5d1cb9664c5f8636329436d/library/std/src/panicking.rs:285:9
[INFO] [stdout]   10:     0x55ee04b257cb - <alloc::boxed::Box<F,A> as core::ops::function::Fn<Args>>::call::h87fe9f7b2fd49e4c
[INFO] [stdout]                                at /rustc/1b7dd2252b99671ce5d1cb9664c5f8636329436d/library/alloc/src/boxed.rs:1987:9
[INFO] [stdout]   11:     0x55ee04b257cb - test::test_main::{{closure}}::he94d679243a7531b
[INFO] [stdout]                                at /rustc/1b7dd2252b99671ce5d1cb9664c5f8636329436d/library/test/src/lib.rs:134:21
[INFO] [stdout]   12:     0x55ee04b54274 - <alloc::boxed::Box<F,A> as core::ops::function::Fn<Args>>::call::h3f2d6d8b14c4769f
[INFO] [stdout]                                at /rustc/1b7dd2252b99671ce5d1cb9664c5f8636329436d/library/alloc/src/boxed.rs:1987:9
[INFO] [stdout]   13:     0x55ee04b54274 - std::panicking::rust_panic_with_hook::h2bb3722bbaf2f6df
[INFO] [stdout]                                at /rustc/1b7dd2252b99671ce5d1cb9664c5f8636329436d/library/std/src/panicking.rs:695:13
[INFO] [stdout]   14:     0x55ee04b53fe9 - std::panicking::begin_panic_handler::{{closure}}::h91bc7f36a4be011b
[INFO] [stdout]                                at /rustc/1b7dd2252b99671ce5d1cb9664c5f8636329436d/library/std/src/panicking.rs:582:13
[INFO] [stdout]   15:     0x55ee04b52576 - std::sys_common::backtrace::__rust_end_short_backtrace::h8b3d3717114f9e59
[INFO] [stdout]                                at /rustc/1b7dd2252b99671ce5d1cb9664c5f8636329436d/library/std/src/sys_common/backtrace.rs:150:18
[INFO] [stdout]   16:     0x55ee04b53d42 - rust_begin_unwind
[INFO] [stdout]                                at /rustc/1b7dd2252b99671ce5d1cb9664c5f8636329436d/library/std/src/panicking.rs:578:5
[INFO] [stdout]   17:     0x55ee04aefb93 - core::panicking::panic_fmt::hfd368e3fbdabea26
[INFO] [stdout]                                at /rustc/1b7dd2252b99671ce5d1cb9664c5f8636329436d/library/core/src/panicking.rs:67:14
[INFO] [stdout]   18:     0x55ee04aefe6f - core::panicking::assert_failed_inner::haef49168e1798a91
[INFO] [stdout]   19:     0x55ee04af1f4e - core::panicking::assert_failed::h7b451d97601ee1fe
[INFO] [stdout]                                at /rustc/1b7dd2252b99671ce5d1cb9664c5f8636329436d/library/core/src/panicking.rs:228:5
[INFO] [stdout]   20:     0x55ee04af0e0c - cards_test::test_card_functions::hf4ad76dc31dafe14
[INFO] [stdout]                                at /opt/rustwide/workdir/tests/cards_test.rs:25:5
[INFO] [stdout]   21:     0x55ee04af0b17 - cards_test::test_card_functions::{{closure}}::h4fb745214822a2d0
[INFO] [stdout]                                at /opt/rustwide/workdir/tests/cards_test.rs:22:26
[INFO] [stdout]   22:     0x55ee04af20b5 - core::ops::function::FnOnce::call_once::hdf51fe43ce25c72a
[INFO] [stdout]                                at /rustc/1b7dd2252b99671ce5d1cb9664c5f8636329436d/library/core/src/ops/function.rs:250:5
[INFO] [stdout]   23:     0x55ee04b2a69f - core::ops::function::FnOnce::call_once::ha6a70e79f7481a7e
[INFO] [stdout]                                at /rustc/1b7dd2252b99671ce5d1cb9664c5f8636329436d/library/core/src/ops/function.rs:250:5
[INFO] [stdout]   24:     0x55ee04b2a69f - test::__rust_begin_short_backtrace::hce33033019b61e69
[INFO] [stdout]                                at /rustc/1b7dd2252b99671ce5d1cb9664c5f8636329436d/library/test/src/lib.rs:655:18
[INFO] [stdout]   25:     0x55ee04af7e8c - test::run_test::{{closure}}::h858d3528838ae3e5
[INFO] [stdout]                                at /rustc/1b7dd2252b99671ce5d1cb9664c5f8636329436d/library/test/src/lib.rs:646:30
[INFO] [stdout]   26:     0x55ee04af7e8c - core::ops::function::FnOnce::call_once{{vtable.shim}}::he8ac2b00f01ae79e
[INFO] [stdout]                                at /rustc/1b7dd2252b99671ce5d1cb9664c5f8636329436d/library/core/src/ops/function.rs:250:5
[INFO] [stdout]   27:     0x55ee04b29776 - <alloc::boxed::Box<F,A> as core::ops::function::FnOnce<Args>>::call_once::h8093d25b522725ef
[INFO] [stdout]                                at /rustc/1b7dd2252b99671ce5d1cb9664c5f8636329436d/library/alloc/src/boxed.rs:1973:9
[INFO] [stdout]   28:     0x55ee04b29776 - <core::panic::unwind_safe::AssertUnwindSafe<F> as core::ops::function::FnOnce<()>>::call_once::h5c334c204e4a3913
[INFO] [stdout]                                at /rustc/1b7dd2252b99671ce5d1cb9664c5f8636329436d/library/core/src/panic/unwind_safe.rs:271:9
[INFO] [stdout]   29:     0x55ee04b29776 - std::panicking::try::do_call::ha8b740c7b9478074
[INFO] [stdout]                                at /rustc/1b7dd2252b99671ce5d1cb9664c5f8636329436d/library/std/src/panicking.rs:485:40
[INFO] [stdout]   30:     0x55ee04b29776 - std::panicking::try::h5d34f63d0e41b64e
[INFO] [stdout]                                at /rustc/1b7dd2252b99671ce5d1cb9664c5f8636329436d/library/std/src/panicking.rs:449:19
[INFO] [stdout]   31:     0x55ee04b29776 - std::panic::catch_unwind::hcfbb511e1aa7fc67
[INFO] [stdout]                                at /rustc/1b7dd2252b99671ce5d1cb9664c5f8636329436d/library/std/src/panic.rs:140:14
[INFO] [stdout]   32:     0x55ee04b29776 - test::run_test_in_process::h9abda90f802eaf21
[INFO] [stdout]                                at /rustc/1b7dd2252b99671ce5d1cb9664c5f8636329436d/library/test/src/lib.rs:678:27
[INFO] [stdout]   33:     0x55ee04b29776 - test::run_test::run_test_inner::{{closure}}::h0f058de91f6c6edf
[INFO] [stdout]                                at /rustc/1b7dd2252b99671ce5d1cb9664c5f8636329436d/library/test/src/lib.rs:572:39
[INFO] [stdout]   34:     0x55ee04af2695 - test::run_test::run_test_inner::{{closure}}::h5ca48a4c59c6c1fb
[INFO] [stdout]                                at /rustc/1b7dd2252b99671ce5d1cb9664c5f8636329436d/library/test/src/lib.rs:599:37
[INFO] [stdout]   35:     0x55ee04af2695 - std::sys_common::backtrace::__rust_begin_short_backtrace::h32bd51e1495d4a33
[INFO] [stdout]                                at /rustc/1b7dd2252b99671ce5d1cb9664c5f8636329436d/library/std/src/sys_common/backtrace.rs:134:18
[INFO] [stdout]   36:     0x55ee04af7bd1 - std::thread::Builder::spawn_unchecked_::{{closure}}::{{closure}}::hc086fae9b128b2db
[INFO] [stdout]                                at /rustc/1b7dd2252b99671ce5d1cb9664c5f8636329436d/library/std/src/thread/mod.rs:526:17
[INFO] [stdout]   37:     0x55ee04af7bd1 - <core::panic::unwind_safe::AssertUnwindSafe<F> as core::ops::function::FnOnce<()>>::call_once::hb66571888d270d43
[INFO] [stdout]                                at /rustc/1b7dd2252b99671ce5d1cb9664c5f8636329436d/library/core/src/panic/unwind_safe.rs:271:9
[INFO] [stdout]   38:     0x55ee04af7bd1 - std::panicking::try::do_call::h4fa2ef4f6e51fecf
[INFO] [stdout]                                at /rustc/1b7dd2252b99671ce5d1cb9664c5f8636329436d/library/std/src/panicking.rs:485:40
[INFO] [stdout]   39:     0x55ee04af7bd1 - std::panicking::try::h1e9e22b8584489b5
[INFO] [stdout]                                at /rustc/1b7dd2252b99671ce5d1cb9664c5f8636329436d/library/std/src/panicking.rs:449:19
[INFO] [stdout]   40:     0x55ee04af7bd1 - std::panic::catch_unwind::h44698a3de0e0769e
[INFO] [stdout]                                at /rustc/1b7dd2252b99671ce5d1cb9664c5f8636329436d/library/std/src/panic.rs:140:14
[INFO] [stdout]   41:     0x55ee04af7bd1 - std::thread::Builder::spawn_unchecked_::{{closure}}::h50153abde3fe239e
[INFO] [stdout]                                at /rustc/1b7dd2252b99671ce5d1cb9664c5f8636329436d/library/std/src/thread/mod.rs:525:30
[INFO] [stdout]   42:     0x55ee04af7bd1 - core::ops::function::FnOnce::call_once{{vtable.shim}}::hbe5bbf6f38394364
[INFO] [stdout]                                at /rustc/1b7dd2252b99671ce5d1cb9664c5f8636329436d/library/core/src/ops/function.rs:250:5
[INFO] [stdout]   43:     0x55ee04b58745 - <alloc::boxed::Box<F,A> as core::ops::function::FnOnce<Args>>::call_once::h0d83cb2920a49046
[INFO] [stdout]                                at /rustc/1b7dd2252b99671ce5d1cb9664c5f8636329436d/library/alloc/src/boxed.rs:1973:9
[INFO] [stdout]   44:     0x55ee04b58745 - <alloc::boxed::Box<F,A> as core::ops::function::FnOnce<Args>>::call_once::hbe0a008aa7d9ef59
[INFO] [stdout]                                at /rustc/1b7dd2252b99671ce5d1cb9664c5f8636329436d/library/alloc/src/boxed.rs:1973:9
[INFO] [stdout]   45:     0x55ee04b58745 - std::sys::unix::thread::Thread::new::thread_start::h3a466996bdf6b1f9
[INFO] [stdout]                                at /rustc/1b7dd2252b99671ce5d1cb9664c5f8636329436d/library/std/src/sys/unix/thread.rs:108:17
[INFO] [stdout]   46:     0x7feba76f4b43 - <unknown>
[INFO] [stdout]   47:     0x7feba7785bb4 - __clone
[INFO] [stdout]   48:                0x0 - <unknown>
[INFO] [stdout] 
[INFO] [stdout] ---- test_get_short_suit_desc stdout ----
[INFO] [stdout] thread 'test_get_short_suit_desc' panicked at 'assertion failed: `(left == right)`
[INFO] [stdout]   left: `"♥"`,
[INFO] [stdout]  right: `"H"`', tests/cards_test.rs:15:5
[INFO] [stdout] stack backtrace:
[INFO] [stdout]    0:     0x55ee04b5210a - std::backtrace_rs::backtrace::libunwind::trace::h2f05d0192276a8f6
[INFO] [stdout]                                at /rustc/1b7dd2252b99671ce5d1cb9664c5f8636329436d/library/std/src/../../backtrace/src/backtrace/libunwind.rs:93:5
[INFO] [stdout]    1:     0x55ee04b5210a - std::backtrace_rs::backtrace::trace_unsynchronized::hedc23dff7a1af150
[INFO] [stdout]                                at /rustc/1b7dd2252b99671ce5d1cb9664c5f8636329436d/library/std/src/../../backtrace/src/backtrace/mod.rs:66:5
[INFO] [stdout]    2:     0x55ee04b5210a - std::sys_common::backtrace::_print_fmt::h17541ef7592f3ce2
[INFO] [stdout]                                at /rustc/1b7dd2252b99671ce5d1cb9664c5f8636329436d/library/std/src/sys_common/backtrace.rs:65:5
[INFO] [stdout]    3:     0x55ee04b5210a - <std::sys_common::backtrace::_print::DisplayBacktrace as core::fmt::Display>::fmt::h20f75df5ab0c0792
[INFO] [stdout]                                at /rustc/1b7dd2252b99671ce5d1cb9664c5f8636329436d/library/std/src/sys_common/backtrace.rs:44:22
[INFO] [stdout]    4:     0x55ee04b75d5f - core::fmt::write::h78109e6f466b3af6
[INFO] [stdout]                                at /rustc/1b7dd2252b99671ce5d1cb9664c5f8636329436d/library/core/src/fmt/mod.rs:1254:17
[INFO] [stdout]    5:     0x55ee04b4f455 - std::io::Write::write_fmt::hd24bfb68a1b35a25
[INFO] [stdout]                                at /rustc/1b7dd2252b99671ce5d1cb9664c5f8636329436d/library/std/src/io/mod.rs:1698:15
[INFO] [stdout]    6:     0x55ee04b51ed5 - std::sys_common::backtrace::_print::h8dac57a9f8fbf9a5
[INFO] [stdout]                                at /rustc/1b7dd2252b99671ce5d1cb9664c5f8636329436d/library/std/src/sys_common/backtrace.rs:47:5
[INFO] [stdout]    7:     0x55ee04b51ed5 - std::sys_common::backtrace::print::hf9ecbf41d1aa712f
[INFO] [stdout]                                at /rustc/1b7dd2252b99671ce5d1cb9664c5f8636329436d/library/std/src/sys_common/backtrace.rs:34:9
[INFO] [stdout]    8:     0x55ee04b53b8e - std::panicking::default_hook::{{closure}}::h04c07acfc84ca028
[INFO] [stdout]                                at /rustc/1b7dd2252b99671ce5d1cb9664c5f8636329436d/library/std/src/panicking.rs:269:22
[INFO] [stdout]    9:     0x55ee04b538c1 - std::panicking::default_hook::h01f6bb23e1eceb2c
[INFO] [stdout]                                at /rustc/1b7dd2252b99671ce5d1cb9664c5f8636329436d/library/std/src/panicking.rs:285:9
[INFO] [stdout]   10:     0x55ee04b257cb - <alloc::boxed::Box<F,A> as core::ops::function::Fn<Args>>::call::h87fe9f7b2fd49e4c
[INFO] [stdout]                                at /rustc/1b7dd2252b99671ce5d1cb9664c5f8636329436d/library/alloc/src/boxed.rs:1987:9
[INFO] [stdout]   11:     0x55ee04b257cb - test::test_main::{{closure}}::he94d679243a7531b
[INFO] [stdout]                                at /rustc/1b7dd2252b99671ce5d1cb9664c5f8636329436d/library/test/src/lib.rs:134:21
[INFO] [stdout]   12:     0x55ee04b54274 - <alloc::boxed::Box<F,A> as core::ops::function::Fn<Args>>::call::h3f2d6d8b14c4769f
[INFO] [stdout]                                at /rustc/1b7dd2252b99671ce5d1cb9664c5f8636329436d/library/alloc/src/boxed.rs:1987:9
[INFO] [stdout]   13:     0x55ee04b54274 - std::panicking::rust_panic_with_hook::h2bb3722bbaf2f6df
[INFO] [stdout]                                at /rustc/1b7dd2252b99671ce5d1cb9664c5f8636329436d/library/std/src/panicking.rs:695:13
[INFO] [stdout]   14:     0x55ee04b53fe9 - std::panicking::begin_panic_handler::{{closure}}::h91bc7f36a4be011b
[INFO] [stdout]                                at /rustc/1b7dd2252b99671ce5d1cb9664c5f8636329436d/library/std/src/panicking.rs:582:13
[INFO] [stdout]   15:     0x55ee04b52576 - std::sys_common::backtrace::__rust_end_short_backtrace::h8b3d3717114f9e59
[INFO] [stdout]                                at /rustc/1b7dd2252b99671ce5d1cb9664c5f8636329436d/library/std/src/sys_common/backtrace.rs:150:18
[INFO] [stdout]   16:     0x55ee04b53d42 - rust_begin_unwind
[INFO] [stdout]                                at /rustc/1b7dd2252b99671ce5d1cb9664c5f8636329436d/library/std/src/panicking.rs:578:5
[INFO] [stdout]   17:     0x55ee04aefb93 - core::panicking::panic_fmt::hfd368e3fbdabea26
[INFO] [stdout]                                at /rustc/1b7dd2252b99671ce5d1cb9664c5f8636329436d/library/core/src/panicking.rs:67:14
[INFO] [stdout]   18:     0x55ee04aefe6f - core::panicking::assert_failed_inner::haef49168e1798a91
[INFO] [stdout]   19:     0x55ee04af1eea - core::panicking::assert_failed::h101f491e0c5f8d66
[INFO] [stdout]                                at /rustc/1b7dd2252b99671ce5d1cb9664c5f8636329436d/library/core/src/panicking.rs:228:5
[INFO] [stdout]   20:     0x55ee04af0931 - cards_test::test_get_short_suit_desc::hba5ba4890a666609
[INFO] [stdout]                                at /opt/rustwide/workdir/tests/cards_test.rs:15:5
[INFO] [stdout]   21:     0x55ee04af07f7 - cards_test::test_get_short_suit_desc::{{closure}}::he43fe90c9e452eb6
[INFO] [stdout]                                at /opt/rustwide/workdir/tests/cards_test.rs:14:31
[INFO] [stdout]   22:     0x55ee04af2065 - core::ops::function::FnOnce::call_once::hbf521b6b701c5bdb
[INFO] [stdout]                                at /rustc/1b7dd2252b99671ce5d1cb9664c5f8636329436d/library/core/src/ops/function.rs:250:5
[INFO] [stdout]   23:     0x55ee04b2a69f - core::ops::function::FnOnce::call_once::ha6a70e79f7481a7e
[INFO] [stdout]                                at /rustc/1b7dd2252b99671ce5d1cb9664c5f8636329436d/library/core/src/ops/function.rs:250:5
[INFO] [stdout]   24:     0x55ee04b2a69f - test::__rust_begin_short_backtrace::hce33033019b61e69
[INFO] [stdout]                                at /rustc/1b7dd2252b99671ce5d1cb9664c5f8636329436d/library/test/src/lib.rs:655:18
[INFO] [stdout]   25:     0x55ee04af7e8c - test::run_test::{{closure}}::h858d3528838ae3e5
[INFO] [stdout]                                at /rustc/1b7dd2252b99671ce5d1cb9664c5f8636329436d/library/test/src/lib.rs:646:30
[INFO] [stdout]   26:     0x55ee04af7e8c - core::ops::function::FnOnce::call_once{{vtable.shim}}::he8ac2b00f01ae79e
[INFO] [stdout]                                at /rustc/1b7dd2252b99671ce5d1cb9664c5f8636329436d/library/core/src/ops/function.rs:250:5
[INFO] [stdout]   27:     0x55ee04b29776 - <alloc::boxed::Box<F,A> as core::ops::function::FnOnce<Args>>::call_once::h8093d25b522725ef
[INFO] [stdout]                                at /rustc/1b7dd2252b99671ce5d1cb9664c5f8636329436d/library/alloc/src/boxed.rs:1973:9
[INFO] [stdout]   28:     0x55ee04b29776 - <core::panic::unwind_safe::AssertUnwindSafe<F> as core::ops::function::FnOnce<()>>::call_once::h5c334c204e4a3913
[INFO] [stdout]                                at /rustc/1b7dd2252b99671ce5d1cb9664c5f8636329436d/library/core/src/panic/unwind_safe.rs:271:9
[INFO] [stdout]   29:     0x55ee04b29776 - std::panicking::try::do_call::ha8b740c7b9478074
[INFO] [stdout]                                at /rustc/1b7dd2252b99671ce5d1cb9664c5f8636329436d/library/std/src/panicking.rs:485:40
[INFO] [stdout]   30:     0x55ee04b29776 - std::panicking::try::h5d34f63d0e41b64e
[INFO] [stdout]                                at /rustc/1b7dd2252b99671ce5d1cb9664c5f8636329436d/library/std/src/panicking.rs:449:19
[INFO] [stdout]   31:     0x55ee04b29776 - std::panic::catch_unwind::hcfbb511e1aa7fc67
[INFO] [stdout]                                at /rustc/1b7dd2252b99671ce5d1cb9664c5f8636329436d/library/std/src/panic.rs:140:14
[INFO] [stdout]   32:     0x55ee04b29776 - test::run_test_in_process::h9abda90f802eaf21
[INFO] [stdout]                                at /rustc/1b7dd2252b99671ce5d1cb9664c5f8636329436d/library/test/src/lib.rs:678:27
[INFO] [stdout]   33:     0x55ee04b29776 - test::run_test::run_test_inner::{{closure}}::h0f058de91f6c6edf
[INFO] [stdout]                                at /rustc/1b7dd2252b99671ce5d1cb9664c5f8636329436d/library/test/src/lib.rs:572:39
[INFO] [stdout]   34:     0x55ee04af2695 - test::run_test::run_test_inner::{{closure}}::h5ca48a4c59c6c1fb
[INFO] [stdout]                                at /rustc/1b7dd2252b99671ce5d1cb9664c5f8636329436d/library/test/src/lib.rs:599:37
[INFO] [stdout]   35:     0x55ee04af2695 - std::sys_common::backtrace::__rust_begin_short_backtrace::h32bd51e1495d4a33
[INFO] [stdout]                                at /rustc/1b7dd2252b99671ce5d1cb9664c5f8636329436d/library/std/src/sys_common/backtrace.rs:134:18
[INFO] [stdout]   36:     0x55ee04af7bd1 - std::thread::Builder::spawn_unchecked_::{{closure}}::{{closure}}::hc086fae9b128b2db
[INFO] [stdout]                                at /rustc/1b7dd2252b99671ce5d1cb9664c5f8636329436d/library/std/src/thread/mod.rs:526:17
[INFO] [stdout]   37:     0x55ee04af7bd1 - <core::panic::unwind_safe::AssertUnwindSafe<F> as core::ops::function::FnOnce<()>>::call_once::hb66571888d270d43
[INFO] [stdout]                                at /rustc/1b7dd2252b99671ce5d1cb9664c5f8636329436d/library/core/src/panic/unwind_safe.rs:271:9
[INFO] [stdout]   38:     0x55ee04af7bd1 - std::panicking::try::do_call::h4fa2ef4f6e51fecf
[INFO] [stdout]                                at /rustc/1b7dd2252b99671ce5d1cb9664c5f8636329436d/library/std/src/panicking.rs:485:40
[INFO] [stdout]   39:     0x55ee04af7bd1 - std::panicking::try::h1e9e22b8584489b5
[INFO] [stdout]                                at /rustc/1b7dd2252b99671ce5d1cb9664c5f8636329436d/library/std/src/panicking.rs:449:19
[INFO] [stdout]   40:     0x55ee04af7bd1 - std::panic::catch_unwind::h44698a3de0e0769e
[INFO] [stdout]                                at /rustc/1b7dd2252b99671ce5d1cb9664c5f8636329436d/library/std/src/panic.rs:140:14
[INFO] [stdout]   41:     0x55ee04af7bd1 - std::thread::Builder::spawn_unchecked_::{{closure}}::h50153abde3fe239e
[INFO] [stdout]                                at /rustc/1b7dd2252b99671ce5d1cb9664c5f8636329436d/library/std/src/thread/mod.rs:525:30
[INFO] [stdout]   42:     0x55ee04af7bd1 - core::ops::function::FnOnce::call_once{{vtable.shim}}::hbe5bbf6f38394364
[INFO] [stdout]                                at /rustc/1b7dd2252b99671ce5d1cb9664c5f8636329436d/library/core/src/ops/function.rs:250:5
[INFO] [stdout]   43:     0x55ee04b58745 - <alloc::boxed::Box<F,A> as core::ops::function::FnOnce<Args>>::call_once::h0d83cb2920a49046
[INFO] [stdout]                                at /rustc/1b7dd2252b99671ce5d1cb9664c5f8636329436d/library/alloc/src/boxed.rs:1973:9
[INFO] [stdout]   44:     0x55ee04b58745 - <alloc::boxed::Box<F,A> as core::ops::function::FnOnce<Args>>::call_once::hbe0a008aa7d9ef59
[INFO] [stdout]                                at /rustc/1b7dd2252b99671ce5d1cb9664c5f8636329436d/library/alloc/src/boxed.rs:1973:9
[INFO] [stdout]   45:     0x55ee04b58745 - std::sys::unix::thread::Thread::new::thread_start::h3a466996bdf6b1f9
[INFO] [stdout]                                at /rustc/1b7dd2252b99671ce5d1cb9664c5f8636329436d/library/std/src/sys/unix/thread.rs:108:17
[INFO] [stdout]   46:     0x7feba76f4b43 - <unknown>
[INFO] [stdout]   47:     0x7feba7785bb4 - __clone
[INFO] [stdout]   48:                0x0 - <unknown>
[INFO] [stdout] 
[INFO] [stdout] 
[INFO] [stdout] failures:
[INFO] [stdout]     test_card_functions
[INFO] [stdout]     test_get_short_suit_desc
[INFO] [stdout] 
[INFO] [stdout] test result: FAILED. 2 passed; 2 failed; 0 ignored; 0 measured; 0 filtered out; finished in 0.04s
[INFO] [stdout] 
[INFO] [stderr] error: test failed, to rerun pass `--test cards_test`
[INFO] running `Command { std: "docker" "inspect" "03fc83bb08a01997424414fd2f2d2cf80c8b906c6c6057dce399b3acab094c58", kill_on_drop: false }`
[INFO] running `Command { std: "docker" "rm" "-f" "03fc83bb08a01997424414fd2f2d2cf80c8b906c6c6057dce399b3acab094c58", kill_on_drop: false }`
[INFO] [stdout] 03fc83bb08a01997424414fd2f2d2cf80c8b906c6c6057dce399b3acab094c58
