[INFO] cloning repository https://github.com/bnavetta/rustic
[INFO] running `Command { std: "git" "-c" "credential.helper=" "-c" "credential.helper=/workspace/cargo-home/bin/git-credential-null" "clone" "--bare" "https://github.com/bnavetta/rustic" "/workspace/cache/git-repos/https%3A%2F%2Fgithub.com%2Fbnavetta%2Frustic", kill_on_drop: false }`
[INFO] [stderr] Cloning into bare repository '/workspace/cache/git-repos/https%3A%2F%2Fgithub.com%2Fbnavetta%2Frustic'...
[INFO] running `Command { std: "git" "rev-parse" "HEAD", kill_on_drop: false }`
[INFO] [stdout] cf45b9ca03198dc26daa5899f0cefaed7fe43e42
[INFO] testing bnavetta/rustic against 1.69.0 for beta-1.70-1
[INFO] running `Command { std: "git" "clone" "/workspace/cache/git-repos/https%3A%2F%2Fgithub.com%2Fbnavetta%2Frustic" "/workspace/builds/worker-3-tc1/source", kill_on_drop: false }`
[INFO] [stderr] Cloning into '/workspace/builds/worker-3-tc1/source'...
[INFO] [stderr] done.
[INFO] validating manifest of git repo https://github.com/bnavetta/rustic on toolchain 1.69.0
[INFO] running `Command { std: CARGO_HOME="/workspace/cargo-home" RUSTUP_HOME="/workspace/rustup-home" "/workspace/cargo-home/bin/cargo" "+1.69.0" "metadata" "--manifest-path" "Cargo.toml" "--no-deps", kill_on_drop: false }`
[INFO] started tweaking git repo https://github.com/bnavetta/rustic
[INFO] finished tweaking git repo https://github.com/bnavetta/rustic
[INFO] tweaked toml for git repo https://github.com/bnavetta/rustic written to /workspace/builds/worker-3-tc1/source/Cargo.toml
[INFO] crate git repo https://github.com/bnavetta/rustic already has a lockfile, it will not be regenerated
[INFO] running `Command { std: CARGO_HOME="/workspace/cargo-home" RUSTUP_HOME="/workspace/rustup-home" "/workspace/cargo-home/bin/cargo" "+1.69.0" "fetch" "--manifest-path" "Cargo.toml", kill_on_drop: false }`
[INFO] [stderr]  Downloading crates ...
[INFO] [stderr]   Downloaded os_type v2.2.0
[INFO] running `Command { std: "docker" "create" "-v" "/var/lib/crater-agent-workspace/builds/worker-3-tc1/target:/opt/rustwide/target:rw,Z" "-v" "/var/lib/crater-agent-workspace/builds/worker-3-tc1/source:/opt/rustwide/workdir:ro,Z" "-v" "/var/lib/crater-agent-workspace/cargo-home:/opt/rustwide/cargo-home:ro,Z" "-v" "/var/lib/crater-agent-workspace/rustup-home:/opt/rustwide/rustup-home:ro,Z" "-e" "SOURCE_DIR=/opt/rustwide/workdir" "-e" "CARGO_TARGET_DIR=/opt/rustwide/target" "-e" "CARGO_HOME=/opt/rustwide/cargo-home" "-e" "RUSTUP_HOME=/opt/rustwide/rustup-home" "-w" "/opt/rustwide/workdir" "-m" "1610612736" "--user" "0:0" "--network" "none" "ghcr.io/rust-lang/crates-build-env/linux@sha256:5ff2268d62e97bff2cde7d5815dd6ed5b47097566f13b8d0ca110b04b60e07ed" "/opt/rustwide/cargo-home/bin/cargo" "+1.69.0" "metadata" "--no-deps" "--format-version=1", kill_on_drop: false }`
[INFO] [stdout] 8d4b533a5b384970ed22713e86de63123926723d7553ea92b7040e21d9b28527
[INFO] running `Command { std: "docker" "start" "-a" "8d4b533a5b384970ed22713e86de63123926723d7553ea92b7040e21d9b28527", kill_on_drop: false }`
[INFO] running `Command { std: "docker" "inspect" "8d4b533a5b384970ed22713e86de63123926723d7553ea92b7040e21d9b28527", kill_on_drop: false }`
[INFO] running `Command { std: "docker" "rm" "-f" "8d4b533a5b384970ed22713e86de63123926723d7553ea92b7040e21d9b28527", kill_on_drop: false }`
[INFO] [stdout] 8d4b533a5b384970ed22713e86de63123926723d7553ea92b7040e21d9b28527
[INFO] running `Command { std: "docker" "create" "-v" "/var/lib/crater-agent-workspace/builds/worker-3-tc1/target:/opt/rustwide/target:rw,Z" "-v" "/var/lib/crater-agent-workspace/builds/worker-3-tc1/source:/opt/rustwide/workdir:ro,Z" "-v" "/var/lib/crater-agent-workspace/cargo-home:/opt/rustwide/cargo-home:ro,Z" "-v" "/var/lib/crater-agent-workspace/rustup-home:/opt/rustwide/rustup-home:ro,Z" "-e" "SOURCE_DIR=/opt/rustwide/workdir" "-e" "CARGO_TARGET_DIR=/opt/rustwide/target" "-e" "CARGO_INCREMENTAL=0" "-e" "RUST_BACKTRACE=full" "-e" "RUSTFLAGS=--cap-lints=warn" "-e" "RUSTDOCFLAGS=--cap-lints=warn" "-e" "CARGO_HOME=/opt/rustwide/cargo-home" "-e" "RUSTUP_HOME=/opt/rustwide/rustup-home" "-w" "/opt/rustwide/workdir" "-m" "1610612736" "--user" "0:0" "--network" "none" "ghcr.io/rust-lang/crates-build-env/linux@sha256:5ff2268d62e97bff2cde7d5815dd6ed5b47097566f13b8d0ca110b04b60e07ed" "/opt/rustwide/cargo-home/bin/cargo" "+1.69.0" "build" "--frozen" "--message-format=json", kill_on_drop: false }`
[INFO] [stdout] 3aab82d89948e199cfd487f2411cbe96abdaa832b93e26c43e337067aa0a87ee
[INFO] running `Command { std: "docker" "start" "-a" "3aab82d89948e199cfd487f2411cbe96abdaa832b93e26c43e337067aa0a87ee", kill_on_drop: false }`
[INFO] [stderr]    Compiling libc v0.2.76
[INFO] [stderr]    Compiling proc-macro2 v1.0.19
[INFO] [stderr]    Compiling unicode-xid v0.2.1
[INFO] [stderr]    Compiling syn v1.0.39
[INFO] [stderr]    Compiling version_check v0.9.2
[INFO] [stderr]    Compiling getrandom v0.1.14
[INFO] [stderr]    Compiling autocfg v1.0.1
[INFO] [stderr]    Compiling memchr v2.3.3
[INFO] [stderr]    Compiling ppv-lite86 v0.2.9
[INFO] [stderr]    Compiling serde_derive v1.0.115
[INFO] [stderr]    Compiling unicode-width v0.1.8
[INFO] [stderr]    Compiling serde v1.0.115
[INFO] [stderr]    Compiling regex-syntax v0.6.18
[INFO] [stderr]    Compiling slog v2.5.2
[INFO] [stderr]    Compiling gimli v0.22.0
[INFO] [stderr]    Compiling adler v0.2.3
[INFO] [stderr]    Compiling unicode-segmentation v1.6.0
[INFO] [stderr]    Compiling textwrap v0.11.0
[INFO] [stderr]    Compiling miniz_oxide v0.4.1
[INFO] [stderr]    Compiling rustc-demangle v0.1.16
[INFO] [stderr]    Compiling object v0.20.0
[INFO] [stderr]    Compiling proc-macro-error-attr v1.0.4
[INFO] [stderr]    Compiling proc-macro-error v1.0.4
[INFO] [stderr]    Compiling num-traits v0.2.12
[INFO] [stderr]    Compiling num-integer v0.1.43
[INFO] [stderr]    Compiling paw-raw v1.0.0
[INFO] [stderr]    Compiling heck v0.3.1
[INFO] [stderr]    Compiling strsim v0.8.0
[INFO] [stderr]    Compiling anyhow v1.0.32
[INFO] [stderr]    Compiling aho-corasick v0.7.13
[INFO] [stderr]    Compiling remove_dir_all v0.5.3
[INFO] [stderr]    Compiling termcolor v1.1.0
[INFO] [stderr]    Compiling quote v1.0.7
[INFO] [stderr]    Compiling either v1.6.0
[INFO] [stderr]    Compiling tabwriter v1.2.1
[INFO] [stderr]    Compiling itertools v0.9.0
[INFO] [stderr]    Compiling dirs-sys v0.3.5
[INFO] [stderr]    Compiling atty v0.2.14
[INFO] [stderr]    Compiling time v0.1.43
[INFO] [stderr]    Compiling clap v2.33.3
[INFO] [stderr]    Compiling dirs v2.0.2
[INFO] [stderr]    Compiling rand_core v0.5.1
[INFO] [stderr]    Compiling term v0.6.1
[INFO] [stderr]    Compiling rand_chacha v0.2.2
[INFO] [stderr]    Compiling rand v0.7.3
[INFO] [stderr]    Compiling addr2line v0.13.0
[INFO] [stderr]    Compiling regex v1.3.9
[INFO] [stderr]    Compiling chrono v0.4.15
[INFO] [stderr]    Compiling backtrace v0.3.50
[INFO] [stderr]    Compiling uuid v0.8.1
[INFO] [stderr]    Compiling tempfile v3.1.0
[INFO] [stderr]    Compiling os_type v2.2.0
[INFO] [stderr]    Compiling slog-term v2.6.0
[INFO] [stderr]    Compiling paw-attributes v1.0.2
[INFO] [stderr]    Compiling structopt-derive v0.4.9
[INFO] [stderr]    Compiling paw v1.0.0
[INFO] [stderr]    Compiling structopt v0.3.16
[INFO] [stderr]    Compiling toml v0.5.6
[INFO] [stderr]    Compiling human-panic v1.0.3
[INFO] [stderr]    Compiling rustic-backup v0.2.1 (/opt/rustwide/workdir)
[INFO] [stderr]     Finished dev [unoptimized + debuginfo] target(s) in 21.56s
[INFO] running `Command { std: "docker" "inspect" "3aab82d89948e199cfd487f2411cbe96abdaa832b93e26c43e337067aa0a87ee", kill_on_drop: false }`
[INFO] running `Command { std: "docker" "rm" "-f" "3aab82d89948e199cfd487f2411cbe96abdaa832b93e26c43e337067aa0a87ee", kill_on_drop: false }`
[INFO] [stdout] 3aab82d89948e199cfd487f2411cbe96abdaa832b93e26c43e337067aa0a87ee
[INFO] running `Command { std: "docker" "create" "-v" "/var/lib/crater-agent-workspace/builds/worker-3-tc1/target:/opt/rustwide/target:rw,Z" "-v" "/var/lib/crater-agent-workspace/builds/worker-3-tc1/source:/opt/rustwide/workdir:ro,Z" "-v" "/var/lib/crater-agent-workspace/cargo-home:/opt/rustwide/cargo-home:ro,Z" "-v" "/var/lib/crater-agent-workspace/rustup-home:/opt/rustwide/rustup-home:ro,Z" "-e" "SOURCE_DIR=/opt/rustwide/workdir" "-e" "CARGO_TARGET_DIR=/opt/rustwide/target" "-e" "CARGO_INCREMENTAL=0" "-e" "RUST_BACKTRACE=full" "-e" "RUSTFLAGS=--cap-lints=warn" "-e" "RUSTDOCFLAGS=--cap-lints=warn" "-e" "CARGO_HOME=/opt/rustwide/cargo-home" "-e" "RUSTUP_HOME=/opt/rustwide/rustup-home" "-w" "/opt/rustwide/workdir" "-m" "1610612736" "--user" "0:0" "--network" "none" "ghcr.io/rust-lang/crates-build-env/linux@sha256:5ff2268d62e97bff2cde7d5815dd6ed5b47097566f13b8d0ca110b04b60e07ed" "/opt/rustwide/cargo-home/bin/cargo" "+1.69.0" "test" "--frozen" "--no-run" "--message-format=json", kill_on_drop: false }`
[INFO] [stdout] 3bb1535694cee87bba1e18ad9b4e96f323929c8596333df1dc84194164ae3039
[INFO] running `Command { std: "docker" "start" "-a" "3bb1535694cee87bba1e18ad9b4e96f323929c8596333df1dc84194164ae3039", kill_on_drop: false }`
[INFO] [stderr]    Compiling rustic-backup v0.2.1 (/opt/rustwide/workdir)
[INFO] [stdout] warning: fields `root`, `content_root`, and `repository_path` are never read
[INFO] [stdout]   --> src/test.rs:17:5
[INFO] [stdout]    |
[INFO] [stdout] 16 | pub struct TestFixture {
[INFO] [stdout]    |            ----------- fields in this struct
[INFO] [stdout] 17 |     root: TempDir,
[INFO] [stdout]    |     ^^^^
[INFO] [stdout] 18 |     content_root: PathBuf,
[INFO] [stdout]    |     ^^^^^^^^^^^^
[INFO] [stdout] 19 |     repository_path: PathBuf,
[INFO] [stdout]    |     ^^^^^^^^^^^^^^^
[INFO] [stdout]    |
[INFO] [stdout]    = note: `#[warn(dead_code)]` on by default
[INFO] [stdout] 
[INFO] [stdout] 
[INFO] [stdout] warning: method `content_root` is never used
[INFO] [stdout]   --> src/test.rs:74:12
[INFO] [stdout]    |
[INFO] [stdout] 74 |     pub fn content_root(&self) -> &Path {
[INFO] [stdout]    |            ^^^^^^^^^^^^
[INFO] [stdout] 
[INFO] [stdout] 
[INFO] [stdout] warning: method `repository_path` is never used
[INFO] [stdout]   --> src/test.rs:79:12
[INFO] [stdout]    |
[INFO] [stdout] 79 |     pub fn repository_path(&self) -> &Path {
[INFO] [stdout]    |            ^^^^^^^^^^^^^^^
[INFO] [stdout] 
[INFO] [stdout] 
[INFO] [stdout] warning: method `profile` is never used
[INFO] [stdout]   --> src/test.rs:83:12
[INFO] [stdout]    |
[INFO] [stdout] 83 |     pub fn profile(&self) -> &Profile {
[INFO] [stdout]    |            ^^^^^^^
[INFO] [stdout] 
[INFO] [stdout] 
[INFO] [stdout] warning: method `profile_mut` is never used
[INFO] [stdout]   --> src/test.rs:87:12
[INFO] [stdout]    |
[INFO] [stdout] 87 |     pub fn profile_mut(&mut self) -> &mut Profile {
[INFO] [stdout]    |            ^^^^^^^^^^^
[INFO] [stdout] 
[INFO] [stdout] 
[INFO] [stdout] warning: 5 warnings emitted
[INFO] [stdout] 
[INFO] [stdout] 
[INFO] [stderr]     Finished test [unoptimized + debuginfo] target(s) in 1.37s
[INFO] running `Command { std: "docker" "inspect" "3bb1535694cee87bba1e18ad9b4e96f323929c8596333df1dc84194164ae3039", kill_on_drop: false }`
[INFO] running `Command { std: "docker" "rm" "-f" "3bb1535694cee87bba1e18ad9b4e96f323929c8596333df1dc84194164ae3039", kill_on_drop: false }`
[INFO] [stdout] 3bb1535694cee87bba1e18ad9b4e96f323929c8596333df1dc84194164ae3039
[INFO] running `Command { std: "docker" "create" "-v" "/var/lib/crater-agent-workspace/builds/worker-3-tc1/target:/opt/rustwide/target:rw,Z" "-v" "/var/lib/crater-agent-workspace/builds/worker-3-tc1/source:/opt/rustwide/workdir:ro,Z" "-v" "/var/lib/crater-agent-workspace/cargo-home:/opt/rustwide/cargo-home:ro,Z" "-v" "/var/lib/crater-agent-workspace/rustup-home:/opt/rustwide/rustup-home:ro,Z" "-e" "SOURCE_DIR=/opt/rustwide/workdir" "-e" "CARGO_TARGET_DIR=/opt/rustwide/target" "-e" "CARGO_INCREMENTAL=0" "-e" "RUST_BACKTRACE=full" "-e" "RUSTFLAGS=--cap-lints=warn" "-e" "RUSTDOCFLAGS=--cap-lints=warn" "-e" "CARGO_HOME=/opt/rustwide/cargo-home" "-e" "RUSTUP_HOME=/opt/rustwide/rustup-home" "-w" "/opt/rustwide/workdir" "-m" "1610612736" "--user" "0:0" "--network" "none" "ghcr.io/rust-lang/crates-build-env/linux@sha256:5ff2268d62e97bff2cde7d5815dd6ed5b47097566f13b8d0ca110b04b60e07ed" "/opt/rustwide/cargo-home/bin/cargo" "+1.69.0" "test" "--frozen", kill_on_drop: false }`
[INFO] [stdout] 45f8a15c8a2217614d6dea1cd8cffd3234e36d3e86f7c6a936f0ae37645505c7
[INFO] running `Command { std: "docker" "start" "-a" "45f8a15c8a2217614d6dea1cd8cffd3234e36d3e86f7c6a936f0ae37645505c7", kill_on_drop: false }`
[INFO] [stderr] warning: fields `root`, `content_root`, and `repository_path` are never read
[INFO] [stderr]   --> src/test.rs:17:5
[INFO] [stderr]    |
[INFO] [stderr] 16 | pub struct TestFixture {
[INFO] [stderr]    |            ----------- fields in this struct
[INFO] [stderr] 17 |     root: TempDir,
[INFO] [stderr]    |     ^^^^
[INFO] [stderr] 18 |     content_root: PathBuf,
[INFO] [stderr]    |     ^^^^^^^^^^^^
[INFO] [stderr] 19 |     repository_path: PathBuf,
[INFO] [stderr]    |     ^^^^^^^^^^^^^^^
[INFO] [stderr]    |
[INFO] [stderr]    = note: `#[warn(dead_code)]` on by default
[INFO] [stderr] 
[INFO] [stderr] warning: method `content_root` is never used
[INFO] [stderr]   --> src/test.rs:74:12
[INFO] [stderr]    |
[INFO] [stderr] 74 |     pub fn content_root(&self) -> &Path {
[INFO] [stderr]    |            ^^^^^^^^^^^^
[INFO] [stderr] 
[INFO] [stderr] warning: method `repository_path` is never used
[INFO] [stderr]   --> src/test.rs:79:12
[INFO] [stderr]    |
[INFO] [stderr] 79 |     pub fn repository_path(&self) -> &Path {
[INFO] [stderr]    |            ^^^^^^^^^^^^^^^
[INFO] [stderr] 
[INFO] [stderr] warning: method `profile` is never used
[INFO] [stderr]   --> src/test.rs:83:12
[INFO] [stderr]    |
[INFO] [stderr] 83 |     pub fn profile(&self) -> &Profile {
[INFO] [stderr]    |            ^^^^^^^
[INFO] [stderr] 
[INFO] [stderr] warning: method `profile_mut` is never used
[INFO] [stderr]   --> src/test.rs:87:12
[INFO] [stderr]    |
[INFO] [stderr] 87 |     pub fn profile_mut(&mut self) -> &mut Profile {
[INFO] [stderr]    |            ^^^^^^^^^^^
[INFO] [stderr] 
[INFO] [stderr] warning: `rustic-backup` (bin "rustic" test) generated 5 warnings
[INFO] [stderr]     Finished test [unoptimized + debuginfo] target(s) in 0.04s
[INFO] [stderr]      Running unittests src/main.rs (/opt/rustwide/target/debug/deps/rustic-f7cd541ef408e77e)
[INFO] [stdout] 
[INFO] [stdout] running 1 test
[INFO] [stdout] test restic::test::test_repository_exists ... FAILED
[INFO] [stdout] 
[INFO] [stdout] failures:
[INFO] [stdout] 
[INFO] [stdout] ---- restic::test::test_repository_exists stdout ----
[INFO] [stdout] thread 'restic::test::test_repository_exists' panicked at 'called `Result::unwrap()` on an `Err` value: Could not run cd "/tmp/.tmpZ87EMs/content" && RESTIC_PASSWORD="test-password" "restic" "--repo" "local:/tmp/.tmpZ87EMs/repository" "snapshots" "--compact" "--last"
[INFO] [stdout] 
[INFO] [stdout] Caused by:
[INFO] [stdout]     No such file or directory (os error 2)', src/restic.rs:185:40
[INFO] [stdout] stack backtrace:
[INFO] [stdout]    0:     0x55a1b5d3347a - std::backtrace_rs::backtrace::libunwind::trace::ha9053a9a07ca49cb
[INFO] [stdout]                                at /rustc/84c898d65adf2f39a5a98507f1fe0ce10a2b8dbc/library/std/src/../../backtrace/src/backtrace/libunwind.rs:93:5
[INFO] [stdout]    1:     0x55a1b5d3347a - std::backtrace_rs::backtrace::trace_unsynchronized::h9c2852a457ad564e
[INFO] [stdout]                                at /rustc/84c898d65adf2f39a5a98507f1fe0ce10a2b8dbc/library/std/src/../../backtrace/src/backtrace/mod.rs:66:5
[INFO] [stdout]    2:     0x55a1b5d3347a - std::sys_common::backtrace::_print_fmt::h457936fbfaa0070f
[INFO] [stdout]                                at /rustc/84c898d65adf2f39a5a98507f1fe0ce10a2b8dbc/library/std/src/sys_common/backtrace.rs:65:5
[INFO] [stdout]    3:     0x55a1b5d3347a - <std::sys_common::backtrace::_print::DisplayBacktrace as core::fmt::Display>::fmt::h5779d7bf7f70cb0c
[INFO] [stdout]                                at /rustc/84c898d65adf2f39a5a98507f1fe0ce10a2b8dbc/library/std/src/sys_common/backtrace.rs:44:22
[INFO] [stdout]    4:     0x55a1b5d5a32e - core::fmt::write::h5a4baaff1bcd3eb5
[INFO] [stdout]                                at /rustc/84c898d65adf2f39a5a98507f1fe0ce10a2b8dbc/library/core/src/fmt/mod.rs:1232:17
[INFO] [stdout]    5:     0x55a1b5d305b5 - std::io::Write::write_fmt::h478f79c628ef31d1
[INFO] [stdout]                                at /rustc/84c898d65adf2f39a5a98507f1fe0ce10a2b8dbc/library/std/src/io/mod.rs:1684:15
[INFO] [stdout]    6:     0x55a1b5d33245 - std::sys_common::backtrace::_print::h5fcdc36060f177e8
[INFO] [stdout]                                at /rustc/84c898d65adf2f39a5a98507f1fe0ce10a2b8dbc/library/std/src/sys_common/backtrace.rs:47:5
[INFO] [stdout]    7:     0x55a1b5d33245 - std::sys_common::backtrace::print::h54ca9458b876c8bf
[INFO] [stdout]                                at /rustc/84c898d65adf2f39a5a98507f1fe0ce10a2b8dbc/library/std/src/sys_common/backtrace.rs:34:9
[INFO] [stdout]    8:     0x55a1b5d3508f - std::panicking::default_hook::{{closure}}::hbe471161c7664ed6
[INFO] [stdout]                                at /rustc/84c898d65adf2f39a5a98507f1fe0ce10a2b8dbc/library/std/src/panicking.rs:271:22
[INFO] [stdout]    9:     0x55a1b5d34d4f - std::panicking::default_hook::ha3500da57aa4ac4f
[INFO] [stdout]                                at /rustc/84c898d65adf2f39a5a98507f1fe0ce10a2b8dbc/library/std/src/panicking.rs:287:9
[INFO] [stdout]   10:     0x55a1b5c23397 - <alloc::boxed::Box<F,A> as core::ops::function::Fn<Args>>::call::hdf1b89dd137ece34
[INFO] [stdout]                                at /rustc/84c898d65adf2f39a5a98507f1fe0ce10a2b8dbc/library/alloc/src/boxed.rs:2001:9
[INFO] [stdout]   11:     0x55a1b5c23397 - test::test_main::{{closure}}::h9081a79f20e75698
[INFO] [stdout]                                at /rustc/84c898d65adf2f39a5a98507f1fe0ce10a2b8dbc/library/test/src/lib.rs:135:21
[INFO] [stdout]   12:     0x55a1b5d357bd - <alloc::boxed::Box<F,A> as core::ops::function::Fn<Args>>::call::h6507bddc3eebb4a5
[INFO] [stdout]                                at /rustc/84c898d65adf2f39a5a98507f1fe0ce10a2b8dbc/library/alloc/src/boxed.rs:2001:9
[INFO] [stdout]   13:     0x55a1b5d357bd - std::panicking::rust_panic_with_hook::h50c09d000dc561d2
[INFO] [stdout]                                at /rustc/84c898d65adf2f39a5a98507f1fe0ce10a2b8dbc/library/std/src/panicking.rs:696:13
[INFO] [stdout]   14:     0x55a1b5d35539 - std::panicking::begin_panic_handler::{{closure}}::h9e2b2176e00e0d9c
[INFO] [stdout]                                at /rustc/84c898d65adf2f39a5a98507f1fe0ce10a2b8dbc/library/std/src/panicking.rs:583:13
[INFO] [stdout]   15:     0x55a1b5d338e6 - std::sys_common::backtrace::__rust_end_short_backtrace::h5739b8e512c09d02
[INFO] [stdout]                                at /rustc/84c898d65adf2f39a5a98507f1fe0ce10a2b8dbc/library/std/src/sys_common/backtrace.rs:150:18
[INFO] [stdout]   16:     0x55a1b5d35242 - rust_begin_unwind
[INFO] [stdout]                                at /rustc/84c898d65adf2f39a5a98507f1fe0ce10a2b8dbc/library/std/src/panicking.rs:579:5
[INFO] [stdout]   17:     0x55a1b5bd63f3 - core::panicking::panic_fmt::hf33a1475b4dc5c3e
[INFO] [stdout]                                at /rustc/84c898d65adf2f39a5a98507f1fe0ce10a2b8dbc/library/core/src/panicking.rs:64:14
[INFO] [stdout]   18:     0x55a1b5bd68a3 - core::result::unwrap_failed::hdff5465d74574b44
[INFO] [stdout]                                at /rustc/84c898d65adf2f39a5a98507f1fe0ce10a2b8dbc/library/core/src/result.rs:1750:5
[INFO] [stdout]   19:     0x55a1b5be1b8a - core::result::Result<T,E>::unwrap::h722cfa5264c45fba
[INFO] [stdout]                                at /rustc/84c898d65adf2f39a5a98507f1fe0ce10a2b8dbc/library/core/src/result.rs:1090:23
[INFO] [stdout]   20:     0x55a1b5be349f - rustic::restic::test::test_repository_exists::h78e1c7b7c8529ed3
[INFO] [stdout]                                at /opt/rustwide/workdir/src/restic.rs:185:13
[INFO] [stdout]   21:     0x55a1b5be33e7 - rustic::restic::test::test_repository_exists::{{closure}}::h1d668c155d459104
[INFO] [stdout]                                at /opt/rustwide/workdir/src/restic.rs:180:33
[INFO] [stdout]   22:     0x55a1b5be49b5 - core::ops::function::FnOnce::call_once::h2beca9afbfd6cae9
[INFO] [stdout]                                at /rustc/84c898d65adf2f39a5a98507f1fe0ce10a2b8dbc/library/core/src/ops/function.rs:250:5
[INFO] [stdout]   23:     0x55a1b5c2877f - core::ops::function::FnOnce::call_once::h7d969581be7d0075
[INFO] [stdout]                                at /rustc/84c898d65adf2f39a5a98507f1fe0ce10a2b8dbc/library/core/src/ops/function.rs:250:5
[INFO] [stdout]   24:     0x55a1b5c2877f - test::__rust_begin_short_backtrace::hca25a52684e56655
[INFO] [stdout]                                at /rustc/84c898d65adf2f39a5a98507f1fe0ce10a2b8dbc/library/test/src/lib.rs:656:18
[INFO] [stdout]   25:     0x55a1b5bf9d9c - test::run_test::{{closure}}::ha8ac744c4af1a4bb
[INFO] [stdout]                                at /rustc/84c898d65adf2f39a5a98507f1fe0ce10a2b8dbc/library/test/src/lib.rs:647:30
[INFO] [stdout]   26:     0x55a1b5bf9d9c - core::ops::function::FnOnce::call_once{{vtable.shim}}::h7b411a9ed45bdecf
[INFO] [stdout]                                at /rustc/84c898d65adf2f39a5a98507f1fe0ce10a2b8dbc/library/core/src/ops/function.rs:250:5
[INFO] [stdout]   27:     0x55a1b5c27746 - <alloc::boxed::Box<F,A> as core::ops::function::FnOnce<Args>>::call_once::hd05328869a8ed200
[INFO] [stdout]                                at /rustc/84c898d65adf2f39a5a98507f1fe0ce10a2b8dbc/library/alloc/src/boxed.rs:1987:9
[INFO] [stdout]   28:     0x55a1b5c27746 - <core::panic::unwind_safe::AssertUnwindSafe<F> as core::ops::function::FnOnce<()>>::call_once::h0c601ce20bd5b2be
[INFO] [stdout]                                at /rustc/84c898d65adf2f39a5a98507f1fe0ce10a2b8dbc/library/core/src/panic/unwind_safe.rs:271:9
[INFO] [stdout]   29:     0x55a1b5c27746 - std::panicking::try::do_call::ha4be5c164fe30854
[INFO] [stdout]                                at /rustc/84c898d65adf2f39a5a98507f1fe0ce10a2b8dbc/library/std/src/panicking.rs:487:40
[INFO] [stdout]   30:     0x55a1b5c27746 - std::panicking::try::h604546f3609af05f
[INFO] [stdout]                                at /rustc/84c898d65adf2f39a5a98507f1fe0ce10a2b8dbc/library/std/src/panicking.rs:451:19
[INFO] [stdout]   31:     0x55a1b5c27746 - std::panic::catch_unwind::h5bfa8afe44c9c2f9
[INFO] [stdout]                                at /rustc/84c898d65adf2f39a5a98507f1fe0ce10a2b8dbc/library/std/src/panic.rs:140:14
[INFO] [stdout]   32:     0x55a1b5c27746 - test::run_test_in_process::hd50dee55dd63e6aa
[INFO] [stdout]                                at /rustc/84c898d65adf2f39a5a98507f1fe0ce10a2b8dbc/library/test/src/lib.rs:679:27
[INFO] [stdout]   33:     0x55a1b5c27746 - test::run_test::run_test_inner::{{closure}}::h4aa0f433aa85cea8
[INFO] [stdout]                                at /rustc/84c898d65adf2f39a5a98507f1fe0ce10a2b8dbc/library/test/src/lib.rs:573:39
[INFO] [stdout]   34:     0x55a1b5bf4411 - test::run_test::run_test_inner::{{closure}}::had56431adf24b4d6
[INFO] [stdout]                                at /rustc/84c898d65adf2f39a5a98507f1fe0ce10a2b8dbc/library/test/src/lib.rs:600:37
[INFO] [stdout]   35:     0x55a1b5bf4411 - std::sys_common::backtrace::__rust_begin_short_backtrace::ha8d9890e0c73bf13
[INFO] [stdout]                                at /rustc/84c898d65adf2f39a5a98507f1fe0ce10a2b8dbc/library/std/src/sys_common/backtrace.rs:134:18
[INFO] [stdout]   36:     0x55a1b5bf9e2b - std::thread::Builder::spawn_unchecked_::{{closure}}::{{closure}}::h251832bcb4a95327
[INFO] [stdout]                                at /rustc/84c898d65adf2f39a5a98507f1fe0ce10a2b8dbc/library/std/src/thread/mod.rs:560:17
[INFO] [stdout]   37:     0x55a1b5bf9e2b - <core::panic::unwind_safe::AssertUnwindSafe<F> as core::ops::function::FnOnce<()>>::call_once::h8fdff598fa414831
[INFO] [stdout]                                at /rustc/84c898d65adf2f39a5a98507f1fe0ce10a2b8dbc/library/core/src/panic/unwind_safe.rs:271:9
[INFO] [stdout]   38:     0x55a1b5bf9e2b - std::panicking::try::do_call::h455dd2f7764a950f
[INFO] [stdout]                                at /rustc/84c898d65adf2f39a5a98507f1fe0ce10a2b8dbc/library/std/src/panicking.rs:487:40
[INFO] [stdout]   39:     0x55a1b5bf9e2b - std::panicking::try::had6f23b7b73ae72a
[INFO] [stdout]                                at /rustc/84c898d65adf2f39a5a98507f1fe0ce10a2b8dbc/library/std/src/panicking.rs:451:19
[INFO] [stdout]   40:     0x55a1b5bf9e2b - std::panic::catch_unwind::ha6a5ca3915b4dad0
[INFO] [stdout]                                at /rustc/84c898d65adf2f39a5a98507f1fe0ce10a2b8dbc/library/std/src/panic.rs:140:14
[INFO] [stdout]   41:     0x55a1b5bf9e2b - std::thread::Builder::spawn_unchecked_::{{closure}}::h883b72ef75da6231
[INFO] [stdout]                                at /rustc/84c898d65adf2f39a5a98507f1fe0ce10a2b8dbc/library/std/src/thread/mod.rs:559:30
[INFO] [stdout]   42:     0x55a1b5bf9e2b - core::ops::function::FnOnce::call_once{{vtable.shim}}::hb7dff73dc8bd2ccb
[INFO] [stdout]                                at /rustc/84c898d65adf2f39a5a98507f1fe0ce10a2b8dbc/library/core/src/ops/function.rs:250:5
[INFO] [stdout]   43:     0x55a1b5d3abe3 - <alloc::boxed::Box<F,A> as core::ops::function::FnOnce<Args>>::call_once::h39990b24eedef2ab
[INFO] [stdout]                                at /rustc/84c898d65adf2f39a5a98507f1fe0ce10a2b8dbc/library/alloc/src/boxed.rs:1987:9
[INFO] [stdout]   44:     0x55a1b5d3abe3 - <alloc::boxed::Box<F,A> as core::ops::function::FnOnce<Args>>::call_once::h01a027258444143b
[INFO] [stdout]                                at /rustc/84c898d65adf2f39a5a98507f1fe0ce10a2b8dbc/library/alloc/src/boxed.rs:1987:9
[INFO] [stdout]   45:     0x55a1b5d3abe3 - std::sys::unix::thread::Thread::new::thread_start::ha4f1cdd9c25884ba
[INFO] [stdout]                                at /rustc/84c898d65adf2f39a5a98507f1fe0ce10a2b8dbc/library/std/src/sys/unix/thread.rs:108:17
[INFO] [stdout]   46:     0x7fe742923b43 - <unknown>
[INFO] [stdout]   47:     0x7fe7429b4bb4 - __clone
[INFO] [stdout]   48:                0x0 - <unknown>
[INFO] [stdout] 
[INFO] [stdout] 
[INFO] [stdout] failures:
[INFO] [stdout]     restic::test::test_repository_exists
[INFO] [stdout] 
[INFO] [stdout] test result: FAILED. 0 passed; 1 failed; 0 ignored; 0 measured; 0 filtered out; finished in 0.02s
[INFO] [stdout] 
[INFO] [stderr] error: test failed, to rerun pass `--bin rustic`
[INFO] running `Command { std: "docker" "inspect" "45f8a15c8a2217614d6dea1cd8cffd3234e36d3e86f7c6a936f0ae37645505c7", kill_on_drop: false }`
[INFO] running `Command { std: "docker" "rm" "-f" "45f8a15c8a2217614d6dea1cd8cffd3234e36d3e86f7c6a936f0ae37645505c7", kill_on_drop: false }`
[INFO] [stdout] 45f8a15c8a2217614d6dea1cd8cffd3234e36d3e86f7c6a936f0ae37645505c7
