[INFO] cloning repository https://github.com/blockninjas/blockchain_analyzer
[INFO] running `Command { std: "git" "-c" "credential.helper=" "-c" "credential.helper=/workspace/cargo-home/bin/git-credential-null" "clone" "--bare" "https://github.com/blockninjas/blockchain_analyzer" "/workspace/cache/git-repos/https%3A%2F%2Fgithub.com%2Fblockninjas%2Fblockchain_analyzer", kill_on_drop: false }`
[INFO] [stderr] Cloning into bare repository '/workspace/cache/git-repos/https%3A%2F%2Fgithub.com%2Fblockninjas%2Fblockchain_analyzer'...
[INFO] running `Command { std: "git" "rev-parse" "HEAD", kill_on_drop: false }`
[INFO] [stdout] b1673793b86e11f34b7628bb0b133f409e956a9c
[INFO] testing blockninjas/blockchain_analyzer against beta-2023-04-20 for beta-1.70-1
[INFO] running `Command { std: "git" "clone" "/workspace/cache/git-repos/https%3A%2F%2Fgithub.com%2Fblockninjas%2Fblockchain_analyzer" "/workspace/builds/worker-4-tc2/source", kill_on_drop: false }`
[INFO] [stderr] Cloning into '/workspace/builds/worker-4-tc2/source'...
[INFO] [stderr] done.
[INFO] validating manifest of git repo https://github.com/blockninjas/blockchain_analyzer on toolchain beta-2023-04-20
[INFO] running `Command { std: CARGO_HOME="/workspace/cargo-home" RUSTUP_HOME="/workspace/rustup-home" "/workspace/cargo-home/bin/cargo" "+beta-2023-04-20" "metadata" "--manifest-path" "Cargo.toml" "--no-deps", kill_on_drop: false }`
[INFO] started tweaking git repo https://github.com/blockninjas/blockchain_analyzer
[INFO] finished tweaking git repo https://github.com/blockninjas/blockchain_analyzer
[INFO] tweaked toml for git repo https://github.com/blockninjas/blockchain_analyzer written to /workspace/builds/worker-4-tc2/source/Cargo.toml
[INFO] crate git repo https://github.com/blockninjas/blockchain_analyzer already has a lockfile, it will not be regenerated
[INFO] running `Command { std: CARGO_HOME="/workspace/cargo-home" RUSTUP_HOME="/workspace/rustup-home" "/workspace/cargo-home/bin/cargo" "+beta-2023-04-20" "fetch" "--manifest-path" "Cargo.toml", kill_on_drop: false }`
[INFO] [stderr]     Updating crates.io index
[INFO] [stderr]  Downloading crates ...
[INFO] [stderr]   Downloaded syntex_fmt_macros v0.5.0
[INFO] [stderr]   Downloaded derive-error-chain v0.11.2
[INFO] [stderr]   Downloaded bigint v1.0.5
[INFO] [stderr]   Downloaded dotenv v0.11.0
[INFO] [stderr]   Downloaded siphasher v0.1.3
[INFO] [stderr]   Downloaded heapsize v0.3.9
[INFO] [stderr]   Downloaded simplelog v0.4.4
[INFO] [stderr]   Downloaded union-find v0.3.2
[INFO] [stderr]   Downloaded syn v0.15.17
[INFO] running `Command { std: "docker" "create" "-v" "/var/lib/crater-agent-workspace/builds/worker-4-tc2/target:/opt/rustwide/target:rw,Z" "-v" "/var/lib/crater-agent-workspace/builds/worker-4-tc2/source:/opt/rustwide/workdir:ro,Z" "-v" "/var/lib/crater-agent-workspace/cargo-home:/opt/rustwide/cargo-home:ro,Z" "-v" "/var/lib/crater-agent-workspace/rustup-home:/opt/rustwide/rustup-home:ro,Z" "-e" "SOURCE_DIR=/opt/rustwide/workdir" "-e" "CARGO_TARGET_DIR=/opt/rustwide/target" "-e" "CARGO_HOME=/opt/rustwide/cargo-home" "-e" "RUSTUP_HOME=/opt/rustwide/rustup-home" "-w" "/opt/rustwide/workdir" "-m" "1610612736" "--user" "0:0" "--network" "none" "ghcr.io/rust-lang/crates-build-env/linux@sha256:5ff2268d62e97bff2cde7d5815dd6ed5b47097566f13b8d0ca110b04b60e07ed" "/opt/rustwide/cargo-home/bin/cargo" "+beta-2023-04-20" "metadata" "--no-deps" "--format-version=1", kill_on_drop: false }`
[INFO] [stdout] 33c431acfd85432a5ed62a99fc80c7043ce8ee0c79a434ffd58d7a6f0c1b8c14
[INFO] running `Command { std: "docker" "start" "-a" "33c431acfd85432a5ed62a99fc80c7043ce8ee0c79a434ffd58d7a6f0c1b8c14", kill_on_drop: false }`
[INFO] running `Command { std: "docker" "inspect" "33c431acfd85432a5ed62a99fc80c7043ce8ee0c79a434ffd58d7a6f0c1b8c14", kill_on_drop: false }`
[INFO] running `Command { std: "docker" "rm" "-f" "33c431acfd85432a5ed62a99fc80c7043ce8ee0c79a434ffd58d7a6f0c1b8c14", kill_on_drop: false }`
[INFO] [stdout] 33c431acfd85432a5ed62a99fc80c7043ce8ee0c79a434ffd58d7a6f0c1b8c14
[INFO] running `Command { std: "docker" "create" "-v" "/var/lib/crater-agent-workspace/builds/worker-4-tc2/target:/opt/rustwide/target:rw,Z" "-v" "/var/lib/crater-agent-workspace/builds/worker-4-tc2/source:/opt/rustwide/workdir:ro,Z" "-v" "/var/lib/crater-agent-workspace/cargo-home:/opt/rustwide/cargo-home:ro,Z" "-v" "/var/lib/crater-agent-workspace/rustup-home:/opt/rustwide/rustup-home:ro,Z" "-e" "SOURCE_DIR=/opt/rustwide/workdir" "-e" "CARGO_TARGET_DIR=/opt/rustwide/target" "-e" "CARGO_INCREMENTAL=0" "-e" "RUST_BACKTRACE=full" "-e" "RUSTFLAGS=--cap-lints=warn" "-e" "RUSTDOCFLAGS=--cap-lints=warn" "-e" "CARGO_HOME=/opt/rustwide/cargo-home" "-e" "RUSTUP_HOME=/opt/rustwide/rustup-home" "-w" "/opt/rustwide/workdir" "-m" "1610612736" "--user" "0:0" "--network" "none" "ghcr.io/rust-lang/crates-build-env/linux@sha256:5ff2268d62e97bff2cde7d5815dd6ed5b47097566f13b8d0ca110b04b60e07ed" "/opt/rustwide/cargo-home/bin/cargo" "+beta-2023-04-20" "build" "--frozen" "--message-format=json", kill_on_drop: false }`
[INFO] [stdout] 8da3034c3f3419dbe4d0304431dbc591578cdc4ef93373322fb92e3717496474
[INFO] running `Command { std: "docker" "start" "-a" "8da3034c3f3419dbe4d0304431dbc591578cdc4ef93373322fb92e3717496474", kill_on_drop: false }`
[INFO] [stderr]     Blocking waiting for file lock on package cache
[INFO] [stderr]    Compiling libc v0.2.43
[INFO] [stderr]    Compiling cfg-if v0.1.6
[INFO] [stderr]    Compiling version_check v0.1.5
[INFO] [stderr]    Compiling cc v1.0.25
[INFO] [stderr]    Compiling proc-macro2 v0.4.20
[INFO] [stderr]    Compiling byteorder v1.2.7
[INFO] [stderr]    Compiling heapsize v0.3.9
[INFO] [stderr]    Compiling nodrop v0.1.12
[INFO] [stderr]    Compiling heapsize v0.4.2
[INFO] [stderr]    Compiling rustc-serialize v0.3.24
[INFO] [stderr]    Compiling gcc v0.3.55
[INFO] [stderr]    Compiling rustc-hex v2.0.1
[INFO] [stderr]    Compiling unicode-xid v0.0.4
[INFO] [stderr]    Compiling siphasher v0.1.3
[INFO] [stderr]    Compiling quote v0.3.15
[INFO] [stderr]    Compiling bigint v1.0.5
[INFO] [stderr]    Compiling arrayvec v0.4.7
[INFO] [stderr]    Compiling log v0.4.6
[INFO] [stderr]    Compiling synom v0.11.3
[INFO] [stderr]    Compiling proc-macro2 v0.3.8
[INFO] [stderr]    Compiling syn v0.11.11
[INFO] [stderr]    Compiling serde v1.0.80
[INFO] [stderr]    Compiling lazy_static v1.1.0
[INFO] [stderr]    Compiling memchr v2.1.1
[INFO] [stderr]    Compiling bitflags v1.0.4
[INFO] [stderr]    Compiling rand v0.4.3
[INFO] [stderr]    Compiling time v0.1.40
[INFO] [stderr]    Compiling crossbeam-utils v0.2.2
[INFO] [stderr]    Compiling quote v0.5.2
[INFO] [stderr]    Compiling rayon-core v1.4.1
[INFO] [stderr]    Compiling memoffset v0.2.1
[INFO] [stderr]    Compiling rustc-demangle v0.1.9
[INFO] [stderr]    Compiling unicode-width v0.1.5
[INFO] [stderr]    Compiling pq-sys v0.4.6
[INFO] [stderr]    Compiling base58 v0.1.0
[INFO] [stderr]    Compiling scopeguard v0.3.3
[INFO] [stderr]    Compiling quote v0.6.9
[INFO] [stderr]    Compiling textwrap v0.10.0
[INFO] [stderr]    Compiling crossbeam-epoch v0.3.1
[INFO] [stderr]    Compiling rust-crypto v0.2.36
[INFO] [stderr]    Compiling syn v0.13.11
[INFO] [stderr]    Compiling atty v0.2.11
[INFO] [stderr]    Compiling rand v0.3.22
[INFO] [stderr]    Compiling syn v0.15.17
[INFO] [stderr]    Compiling eth-secp256k1 v0.5.7 (https://github.com/ethcore/rust-secp256k1#ccc06e74)
[INFO] [stderr]    Compiling backtrace-sys v0.1.24
[INFO] [stderr]    Compiling log v0.3.9
[INFO] [stderr]    Compiling ucd-util v0.1.2
[INFO] [stderr]    Compiling antidote v1.0.0
[INFO] [stderr]    Compiling ansi_term v0.11.0
[INFO] [stderr]    Compiling failure_derive v0.1.3
[INFO] [stderr]    Compiling vec_map v0.8.1
[INFO] [stderr]    Compiling regex v0.2.11
[INFO] [stderr]    Compiling strsim v0.7.0
[INFO] [stderr]    Compiling term v0.4.6
[INFO] [stderr]    Compiling scheduled-thread-pool v0.2.0
[INFO] [stderr]    Compiling regex-syntax v0.5.6
[INFO] [stderr]    Compiling crossbeam-deque v0.2.0
[INFO] [stderr]    Compiling clap v2.32.0
[INFO] [stderr]    Compiling aho-corasick v0.6.9
[INFO] [stderr]    Compiling simplelog v0.4.4
[INFO] [stderr]    Compiling syn v0.14.9
[INFO] [stderr]    Compiling serialization_derive v0.1.0 (https://github.com/paritytech/parity-bitcoin#d8bdce2e)
[INFO] [stderr]    Compiling thread_local v0.3.6
[INFO] [stderr]    Compiling num_cpus v1.8.0
[INFO] [stderr]    Compiling syntex_fmt_macros v0.5.0
[INFO] [stderr]    Compiling primitives v0.1.0 (https://github.com/paritytech/parity-bitcoin#d8bdce2e)
[INFO] [stderr]    Compiling backtrace v0.3.9
[INFO] [stderr]    Compiling rayon v1.0.2
[INFO] [stderr]    Compiling utf8-ranges v1.0.2
[INFO] [stderr]    Compiling data-encoding v2.1.1
[INFO] [stderr]    Compiling r2d2 v0.8.2
[INFO] [stderr]    Compiling serialization v0.1.0 (https://github.com/paritytech/parity-bitcoin#d8bdce2e)
[INFO] [stderr]    Compiling error-chain v0.11.0
[INFO] [stderr]    Compiling either v1.5.0
[INFO] [stderr]    Compiling linked-hash-map v0.4.2
[INFO] [stderr]    Compiling bit-vec v0.5.0
[INFO] [stderr]    Compiling union-find v0.3.2
[INFO] [stderr]    Compiling lru-cache v0.1.1
[INFO] [stderr]    Compiling synstructure v0.10.1
[INFO] [stderr]    Compiling bincode v1.0.1
[INFO] [stderr]    Compiling serde_derive v1.0.80
[INFO] [stderr]    Compiling diesel_derives v1.3.0
[INFO] [stderr]    Compiling failure v0.1.3
[INFO] [stderr]    Compiling bitcrypto v0.1.0 (https://github.com/paritytech/parity-bitcoin#d8bdce2e)
[INFO] [stderr]    Compiling derive-error-chain v0.11.2
[INFO] [stderr]    Compiling keys v0.1.0 (https://github.com/paritytech/parity-bitcoin#d8bdce2e)
[INFO] [stderr]    Compiling chain v0.1.0 (https://github.com/paritytech/parity-bitcoin#d8bdce2e)
[INFO] [stderr]    Compiling script v0.1.0 (https://github.com/paritytech/parity-bitcoin#d8bdce2e)
[INFO] [stderr]    Compiling diesel v1.3.3
[INFO] [stderr]    Compiling dotenv v0.11.0
[INFO] [stderr]    Compiling blk_file_reader v0.1.0 (/opt/rustwide/workdir/blk_file_reader)
[INFO] [stdout] warning: use of deprecated method `std::error::Error::description`: use the Display impl or to_string()
[INFO] [stdout]   --> blk_file_reader/src/main.rs:93:66
[INFO] [stdout]    |
[INFO] [stdout] 93 |                 error!("Could not read file (reason: {})", error.description());
[INFO] [stdout]    |                                                                  ^^^^^^^^^^^
[INFO] [stdout]    |
[INFO] [stdout]    = note: `#[warn(deprecated)]` on by default
[INFO] [stdout] 
[INFO] [stdout] 
[INFO] [stdout] warning: 1 warning emitted
[INFO] [stdout] 
[INFO] [stdout] 
[INFO] [stderr]    Compiling r2d2-diesel v1.0.0
[INFO] [stderr]    Compiling blockchain_analyzer v0.1.0 (/opt/rustwide/workdir/blockchain_analyzer)
[INFO] [stdout] warning: trait objects without an explicit `dyn` are deprecated
[INFO] [stdout]   --> blockchain_analyzer/src/task_manager/task_manager.rs:13:20
[INFO] [stdout]    |
[INFO] [stdout] 13 |     tasks: Vec<Box<Task>>,
[INFO] [stdout]    |                    ^^^^
[INFO] [stdout]    |
[INFO] [stdout]    = warning: this is accepted in the current edition (Rust 2015) but is a hard error in Rust 2021!
[INFO] [stdout]    = note: for more information, see <https://doc.rust-lang.org/nightly/edition-guide/rust-2021/warnings-promoted-to-error.html>
[INFO] [stdout]    = note: `#[warn(bare_trait_objects)]` on by default
[INFO] [stdout] help: use `dyn`
[INFO] [stdout]    |
[INFO] [stdout] 13 |     tasks: Vec<Box<dyn Task>>,
[INFO] [stdout]    |                    +++
[INFO] [stdout] 
[INFO] [stdout] 
[INFO] [stdout] warning: trait objects without an explicit `dyn` are deprecated
[INFO] [stdout]   --> blockchain_analyzer/src/tasks/clustering/cluster_unifier.rs:17:33
[INFO] [stdout]    |
[INFO] [stdout] 17 |     cluster_heuristics: Vec<Box<Heuristic>>,
[INFO] [stdout]    |                                 ^^^^^^^^^
[INFO] [stdout]    |
[INFO] [stdout]    = warning: this is accepted in the current edition (Rust 2015) but is a hard error in Rust 2021!
[INFO] [stdout]    = note: for more information, see <https://doc.rust-lang.org/nightly/edition-guide/rust-2021/warnings-promoted-to-error.html>
[INFO] [stdout] help: use `dyn`
[INFO] [stdout]    |
[INFO] [stdout] 17 |     cluster_heuristics: Vec<Box<dyn Heuristic>>,
[INFO] [stdout]    |                                 +++
[INFO] [stdout] 
[INFO] [stdout] 
[INFO] [stdout] warning: trait objects without an explicit `dyn` are deprecated
[INFO] [stdout]   --> blockchain_analyzer/src/task_manager/task_manager.rs:75:12
[INFO] [stdout]    |
[INFO] [stdout] 75 |     task: &Task,
[INFO] [stdout]    |            ^^^^
[INFO] [stdout]    |
[INFO] [stdout]    = warning: this is accepted in the current edition (Rust 2015) but is a hard error in Rust 2021!
[INFO] [stdout]    = note: for more information, see <https://doc.rust-lang.org/nightly/edition-guide/rust-2021/warnings-promoted-to-error.html>
[INFO] [stdout] help: use `dyn`
[INFO] [stdout]    |
[INFO] [stdout] 75 |     task: &dyn Task,
[INFO] [stdout]    |            +++
[INFO] [stdout] 
[INFO] [stdout] 
[INFO] [stdout] warning: trait objects without an explicit `dyn` are deprecated
[INFO] [stdout]   --> blockchain_analyzer/src/task_manager/task_manager.rs:17:47
[INFO] [stdout]    |
[INFO] [stdout] 17 |     pub fn new(config: Config, tasks: Vec<Box<Task>>) -> TaskManager {
[INFO] [stdout]    |                                               ^^^^
[INFO] [stdout]    |
[INFO] [stdout]    = warning: this is accepted in the current edition (Rust 2015) but is a hard error in Rust 2021!
[INFO] [stdout]    = note: for more information, see <https://doc.rust-lang.org/nightly/edition-guide/rust-2021/warnings-promoted-to-error.html>
[INFO] [stdout] help: use `dyn`
[INFO] [stdout]    |
[INFO] [stdout] 17 |     pub fn new(config: Config, tasks: Vec<Box<dyn Task>>) -> TaskManager {
[INFO] [stdout]    |                                               +++
[INFO] [stdout] 
[INFO] [stdout] 
[INFO] [stdout] warning: variable does not need to be mutable
[INFO] [stdout]   --> blockchain_analyzer/src/tasks/bir_resolver/in_memory_address_map.rs:79:9
[INFO] [stdout]    |
[INFO] [stdout] 79 |     for mut address_chunk in address_chunks {
[INFO] [stdout]    |         ----^^^^^^^^^^^^^
[INFO] [stdout]    |         |
[INFO] [stdout]    |         help: remove this `mut`
[INFO] [stdout]    |
[INFO] [stdout]    = note: `#[warn(unused_mut)]` on by default
[INFO] [stdout] 
[INFO] [stdout] 
[INFO] [stdout] warning: variable does not need to be mutable
[INFO] [stdout]    --> blockchain_analyzer/src/tasks/blk_file_import_task.rs:116:13
[INFO] [stdout]     |
[INFO] [stdout] 116 |         let mut blocks =
[INFO] [stdout]     |             ----^^^^^^
[INFO] [stdout]     |             |
[INFO] [stdout]     |             help: remove this `mut`
[INFO] [stdout] 
[INFO] [stdout] 
[INFO] [stdout] warning: variable does not need to be mutable
[INFO] [stdout]    --> blockchain_analyzer/src/tasks/blk_file_import_task.rs:118:13
[INFO] [stdout]     |
[INFO] [stdout] 118 |         let mut blocks = blocks.skip(latest_imported_blk_file.number_of_blocks as usize);
[INFO] [stdout]     |             ----^^^^^^
[INFO] [stdout]     |             |
[INFO] [stdout]     |             help: remove this `mut`
[INFO] [stdout] 
[INFO] [stdout] 
[INFO] [stdout] warning: 7 warnings emitted
[INFO] [stdout] 
[INFO] [stdout] 
[INFO] [stderr]     Finished dev [unoptimized + debuginfo] target(s) in 30.46s
[INFO] [stderr] warning: the following packages contain code that will be rejected by a future version of Rust: blockchain_analyzer v0.1.0 (/opt/rustwide/workdir/blockchain_analyzer), diesel v1.3.3, rustc-serialize v0.3.24, syn v0.13.11, syn v0.14.9
[INFO] [stderr] note: to see what the problems were, use the option `--future-incompat-report`, or run `cargo report future-incompatibilities --id 1`
[INFO] running `Command { std: "docker" "inspect" "8da3034c3f3419dbe4d0304431dbc591578cdc4ef93373322fb92e3717496474", kill_on_drop: false }`
[INFO] running `Command { std: "docker" "rm" "-f" "8da3034c3f3419dbe4d0304431dbc591578cdc4ef93373322fb92e3717496474", kill_on_drop: false }`
[INFO] [stdout] 8da3034c3f3419dbe4d0304431dbc591578cdc4ef93373322fb92e3717496474
[INFO] running `Command { std: "docker" "create" "-v" "/var/lib/crater-agent-workspace/builds/worker-4-tc2/target:/opt/rustwide/target:rw,Z" "-v" "/var/lib/crater-agent-workspace/builds/worker-4-tc2/source:/opt/rustwide/workdir:ro,Z" "-v" "/var/lib/crater-agent-workspace/cargo-home:/opt/rustwide/cargo-home:ro,Z" "-v" "/var/lib/crater-agent-workspace/rustup-home:/opt/rustwide/rustup-home:ro,Z" "-e" "SOURCE_DIR=/opt/rustwide/workdir" "-e" "CARGO_TARGET_DIR=/opt/rustwide/target" "-e" "CARGO_INCREMENTAL=0" "-e" "RUST_BACKTRACE=full" "-e" "RUSTFLAGS=--cap-lints=warn" "-e" "RUSTDOCFLAGS=--cap-lints=warn" "-e" "CARGO_HOME=/opt/rustwide/cargo-home" "-e" "RUSTUP_HOME=/opt/rustwide/rustup-home" "-w" "/opt/rustwide/workdir" "-m" "1610612736" "--user" "0:0" "--network" "none" "ghcr.io/rust-lang/crates-build-env/linux@sha256:5ff2268d62e97bff2cde7d5815dd6ed5b47097566f13b8d0ca110b04b60e07ed" "/opt/rustwide/cargo-home/bin/cargo" "+beta-2023-04-20" "test" "--frozen" "--no-run" "--message-format=json", kill_on_drop: false }`
[INFO] [stdout] ee61c4836bff7fb2dc4618220a23a6d221ade3950a85f984dc011855b0d7d878
[INFO] running `Command { std: "docker" "start" "-a" "ee61c4836bff7fb2dc4618220a23a6d221ade3950a85f984dc011855b0d7d878", kill_on_drop: false }`
[INFO] [stderr]    Compiling blk_file_reader v0.1.0 (/opt/rustwide/workdir/blk_file_reader)
[INFO] [stdout] warning: trait objects without an explicit `dyn` are deprecated
[INFO] [stdout]   --> blockchain_analyzer/src/task_manager/task_manager.rs:13:20
[INFO] [stdout]    |
[INFO] [stdout] 13 |     tasks: Vec<Box<Task>>,
[INFO] [stdout]    |                    ^^^^
[INFO] [stdout]    |
[INFO] [stdout]    = warning: this is accepted in the current edition (Rust 2015) but is a hard error in Rust 2021!
[INFO] [stdout]    = note: for more information, see <https://doc.rust-lang.org/nightly/edition-guide/rust-2021/warnings-promoted-to-error.html>
[INFO] [stdout]    = note: `#[warn(bare_trait_objects)]` on by default
[INFO] [stdout] help: use `dyn`
[INFO] [stdout]    |
[INFO] [stdout] 13 |     tasks: Vec<Box<dyn Task>>,
[INFO] [stdout]    |                    +++
[INFO] [stdout] 
[INFO] [stdout] 
[INFO] [stdout] warning: trait objects without an explicit `dyn` are deprecated
[INFO] [stdout]   --> blockchain_analyzer/src/tasks/clustering/cluster_unifier.rs:17:33
[INFO] [stdout]    |
[INFO] [stdout] 17 |     cluster_heuristics: Vec<Box<Heuristic>>,
[INFO] [stdout]    |                                 ^^^^^^^^^
[INFO] [stdout]    |
[INFO] [stdout]    = warning: this is accepted in the current edition (Rust 2015) but is a hard error in Rust 2021!
[INFO] [stdout]    = note: for more information, see <https://doc.rust-lang.org/nightly/edition-guide/rust-2021/warnings-promoted-to-error.html>
[INFO] [stdout] help: use `dyn`
[INFO] [stdout]    |
[INFO] [stdout] 17 |     cluster_heuristics: Vec<Box<dyn Heuristic>>,
[INFO] [stdout]    |                                 +++
[INFO] [stdout] 
[INFO] [stdout] 
[INFO] [stdout] warning: trait objects without an explicit `dyn` are deprecated
[INFO] [stdout]   --> blockchain_analyzer/src/task_manager/task_manager.rs:75:12
[INFO] [stdout]    |
[INFO] [stdout] 75 |     task: &Task,
[INFO] [stdout]    |            ^^^^
[INFO] [stdout]    |
[INFO] [stdout]    = warning: this is accepted in the current edition (Rust 2015) but is a hard error in Rust 2021!
[INFO] [stdout]    = note: for more information, see <https://doc.rust-lang.org/nightly/edition-guide/rust-2021/warnings-promoted-to-error.html>
[INFO] [stdout] help: use `dyn`
[INFO] [stdout]    |
[INFO] [stdout] 75 |     task: &dyn Task,
[INFO] [stdout]    |            +++
[INFO] [stdout] 
[INFO] [stdout] 
[INFO] [stdout] warning: trait objects without an explicit `dyn` are deprecated
[INFO] [stdout]   --> blockchain_analyzer/src/task_manager/task_manager.rs:17:47
[INFO] [stdout]    |
[INFO] [stdout] 17 |     pub fn new(config: Config, tasks: Vec<Box<Task>>) -> TaskManager {
[INFO] [stdout]    |                                               ^^^^
[INFO] [stdout]    |
[INFO] [stdout]    = warning: this is accepted in the current edition (Rust 2015) but is a hard error in Rust 2021!
[INFO] [stdout]    = note: for more information, see <https://doc.rust-lang.org/nightly/edition-guide/rust-2021/warnings-promoted-to-error.html>
[INFO] [stdout] help: use `dyn`
[INFO] [stdout]    |
[INFO] [stdout] 17 |     pub fn new(config: Config, tasks: Vec<Box<dyn Task>>) -> TaskManager {
[INFO] [stdout]    |                                               +++
[INFO] [stdout] 
[INFO] [stdout] 
[INFO] [stdout] warning: variable does not need to be mutable
[INFO] [stdout]   --> blockchain_analyzer/src/tasks/bir_resolver/in_memory_address_map.rs:79:9
[INFO] [stdout]    |
[INFO] [stdout] 79 |     for mut address_chunk in address_chunks {
[INFO] [stdout]    |         ----^^^^^^^^^^^^^
[INFO] [stdout]    |         |
[INFO] [stdout]    |         help: remove this `mut`
[INFO] [stdout]    |
[INFO] [stdout]    = note: `#[warn(unused_mut)]` on by default
[INFO] [stdout] 
[INFO] [stdout] 
[INFO] [stdout] warning: variable does not need to be mutable
[INFO] [stdout]    --> blockchain_analyzer/src/tasks/blk_file_import_task.rs:116:13
[INFO] [stdout]     |
[INFO] [stdout] 116 |         let mut blocks =
[INFO] [stdout]     |             ----^^^^^^
[INFO] [stdout]     |             |
[INFO] [stdout]     |             help: remove this `mut`
[INFO] [stdout] 
[INFO] [stdout] 
[INFO] [stdout] warning: variable does not need to be mutable
[INFO] [stdout]    --> blockchain_analyzer/src/tasks/blk_file_import_task.rs:118:13
[INFO] [stdout]     |
[INFO] [stdout] 118 |         let mut blocks = blocks.skip(latest_imported_blk_file.number_of_blocks as usize);
[INFO] [stdout]     |             ----^^^^^^
[INFO] [stdout]     |             |
[INFO] [stdout]     |             help: remove this `mut`
[INFO] [stdout] 
[INFO] [stdout] 
[INFO] [stdout] warning: 7 warnings emitted
[INFO] [stdout] 
[INFO] [stdout] 
[INFO] [stdout] warning: use of deprecated method `std::error::Error::description`: use the Display impl or to_string()
[INFO] [stdout]   --> blk_file_reader/src/main.rs:93:66
[INFO] [stdout]    |
[INFO] [stdout] 93 |                 error!("Could not read file (reason: {})", error.description());
[INFO] [stdout]    |                                                                  ^^^^^^^^^^^
[INFO] [stdout]    |
[INFO] [stdout]    = note: `#[warn(deprecated)]` on by default
[INFO] [stdout] 
[INFO] [stdout] 
[INFO] [stderr]    Compiling blockchain_analyzer v0.1.0 (/opt/rustwide/workdir/blockchain_analyzer)
[INFO] [stdout] warning: 1 warning emitted
[INFO] [stdout] 
[INFO] [stdout] 
[INFO] [stdout] warning: use of deprecated method `std::error::Error::description`: use the Display impl or to_string()
[INFO] [stdout]   --> blk_file_reader/src/main.rs:93:66
[INFO] [stdout]    |
[INFO] [stdout] 93 |                 error!("Could not read file (reason: {})", error.description());
[INFO] [stdout]    |                                                                  ^^^^^^^^^^^
[INFO] [stdout]    |
[INFO] [stdout]    = note: `#[warn(deprecated)]` on by default
[INFO] [stdout] 
[INFO] [stdout] 
[INFO] [stdout] warning: 1 warning emitted
[INFO] [stdout] 
[INFO] [stdout] 
[INFO] [stdout] warning: trait objects without an explicit `dyn` are deprecated
[INFO] [stdout]   --> blockchain_analyzer/src/task_manager/task_manager.rs:13:20
[INFO] [stdout]    |
[INFO] [stdout] 13 |     tasks: Vec<Box<Task>>,
[INFO] [stdout]    |                    ^^^^
[INFO] [stdout]    |
[INFO] [stdout]    = warning: this is accepted in the current edition (Rust 2015) but is a hard error in Rust 2021!
[INFO] [stdout]    = note: for more information, see <https://doc.rust-lang.org/nightly/edition-guide/rust-2021/warnings-promoted-to-error.html>
[INFO] [stdout]    = note: `#[warn(bare_trait_objects)]` on by default
[INFO] [stdout] help: use `dyn`
[INFO] [stdout]    |
[INFO] [stdout] 13 |     tasks: Vec<Box<dyn Task>>,
[INFO] [stdout]    |                    +++
[INFO] [stdout] 
[INFO] [stdout] 
[INFO] [stdout] warning: trait objects without an explicit `dyn` are deprecated
[INFO] [stdout]   --> blockchain_analyzer/src/tasks/clustering/cluster_unifier.rs:17:33
[INFO] [stdout]    |
[INFO] [stdout] 17 |     cluster_heuristics: Vec<Box<Heuristic>>,
[INFO] [stdout]    |                                 ^^^^^^^^^
[INFO] [stdout]    |
[INFO] [stdout]    = warning: this is accepted in the current edition (Rust 2015) but is a hard error in Rust 2021!
[INFO] [stdout]    = note: for more information, see <https://doc.rust-lang.org/nightly/edition-guide/rust-2021/warnings-promoted-to-error.html>
[INFO] [stdout] help: use `dyn`
[INFO] [stdout]    |
[INFO] [stdout] 17 |     cluster_heuristics: Vec<Box<dyn Heuristic>>,
[INFO] [stdout]    |                                 +++
[INFO] [stdout] 
[INFO] [stdout] 
[INFO] [stdout] warning: trait objects without an explicit `dyn` are deprecated
[INFO] [stdout]   --> blockchain_analyzer/src/task_manager/task_manager.rs:75:12
[INFO] [stdout]    |
[INFO] [stdout] 75 |     task: &Task,
[INFO] [stdout]    |            ^^^^
[INFO] [stdout]    |
[INFO] [stdout]    = warning: this is accepted in the current edition (Rust 2015) but is a hard error in Rust 2021!
[INFO] [stdout]    = note: for more information, see <https://doc.rust-lang.org/nightly/edition-guide/rust-2021/warnings-promoted-to-error.html>
[INFO] [stdout] help: use `dyn`
[INFO] [stdout]    |
[INFO] [stdout] 75 |     task: &dyn Task,
[INFO] [stdout]    |            +++
[INFO] [stdout] 
[INFO] [stdout] 
[INFO] [stdout] warning: trait objects without an explicit `dyn` are deprecated
[INFO] [stdout]   --> blockchain_analyzer/src/task_manager/task_manager.rs:17:47
[INFO] [stdout]    |
[INFO] [stdout] 17 |     pub fn new(config: Config, tasks: Vec<Box<Task>>) -> TaskManager {
[INFO] [stdout]    |                                               ^^^^
[INFO] [stdout]    |
[INFO] [stdout]    = warning: this is accepted in the current edition (Rust 2015) but is a hard error in Rust 2021!
[INFO] [stdout]    = note: for more information, see <https://doc.rust-lang.org/nightly/edition-guide/rust-2021/warnings-promoted-to-error.html>
[INFO] [stdout] help: use `dyn`
[INFO] [stdout]    |
[INFO] [stdout] 17 |     pub fn new(config: Config, tasks: Vec<Box<dyn Task>>) -> TaskManager {
[INFO] [stdout]    |                                               +++
[INFO] [stdout] 
[INFO] [stdout] 
[INFO] [stdout] warning: variable does not need to be mutable
[INFO] [stdout]   --> blockchain_analyzer/src/tasks/bir_resolver/in_memory_address_map.rs:79:9
[INFO] [stdout]    |
[INFO] [stdout] 79 |     for mut address_chunk in address_chunks {
[INFO] [stdout]    |         ----^^^^^^^^^^^^^
[INFO] [stdout]    |         |
[INFO] [stdout]    |         help: remove this `mut`
[INFO] [stdout]    |
[INFO] [stdout]    = note: `#[warn(unused_mut)]` on by default
[INFO] [stdout] 
[INFO] [stdout] 
[INFO] [stdout] warning: variable does not need to be mutable
[INFO] [stdout]    --> blockchain_analyzer/src/tasks/blk_file_import_task.rs:116:13
[INFO] [stdout]     |
[INFO] [stdout] 116 |         let mut blocks =
[INFO] [stdout]     |             ----^^^^^^
[INFO] [stdout]     |             |
[INFO] [stdout]     |             help: remove this `mut`
[INFO] [stdout] 
[INFO] [stdout] 
[INFO] [stdout] warning: variable does not need to be mutable
[INFO] [stdout]    --> blockchain_analyzer/src/tasks/blk_file_import_task.rs:118:13
[INFO] [stdout]     |
[INFO] [stdout] 118 |         let mut blocks = blocks.skip(latest_imported_blk_file.number_of_blocks as usize);
[INFO] [stdout]     |             ----^^^^^^
[INFO] [stdout]     |             |
[INFO] [stdout]     |             help: remove this `mut`
[INFO] [stdout] 
[INFO] [stdout] 
[INFO] [stdout] warning: 7 warnings emitted
[INFO] [stdout] 
[INFO] [stdout] 
[INFO] [stderr]     Finished test [unoptimized + debuginfo] target(s) in 3.93s
[INFO] [stderr] warning: the following packages contain code that will be rejected by a future version of Rust: blockchain_analyzer v0.1.0 (/opt/rustwide/workdir/blockchain_analyzer), diesel v1.3.3, rustc-serialize v0.3.24, syn v0.13.11, syn v0.14.9
[INFO] [stderr] note: to see what the problems were, use the option `--future-incompat-report`, or run `cargo report future-incompatibilities --id 2`
[INFO] running `Command { std: "docker" "inspect" "ee61c4836bff7fb2dc4618220a23a6d221ade3950a85f984dc011855b0d7d878", kill_on_drop: false }`
[INFO] running `Command { std: "docker" "rm" "-f" "ee61c4836bff7fb2dc4618220a23a6d221ade3950a85f984dc011855b0d7d878", kill_on_drop: false }`
[INFO] [stdout] ee61c4836bff7fb2dc4618220a23a6d221ade3950a85f984dc011855b0d7d878
[INFO] running `Command { std: "docker" "create" "-v" "/var/lib/crater-agent-workspace/builds/worker-4-tc2/target:/opt/rustwide/target:rw,Z" "-v" "/var/lib/crater-agent-workspace/builds/worker-4-tc2/source:/opt/rustwide/workdir:ro,Z" "-v" "/var/lib/crater-agent-workspace/cargo-home:/opt/rustwide/cargo-home:ro,Z" "-v" "/var/lib/crater-agent-workspace/rustup-home:/opt/rustwide/rustup-home:ro,Z" "-e" "SOURCE_DIR=/opt/rustwide/workdir" "-e" "CARGO_TARGET_DIR=/opt/rustwide/target" "-e" "CARGO_INCREMENTAL=0" "-e" "RUST_BACKTRACE=full" "-e" "RUSTFLAGS=--cap-lints=warn" "-e" "RUSTDOCFLAGS=--cap-lints=warn" "-e" "CARGO_HOME=/opt/rustwide/cargo-home" "-e" "RUSTUP_HOME=/opt/rustwide/rustup-home" "-w" "/opt/rustwide/workdir" "-m" "1610612736" "--user" "0:0" "--network" "none" "ghcr.io/rust-lang/crates-build-env/linux@sha256:5ff2268d62e97bff2cde7d5815dd6ed5b47097566f13b8d0ca110b04b60e07ed" "/opt/rustwide/cargo-home/bin/cargo" "+beta-2023-04-20" "test" "--frozen", kill_on_drop: false }`
[INFO] [stdout] 8280faa5bfbc9011cb9fea78c8e827ac43e58d3043277712f8fb56eff137700a
[INFO] running `Command { std: "docker" "start" "-a" "8280faa5bfbc9011cb9fea78c8e827ac43e58d3043277712f8fb56eff137700a", kill_on_drop: false }`
[INFO] [stderr] warning: trait objects without an explicit `dyn` are deprecated
[INFO] [stderr]   --> blockchain_analyzer/src/task_manager/task_manager.rs:13:20
[INFO] [stderr]    |
[INFO] [stderr] 13 |     tasks: Vec<Box<Task>>,
[INFO] [stderr]    |                    ^^^^
[INFO] [stderr]    |
[INFO] [stderr]    = warning: this is accepted in the current edition (Rust 2015) but is a hard error in Rust 2021!
[INFO] [stderr]    = note: for more information, see <https://doc.rust-lang.org/nightly/edition-guide/rust-2021/warnings-promoted-to-error.html>
[INFO] [stderr]    = note: `#[warn(bare_trait_objects)]` on by default
[INFO] [stderr] help: use `dyn`
[INFO] [stderr]    |
[INFO] [stderr] 13 |     tasks: Vec<Box<dyn Task>>,
[INFO] [stderr]    |                    +++
[INFO] [stderr] 
[INFO] [stderr] warning: trait objects without an explicit `dyn` are deprecated
[INFO] [stderr]   --> blockchain_analyzer/src/tasks/clustering/cluster_unifier.rs:17:33
[INFO] [stderr]    |
[INFO] [stderr] 17 |     cluster_heuristics: Vec<Box<Heuristic>>,
[INFO] [stderr]    |                                 ^^^^^^^^^
[INFO] [stderr]    |
[INFO] [stderr]    = warning: this is accepted in the current edition (Rust 2015) but is a hard error in Rust 2021!
[INFO] [stderr]    = note: for more information, see <https://doc.rust-lang.org/nightly/edition-guide/rust-2021/warnings-promoted-to-error.html>
[INFO] [stderr] help: use `dyn`
[INFO] [stderr]    |
[INFO] [stderr] 17 |     cluster_heuristics: Vec<Box<dyn Heuristic>>,
[INFO] [stderr]    |                                 +++
[INFO] [stderr] 
[INFO] [stderr] warning: trait objects without an explicit `dyn` are deprecated
[INFO] [stderr]   --> blockchain_analyzer/src/task_manager/task_manager.rs:75:12
[INFO] [stderr]    |
[INFO] [stderr] 75 |     task: &Task,
[INFO] [stderr]    |            ^^^^
[INFO] [stderr]    |
[INFO] [stderr]    = warning: this is accepted in the current edition (Rust 2015) but is a hard error in Rust 2021!
[INFO] [stderr]    = note: for more information, see <https://doc.rust-lang.org/nightly/edition-guide/rust-2021/warnings-promoted-to-error.html>
[INFO] [stderr] help: use `dyn`
[INFO] [stderr]    |
[INFO] [stderr] 75 |     task: &dyn Task,
[INFO] [stderr]    |            +++
[INFO] [stderr] 
[INFO] [stderr] warning: trait objects without an explicit `dyn` are deprecated
[INFO] [stderr]   --> blockchain_analyzer/src/task_manager/task_manager.rs:17:47
[INFO] [stderr]    |
[INFO] [stderr] 17 |     pub fn new(config: Config, tasks: Vec<Box<Task>>) -> TaskManager {
[INFO] [stderr]    |                                               ^^^^
[INFO] [stderr]    |
[INFO] [stderr]    = warning: this is accepted in the current edition (Rust 2015) but is a hard error in Rust 2021!
[INFO] [stderr]    = note: for more information, see <https://doc.rust-lang.org/nightly/edition-guide/rust-2021/warnings-promoted-to-error.html>
[INFO] [stderr] help: use `dyn`
[INFO] [stderr]    |
[INFO] [stderr] 17 |     pub fn new(config: Config, tasks: Vec<Box<dyn Task>>) -> TaskManager {
[INFO] [stderr]    |                                               +++
[INFO] [stderr] 
[INFO] [stderr] warning: variable does not need to be mutable
[INFO] [stderr]   --> blockchain_analyzer/src/tasks/bir_resolver/in_memory_address_map.rs:79:9
[INFO] [stderr]    |
[INFO] [stderr] 79 |     for mut address_chunk in address_chunks {
[INFO] [stderr]    |         ----^^^^^^^^^^^^^
[INFO] [stderr]    |         |
[INFO] [stderr]    |         help: remove this `mut`
[INFO] [stderr]    |
[INFO] [stderr]    = note: `#[warn(unused_mut)]` on by default
[INFO] [stderr] 
[INFO] [stderr] warning: variable does not need to be mutable
[INFO] [stderr]    --> blockchain_analyzer/src/tasks/blk_file_import_task.rs:116:13
[INFO] [stderr]     |
[INFO] [stderr] 116 |         let mut blocks =
[INFO] [stderr]     |             ----^^^^^^
[INFO] [stderr]     |             |
[INFO] [stderr]     |             help: remove this `mut`
[INFO] [stderr] 
[INFO] [stderr] warning: variable does not need to be mutable
[INFO] [stderr]    --> blockchain_analyzer/src/tasks/blk_file_import_task.rs:118:13
[INFO] [stderr]     |
[INFO] [stderr] 118 |         let mut blocks = blocks.skip(latest_imported_blk_file.number_of_blocks as usize);
[INFO] [stderr]     |             ----^^^^^^
[INFO] [stderr]     |             |
[INFO] [stderr]     |             help: remove this `mut`
[INFO] [stderr] 
[INFO] [stderr] warning: use of deprecated method `std::error::Error::description`: use the Display impl or to_string()
[INFO] [stderr]   --> blk_file_reader/src/main.rs:93:66
[INFO] [stderr]    |
[INFO] [stderr] 93 |                 error!("Could not read file (reason: {})", error.description());
[INFO] [stderr]    |                                                                  ^^^^^^^^^^^
[INFO] [stderr]    |
[INFO] [stderr]    = note: `#[warn(deprecated)]` on by default
[INFO] [stderr] 
[INFO] [stderr] warning: `blockchain_analyzer` (lib) generated 7 warnings (run `cargo fix --lib -p blockchain_analyzer` to apply 7 suggestions)
[INFO] [stderr] warning: `blk_file_reader` (bin "blk_file_reader" test) generated 1 warning
[INFO] [stderr] warning: `blk_file_reader` (bin "blk_file_reader") generated 1 warning (1 duplicate)
[INFO] [stderr] warning: `blockchain_analyzer` (lib test) generated 7 warnings (7 duplicates)
[INFO] [stderr]     Finished test [unoptimized + debuginfo] target(s) in 0.11s
[INFO] [stderr] warning: the following packages contain code that will be rejected by a future version of Rust: blockchain_analyzer v0.1.0 (/opt/rustwide/workdir/blockchain_analyzer), diesel v1.3.3, rustc-serialize v0.3.24, syn v0.13.11, syn v0.14.9
[INFO] [stderr] note: to see what the problems were, use the option `--future-incompat-report`, or run `cargo report future-incompatibilities --id 2`
[INFO] [stderr]      Running unittests src/lib.rs (/opt/rustwide/target/debug/deps/blk_file_reader-12959c59287c3a93)
[INFO] [stdout] 
[INFO] [stdout] running 2 tests
[INFO] [stdout] test read::read_script_tests::when_script_length_is_non_zero_then_returns_script ... ok
[INFO] [stdout] test read::read_script_tests::when_script_length_is_zero_then_returns_empty_script ... ok
[INFO] [stdout] 
[INFO] [stdout] test result: ok. 2 passed; 0 failed; 0 ignored; 0 measured; 0 filtered out; finished in 0.00s
[INFO] [stdout] 
[INFO] [stderr]      Running unittests src/main.rs (/opt/rustwide/target/debug/deps/blk_file_reader-1c57fb0a008262a0)
[INFO] [stdout] 
[INFO] [stdout] running 0 tests
[INFO] [stdout] 
[INFO] [stdout] test result: ok. 0 passed; 0 failed; 0 ignored; 0 measured; 0 filtered out; finished in 0.00s
[INFO] [stdout] 
[INFO] [stderr]      Running tests/genesis_test.rs (/opt/rustwide/target/debug/deps/genesis_test-0082e803e35d8146)
[INFO] [stdout] 
[INFO] [stdout] running 1 test
[INFO] [stdout] test can_read_genesis_block ... FAILED
[INFO] [stdout] 
[INFO] [stdout] failures:
[INFO] [stdout] 
[INFO] [stdout] ---- can_read_genesis_block stdout ----
[INFO] [stdout] thread 'can_read_genesis_block' panicked at 'called `Result::unwrap()` on an `Err` value: Os { code: 2, kind: NotFound, message: "No such file or directory" }', blk_file_reader/tests/genesis_test.rs:17:54
[INFO] [stdout] stack backtrace:
[INFO] [stdout]    0:     0x55e7604157fa - std::backtrace_rs::backtrace::libunwind::trace::h2f05d0192276a8f6
[INFO] [stdout]                                at /rustc/1b7dd2252b99671ce5d1cb9664c5f8636329436d/library/std/src/../../backtrace/src/backtrace/libunwind.rs:93:5
[INFO] [stdout]    1:     0x55e7604157fa - std::backtrace_rs::backtrace::trace_unsynchronized::hedc23dff7a1af150
[INFO] [stdout]                                at /rustc/1b7dd2252b99671ce5d1cb9664c5f8636329436d/library/std/src/../../backtrace/src/backtrace/mod.rs:66:5
[INFO] [stdout]    2:     0x55e7604157fa - std::sys_common::backtrace::_print_fmt::h17541ef7592f3ce2
[INFO] [stdout]                                at /rustc/1b7dd2252b99671ce5d1cb9664c5f8636329436d/library/std/src/sys_common/backtrace.rs:65:5
[INFO] [stdout]    3:     0x55e7604157fa - <std::sys_common::backtrace::_print::DisplayBacktrace as core::fmt::Display>::fmt::h20f75df5ab0c0792
[INFO] [stdout]                                at /rustc/1b7dd2252b99671ce5d1cb9664c5f8636329436d/library/std/src/sys_common/backtrace.rs:44:22
[INFO] [stdout]    4:     0x55e76043944f - core::fmt::write::h78109e6f466b3af6
[INFO] [stdout]                                at /rustc/1b7dd2252b99671ce5d1cb9664c5f8636329436d/library/core/src/fmt/mod.rs:1254:17
[INFO] [stdout]    5:     0x55e760412b45 - std::io::Write::write_fmt::hd24bfb68a1b35a25
[INFO] [stdout]                                at /rustc/1b7dd2252b99671ce5d1cb9664c5f8636329436d/library/std/src/io/mod.rs:1698:15
[INFO] [stdout]    6:     0x55e7604155c5 - std::sys_common::backtrace::_print::h8dac57a9f8fbf9a5
[INFO] [stdout]                                at /rustc/1b7dd2252b99671ce5d1cb9664c5f8636329436d/library/std/src/sys_common/backtrace.rs:47:5
[INFO] [stdout]    7:     0x55e7604155c5 - std::sys_common::backtrace::print::hf9ecbf41d1aa712f
[INFO] [stdout]                                at /rustc/1b7dd2252b99671ce5d1cb9664c5f8636329436d/library/std/src/sys_common/backtrace.rs:34:9
[INFO] [stdout]    8:     0x55e76041727e - std::panicking::default_hook::{{closure}}::h04c07acfc84ca028
[INFO] [stdout]                                at /rustc/1b7dd2252b99671ce5d1cb9664c5f8636329436d/library/std/src/panicking.rs:269:22
[INFO] [stdout]    9:     0x55e760416fb1 - std::panicking::default_hook::h01f6bb23e1eceb2c
[INFO] [stdout]                                at /rustc/1b7dd2252b99671ce5d1cb9664c5f8636329436d/library/std/src/panicking.rs:285:9
[INFO] [stdout]   10:     0x55e760321b2b - <alloc::boxed::Box<F,A> as core::ops::function::Fn<Args>>::call::h87fe9f7b2fd49e4c
[INFO] [stdout]                                at /rustc/1b7dd2252b99671ce5d1cb9664c5f8636329436d/library/alloc/src/boxed.rs:1987:9
[INFO] [stdout]   11:     0x55e760321b2b - test::test_main::{{closure}}::he94d679243a7531b
[INFO] [stdout]                                at /rustc/1b7dd2252b99671ce5d1cb9664c5f8636329436d/library/test/src/lib.rs:134:21
[INFO] [stdout]   12:     0x55e760417964 - <alloc::boxed::Box<F,A> as core::ops::function::Fn<Args>>::call::h3f2d6d8b14c4769f
[INFO] [stdout]                                at /rustc/1b7dd2252b99671ce5d1cb9664c5f8636329436d/library/alloc/src/boxed.rs:1987:9
[INFO] [stdout]   13:     0x55e760417964 - std::panicking::rust_panic_with_hook::h2bb3722bbaf2f6df
[INFO] [stdout]                                at /rustc/1b7dd2252b99671ce5d1cb9664c5f8636329436d/library/std/src/panicking.rs:695:13
[INFO] [stdout]   14:     0x55e7604176d9 - std::panicking::begin_panic_handler::{{closure}}::h91bc7f36a4be011b
[INFO] [stdout]                                at /rustc/1b7dd2252b99671ce5d1cb9664c5f8636329436d/library/std/src/panicking.rs:582:13
[INFO] [stdout]   15:     0x55e760415c66 - std::sys_common::backtrace::__rust_end_short_backtrace::h8b3d3717114f9e59
[INFO] [stdout]                                at /rustc/1b7dd2252b99671ce5d1cb9664c5f8636329436d/library/std/src/sys_common/backtrace.rs:150:18
[INFO] [stdout]   16:     0x55e760417432 - rust_begin_unwind
[INFO] [stdout]                                at /rustc/1b7dd2252b99671ce5d1cb9664c5f8636329436d/library/std/src/panicking.rs:578:5
[INFO] [stdout]   17:     0x55e7602eaba3 - core::panicking::panic_fmt::hfd368e3fbdabea26
[INFO] [stdout]                                at /rustc/1b7dd2252b99671ce5d1cb9664c5f8636329436d/library/core/src/panicking.rs:67:14
[INFO] [stdout]   18:     0x55e7602eb0e3 - core::result::unwrap_failed::he54eb4b2f125b26f
[INFO] [stdout]                                at /rustc/1b7dd2252b99671ce5d1cb9664c5f8636329436d/library/core/src/result.rs:1687:5
[INFO] [stdout]   19:     0x55e7602eb830 - core::result::Result<T,E>::unwrap::hd6d844a0e42b7114
[INFO] [stdout]                                at /rustc/1b7dd2252b99671ce5d1cb9664c5f8636329436d/library/core/src/result.rs:1089:23
[INFO] [stdout]   20:     0x55e7602ec130 - genesis_test::can_read_genesis_block::h7c8b4d5c0e75f162
[INFO] [stdout]                                at /opt/rustwide/workdir/blk_file_reader/tests/genesis_test.rs:17:22
[INFO] [stdout]   21:     0x55e7602ec0c7 - genesis_test::can_read_genesis_block::{{closure}}::hd698d79e437385cc
[INFO] [stdout]                                at /opt/rustwide/workdir/blk_file_reader/tests/genesis_test.rs:15:33
[INFO] [stdout]   22:     0x55e7602eb385 - core::ops::function::FnOnce::call_once::h20bf499e7f44875d
[INFO] [stdout]                                at /rustc/1b7dd2252b99671ce5d1cb9664c5f8636329436d/library/core/src/ops/function.rs:250:5
[INFO] [stdout]   23:     0x55e7603269ff - core::ops::function::FnOnce::call_once::ha6a70e79f7481a7e
[INFO] [stdout]                                at /rustc/1b7dd2252b99671ce5d1cb9664c5f8636329436d/library/core/src/ops/function.rs:250:5
[INFO] [stdout]   24:     0x55e7603269ff - test::__rust_begin_short_backtrace::hce33033019b61e69
[INFO] [stdout]                                at /rustc/1b7dd2252b99671ce5d1cb9664c5f8636329436d/library/test/src/lib.rs:655:18
[INFO] [stdout]   25:     0x55e7602f41ec - test::run_test::{{closure}}::h858d3528838ae3e5
[INFO] [stdout]                                at /rustc/1b7dd2252b99671ce5d1cb9664c5f8636329436d/library/test/src/lib.rs:646:30
[INFO] [stdout]   26:     0x55e7602f41ec - core::ops::function::FnOnce::call_once{{vtable.shim}}::he8ac2b00f01ae79e
[INFO] [stdout]                                at /rustc/1b7dd2252b99671ce5d1cb9664c5f8636329436d/library/core/src/ops/function.rs:250:5
[INFO] [stdout]   27:     0x55e760325ad6 - <alloc::boxed::Box<F,A> as core::ops::function::FnOnce<Args>>::call_once::h8093d25b522725ef
[INFO] [stdout]                                at /rustc/1b7dd2252b99671ce5d1cb9664c5f8636329436d/library/alloc/src/boxed.rs:1973:9
[INFO] [stdout]   28:     0x55e760325ad6 - <core::panic::unwind_safe::AssertUnwindSafe<F> as core::ops::function::FnOnce<()>>::call_once::h5c334c204e4a3913
[INFO] [stdout]                                at /rustc/1b7dd2252b99671ce5d1cb9664c5f8636329436d/library/core/src/panic/unwind_safe.rs:271:9
[INFO] [stdout]   29:     0x55e760325ad6 - std::panicking::try::do_call::ha8b740c7b9478074
[INFO] [stdout]                                at /rustc/1b7dd2252b99671ce5d1cb9664c5f8636329436d/library/std/src/panicking.rs:485:40
[INFO] [stdout]   30:     0x55e760325ad6 - std::panicking::try::h5d34f63d0e41b64e
[INFO] [stdout]                                at /rustc/1b7dd2252b99671ce5d1cb9664c5f8636329436d/library/std/src/panicking.rs:449:19
[INFO] [stdout]   31:     0x55e760325ad6 - std::panic::catch_unwind::hcfbb511e1aa7fc67
[INFO] [stdout]                                at /rustc/1b7dd2252b99671ce5d1cb9664c5f8636329436d/library/std/src/panic.rs:140:14
[INFO] [stdout]   32:     0x55e760325ad6 - test::run_test_in_process::h9abda90f802eaf21
[INFO] [stdout]                                at /rustc/1b7dd2252b99671ce5d1cb9664c5f8636329436d/library/test/src/lib.rs:678:27
[INFO] [stdout]   33:     0x55e760325ad6 - test::run_test::run_test_inner::{{closure}}::h0f058de91f6c6edf
[INFO] [stdout]                                at /rustc/1b7dd2252b99671ce5d1cb9664c5f8636329436d/library/test/src/lib.rs:572:39
[INFO] [stdout]   34:     0x55e7602ee9f5 - test::run_test::run_test_inner::{{closure}}::h5ca48a4c59c6c1fb
[INFO] [stdout]                                at /rustc/1b7dd2252b99671ce5d1cb9664c5f8636329436d/library/test/src/lib.rs:599:37
[INFO] [stdout]   35:     0x55e7602ee9f5 - std::sys_common::backtrace::__rust_begin_short_backtrace::h32bd51e1495d4a33
[INFO] [stdout]                                at /rustc/1b7dd2252b99671ce5d1cb9664c5f8636329436d/library/std/src/sys_common/backtrace.rs:134:18
[INFO] [stdout]   36:     0x55e7602f3f31 - std::thread::Builder::spawn_unchecked_::{{closure}}::{{closure}}::hc086fae9b128b2db
[INFO] [stdout]                                at /rustc/1b7dd2252b99671ce5d1cb9664c5f8636329436d/library/std/src/thread/mod.rs:526:17
[INFO] [stdout]   37:     0x55e7602f3f31 - <core::panic::unwind_safe::AssertUnwindSafe<F> as core::ops::function::FnOnce<()>>::call_once::hb66571888d270d43
[INFO] [stdout]                                at /rustc/1b7dd2252b99671ce5d1cb9664c5f8636329436d/library/core/src/panic/unwind_safe.rs:271:9
[INFO] [stdout]   38:     0x55e7602f3f31 - std::panicking::try::do_call::h4fa2ef4f6e51fecf
[INFO] [stdout]                                at /rustc/1b7dd2252b99671ce5d1cb9664c5f8636329436d/library/std/src/panicking.rs:485:40
[INFO] [stdout]   39:     0x55e7602f3f31 - std::panicking::try::h1e9e22b8584489b5
[INFO] [stdout]                                at /rustc/1b7dd2252b99671ce5d1cb9664c5f8636329436d/library/std/src/panicking.rs:449:19
[INFO] [stdout]   40:     0x55e7602f3f31 - std::panic::catch_unwind::h44698a3de0e0769e
[INFO] [stdout]                                at /rustc/1b7dd2252b99671ce5d1cb9664c5f8636329436d/library/std/src/panic.rs:140:14
[INFO] [stdout]   41:     0x55e7602f3f31 - std::thread::Builder::spawn_unchecked_::{{closure}}::h50153abde3fe239e
[INFO] [stdout]                                at /rustc/1b7dd2252b99671ce5d1cb9664c5f8636329436d/library/std/src/thread/mod.rs:525:30
[INFO] [stdout]   42:     0x55e7602f3f31 - core::ops::function::FnOnce::call_once{{vtable.shim}}::hbe5bbf6f38394364
[INFO] [stdout]                                at /rustc/1b7dd2252b99671ce5d1cb9664c5f8636329436d/library/core/src/ops/function.rs:250:5
[INFO] [stdout]   43:     0x55e76041be35 - <alloc::boxed::Box<F,A> as core::ops::function::FnOnce<Args>>::call_once::h0d83cb2920a49046
[INFO] [stdout]                                at /rustc/1b7dd2252b99671ce5d1cb9664c5f8636329436d/library/alloc/src/boxed.rs:1973:9
[INFO] [stdout]   44:     0x55e76041be35 - <alloc::boxed::Box<F,A> as core::ops::function::FnOnce<Args>>::call_once::hbe0a008aa7d9ef59
[INFO] [stdout]                                at /rustc/1b7dd2252b99671ce5d1cb9664c5f8636329436d/library/alloc/src/boxed.rs:1973:9
[INFO] [stdout]   45:     0x55e76041be35 - std::sys::unix::thread::Thread::new::thread_start::h3a466996bdf6b1f9
[INFO] [stdout]                                at /rustc/1b7dd2252b99671ce5d1cb9664c5f8636329436d/library/std/src/sys/unix/thread.rs:108:17
[INFO] [stdout]   46:     0x7f4c5790cb43 - <unknown>
[INFO] [stdout]   47:     0x7f4c5799dbb4 - __clone
[INFO] [stdout]   48:                0x0 - <unknown>
[INFO] [stdout] 
[INFO] [stdout] 
[INFO] [stdout] failures:
[INFO] [stdout]     can_read_genesis_block
[INFO] [stdout] 
[INFO] [stdout] test result: FAILED. 0 passed; 1 failed; 0 ignored; 0 measured; 0 filtered out; finished in 0.01s
[INFO] [stdout] 
[INFO] [stderr] error: test failed, to rerun pass `-p blk_file_reader --test genesis_test`
[INFO] running `Command { std: "docker" "inspect" "8280faa5bfbc9011cb9fea78c8e827ac43e58d3043277712f8fb56eff137700a", kill_on_drop: false }`
[INFO] running `Command { std: "docker" "rm" "-f" "8280faa5bfbc9011cb9fea78c8e827ac43e58d3043277712f8fb56eff137700a", kill_on_drop: false }`
[INFO] [stdout] 8280faa5bfbc9011cb9fea78c8e827ac43e58d3043277712f8fb56eff137700a
