[INFO] cloning repository https://github.com/blaind/hstrace
[INFO] running `Command { std: "git" "-c" "credential.helper=" "-c" "credential.helper=/workspace/cargo-home/bin/git-credential-null" "clone" "--bare" "https://github.com/blaind/hstrace" "/workspace/cache/git-repos/https%3A%2F%2Fgithub.com%2Fblaind%2Fhstrace", kill_on_drop: false }`
[INFO] [stderr] Cloning into bare repository '/workspace/cache/git-repos/https%3A%2F%2Fgithub.com%2Fblaind%2Fhstrace'...
[INFO] running `Command { std: "git" "rev-parse" "HEAD", kill_on_drop: false }`
[INFO] [stdout] 0b4921cd1e1a1371b05ce8700e49382289e1495b
[INFO] testing blaind/hstrace against beta-2023-04-20 for beta-1.70-1
[INFO] running `Command { std: "git" "clone" "/workspace/cache/git-repos/https%3A%2F%2Fgithub.com%2Fblaind%2Fhstrace" "/workspace/builds/worker-2-tc2/source", kill_on_drop: false }`
[INFO] [stderr] Cloning into '/workspace/builds/worker-2-tc2/source'...
[INFO] [stderr] done.
[INFO] validating manifest of git repo https://github.com/blaind/hstrace on toolchain beta-2023-04-20
[INFO] running `Command { std: CARGO_HOME="/workspace/cargo-home" RUSTUP_HOME="/workspace/rustup-home" "/workspace/cargo-home/bin/cargo" "+beta-2023-04-20" "metadata" "--manifest-path" "Cargo.toml" "--no-deps", kill_on_drop: false }`
[INFO] started tweaking git repo https://github.com/blaind/hstrace
[INFO] finished tweaking git repo https://github.com/blaind/hstrace
[INFO] tweaked toml for git repo https://github.com/blaind/hstrace written to /workspace/builds/worker-2-tc2/source/Cargo.toml
[INFO] crate git repo https://github.com/blaind/hstrace already has a lockfile, it will not be regenerated
[INFO] running `Command { std: CARGO_HOME="/workspace/cargo-home" RUSTUP_HOME="/workspace/rustup-home" "/workspace/cargo-home/bin/cargo" "+beta-2023-04-20" "fetch" "--manifest-path" "Cargo.toml", kill_on_drop: false }`
[INFO] [stderr]     Updating crates.io index
[INFO] [stderr]  Downloading crates ...
[INFO] [stderr]   Downloaded ctrlc v3.1.8
[INFO] [stderr]   Downloaded shlex v1.0.0
[INFO] [stderr]   Downloaded serial_test_derive v0.5.1
[INFO] [stderr]   Downloaded serial_test v0.5.1
[INFO] [stderr]   Downloaded bindgen v0.58.1
[INFO] running `Command { std: "docker" "create" "-v" "/var/lib/crater-agent-workspace/builds/worker-2-tc2/target:/opt/rustwide/target:rw,Z" "-v" "/var/lib/crater-agent-workspace/builds/worker-2-tc2/source:/opt/rustwide/workdir:ro,Z" "-v" "/var/lib/crater-agent-workspace/cargo-home:/opt/rustwide/cargo-home:ro,Z" "-v" "/var/lib/crater-agent-workspace/rustup-home:/opt/rustwide/rustup-home:ro,Z" "-e" "SOURCE_DIR=/opt/rustwide/workdir" "-e" "CARGO_TARGET_DIR=/opt/rustwide/target" "-e" "CARGO_HOME=/opt/rustwide/cargo-home" "-e" "RUSTUP_HOME=/opt/rustwide/rustup-home" "-w" "/opt/rustwide/workdir" "-m" "1610612736" "--user" "0:0" "--network" "none" "ghcr.io/rust-lang/crates-build-env/linux@sha256:5ff2268d62e97bff2cde7d5815dd6ed5b47097566f13b8d0ca110b04b60e07ed" "/opt/rustwide/cargo-home/bin/cargo" "+beta-2023-04-20" "metadata" "--no-deps" "--format-version=1", kill_on_drop: false }`
[INFO] [stdout] 577d6530739f894ccdeda630c51f5b30294db706932c1ecdf0b825185fe7df91
[INFO] running `Command { std: "docker" "start" "-a" "577d6530739f894ccdeda630c51f5b30294db706932c1ecdf0b825185fe7df91", kill_on_drop: false }`
[INFO] running `Command { std: "docker" "inspect" "577d6530739f894ccdeda630c51f5b30294db706932c1ecdf0b825185fe7df91", kill_on_drop: false }`
[INFO] running `Command { std: "docker" "rm" "-f" "577d6530739f894ccdeda630c51f5b30294db706932c1ecdf0b825185fe7df91", kill_on_drop: false }`
[INFO] [stdout] 577d6530739f894ccdeda630c51f5b30294db706932c1ecdf0b825185fe7df91
[INFO] running `Command { std: "docker" "create" "-v" "/var/lib/crater-agent-workspace/builds/worker-2-tc2/target:/opt/rustwide/target:rw,Z" "-v" "/var/lib/crater-agent-workspace/builds/worker-2-tc2/source:/opt/rustwide/workdir:ro,Z" "-v" "/var/lib/crater-agent-workspace/cargo-home:/opt/rustwide/cargo-home:ro,Z" "-v" "/var/lib/crater-agent-workspace/rustup-home:/opt/rustwide/rustup-home:ro,Z" "-e" "SOURCE_DIR=/opt/rustwide/workdir" "-e" "CARGO_TARGET_DIR=/opt/rustwide/target" "-e" "CARGO_INCREMENTAL=0" "-e" "RUST_BACKTRACE=full" "-e" "RUSTFLAGS=--cap-lints=warn" "-e" "RUSTDOCFLAGS=--cap-lints=warn" "-e" "CARGO_HOME=/opt/rustwide/cargo-home" "-e" "RUSTUP_HOME=/opt/rustwide/rustup-home" "-w" "/opt/rustwide/workdir" "-m" "1610612736" "--user" "0:0" "--network" "none" "ghcr.io/rust-lang/crates-build-env/linux@sha256:5ff2268d62e97bff2cde7d5815dd6ed5b47097566f13b8d0ca110b04b60e07ed" "/opt/rustwide/cargo-home/bin/cargo" "+beta-2023-04-20" "build" "--frozen" "--message-format=json", kill_on_drop: false }`
[INFO] [stdout] 63ed79e25f45e5e4e9111ce0cc6cb06141967cbbeb2c3d69cb1abace50c8bc4b
[INFO] running `Command { std: "docker" "start" "-a" "63ed79e25f45e5e4e9111ce0cc6cb06141967cbbeb2c3d69cb1abace50c8bc4b", kill_on_drop: false }`
[INFO] [stderr]    Compiling libc v0.2.93
[INFO] [stderr]    Compiling proc-macro2 v1.0.26
[INFO] [stderr]    Compiling cfg-if v1.0.0
[INFO] [stderr]    Compiling unicode-xid v0.2.1
[INFO] [stderr]    Compiling memchr v2.3.4
[INFO] [stderr]    Compiling bitflags v1.2.1
[INFO] [stderr]    Compiling syn v1.0.69
[INFO] [stderr]    Compiling log v0.4.14
[INFO] [stderr]    Compiling autocfg v1.0.1
[INFO] [stderr]    Compiling glob v0.3.0
[INFO] [stderr]    Compiling version_check v0.9.3
[INFO] [stderr]    Compiling lazy_static v1.4.0
[INFO] [stderr]    Compiling regex-syntax v0.6.23
[INFO] [stderr]    Compiling unicode-width v0.1.8
[INFO] [stderr]    Compiling vec_map v0.8.2
[INFO] [stderr]    Compiling humantime v2.1.0
[INFO] [stderr]    Compiling libloading v0.7.0
[INFO] [stderr]    Compiling serde_derive v1.0.125
[INFO] [stderr]    Compiling textwrap v0.11.0
[INFO] [stderr]    Compiling ansi_term v0.11.0
[INFO] [stderr]    Compiling termcolor v1.1.2
[INFO] [stderr]    Compiling yaml-rust v0.3.5
[INFO] [stderr]    Compiling bindgen v0.58.1
[INFO] [stderr]    Compiling strsim v0.8.0
[INFO] [stderr]    Compiling nom v5.1.2
[INFO] [stderr]    Compiling crossbeam-utils v0.8.3
[INFO] [stderr]    Compiling rustc-hash v1.1.0
[INFO] [stderr]    Compiling ryu v1.0.5
[INFO] [stderr]    Compiling shlex v1.0.0
[INFO] [stderr]    Compiling serde v1.0.125
[INFO] [stderr]    Compiling clang-sys v1.2.0
[INFO] [stderr]    Compiling peeking_take_while v0.1.2
[INFO] [stderr]    Compiling aho-corasick v0.7.15
[INFO] [stderr]    Compiling lazycell v1.3.0
[INFO] [stderr]    Compiling num-traits v0.2.14
[INFO] [stderr]    Compiling nix v0.17.0
[INFO] [stderr]    Compiling serde_json v1.0.64
[INFO] [stderr]    Compiling void v1.0.2
[INFO] [stderr]    Compiling quote v1.0.9
[INFO] [stderr]    Compiling itoa v0.4.7
[INFO] [stderr]    Compiling cfg-if v0.1.10
[INFO] [stderr]    Compiling atty v0.2.14
[INFO] [stderr]    Compiling which v3.1.1
[INFO] [stderr]    Compiling nix v0.20.0
[INFO] [stderr]    Compiling clap v2.33.3
[INFO] [stderr]    Compiling colored v2.0.0
[INFO] [stderr]    Compiling crossbeam-channel v0.5.1
[INFO] [stderr]    Compiling regex v1.4.5
[INFO] [stderr]    Compiling cexpr v0.4.0
[INFO] [stderr]    Compiling env_logger v0.8.3
[INFO] [stderr]    Compiling hstrace_derive v0.0.1 (/opt/rustwide/workdir/hstrace_derive)
[INFO] [stderr]    Compiling num-derive v0.3.3
[INFO] [stdout] warning: field `c_struct` is never read
[INFO] [stdout]    --> hstrace_derive/src/lib.rs:110:9
[INFO] [stdout]     |
[INFO] [stdout] 108 | struct Fields<'a> {
[INFO] [stdout]     |        ------ field in this struct
[INFO] [stdout] 109 |     pub fields: Vec<&'a Field>,
[INFO] [stdout] 110 |     pub c_struct: Ident,
[INFO] [stdout]     |         ^^^^^^^^
[INFO] [stdout]     |
[INFO] [stdout]     = note: `#[warn(dead_code)]` on by default
[INFO] [stdout] 
[INFO] [stdout] 
[INFO] [stderr]    Compiling ctrlc v3.1.8
[INFO] [stdout] warning: 1 warning emitted
[INFO] [stdout] 
[INFO] [stdout] 
[INFO] [stderr]    Compiling hstrace v0.0.5 (/opt/rustwide/workdir)
[INFO] [stdout] warning: use of deprecated function `nix::sys::ptrace::ptrace`: usages of `ptrace()` should be replaced with the specialized helper functions instead
[INFO] [stdout]    --> src/ptrace/syscall_ptrace.rs:197:21
[INFO] [stdout]     |
[INFO] [stdout] 197 |             ptrace::ptrace(
[INFO] [stdout]     |                     ^^^^^^
[INFO] [stdout]     |
[INFO] [stdout]     = note: `#[warn(deprecated)]` on by default
[INFO] [stdout] 
[INFO] [stdout] 
[INFO] [stdout] warning: fields `from_arg` and `to_hashmap` are never read
[INFO] [stdout]   --> src/trace_grouper.rs:14:9
[INFO] [stdout]    |
[INFO] [stdout] 13 | pub(crate) struct StoreArg {
[INFO] [stdout]    |                   -------- fields in this struct
[INFO] [stdout] 14 |     pub from_arg: usize,
[INFO] [stdout]    |         ^^^^^^^^
[INFO] [stdout] 15 |     pub to_hashmap: usize,
[INFO] [stdout]    |         ^^^^^^^^^^
[INFO] [stdout]    |
[INFO] [stdout]    = note: `StoreArg` has a derived impl for the trait `Debug`, but this is intentionally ignored during dead code analysis
[INFO] [stdout]    = note: `#[warn(dead_code)]` on by default
[INFO] [stdout] 
[INFO] [stdout] 
[INFO] [stdout] warning: fields `to_arg` and `from_hashmap` are never read
[INFO] [stdout]   --> src/trace_grouper.rs:20:9
[INFO] [stdout]    |
[INFO] [stdout] 19 | pub(crate) struct StoreMatch {
[INFO] [stdout]    |                   ---------- fields in this struct
[INFO] [stdout] 20 |     pub to_arg: usize,
[INFO] [stdout]    |         ^^^^^^
[INFO] [stdout] 21 |     pub from_hashmap: usize,
[INFO] [stdout]    |         ^^^^^^^^^^^^
[INFO] [stdout]    |
[INFO] [stdout]    = note: `StoreMatch` has derived impls for the traits `Clone` and `Debug`, but these are intentionally ignored during dead code analysis
[INFO] [stdout] 
[INFO] [stdout] 
[INFO] [stdout] warning: field `store_match` is never read
[INFO] [stdout]   --> src/trace_grouper.rs:28:9
[INFO] [stdout]    |
[INFO] [stdout] 25 | pub(crate) struct ItemCall {
[INFO] [stdout]    |                   -------- field in this struct
[INFO] [stdout] ...
[INFO] [stdout] 28 |     pub store_match: Option<StoreMatch>,
[INFO] [stdout]    |         ^^^^^^^^^^^
[INFO] [stdout]    |
[INFO] [stdout]    = note: `ItemCall` has a derived impl for the trait `Debug`, but this is intentionally ignored during dead code analysis
[INFO] [stdout] 
[INFO] [stdout] 
[INFO] [stdout] warning: fields `state` and `store` are never read
[INFO] [stdout]   --> src/trace_grouper.rs:73:9
[INFO] [stdout]    |
[INFO] [stdout] 71 | pub(crate) struct Match {
[INFO] [stdout]    |                   ----- fields in this struct
[INFO] [stdout] 72 |     pub match_state: usize,
[INFO] [stdout] 73 |     pub state: ProgramState,
[INFO] [stdout]    |         ^^^^^
[INFO] [stdout] 74 |     pub items: Vec<MatchItem>,
[INFO] [stdout] 75 |     pub store: HashMap<usize, Value>,
[INFO] [stdout]    |         ^^^^^
[INFO] [stdout]    |
[INFO] [stdout]    = note: `Match` has a derived impl for the trait `Debug`, but this is intentionally ignored during dead code analysis
[INFO] [stdout] 
[INFO] [stdout] 
[INFO] [stdout] warning: 5 warnings emitted
[INFO] [stdout] 
[INFO] [stdout] 
[INFO] [stderr]     Finished dev [unoptimized + debuginfo] target(s) in 17.35s
[INFO] [stderr] warning: the following packages contain code that will be rejected by a future version of Rust: nom v5.1.2
[INFO] [stderr] note: to see what the problems were, use the option `--future-incompat-report`, or run `cargo report future-incompatibilities --id 1`
[INFO] running `Command { std: "docker" "inspect" "63ed79e25f45e5e4e9111ce0cc6cb06141967cbbeb2c3d69cb1abace50c8bc4b", kill_on_drop: false }`
[INFO] running `Command { std: "docker" "rm" "-f" "63ed79e25f45e5e4e9111ce0cc6cb06141967cbbeb2c3d69cb1abace50c8bc4b", kill_on_drop: false }`
[INFO] [stdout] 63ed79e25f45e5e4e9111ce0cc6cb06141967cbbeb2c3d69cb1abace50c8bc4b
[INFO] running `Command { std: "docker" "create" "-v" "/var/lib/crater-agent-workspace/builds/worker-2-tc2/target:/opt/rustwide/target:rw,Z" "-v" "/var/lib/crater-agent-workspace/builds/worker-2-tc2/source:/opt/rustwide/workdir:ro,Z" "-v" "/var/lib/crater-agent-workspace/cargo-home:/opt/rustwide/cargo-home:ro,Z" "-v" "/var/lib/crater-agent-workspace/rustup-home:/opt/rustwide/rustup-home:ro,Z" "-e" "SOURCE_DIR=/opt/rustwide/workdir" "-e" "CARGO_TARGET_DIR=/opt/rustwide/target" "-e" "CARGO_INCREMENTAL=0" "-e" "RUST_BACKTRACE=full" "-e" "RUSTFLAGS=--cap-lints=warn" "-e" "RUSTDOCFLAGS=--cap-lints=warn" "-e" "CARGO_HOME=/opt/rustwide/cargo-home" "-e" "RUSTUP_HOME=/opt/rustwide/rustup-home" "-w" "/opt/rustwide/workdir" "-m" "1610612736" "--user" "0:0" "--network" "none" "ghcr.io/rust-lang/crates-build-env/linux@sha256:5ff2268d62e97bff2cde7d5815dd6ed5b47097566f13b8d0ca110b04b60e07ed" "/opt/rustwide/cargo-home/bin/cargo" "+beta-2023-04-20" "test" "--frozen" "--no-run" "--message-format=json", kill_on_drop: false }`
[INFO] [stdout] 2f4693b4d623bb2991d59b3f882865b63eccc85750b7e5872590b71ffac6f827
[INFO] running `Command { std: "docker" "start" "-a" "2f4693b4d623bb2991d59b3f882865b63eccc85750b7e5872590b71ffac6f827", kill_on_drop: false }`
[INFO] [stderr]    Compiling instant v0.1.9
[INFO] [stderr]    Compiling smallvec v1.6.1
[INFO] [stderr]    Compiling scopeguard v1.1.0
[INFO] [stderr]    Compiling serial_test_derive v0.5.1
[INFO] [stdout] warning: field `c_struct` is never read
[INFO] [stdout]    --> hstrace_derive/src/lib.rs:110:9
[INFO] [stdout]     |
[INFO] [stdout] 108 | struct Fields<'a> {
[INFO] [stdout]     |        ------ field in this struct
[INFO] [stdout] 109 |     pub fields: Vec<&'a Field>,
[INFO] [stdout] 110 |     pub c_struct: Ident,
[INFO] [stdout]     |         ^^^^^^^^
[INFO] [stdout]     |
[INFO] [stdout]     = note: `#[warn(dead_code)]` on by default
[INFO] [stdout] 
[INFO] [stdout] 
[INFO] [stdout] warning: 1 warning emitted
[INFO] [stdout] 
[INFO] [stdout] 
[INFO] [stdout] warning: use of deprecated function `nix::sys::ptrace::ptrace`: usages of `ptrace()` should be replaced with the specialized helper functions instead
[INFO] [stdout]    --> src/ptrace/syscall_ptrace.rs:197:21
[INFO] [stdout]     |
[INFO] [stdout] 197 |             ptrace::ptrace(
[INFO] [stdout]     |                     ^^^^^^
[INFO] [stdout]     |
[INFO] [stdout]     = note: `#[warn(deprecated)]` on by default
[INFO] [stdout] 
[INFO] [stdout] 
[INFO] [stdout] warning: fields `from_arg` and `to_hashmap` are never read
[INFO] [stdout]   --> src/trace_grouper.rs:14:9
[INFO] [stdout]    |
[INFO] [stdout] 13 | pub(crate) struct StoreArg {
[INFO] [stdout]    |                   -------- fields in this struct
[INFO] [stdout] 14 |     pub from_arg: usize,
[INFO] [stdout]    |         ^^^^^^^^
[INFO] [stdout] 15 |     pub to_hashmap: usize,
[INFO] [stdout]    |         ^^^^^^^^^^
[INFO] [stdout]    |
[INFO] [stdout]    = note: `StoreArg` has a derived impl for the trait `Debug`, but this is intentionally ignored during dead code analysis
[INFO] [stdout]    = note: `#[warn(dead_code)]` on by default
[INFO] [stdout] 
[INFO] [stdout] 
[INFO] [stdout] warning: fields `to_arg` and `from_hashmap` are never read
[INFO] [stdout]   --> src/trace_grouper.rs:20:9
[INFO] [stdout]    |
[INFO] [stdout] 19 | pub(crate) struct StoreMatch {
[INFO] [stdout]    |                   ---------- fields in this struct
[INFO] [stdout] 20 |     pub to_arg: usize,
[INFO] [stdout]    |         ^^^^^^
[INFO] [stdout] 21 |     pub from_hashmap: usize,
[INFO] [stdout]    |         ^^^^^^^^^^^^
[INFO] [stdout]    |
[INFO] [stdout]    = note: `StoreMatch` has derived impls for the traits `Clone` and `Debug`, but these are intentionally ignored during dead code analysis
[INFO] [stdout] 
[INFO] [stdout] 
[INFO] [stdout] warning: field `store_match` is never read
[INFO] [stdout]   --> src/trace_grouper.rs:28:9
[INFO] [stdout]    |
[INFO] [stdout] 25 | pub(crate) struct ItemCall {
[INFO] [stdout]    |                   -------- field in this struct
[INFO] [stdout] ...
[INFO] [stdout] 28 |     pub store_match: Option<StoreMatch>,
[INFO] [stdout]    |         ^^^^^^^^^^^
[INFO] [stdout]    |
[INFO] [stdout]    = note: `ItemCall` has a derived impl for the trait `Debug`, but this is intentionally ignored during dead code analysis
[INFO] [stdout] 
[INFO] [stdout] 
[INFO] [stdout] warning: fields `state` and `store` are never read
[INFO] [stdout]   --> src/trace_grouper.rs:73:9
[INFO] [stdout]    |
[INFO] [stdout] 71 | pub(crate) struct Match {
[INFO] [stdout]    |                   ----- fields in this struct
[INFO] [stdout] 72 |     pub match_state: usize,
[INFO] [stdout] 73 |     pub state: ProgramState,
[INFO] [stdout]    |         ^^^^^
[INFO] [stdout] 74 |     pub items: Vec<MatchItem>,
[INFO] [stdout] 75 |     pub store: HashMap<usize, Value>,
[INFO] [stdout]    |         ^^^^^
[INFO] [stdout]    |
[INFO] [stdout]    = note: `Match` has a derived impl for the trait `Debug`, but this is intentionally ignored during dead code analysis
[INFO] [stdout] 
[INFO] [stdout] 
[INFO] [stdout] warning: 5 warnings emitted
[INFO] [stdout] 
[INFO] [stdout] 
[INFO] [stderr]    Compiling lock_api v0.4.3
[INFO] [stderr]    Compiling parking_lot_core v0.8.3
[INFO] [stderr]    Compiling parking_lot v0.11.1
[INFO] [stderr]    Compiling serial_test v0.5.1
[INFO] [stderr]    Compiling hstrace v0.0.5 (/opt/rustwide/workdir)
[INFO] [stdout] warning: use of deprecated function `nix::sys::ptrace::ptrace`: usages of `ptrace()` should be replaced with the specialized helper functions instead
[INFO] [stdout]    --> src/ptrace/syscall_ptrace.rs:197:21
[INFO] [stdout]     |
[INFO] [stdout] 197 |             ptrace::ptrace(
[INFO] [stdout]     |                     ^^^^^^
[INFO] [stdout]     |
[INFO] [stdout]     = note: `#[warn(deprecated)]` on by default
[INFO] [stdout] 
[INFO] [stdout] 
[INFO] [stdout] warning: fields `from_arg` and `to_hashmap` are never read
[INFO] [stdout]   --> src/trace_grouper.rs:14:9
[INFO] [stdout]    |
[INFO] [stdout] 13 | pub(crate) struct StoreArg {
[INFO] [stdout]    |                   -------- fields in this struct
[INFO] [stdout] 14 |     pub from_arg: usize,
[INFO] [stdout]    |         ^^^^^^^^
[INFO] [stdout] 15 |     pub to_hashmap: usize,
[INFO] [stdout]    |         ^^^^^^^^^^
[INFO] [stdout]    |
[INFO] [stdout]    = note: `StoreArg` has a derived impl for the trait `Debug`, but this is intentionally ignored during dead code analysis
[INFO] [stdout]    = note: `#[warn(dead_code)]` on by default
[INFO] [stdout] 
[INFO] [stdout] 
[INFO] [stdout] warning: fields `to_arg` and `from_hashmap` are never read
[INFO] [stdout]   --> src/trace_grouper.rs:20:9
[INFO] [stdout]    |
[INFO] [stdout] 19 | pub(crate) struct StoreMatch {
[INFO] [stdout]    |                   ---------- fields in this struct
[INFO] [stdout] 20 |     pub to_arg: usize,
[INFO] [stdout]    |         ^^^^^^
[INFO] [stdout] 21 |     pub from_hashmap: usize,
[INFO] [stdout]    |         ^^^^^^^^^^^^
[INFO] [stdout]    |
[INFO] [stdout]    = note: `StoreMatch` has derived impls for the traits `Clone` and `Debug`, but these are intentionally ignored during dead code analysis
[INFO] [stdout] 
[INFO] [stdout] 
[INFO] [stdout] warning: field `store_match` is never read
[INFO] [stdout]   --> src/trace_grouper.rs:28:9
[INFO] [stdout]    |
[INFO] [stdout] 25 | pub(crate) struct ItemCall {
[INFO] [stdout]    |                   -------- field in this struct
[INFO] [stdout] ...
[INFO] [stdout] 28 |     pub store_match: Option<StoreMatch>,
[INFO] [stdout]    |         ^^^^^^^^^^^
[INFO] [stdout]    |
[INFO] [stdout]    = note: `ItemCall` has a derived impl for the trait `Debug`, but this is intentionally ignored during dead code analysis
[INFO] [stdout] 
[INFO] [stdout] 
[INFO] [stdout] warning: fields `state` and `store` are never read
[INFO] [stdout]   --> src/trace_grouper.rs:73:9
[INFO] [stdout]    |
[INFO] [stdout] 71 | pub(crate) struct Match {
[INFO] [stdout]    |                   ----- fields in this struct
[INFO] [stdout] 72 |     pub match_state: usize,
[INFO] [stdout] 73 |     pub state: ProgramState,
[INFO] [stdout]    |         ^^^^^
[INFO] [stdout] 74 |     pub items: Vec<MatchItem>,
[INFO] [stdout] 75 |     pub store: HashMap<usize, Value>,
[INFO] [stdout]    |         ^^^^^
[INFO] [stdout]    |
[INFO] [stdout]    = note: `Match` has a derived impl for the trait `Debug`, but this is intentionally ignored during dead code analysis
[INFO] [stdout] 
[INFO] [stdout] 
[INFO] [stdout] warning: dereferencing a null pointer
[INFO] [stdout]  --> /opt/rustwide/target/debug/build/hstrace-2428856450adfc52/out/bindings.rs:3:11893
[INFO] [stdout]   |
[INFO] [stdout] 3 | ... ! (unsafe { & (* (:: std :: ptr :: null :: < __kernel_fd_set > ())) . fds_bits as * const _ as usize } , 0usize , concat ! ("Offset o...
[INFO] [stdout]   |                   ^^^^^^^^^^^^^^^^^^^^^^^^^^^^^^^^^^^^^^^^^^^^^^^^^^^^^ this code causes undefined behavior when executed
[INFO] [stdout]   |
[INFO] [stdout]   = note: `#[warn(deref_nullptr)]` on by default
[INFO] [stdout] 
[INFO] [stdout] 
[INFO] [stdout] warning: dereferencing a null pointer
[INFO] [stdout]  --> /opt/rustwide/target/debug/build/hstrace-2428856450adfc52/out/bindings.rs:3:13820
[INFO] [stdout]   |
[INFO] [stdout] 3 | ... ! (unsafe { & (* (:: std :: ptr :: null :: < __kernel_fsid_t > ())) . val as * const _ as usize } , 0usize , concat ! ("Offset of fie...
[INFO] [stdout]   |                   ^^^^^^^^^^^^^^^^^^^^^^^^^^^^^^^^^^^^^^^^^^^^^^^^^^^^^ this code causes undefined behavior when executed
[INFO] [stdout] 
[INFO] [stdout] 
[INFO] [stdout] warning: dereferencing a null pointer
[INFO] [stdout]  --> /opt/rustwide/target/debug/build/hstrace-2428856450adfc52/out/bindings.rs:3:15415
[INFO] [stdout]   |
[INFO] [stdout] 3 | ...unsafe { & (* (:: std :: ptr :: null :: < ptrace_peeksiginfo_args > ())) . off as * const _ as usize } , 0usize , concat ! ("Offset of...
[INFO] [stdout]   |               ^^^^^^^^^^^^^^^^^^^^^^^^^^^^^^^^^^^^^^^^^^^^^^^^^^^^^^^^^^^^^ this code causes undefined behavior when executed
[INFO] [stdout] 
[INFO] [stdout] 
[INFO] [stdout] warning: dereferencing a null pointer
[INFO] [stdout]  --> /opt/rustwide/target/debug/build/hstrace-2428856450adfc52/out/bindings.rs:3:15643
[INFO] [stdout]   |
[INFO] [stdout] 3 | ...unsafe { & (* (:: std :: ptr :: null :: < ptrace_peeksiginfo_args > ())) . flags as * const _ as usize } , 8usize , concat ! ("Offset ...
[INFO] [stdout]   |               ^^^^^^^^^^^^^^^^^^^^^^^^^^^^^^^^^^^^^^^^^^^^^^^^^^^^^^^^^^^^^ this code causes undefined behavior when executed
[INFO] [stdout] 
[INFO] [stdout] 
[INFO] [stdout] warning: dereferencing a null pointer
[INFO] [stdout]  --> /opt/rustwide/target/debug/build/hstrace-2428856450adfc52/out/bindings.rs:3:15875
[INFO] [stdout]   |
[INFO] [stdout] 3 | ...unsafe { & (* (:: std :: ptr :: null :: < ptrace_peeksiginfo_args > ())) . nr as * const _ as usize } , 12usize , concat ! ("Offset of...
[INFO] [stdout]   |               ^^^^^^^^^^^^^^^^^^^^^^^^^^^^^^^^^^^^^^^^^^^^^^^^^^^^^^^^^^^^^ this code causes undefined behavior when executed
[INFO] [stdout] 
[INFO] [stdout] 
[INFO] [stdout] warning: dereferencing a null pointer
[INFO] [stdout]  --> /opt/rustwide/target/debug/build/hstrace-2428856450adfc52/out/bindings.rs:3:16550
[INFO] [stdout]   |
[INFO] [stdout] 3 | ... ! (unsafe { & (* (:: std :: ptr :: null :: < seccomp_metadata > ())) . filter_off as * const _ as usize } , 0usize , concat ! ("Offse...
[INFO] [stdout]   |                   ^^^^^^^^^^^^^^^^^^^^^^^^^^^^^^^^^^^^^^^^^^^^^^^^^^^^^^ this code causes undefined behavior when executed
[INFO] [stdout] 
[INFO] [stdout] 
[INFO] [stdout] warning: dereferencing a null pointer
[INFO] [stdout]  --> /opt/rustwide/target/debug/build/hstrace-2428856450adfc52/out/bindings.rs:3:16778
[INFO] [stdout]   |
[INFO] [stdout] 3 | ... ! (unsafe { & (* (:: std :: ptr :: null :: < seccomp_metadata > ())) . flags as * const _ as usize } , 8usize , concat ! ("Offset of ...
[INFO] [stdout]   |                   ^^^^^^^^^^^^^^^^^^^^^^^^^^^^^^^^^^^^^^^^^^^^^^^^^^^^^^ this code causes undefined behavior when executed
[INFO] [stdout] 
[INFO] [stdout] 
[INFO] [stdout] warning: dereferencing a null pointer
[INFO] [stdout]  --> /opt/rustwide/target/debug/build/hstrace-2428856450adfc52/out/bindings.rs:3:18164
[INFO] [stdout]   |
[INFO] [stdout] 3 | ...t_eq ! (unsafe { & (* (:: std :: ptr :: null :: < ptrace_syscall_info__bindgen_ty_1__bindgen_ty_1 > ())) . nr as * const _ as usize } ...
[INFO] [stdout]   |                       ^^^^^^^^^^^^^^^^^^^^^^^^^^^^^^^^^^^^^^^^^^^^^^^^^^^^^^^^^^^^^^^^^^^^^^^^^^^^^^^^^^^^^ this code causes undefined behavior when executed
[INFO] [stdout] 
[INFO] [stdout] 
[INFO] [stdout] warning: dereferencing a null pointer
[INFO] [stdout]  --> /opt/rustwide/target/debug/build/hstrace-2428856450adfc52/out/bindings.rs:3:18438
[INFO] [stdout]   |
[INFO] [stdout] 3 | ...t_eq ! (unsafe { & (* (:: std :: ptr :: null :: < ptrace_syscall_info__bindgen_ty_1__bindgen_ty_1 > ())) . args as * const _ as usize ...
[INFO] [stdout]   |                       ^^^^^^^^^^^^^^^^^^^^^^^^^^^^^^^^^^^^^^^^^^^^^^^^^^^^^^^^^^^^^^^^^^^^^^^^^^^^^^^^^^^^^ this code causes undefined behavior when executed
[INFO] [stdout] 
[INFO] [stdout] 
[INFO] [stdout] warning: dereferencing a null pointer
[INFO] [stdout]  --> /opt/rustwide/target/debug/build/hstrace-2428856450adfc52/out/bindings.rs:3:19346
[INFO] [stdout]   |
[INFO] [stdout] 3 | ...t_eq ! (unsafe { & (* (:: std :: ptr :: null :: < ptrace_syscall_info__bindgen_ty_1__bindgen_ty_2 > ())) . rval as * const _ as usize ...
[INFO] [stdout]   |                       ^^^^^^^^^^^^^^^^^^^^^^^^^^^^^^^^^^^^^^^^^^^^^^^^^^^^^^^^^^^^^^^^^^^^^^^^^^^^^^^^^^^^^ this code causes undefined behavior when executed
[INFO] [stdout] 
[INFO] [stdout] 
[INFO] [stdout] warning: dereferencing a null pointer
[INFO] [stdout]  --> /opt/rustwide/target/debug/build/hstrace-2428856450adfc52/out/bindings.rs:3:19624
[INFO] [stdout]   |
[INFO] [stdout] 3 | ...t_eq ! (unsafe { & (* (:: std :: ptr :: null :: < ptrace_syscall_info__bindgen_ty_1__bindgen_ty_2 > ())) . is_error as * const _ as us...
[INFO] [stdout]   |                       ^^^^^^^^^^^^^^^^^^^^^^^^^^^^^^^^^^^^^^^^^^^^^^^^^^^^^^^^^^^^^^^^^^^^^^^^^^^^^^^^^^^^^ this code causes undefined behavior when executed
[INFO] [stdout] 
[INFO] [stdout] 
[INFO] [stdout] warning: dereferencing a null pointer
[INFO] [stdout]  --> /opt/rustwide/target/debug/build/hstrace-2428856450adfc52/out/bindings.rs:3:20569
[INFO] [stdout]   |
[INFO] [stdout] 3 | ...t_eq ! (unsafe { & (* (:: std :: ptr :: null :: < ptrace_syscall_info__bindgen_ty_1__bindgen_ty_3 > ())) . nr as * const _ as usize } ...
[INFO] [stdout]   |                       ^^^^^^^^^^^^^^^^^^^^^^^^^^^^^^^^^^^^^^^^^^^^^^^^^^^^^^^^^^^^^^^^^^^^^^^^^^^^^^^^^^^^^ this code causes undefined behavior when executed
[INFO] [stdout] 
[INFO] [stdout] 
[INFO] [stdout] warning: dereferencing a null pointer
[INFO] [stdout]  --> /opt/rustwide/target/debug/build/hstrace-2428856450adfc52/out/bindings.rs:3:20843
[INFO] [stdout]   |
[INFO] [stdout] 3 | ...t_eq ! (unsafe { & (* (:: std :: ptr :: null :: < ptrace_syscall_info__bindgen_ty_1__bindgen_ty_3 > ())) . args as * const _ as usize ...
[INFO] [stdout]   |                       ^^^^^^^^^^^^^^^^^^^^^^^^^^^^^^^^^^^^^^^^^^^^^^^^^^^^^^^^^^^^^^^^^^^^^^^^^^^^^^^^^^^^^ this code causes undefined behavior when executed
[INFO] [stdout] 
[INFO] [stdout] 
[INFO] [stdout] warning: dereferencing a null pointer
[INFO] [stdout]  --> /opt/rustwide/target/debug/build/hstrace-2428856450adfc52/out/bindings.rs:3:21121
[INFO] [stdout]   |
[INFO] [stdout] 3 | ...t_eq ! (unsafe { & (* (:: std :: ptr :: null :: < ptrace_syscall_info__bindgen_ty_1__bindgen_ty_3 > ())) . ret_data as * const _ as us...
[INFO] [stdout]   |                       ^^^^^^^^^^^^^^^^^^^^^^^^^^^^^^^^^^^^^^^^^^^^^^^^^^^^^^^^^^^^^^^^^^^^^^^^^^^^^^^^^^^^^ this code causes undefined behavior when executed
[INFO] [stdout] 
[INFO] [stdout] 
[INFO] [stdout] warning: dereferencing a null pointer
[INFO] [stdout]  --> /opt/rustwide/target/debug/build/hstrace-2428856450adfc52/out/bindings.rs:3:21825
[INFO] [stdout]   |
[INFO] [stdout] 3 | ...e { & (* (:: std :: ptr :: null :: < ptrace_syscall_info__bindgen_ty_1 > ())) . entry as * const _ as usize } , 0usize , concat ! ("Of...
[INFO] [stdout]   |          ^^^^^^^^^^^^^^^^^^^^^^^^^^^^^^^^^^^^^^^^^^^^^^^^^^^^^^^^^^^^^^^^^^^^^^^ this code causes undefined behavior when executed
[INFO] [stdout] 
[INFO] [stdout] 
[INFO] [stdout] warning: dereferencing a null pointer
[INFO] [stdout]  --> /opt/rustwide/target/debug/build/hstrace-2428856450adfc52/out/bindings.rs:3:22077
[INFO] [stdout]   |
[INFO] [stdout] 3 | ...e { & (* (:: std :: ptr :: null :: < ptrace_syscall_info__bindgen_ty_1 > ())) . exit as * const _ as usize } , 0usize , concat ! ("Off...
[INFO] [stdout]   |          ^^^^^^^^^^^^^^^^^^^^^^^^^^^^^^^^^^^^^^^^^^^^^^^^^^^^^^^^^^^^^^^^^^^^^^^ this code causes undefined behavior when executed
[INFO] [stdout] 
[INFO] [stdout] 
[INFO] [stdout] warning: dereferencing a null pointer
[INFO] [stdout]  --> /opt/rustwide/target/debug/build/hstrace-2428856450adfc52/out/bindings.rs:3:22327
[INFO] [stdout]   |
[INFO] [stdout] 3 | ...e { & (* (:: std :: ptr :: null :: < ptrace_syscall_info__bindgen_ty_1 > ())) . seccomp as * const _ as usize } , 0usize , concat ! ("...
[INFO] [stdout]   |          ^^^^^^^^^^^^^^^^^^^^^^^^^^^^^^^^^^^^^^^^^^^^^^^^^^^^^^^^^^^^^^^^^^^^^^^ this code causes undefined behavior when executed
[INFO] [stdout] 
[INFO] [stdout] 
[INFO] [stdout] warning: dereferencing a null pointer
[INFO] [stdout]  --> /opt/rustwide/target/debug/build/hstrace-2428856450adfc52/out/bindings.rs:3:22930
[INFO] [stdout]   |
[INFO] [stdout] 3 | ... (unsafe { & (* (:: std :: ptr :: null :: < ptrace_syscall_info > ())) . op as * const _ as usize } , 0usize , concat ! ("Offset of fi...
[INFO] [stdout]   |                 ^^^^^^^^^^^^^^^^^^^^^^^^^^^^^^^^^^^^^^^^^^^^^^^^^^^^^^^^^ this code causes undefined behavior when executed
[INFO] [stdout] 
[INFO] [stdout] 
[INFO] [stdout] warning: dereferencing a null pointer
[INFO] [stdout]  --> /opt/rustwide/target/debug/build/hstrace-2428856450adfc52/out/bindings.rs:3:23148
[INFO] [stdout]   |
[INFO] [stdout] 3 | ... (unsafe { & (* (:: std :: ptr :: null :: < ptrace_syscall_info > ())) . pad as * const _ as usize } , 1usize , concat ! ("Offset of f...
[INFO] [stdout]   |                 ^^^^^^^^^^^^^^^^^^^^^^^^^^^^^^^^^^^^^^^^^^^^^^^^^^^^^^^^^ this code causes undefined behavior when executed
[INFO] [stdout] 
[INFO] [stdout] 
[INFO] [stdout] warning: dereferencing a null pointer
[INFO] [stdout]  --> /opt/rustwide/target/debug/build/hstrace-2428856450adfc52/out/bindings.rs:3:23368
[INFO] [stdout]   |
[INFO] [stdout] 3 | ... (unsafe { & (* (:: std :: ptr :: null :: < ptrace_syscall_info > ())) . arch as * const _ as usize } , 4usize , concat ! ("Offset of ...
[INFO] [stdout]   |                 ^^^^^^^^^^^^^^^^^^^^^^^^^^^^^^^^^^^^^^^^^^^^^^^^^^^^^^^^^ this code causes undefined behavior when executed
[INFO] [stdout] 
[INFO] [stdout] 
[INFO] [stdout] warning: dereferencing a null pointer
[INFO] [stdout]  --> /opt/rustwide/target/debug/build/hstrace-2428856450adfc52/out/bindings.rs:3:23590
[INFO] [stdout]   |
[INFO] [stdout] 3 | ... (unsafe { & (* (:: std :: ptr :: null :: < ptrace_syscall_info > ())) . instruction_pointer as * const _ as usize } , 8usize , concat...
[INFO] [stdout]   |                 ^^^^^^^^^^^^^^^^^^^^^^^^^^^^^^^^^^^^^^^^^^^^^^^^^^^^^^^^^ this code causes undefined behavior when executed
[INFO] [stdout] 
[INFO] [stdout] 
[INFO] [stdout] warning: dereferencing a null pointer
[INFO] [stdout]  --> /opt/rustwide/target/debug/build/hstrace-2428856450adfc52/out/bindings.rs:3:23842
[INFO] [stdout]   |
[INFO] [stdout] 3 | ... (unsafe { & (* (:: std :: ptr :: null :: < ptrace_syscall_info > ())) . stack_pointer as * const _ as usize } , 16usize , concat ! ("...
[INFO] [stdout]   |                 ^^^^^^^^^^^^^^^^^^^^^^^^^^^^^^^^^^^^^^^^^^^^^^^^^^^^^^^^^ this code causes undefined behavior when executed
[INFO] [stdout] 
[INFO] [stdout] 
[INFO] [stdout] warning: dereferencing a null pointer
[INFO] [stdout]  --> /opt/rustwide/target/debug/build/hstrace-2428856450adfc52/out/bindings.rs:3:24661
[INFO] [stdout]   |
[INFO] [stdout] 3 | ...nsafe { & (* (:: std :: ptr :: null :: < ptrace_rseq_configuration > ())) . rseq_abi_pointer as * const _ as usize } , 0usize , concat...
[INFO] [stdout]   |              ^^^^^^^^^^^^^^^^^^^^^^^^^^^^^^^^^^^^^^^^^^^^^^^^^^^^^^^^^^^^^^^ this code causes undefined behavior when executed
[INFO] [stdout] 
[INFO] [stdout] 
[INFO] [stdout] warning: dereferencing a null pointer
[INFO] [stdout]  --> /opt/rustwide/target/debug/build/hstrace-2428856450adfc52/out/bindings.rs:3:24919
[INFO] [stdout]   |
[INFO] [stdout] 3 | ...nsafe { & (* (:: std :: ptr :: null :: < ptrace_rseq_configuration > ())) . rseq_abi_size as * const _ as usize } , 8usize , concat ! ...
[INFO] [stdout]   |              ^^^^^^^^^^^^^^^^^^^^^^^^^^^^^^^^^^^^^^^^^^^^^^^^^^^^^^^^^^^^^^^ this code causes undefined behavior when executed
[INFO] [stdout] 
[INFO] [stdout] 
[INFO] [stdout] warning: dereferencing a null pointer
[INFO] [stdout]  --> /opt/rustwide/target/debug/build/hstrace-2428856450adfc52/out/bindings.rs:3:25171
[INFO] [stdout]   |
[INFO] [stdout] 3 | ...nsafe { & (* (:: std :: ptr :: null :: < ptrace_rseq_configuration > ())) . signature as * const _ as usize } , 12usize , concat ! ("O...
[INFO] [stdout]   |              ^^^^^^^^^^^^^^^^^^^^^^^^^^^^^^^^^^^^^^^^^^^^^^^^^^^^^^^^^^^^^^^ this code causes undefined behavior when executed
[INFO] [stdout] 
[INFO] [stdout] 
[INFO] [stdout] warning: dereferencing a null pointer
[INFO] [stdout]  --> /opt/rustwide/target/debug/build/hstrace-2428856450adfc52/out/bindings.rs:3:25416
[INFO] [stdout]   |
[INFO] [stdout] 3 | ...nsafe { & (* (:: std :: ptr :: null :: < ptrace_rseq_configuration > ())) . flags as * const _ as usize } , 16usize , concat ! ("Offse...
[INFO] [stdout]   |              ^^^^^^^^^^^^^^^^^^^^^^^^^^^^^^^^^^^^^^^^^^^^^^^^^^^^^^^^^^^^^^^ this code causes undefined behavior when executed
[INFO] [stdout] 
[INFO] [stdout] 
[INFO] [stdout] warning: dereferencing a null pointer
[INFO] [stdout]  --> /opt/rustwide/target/debug/build/hstrace-2428856450adfc52/out/bindings.rs:3:25653
[INFO] [stdout]   |
[INFO] [stdout] 3 | ...nsafe { & (* (:: std :: ptr :: null :: < ptrace_rseq_configuration > ())) . pad as * const _ as usize } , 20usize , concat ! ("Offset ...
[INFO] [stdout]   |              ^^^^^^^^^^^^^^^^^^^^^^^^^^^^^^^^^^^^^^^^^^^^^^^^^^^^^^^^^^^^^^^ this code causes undefined behavior when executed
[INFO] [stdout] 
[INFO] [stdout] 
[INFO] [stdout] warning: dereferencing a null pointer
[INFO] [stdout]  --> /opt/rustwide/target/debug/build/hstrace-2428856450adfc52/out/bindings.rs:3:27143
[INFO] [stdout]   |
[INFO] [stdout] 3 | ...t_eq ! (unsafe { & (* (:: std :: ptr :: null :: < pt_regs > ())) . r15 as * const _ as usize } , 0usize , concat ! ("Offset of field: ...
[INFO] [stdout]   |                       ^^^^^^^^^^^^^^^^^^^^^^^^^^^^^^^^^^^^^^^^^^^^^ this code causes undefined behavior when executed
[INFO] [stdout] 
[INFO] [stdout] 
[INFO] [stdout] warning: dereferencing a null pointer
[INFO] [stdout]  --> /opt/rustwide/target/debug/build/hstrace-2428856450adfc52/out/bindings.rs:3:27339
[INFO] [stdout]   |
[INFO] [stdout] 3 | ...t_eq ! (unsafe { & (* (:: std :: ptr :: null :: < pt_regs > ())) . r14 as * const _ as usize } , 8usize , concat ! ("Offset of field: ...
[INFO] [stdout]   |                       ^^^^^^^^^^^^^^^^^^^^^^^^^^^^^^^^^^^^^^^^^^^^^ this code causes undefined behavior when executed
[INFO] [stdout] 
[INFO] [stdout] 
[INFO] [stdout] warning: dereferencing a null pointer
[INFO] [stdout]  --> /opt/rustwide/target/debug/build/hstrace-2428856450adfc52/out/bindings.rs:3:27535
[INFO] [stdout]   |
[INFO] [stdout] 3 | ...t_eq ! (unsafe { & (* (:: std :: ptr :: null :: < pt_regs > ())) . r13 as * const _ as usize } , 16usize , concat ! ("Offset of field:...
[INFO] [stdout]   |                       ^^^^^^^^^^^^^^^^^^^^^^^^^^^^^^^^^^^^^^^^^^^^^ this code causes undefined behavior when executed
[INFO] [stdout] 
[INFO] [stdout] 
[INFO] [stdout] warning: dereferencing a null pointer
[INFO] [stdout]  --> /opt/rustwide/target/debug/build/hstrace-2428856450adfc52/out/bindings.rs:3:27732
[INFO] [stdout]   |
[INFO] [stdout] 3 | ...t_eq ! (unsafe { & (* (:: std :: ptr :: null :: < pt_regs > ())) . r12 as * const _ as usize } , 24usize , concat ! ("Offset of field:...
[INFO] [stdout]   |                       ^^^^^^^^^^^^^^^^^^^^^^^^^^^^^^^^^^^^^^^^^^^^^ this code causes undefined behavior when executed
[INFO] [stdout] 
[INFO] [stdout] 
[INFO] [stdout] warning: dereferencing a null pointer
[INFO] [stdout]  --> /opt/rustwide/target/debug/build/hstrace-2428856450adfc52/out/bindings.rs:3:27929
[INFO] [stdout]   |
[INFO] [stdout] 3 | ...t_eq ! (unsafe { & (* (:: std :: ptr :: null :: < pt_regs > ())) . rbp as * const _ as usize } , 32usize , concat ! ("Offset of field:...
[INFO] [stdout]   |                       ^^^^^^^^^^^^^^^^^^^^^^^^^^^^^^^^^^^^^^^^^^^^^ this code causes undefined behavior when executed
[INFO] [stdout] 
[INFO] [stdout] 
[INFO] [stdout] warning: dereferencing a null pointer
[INFO] [stdout]  --> /opt/rustwide/target/debug/build/hstrace-2428856450adfc52/out/bindings.rs:3:28126
[INFO] [stdout]   |
[INFO] [stdout] 3 | ...t_eq ! (unsafe { & (* (:: std :: ptr :: null :: < pt_regs > ())) . rbx as * const _ as usize } , 40usize , concat ! ("Offset of field:...
[INFO] [stdout]   |                       ^^^^^^^^^^^^^^^^^^^^^^^^^^^^^^^^^^^^^^^^^^^^^ this code causes undefined behavior when executed
[INFO] [stdout] 
[INFO] [stdout] 
[INFO] [stdout] warning: dereferencing a null pointer
[INFO] [stdout]  --> /opt/rustwide/target/debug/build/hstrace-2428856450adfc52/out/bindings.rs:3:28323
[INFO] [stdout]   |
[INFO] [stdout] 3 | ...t_eq ! (unsafe { & (* (:: std :: ptr :: null :: < pt_regs > ())) . r11 as * const _ as usize } , 48usize , concat ! ("Offset of field:...
[INFO] [stdout]   |                       ^^^^^^^^^^^^^^^^^^^^^^^^^^^^^^^^^^^^^^^^^^^^^ this code causes undefined behavior when executed
[INFO] [stdout] 
[INFO] [stdout] 
[INFO] [stdout] warning: dereferencing a null pointer
[INFO] [stdout]  --> /opt/rustwide/target/debug/build/hstrace-2428856450adfc52/out/bindings.rs:3:28520
[INFO] [stdout]   |
[INFO] [stdout] 3 | ...t_eq ! (unsafe { & (* (:: std :: ptr :: null :: < pt_regs > ())) . r10 as * const _ as usize } , 56usize , concat ! ("Offset of field:...
[INFO] [stdout]   |                       ^^^^^^^^^^^^^^^^^^^^^^^^^^^^^^^^^^^^^^^^^^^^^ this code causes undefined behavior when executed
[INFO] [stdout] 
[INFO] [stdout] 
[INFO] [stdout] warning: dereferencing a null pointer
[INFO] [stdout]  --> /opt/rustwide/target/debug/build/hstrace-2428856450adfc52/out/bindings.rs:3:28717
[INFO] [stdout]   |
[INFO] [stdout] 3 | ...t_eq ! (unsafe { & (* (:: std :: ptr :: null :: < pt_regs > ())) . r9 as * const _ as usize } , 64usize , concat ! ("Offset of field: ...
[INFO] [stdout]   |                       ^^^^^^^^^^^^^^^^^^^^^^^^^^^^^^^^^^^^^^^^^^^^^ this code causes undefined behavior when executed
[INFO] [stdout] 
[INFO] [stdout] 
[INFO] [stdout] warning: dereferencing a null pointer
[INFO] [stdout]  --> /opt/rustwide/target/debug/build/hstrace-2428856450adfc52/out/bindings.rs:3:28912
[INFO] [stdout]   |
[INFO] [stdout] 3 | ...t_eq ! (unsafe { & (* (:: std :: ptr :: null :: < pt_regs > ())) . r8 as * const _ as usize } , 72usize , concat ! ("Offset of field: ...
[INFO] [stdout]   |                       ^^^^^^^^^^^^^^^^^^^^^^^^^^^^^^^^^^^^^^^^^^^^^ this code causes undefined behavior when executed
[INFO] [stdout] 
[INFO] [stdout] 
[INFO] [stdout] warning: dereferencing a null pointer
[INFO] [stdout]  --> /opt/rustwide/target/debug/build/hstrace-2428856450adfc52/out/bindings.rs:3:29107
[INFO] [stdout]   |
[INFO] [stdout] 3 | ...t_eq ! (unsafe { & (* (:: std :: ptr :: null :: < pt_regs > ())) . rax as * const _ as usize } , 80usize , concat ! ("Offset of field:...
[INFO] [stdout]   |                       ^^^^^^^^^^^^^^^^^^^^^^^^^^^^^^^^^^^^^^^^^^^^^ this code causes undefined behavior when executed
[INFO] [stdout] 
[INFO] [stdout] 
[INFO] [stdout] warning: dereferencing a null pointer
[INFO] [stdout]  --> /opt/rustwide/target/debug/build/hstrace-2428856450adfc52/out/bindings.rs:3:29304
[INFO] [stdout]   |
[INFO] [stdout] 3 | ...t_eq ! (unsafe { & (* (:: std :: ptr :: null :: < pt_regs > ())) . rcx as * const _ as usize } , 88usize , concat ! ("Offset of field:...
[INFO] [stdout]   |                       ^^^^^^^^^^^^^^^^^^^^^^^^^^^^^^^^^^^^^^^^^^^^^ this code causes undefined behavior when executed
[INFO] [stdout] 
[INFO] [stdout] 
[INFO] [stdout] warning: dereferencing a null pointer
[INFO] [stdout]  --> /opt/rustwide/target/debug/build/hstrace-2428856450adfc52/out/bindings.rs:3:29501
[INFO] [stdout]   |
[INFO] [stdout] 3 | ...t_eq ! (unsafe { & (* (:: std :: ptr :: null :: < pt_regs > ())) . rdx as * const _ as usize } , 96usize , concat ! ("Offset of field:...
[INFO] [stdout]   |                       ^^^^^^^^^^^^^^^^^^^^^^^^^^^^^^^^^^^^^^^^^^^^^ this code causes undefined behavior when executed
[INFO] [stdout] 
[INFO] [stdout] 
[INFO] [stdout] warning: dereferencing a null pointer
[INFO] [stdout]  --> /opt/rustwide/target/debug/build/hstrace-2428856450adfc52/out/bindings.rs:3:29698
[INFO] [stdout]   |
[INFO] [stdout] 3 | ...t_eq ! (unsafe { & (* (:: std :: ptr :: null :: < pt_regs > ())) . rsi as * const _ as usize } , 104usize , concat ! ("Offset of field...
[INFO] [stdout]   |                       ^^^^^^^^^^^^^^^^^^^^^^^^^^^^^^^^^^^^^^^^^^^^^ this code causes undefined behavior when executed
[INFO] [stdout] 
[INFO] [stdout] 
[INFO] [stdout] warning: dereferencing a null pointer
[INFO] [stdout]  --> /opt/rustwide/target/debug/build/hstrace-2428856450adfc52/out/bindings.rs:3:29896
[INFO] [stdout]   |
[INFO] [stdout] 3 | ...t_eq ! (unsafe { & (* (:: std :: ptr :: null :: < pt_regs > ())) . rdi as * const _ as usize } , 112usize , concat ! ("Offset of field...
[INFO] [stdout]   |                       ^^^^^^^^^^^^^^^^^^^^^^^^^^^^^^^^^^^^^^^^^^^^^ this code causes undefined behavior when executed
[INFO] [stdout] 
[INFO] [stdout] 
[INFO] [stdout] warning: dereferencing a null pointer
[INFO] [stdout]  --> /opt/rustwide/target/debug/build/hstrace-2428856450adfc52/out/bindings.rs:3:30094
[INFO] [stdout]   |
[INFO] [stdout] 3 | ...t_eq ! (unsafe { & (* (:: std :: ptr :: null :: < pt_regs > ())) . orig_rax as * const _ as usize } , 120usize , concat ! ("Offset of ...
[INFO] [stdout]   |                       ^^^^^^^^^^^^^^^^^^^^^^^^^^^^^^^^^^^^^^^^^^^^^ this code causes undefined behavior when executed
[INFO] [stdout] 
[INFO] [stdout] 
[INFO] [stdout] warning: dereferencing a null pointer
[INFO] [stdout]  --> /opt/rustwide/target/debug/build/hstrace-2428856450adfc52/out/bindings.rs:3:30302
[INFO] [stdout]   |
[INFO] [stdout] 3 | ...t_eq ! (unsafe { & (* (:: std :: ptr :: null :: < pt_regs > ())) . rip as * const _ as usize } , 128usize , concat ! ("Offset of field...
[INFO] [stdout]   |                       ^^^^^^^^^^^^^^^^^^^^^^^^^^^^^^^^^^^^^^^^^^^^^ this code causes undefined behavior when executed
[INFO] [stdout] 
[INFO] [stdout] 
[INFO] [stdout] warning: dereferencing a null pointer
[INFO] [stdout]  --> /opt/rustwide/target/debug/build/hstrace-2428856450adfc52/out/bindings.rs:3:30500
[INFO] [stdout]   |
[INFO] [stdout] 3 | ...t_eq ! (unsafe { & (* (:: std :: ptr :: null :: < pt_regs > ())) . cs as * const _ as usize } , 136usize , concat ! ("Offset of field:...
[INFO] [stdout]   |                       ^^^^^^^^^^^^^^^^^^^^^^^^^^^^^^^^^^^^^^^^^^^^^ this code causes undefined behavior when executed
[INFO] [stdout] 
[INFO] [stdout] 
[INFO] [stdout] warning: dereferencing a null pointer
[INFO] [stdout]  --> /opt/rustwide/target/debug/build/hstrace-2428856450adfc52/out/bindings.rs:3:30696
[INFO] [stdout]   |
[INFO] [stdout] 3 | ...t_eq ! (unsafe { & (* (:: std :: ptr :: null :: < pt_regs > ())) . eflags as * const _ as usize } , 144usize , concat ! ("Offset of fi...
[INFO] [stdout]   |                       ^^^^^^^^^^^^^^^^^^^^^^^^^^^^^^^^^^^^^^^^^^^^^ this code causes undefined behavior when executed
[INFO] [stdout] 
[INFO] [stdout] 
[INFO] [stdout] warning: dereferencing a null pointer
[INFO] [stdout]  --> /opt/rustwide/target/debug/build/hstrace-2428856450adfc52/out/bindings.rs:3:30900
[INFO] [stdout]   |
[INFO] [stdout] 3 | ...t_eq ! (unsafe { & (* (:: std :: ptr :: null :: < pt_regs > ())) . rsp as * const _ as usize } , 152usize , concat ! ("Offset of field...
[INFO] [stdout]   |                       ^^^^^^^^^^^^^^^^^^^^^^^^^^^^^^^^^^^^^^^^^^^^^ this code causes undefined behavior when executed
[INFO] [stdout] 
[INFO] [stdout] 
[INFO] [stdout] warning: dereferencing a null pointer
[INFO] [stdout]  --> /opt/rustwide/target/debug/build/hstrace-2428856450adfc52/out/bindings.rs:3:31098
[INFO] [stdout]   |
[INFO] [stdout] 3 | ...t_eq ! (unsafe { & (* (:: std :: ptr :: null :: < pt_regs > ())) . ss as * const _ as usize } , 160usize , concat ! ("Offset of field:...
[INFO] [stdout]   |                       ^^^^^^^^^^^^^^^^^^^^^^^^^^^^^^^^^^^^^^^^^^^^^ this code causes undefined behavior when executed
[INFO] [stdout] 
[INFO] [stdout] 
[INFO] [stdout] warning: dereferencing a null pointer
[INFO] [stdout]  --> /opt/rustwide/target/debug/build/hstrace-2428856450adfc52/out/bindings.rs:3:31998
[INFO] [stdout]   |
[INFO] [stdout] 3 | ...t_eq ! (unsafe { & (* (:: std :: ptr :: null :: < utsname > ())) . sysname as * const _ as usize } , 0usize , concat ! ("Offset of fie...
[INFO] [stdout]   |                       ^^^^^^^^^^^^^^^^^^^^^^^^^^^^^^^^^^^^^^^^^^^^^ this code causes undefined behavior when executed
[INFO] [stdout] 
[INFO] [stdout] 
[INFO] [stdout] warning: dereferencing a null pointer
[INFO] [stdout]  --> /opt/rustwide/target/debug/build/hstrace-2428856450adfc52/out/bindings.rs:3:32202
[INFO] [stdout]   |
[INFO] [stdout] 3 | ...t_eq ! (unsafe { & (* (:: std :: ptr :: null :: < utsname > ())) . nodename as * const _ as usize } , 65usize , concat ! ("Offset of f...
[INFO] [stdout]   |                       ^^^^^^^^^^^^^^^^^^^^^^^^^^^^^^^^^^^^^^^^^^^^^ this code causes undefined behavior when executed
[INFO] [stdout] 
[INFO] [stdout] 
[INFO] [stdout] warning: dereferencing a null pointer
[INFO] [stdout]  --> /opt/rustwide/target/debug/build/hstrace-2428856450adfc52/out/bindings.rs:3:32409
[INFO] [stdout]   |
[INFO] [stdout] 3 | ...t_eq ! (unsafe { & (* (:: std :: ptr :: null :: < utsname > ())) . release as * const _ as usize } , 130usize , concat ! ("Offset of f...
[INFO] [stdout]   |                       ^^^^^^^^^^^^^^^^^^^^^^^^^^^^^^^^^^^^^^^^^^^^^ this code causes undefined behavior when executed
[INFO] [stdout] 
[INFO] [stdout] 
[INFO] [stdout] warning: dereferencing a null pointer
[INFO] [stdout]  --> /opt/rustwide/target/debug/build/hstrace-2428856450adfc52/out/bindings.rs:3:32615
[INFO] [stdout]   |
[INFO] [stdout] 3 | ...t_eq ! (unsafe { & (* (:: std :: ptr :: null :: < utsname > ())) . version as * const _ as usize } , 195usize , concat ! ("Offset of f...
[INFO] [stdout]   |                       ^^^^^^^^^^^^^^^^^^^^^^^^^^^^^^^^^^^^^^^^^^^^^ this code causes undefined behavior when executed
[INFO] [stdout] 
[INFO] [stdout] 
[INFO] [stdout] warning: dereferencing a null pointer
[INFO] [stdout]  --> /opt/rustwide/target/debug/build/hstrace-2428856450adfc52/out/bindings.rs:3:32821
[INFO] [stdout]   |
[INFO] [stdout] 3 | ...t_eq ! (unsafe { & (* (:: std :: ptr :: null :: < utsname > ())) . machine as * const _ as usize } , 260usize , concat ! ("Offset of f...
[INFO] [stdout]   |                       ^^^^^^^^^^^^^^^^^^^^^^^^^^^^^^^^^^^^^^^^^^^^^ this code causes undefined behavior when executed
[INFO] [stdout] 
[INFO] [stdout] 
[INFO] [stdout] warning: dereferencing a null pointer
[INFO] [stdout]  --> /opt/rustwide/target/debug/build/hstrace-2428856450adfc52/out/bindings.rs:3:33027
[INFO] [stdout]   |
[INFO] [stdout] 3 | ...t_eq ! (unsafe { & (* (:: std :: ptr :: null :: < utsname > ())) . __domainname as * const _ as usize } , 325usize , concat ! ("Offset...
[INFO] [stdout]   |                       ^^^^^^^^^^^^^^^^^^^^^^^^^^^^^^^^^^^^^^^^^^^^^ this code causes undefined behavior when executed
[INFO] [stdout] 
[INFO] [stdout] 
[INFO] [stdout] warning: dereferencing a null pointer
[INFO] [stdout]  --> /opt/rustwide/target/debug/build/hstrace-2428856450adfc52/out/bindings.rs:3:35434
[INFO] [stdout]   |
[INFO] [stdout] 3 | ...t_eq ! (unsafe { & (* (:: std :: ptr :: null :: < __fsid_t > ())) . __val as * const _ as usize } , 0usize , concat ! ("Offset of fiel...
[INFO] [stdout]   |                       ^^^^^^^^^^^^^^^^^^^^^^^^^^^^^^^^^^^^^^^^^^^^^^ this code causes undefined behavior when executed
[INFO] [stdout] 
[INFO] [stdout] 
[INFO] [stdout] warning: dereferencing a null pointer
[INFO] [stdout]  --> /opt/rustwide/target/debug/build/hstrace-2428856450adfc52/out/bindings.rs:3:37612
[INFO] [stdout]   |
[INFO] [stdout] 3 | ...t_eq ! (unsafe { & (* (:: std :: ptr :: null :: < timespec > ())) . tv_sec as * const _ as usize } , 0usize , concat ! ("Offset of fie...
[INFO] [stdout]   |                       ^^^^^^^^^^^^^^^^^^^^^^^^^^^^^^^^^^^^^^^^^^^^^^ this code causes undefined behavior when executed
[INFO] [stdout] 
[INFO] [stdout] 
[INFO] [stdout] warning: dereferencing a null pointer
[INFO] [stdout]  --> /opt/rustwide/target/debug/build/hstrace-2428856450adfc52/out/bindings.rs:3:37816
[INFO] [stdout]   |
[INFO] [stdout] 3 | ...t_eq ! (unsafe { & (* (:: std :: ptr :: null :: < timespec > ())) . tv_nsec as * const _ as usize } , 8usize , concat ! ("Offset of fi...
[INFO] [stdout]   |                       ^^^^^^^^^^^^^^^^^^^^^^^^^^^^^^^^^^^^^^^^^^^^^^ this code causes undefined behavior when executed
[INFO] [stdout] 
[INFO] [stdout] 
[INFO] [stdout] warning: dereferencing a null pointer
[INFO] [stdout]  --> /opt/rustwide/target/debug/build/hstrace-2428856450adfc52/out/bindings.rs:3:38974
[INFO] [stdout]   |
[INFO] [stdout] 3 | ...ert_eq ! (unsafe { & (* (:: std :: ptr :: null :: < stat > ())) . st_dev as * const _ as usize } , 0usize , concat ! ("Offset of field...
[INFO] [stdout]   |                         ^^^^^^^^^^^^^^^^^^^^^^^^^^^^^^^^^^^^^^^^^^ this code causes undefined behavior when executed
[INFO] [stdout] 
[INFO] [stdout] 
[INFO] [stdout] warning: dereferencing a null pointer
[INFO] [stdout]  --> /opt/rustwide/target/debug/build/hstrace-2428856450adfc52/out/bindings.rs:3:39170
[INFO] [stdout]   |
[INFO] [stdout] 3 | ...ert_eq ! (unsafe { & (* (:: std :: ptr :: null :: < stat > ())) . st_ino as * const _ as usize } , 8usize , concat ! ("Offset of field...
[INFO] [stdout]   |                         ^^^^^^^^^^^^^^^^^^^^^^^^^^^^^^^^^^^^^^^^^^ this code causes undefined behavior when executed
[INFO] [stdout] 
[INFO] [stdout] 
[INFO] [stdout] warning: dereferencing a null pointer
[INFO] [stdout]  --> /opt/rustwide/target/debug/build/hstrace-2428856450adfc52/out/bindings.rs:3:39366
[INFO] [stdout]   |
[INFO] [stdout] 3 | ...ert_eq ! (unsafe { & (* (:: std :: ptr :: null :: < stat > ())) . st_nlink as * const _ as usize } , 16usize , concat ! ("Offset of fi...
[INFO] [stdout]   |                         ^^^^^^^^^^^^^^^^^^^^^^^^^^^^^^^^^^^^^^^^^^ this code causes undefined behavior when executed
[INFO] [stdout] 
[INFO] [stdout] 
[INFO] [stdout] warning: dereferencing a null pointer
[INFO] [stdout]  --> /opt/rustwide/target/debug/build/hstrace-2428856450adfc52/out/bindings.rs:3:39567
[INFO] [stdout]   |
[INFO] [stdout] 3 | ...ert_eq ! (unsafe { & (* (:: std :: ptr :: null :: < stat > ())) . st_mode as * const _ as usize } , 24usize , concat ! ("Offset of fie...
[INFO] [stdout]   |                         ^^^^^^^^^^^^^^^^^^^^^^^^^^^^^^^^^^^^^^^^^^ this code causes undefined behavior when executed
[INFO] [stdout] 
[INFO] [stdout] 
[INFO] [stdout] warning: dereferencing a null pointer
[INFO] [stdout]  --> /opt/rustwide/target/debug/build/hstrace-2428856450adfc52/out/bindings.rs:3:39766
[INFO] [stdout]   |
[INFO] [stdout] 3 | ...ert_eq ! (unsafe { & (* (:: std :: ptr :: null :: < stat > ())) . st_uid as * const _ as usize } , 28usize , concat ! ("Offset of fiel...
[INFO] [stdout]   |                         ^^^^^^^^^^^^^^^^^^^^^^^^^^^^^^^^^^^^^^^^^^ this code causes undefined behavior when executed
[INFO] [stdout] 
[INFO] [stdout] 
[INFO] [stdout] warning: dereferencing a null pointer
[INFO] [stdout]  --> /opt/rustwide/target/debug/build/hstrace-2428856450adfc52/out/bindings.rs:3:39963
[INFO] [stdout]   |
[INFO] [stdout] 3 | ...ert_eq ! (unsafe { & (* (:: std :: ptr :: null :: < stat > ())) . st_gid as * const _ as usize } , 32usize , concat ! ("Offset of fiel...
[INFO] [stdout]   |                         ^^^^^^^^^^^^^^^^^^^^^^^^^^^^^^^^^^^^^^^^^^ this code causes undefined behavior when executed
[INFO] [stdout] 
[INFO] [stdout] 
[INFO] [stdout] warning: dereferencing a null pointer
[INFO] [stdout]  --> /opt/rustwide/target/debug/build/hstrace-2428856450adfc52/out/bindings.rs:3:40160
[INFO] [stdout]   |
[INFO] [stdout] 3 | ...ert_eq ! (unsafe { & (* (:: std :: ptr :: null :: < stat > ())) . __pad0 as * const _ as usize } , 36usize , concat ! ("Offset of fiel...
[INFO] [stdout]   |                         ^^^^^^^^^^^^^^^^^^^^^^^^^^^^^^^^^^^^^^^^^^ this code causes undefined behavior when executed
[INFO] [stdout] 
[INFO] [stdout] 
[INFO] [stdout] warning: dereferencing a null pointer
[INFO] [stdout]  --> /opt/rustwide/target/debug/build/hstrace-2428856450adfc52/out/bindings.rs:3:40357
[INFO] [stdout]   |
[INFO] [stdout] 3 | ...ert_eq ! (unsafe { & (* (:: std :: ptr :: null :: < stat > ())) . st_rdev as * const _ as usize } , 40usize , concat ! ("Offset of fie...
[INFO] [stdout]   |                         ^^^^^^^^^^^^^^^^^^^^^^^^^^^^^^^^^^^^^^^^^^ this code causes undefined behavior when executed
[INFO] [stdout] 
[INFO] [stdout] 
[INFO] [stdout] warning: dereferencing a null pointer
[INFO] [stdout]  --> /opt/rustwide/target/debug/build/hstrace-2428856450adfc52/out/bindings.rs:3:40556
[INFO] [stdout]   |
[INFO] [stdout] 3 | ...ert_eq ! (unsafe { & (* (:: std :: ptr :: null :: < stat > ())) . st_size as * const _ as usize } , 48usize , concat ! ("Offset of fie...
[INFO] [stdout]   |                         ^^^^^^^^^^^^^^^^^^^^^^^^^^^^^^^^^^^^^^^^^^ this code causes undefined behavior when executed
[INFO] [stdout] 
[INFO] [stdout] 
[INFO] [stdout] warning: dereferencing a null pointer
[INFO] [stdout]  --> /opt/rustwide/target/debug/build/hstrace-2428856450adfc52/out/bindings.rs:3:40755
[INFO] [stdout]   |
[INFO] [stdout] 3 | ...ert_eq ! (unsafe { & (* (:: std :: ptr :: null :: < stat > ())) . st_blksize as * const _ as usize } , 56usize , concat ! ("Offset of ...
[INFO] [stdout]   |                         ^^^^^^^^^^^^^^^^^^^^^^^^^^^^^^^^^^^^^^^^^^ this code causes undefined behavior when executed
[INFO] [stdout] 
[INFO] [stdout] 
[INFO] [stdout] warning: dereferencing a null pointer
[INFO] [stdout]  --> /opt/rustwide/target/debug/build/hstrace-2428856450adfc52/out/bindings.rs:3:40960
[INFO] [stdout]   |
[INFO] [stdout] 3 | ...ert_eq ! (unsafe { & (* (:: std :: ptr :: null :: < stat > ())) . st_blocks as * const _ as usize } , 64usize , concat ! ("Offset of f...
[INFO] [stdout]   |                         ^^^^^^^^^^^^^^^^^^^^^^^^^^^^^^^^^^^^^^^^^^ this code causes undefined behavior when executed
[INFO] [stdout] 
[INFO] [stdout] 
[INFO] [stdout] warning: dereferencing a null pointer
[INFO] [stdout]  --> /opt/rustwide/target/debug/build/hstrace-2428856450adfc52/out/bindings.rs:3:41163
[INFO] [stdout]   |
[INFO] [stdout] 3 | ...ert_eq ! (unsafe { & (* (:: std :: ptr :: null :: < stat > ())) . st_atim as * const _ as usize } , 72usize , concat ! ("Offset of fie...
[INFO] [stdout]   |                         ^^^^^^^^^^^^^^^^^^^^^^^^^^^^^^^^^^^^^^^^^^ this code causes undefined behavior when executed
[INFO] [stdout] 
[INFO] [stdout] 
[INFO] [stdout] warning: dereferencing a null pointer
[INFO] [stdout]  --> /opt/rustwide/target/debug/build/hstrace-2428856450adfc52/out/bindings.rs:3:41362
[INFO] [stdout]   |
[INFO] [stdout] 3 | ...ert_eq ! (unsafe { & (* (:: std :: ptr :: null :: < stat > ())) . st_mtim as * const _ as usize } , 88usize , concat ! ("Offset of fie...
[INFO] [stdout]   |                         ^^^^^^^^^^^^^^^^^^^^^^^^^^^^^^^^^^^^^^^^^^ this code causes undefined behavior when executed
[INFO] [stdout] 
[INFO] [stdout] 
[INFO] [stdout] warning: dereferencing a null pointer
[INFO] [stdout]  --> /opt/rustwide/target/debug/build/hstrace-2428856450adfc52/out/bindings.rs:3:41561
[INFO] [stdout]   |
[INFO] [stdout] 3 | ...ert_eq ! (unsafe { & (* (:: std :: ptr :: null :: < stat > ())) . st_ctim as * const _ as usize } , 104usize , concat ! ("Offset of fi...
[INFO] [stdout]   |                         ^^^^^^^^^^^^^^^^^^^^^^^^^^^^^^^^^^^^^^^^^^ this code causes undefined behavior when executed
[INFO] [stdout] 
[INFO] [stdout] 
[INFO] [stdout] warning: dereferencing a null pointer
[INFO] [stdout]  --> /opt/rustwide/target/debug/build/hstrace-2428856450adfc52/out/bindings.rs:3:41761
[INFO] [stdout]   |
[INFO] [stdout] 3 | ...ert_eq ! (unsafe { & (* (:: std :: ptr :: null :: < stat > ())) . __glibc_reserved as * const _ as usize } , 120usize , concat ! ("Off...
[INFO] [stdout]   |                         ^^^^^^^^^^^^^^^^^^^^^^^^^^^^^^^^^^^^^^^^^^ this code causes undefined behavior when executed
[INFO] [stdout] 
[INFO] [stdout] 
[INFO] [stdout] warning: dereferencing a null pointer
[INFO] [stdout]  --> /opt/rustwide/target/debug/build/hstrace-2428856450adfc52/out/bindings.rs:3:45333
[INFO] [stdout]   |
[INFO] [stdout] 3 | ...t_eq ! (unsafe { & (* (:: std :: ptr :: null :: < sysinfo > ())) . uptime as * const _ as usize } , 0usize , concat ! ("Offset of fiel...
[INFO] [stdout]   |                       ^^^^^^^^^^^^^^^^^^^^^^^^^^^^^^^^^^^^^^^^^^^^^ this code causes undefined behavior when executed
[INFO] [stdout] 
[INFO] [stdout] 
[INFO] [stdout] warning: dereferencing a null pointer
[INFO] [stdout]  --> /opt/rustwide/target/debug/build/hstrace-2428856450adfc52/out/bindings.rs:3:45535
[INFO] [stdout]   |
[INFO] [stdout] 3 | ...t_eq ! (unsafe { & (* (:: std :: ptr :: null :: < sysinfo > ())) . loads as * const _ as usize } , 8usize , concat ! ("Offset of field...
[INFO] [stdout]   |                       ^^^^^^^^^^^^^^^^^^^^^^^^^^^^^^^^^^^^^^^^^^^^^ this code causes undefined behavior when executed
[INFO] [stdout] 
[INFO] [stdout] 
[INFO] [stdout] warning: dereferencing a null pointer
[INFO] [stdout]  --> /opt/rustwide/target/debug/build/hstrace-2428856450adfc52/out/bindings.rs:3:45735
[INFO] [stdout]   |
[INFO] [stdout] 3 | ...t_eq ! (unsafe { & (* (:: std :: ptr :: null :: < sysinfo > ())) . totalram as * const _ as usize } , 32usize , concat ! ("Offset of f...
[INFO] [stdout]   |                       ^^^^^^^^^^^^^^^^^^^^^^^^^^^^^^^^^^^^^^^^^^^^^ this code causes undefined behavior when executed
[INFO] [stdout] 
[INFO] [stdout] 
[INFO] [stdout] warning: dereferencing a null pointer
[INFO] [stdout]  --> /opt/rustwide/target/debug/build/hstrace-2428856450adfc52/out/bindings.rs:3:45942
[INFO] [stdout]   |
[INFO] [stdout] 3 | ...t_eq ! (unsafe { & (* (:: std :: ptr :: null :: < sysinfo > ())) . freeram as * const _ as usize } , 40usize , concat ! ("Offset of fi...
[INFO] [stdout]   |                       ^^^^^^^^^^^^^^^^^^^^^^^^^^^^^^^^^^^^^^^^^^^^^ this code causes undefined behavior when executed
[INFO] [stdout] 
[INFO] [stdout] 
[INFO] [stdout] warning: dereferencing a null pointer
[INFO] [stdout]  --> /opt/rustwide/target/debug/build/hstrace-2428856450adfc52/out/bindings.rs:3:46147
[INFO] [stdout]   |
[INFO] [stdout] 3 | ...t_eq ! (unsafe { & (* (:: std :: ptr :: null :: < sysinfo > ())) . sharedram as * const _ as usize } , 48usize , concat ! ("Offset of ...
[INFO] [stdout]   |                       ^^^^^^^^^^^^^^^^^^^^^^^^^^^^^^^^^^^^^^^^^^^^^ this code causes undefined behavior when executed
[INFO] [stdout] 
[INFO] [stdout] 
[INFO] [stdout] warning: dereferencing a null pointer
[INFO] [stdout]  --> /opt/rustwide/target/debug/build/hstrace-2428856450adfc52/out/bindings.rs:3:46356
[INFO] [stdout]   |
[INFO] [stdout] 3 | ...t_eq ! (unsafe { & (* (:: std :: ptr :: null :: < sysinfo > ())) . bufferram as * const _ as usize } , 56usize , concat ! ("Offset of ...
[INFO] [stdout]   |                       ^^^^^^^^^^^^^^^^^^^^^^^^^^^^^^^^^^^^^^^^^^^^^ this code causes undefined behavior when executed
[INFO] [stdout] 
[INFO] [stdout] 
[INFO] [stdout] warning: dereferencing a null pointer
[INFO] [stdout]  --> /opt/rustwide/target/debug/build/hstrace-2428856450adfc52/out/bindings.rs:3:46565
[INFO] [stdout]   |
[INFO] [stdout] 3 | ...t_eq ! (unsafe { & (* (:: std :: ptr :: null :: < sysinfo > ())) . totalswap as * const _ as usize } , 64usize , concat ! ("Offset of ...
[INFO] [stdout]   |                       ^^^^^^^^^^^^^^^^^^^^^^^^^^^^^^^^^^^^^^^^^^^^^ this code causes undefined behavior when executed
[INFO] [stdout] 
[INFO] [stdout] 
[INFO] [stdout] warning: dereferencing a null pointer
[INFO] [stdout]  --> /opt/rustwide/target/debug/build/hstrace-2428856450adfc52/out/bindings.rs:3:46774
[INFO] [stdout]   |
[INFO] [stdout] 3 | ...t_eq ! (unsafe { & (* (:: std :: ptr :: null :: < sysinfo > ())) . freeswap as * const _ as usize } , 72usize , concat ! ("Offset of f...
[INFO] [stdout]   |                       ^^^^^^^^^^^^^^^^^^^^^^^^^^^^^^^^^^^^^^^^^^^^^ this code causes undefined behavior when executed
[INFO] [stdout] 
[INFO] [stdout] 
[INFO] [stdout] warning: dereferencing a null pointer
[INFO] [stdout]  --> /opt/rustwide/target/debug/build/hstrace-2428856450adfc52/out/bindings.rs:3:46981
[INFO] [stdout]   |
[INFO] [stdout] 3 | ...t_eq ! (unsafe { & (* (:: std :: ptr :: null :: < sysinfo > ())) . procs as * const _ as usize } , 80usize , concat ! ("Offset of fiel...
[INFO] [stdout]   |                       ^^^^^^^^^^^^^^^^^^^^^^^^^^^^^^^^^^^^^^^^^^^^^ this code causes undefined behavior when executed
[INFO] [stdout] 
[INFO] [stdout] 
[INFO] [stdout] warning: dereferencing a null pointer
[INFO] [stdout]  --> /opt/rustwide/target/debug/build/hstrace-2428856450adfc52/out/bindings.rs:3:47182
[INFO] [stdout]   |
[INFO] [stdout] 3 | ...t_eq ! (unsafe { & (* (:: std :: ptr :: null :: < sysinfo > ())) . pad as * const _ as usize } , 82usize , concat ! ("Offset of field:...
[INFO] [stdout]   |                       ^^^^^^^^^^^^^^^^^^^^^^^^^^^^^^^^^^^^^^^^^^^^^ this code causes undefined behavior when executed
[INFO] [stdout] 
[INFO] [stdout] 
[INFO] [stdout] warning: dereferencing a null pointer
[INFO] [stdout]  --> /opt/rustwide/target/debug/build/hstrace-2428856450adfc52/out/bindings.rs:3:47379
[INFO] [stdout]   |
[INFO] [stdout] 3 | ...t_eq ! (unsafe { & (* (:: std :: ptr :: null :: < sysinfo > ())) . totalhigh as * const _ as usize } , 88usize , concat ! ("Offset of ...
[INFO] [stdout]   |                       ^^^^^^^^^^^^^^^^^^^^^^^^^^^^^^^^^^^^^^^^^^^^^ this code causes undefined behavior when executed
[INFO] [stdout] 
[INFO] [stdout] 
[INFO] [stdout] warning: dereferencing a null pointer
[INFO] [stdout]  --> /opt/rustwide/target/debug/build/hstrace-2428856450adfc52/out/bindings.rs:3:47588
[INFO] [stdout]   |
[INFO] [stdout] 3 | ...t_eq ! (unsafe { & (* (:: std :: ptr :: null :: < sysinfo > ())) . freehigh as * const _ as usize } , 96usize , concat ! ("Offset of f...
[INFO] [stdout]   |                       ^^^^^^^^^^^^^^^^^^^^^^^^^^^^^^^^^^^^^^^^^^^^^ this code causes undefined behavior when executed
[INFO] [stdout] 
[INFO] [stdout] 
[INFO] [stdout] warning: dereferencing a null pointer
[INFO] [stdout]  --> /opt/rustwide/target/debug/build/hstrace-2428856450adfc52/out/bindings.rs:3:47795
[INFO] [stdout]   |
[INFO] [stdout] 3 | ...t_eq ! (unsafe { & (* (:: std :: ptr :: null :: < sysinfo > ())) . mem_unit as * const _ as usize } , 104usize , concat ! ("Offset of ...
[INFO] [stdout]   |                       ^^^^^^^^^^^^^^^^^^^^^^^^^^^^^^^^^^^^^^^^^^^^^ this code causes undefined behavior when executed
[INFO] [stdout] 
[INFO] [stdout] 
[INFO] [stdout] warning: dereferencing a null pointer
[INFO] [stdout]  --> /opt/rustwide/target/debug/build/hstrace-2428856450adfc52/out/bindings.rs:3:48003
[INFO] [stdout]   |
[INFO] [stdout] 3 | ...t_eq ! (unsafe { & (* (:: std :: ptr :: null :: < sysinfo > ())) . _f as * const _ as usize } , 108usize , concat ! ("Offset of field:...
[INFO] [stdout]   |                       ^^^^^^^^^^^^^^^^^^^^^^^^^^^^^^^^^^^^^^^^^^^^^ this code causes undefined behavior when executed
[INFO] [stdout] 
[INFO] [stdout] 
[INFO] [stdout] warning: 91 warnings emitted
[INFO] [stdout] 
[INFO] [stdout] 
[INFO] [stderr]     Finished test [unoptimized + debuginfo] target(s) in 2.48s
[INFO] [stderr] warning: the following packages contain code that will be rejected by a future version of Rust: nom v5.1.2
[INFO] [stderr] note: to see what the problems were, use the option `--future-incompat-report`, or run `cargo report future-incompatibilities --id 1`
[INFO] running `Command { std: "docker" "inspect" "2f4693b4d623bb2991d59b3f882865b63eccc85750b7e5872590b71ffac6f827", kill_on_drop: false }`
[INFO] running `Command { std: "docker" "rm" "-f" "2f4693b4d623bb2991d59b3f882865b63eccc85750b7e5872590b71ffac6f827", kill_on_drop: false }`
[INFO] [stdout] 2f4693b4d623bb2991d59b3f882865b63eccc85750b7e5872590b71ffac6f827
[INFO] running `Command { std: "docker" "create" "-v" "/var/lib/crater-agent-workspace/builds/worker-2-tc2/target:/opt/rustwide/target:rw,Z" "-v" "/var/lib/crater-agent-workspace/builds/worker-2-tc2/source:/opt/rustwide/workdir:ro,Z" "-v" "/var/lib/crater-agent-workspace/cargo-home:/opt/rustwide/cargo-home:ro,Z" "-v" "/var/lib/crater-agent-workspace/rustup-home:/opt/rustwide/rustup-home:ro,Z" "-e" "SOURCE_DIR=/opt/rustwide/workdir" "-e" "CARGO_TARGET_DIR=/opt/rustwide/target" "-e" "CARGO_INCREMENTAL=0" "-e" "RUST_BACKTRACE=full" "-e" "RUSTFLAGS=--cap-lints=warn" "-e" "RUSTDOCFLAGS=--cap-lints=warn" "-e" "CARGO_HOME=/opt/rustwide/cargo-home" "-e" "RUSTUP_HOME=/opt/rustwide/rustup-home" "-w" "/opt/rustwide/workdir" "-m" "1610612736" "--user" "0:0" "--network" "none" "ghcr.io/rust-lang/crates-build-env/linux@sha256:5ff2268d62e97bff2cde7d5815dd6ed5b47097566f13b8d0ca110b04b60e07ed" "/opt/rustwide/cargo-home/bin/cargo" "+beta-2023-04-20" "test" "--frozen", kill_on_drop: false }`
[INFO] [stdout] ef69446df263821f68e18af026d82539fe899364d201c172472095af3244b174
[INFO] running `Command { std: "docker" "start" "-a" "ef69446df263821f68e18af026d82539fe899364d201c172472095af3244b174", kill_on_drop: false }`
[INFO] [stderr]     Blocking waiting for file lock on package cache
[INFO] [stderr] warning: field `c_struct` is never read
[INFO] [stderr]    --> hstrace_derive/src/lib.rs:110:9
[INFO] [stderr]     |
[INFO] [stderr] 108 | struct Fields<'a> {
[INFO] [stderr]     |        ------ field in this struct
[INFO] [stderr] 109 |     pub fields: Vec<&'a Field>,
[INFO] [stderr] 110 |     pub c_struct: Ident,
[INFO] [stderr]     |         ^^^^^^^^
[INFO] [stderr]     |
[INFO] [stderr]     = note: `#[warn(dead_code)]` on by default
[INFO] [stderr] 
[INFO] [stderr] warning: `hstrace_derive` (lib) generated 1 warning
[INFO] [stderr] warning: use of deprecated function `nix::sys::ptrace::ptrace`: usages of `ptrace()` should be replaced with the specialized helper functions instead
[INFO] [stderr]    --> src/ptrace/syscall_ptrace.rs:197:21
[INFO] [stderr]     |
[INFO] [stderr] 197 |             ptrace::ptrace(
[INFO] [stderr]     |                     ^^^^^^
[INFO] [stderr]     |
[INFO] [stderr]     = note: `#[warn(deprecated)]` on by default
[INFO] [stderr] 
[INFO] [stderr] warning: fields `from_arg` and `to_hashmap` are never read
[INFO] [stderr]   --> src/trace_grouper.rs:14:9
[INFO] [stderr]    |
[INFO] [stderr] 13 | pub(crate) struct StoreArg {
[INFO] [stderr]    |                   -------- fields in this struct
[INFO] [stderr] 14 |     pub from_arg: usize,
[INFO] [stderr]    |         ^^^^^^^^
[INFO] [stderr] 15 |     pub to_hashmap: usize,
[INFO] [stderr]    |         ^^^^^^^^^^
[INFO] [stderr]    |
[INFO] [stderr]    = note: `StoreArg` has a derived impl for the trait `Debug`, but this is intentionally ignored during dead code analysis
[INFO] [stderr]    = note: `#[warn(dead_code)]` on by default
[INFO] [stderr] 
[INFO] [stderr] warning: fields `to_arg` and `from_hashmap` are never read
[INFO] [stderr]   --> src/trace_grouper.rs:20:9
[INFO] [stderr]    |
[INFO] [stderr] 19 | pub(crate) struct StoreMatch {
[INFO] [stderr]    |                   ---------- fields in this struct
[INFO] [stderr] 20 |     pub to_arg: usize,
[INFO] [stderr]    |         ^^^^^^
[INFO] [stderr] 21 |     pub from_hashmap: usize,
[INFO] [stderr]    |         ^^^^^^^^^^^^
[INFO] [stderr]    |
[INFO] [stderr]    = note: `StoreMatch` has derived impls for the traits `Clone` and `Debug`, but these are intentionally ignored during dead code analysis
[INFO] [stderr] 
[INFO] [stderr] warning: field `store_match` is never read
[INFO] [stderr]   --> src/trace_grouper.rs:28:9
[INFO] [stderr]    |
[INFO] [stderr] 25 | pub(crate) struct ItemCall {
[INFO] [stderr]    |                   -------- field in this struct
[INFO] [stderr] ...
[INFO] [stderr] 28 |     pub store_match: Option<StoreMatch>,
[INFO] [stderr]    |         ^^^^^^^^^^^
[INFO] [stderr]    |
[INFO] [stderr]    = note: `ItemCall` has a derived impl for the trait `Debug`, but this is intentionally ignored during dead code analysis
[INFO] [stderr] 
[INFO] [stderr] warning: fields `state` and `store` are never read
[INFO] [stderr]   --> src/trace_grouper.rs:73:9
[INFO] [stderr]    |
[INFO] [stderr] 71 | pub(crate) struct Match {
[INFO] [stderr]    |                   ----- fields in this struct
[INFO] [stderr] 72 |     pub match_state: usize,
[INFO] [stderr] 73 |     pub state: ProgramState,
[INFO] [stderr]    |         ^^^^^
[INFO] [stderr] 74 |     pub items: Vec<MatchItem>,
[INFO] [stderr] 75 |     pub store: HashMap<usize, Value>,
[INFO] [stderr]    |         ^^^^^
[INFO] [stderr]    |
[INFO] [stderr]    = note: `Match` has a derived impl for the trait `Debug`, but this is intentionally ignored during dead code analysis
[INFO] [stderr] 
[INFO] [stderr] warning: dereferencing a null pointer
[INFO] [stderr]  --> /opt/rustwide/target/debug/build/hstrace-2428856450adfc52/out/bindings.rs:3:11893
[INFO] [stderr]   |
[INFO] [stderr] 3 | ... ! (unsafe { & (* (:: std :: ptr :: null :: < __kernel_fd_set > ())) . fds_bits as * const _ as usize } , 0usize , concat ! ("Offset o...
[INFO] [stderr]   |                   ^^^^^^^^^^^^^^^^^^^^^^^^^^^^^^^^^^^^^^^^^^^^^^^^^^^^^ this code causes undefined behavior when executed
[INFO] [stderr]   |
[INFO] [stderr]   = note: `#[warn(deref_nullptr)]` on by default
[INFO] [stderr] 
[INFO] [stderr] warning: dereferencing a null pointer
[INFO] [stderr]  --> /opt/rustwide/target/debug/build/hstrace-2428856450adfc52/out/bindings.rs:3:13820
[INFO] [stderr]   |
[INFO] [stderr] 3 | ... ! (unsafe { & (* (:: std :: ptr :: null :: < __kernel_fsid_t > ())) . val as * const _ as usize } , 0usize , concat ! ("Offset of fie...
[INFO] [stderr]   |                   ^^^^^^^^^^^^^^^^^^^^^^^^^^^^^^^^^^^^^^^^^^^^^^^^^^^^^ this code causes undefined behavior when executed
[INFO] [stderr] 
[INFO] [stderr] warning: dereferencing a null pointer
[INFO] [stderr]  --> /opt/rustwide/target/debug/build/hstrace-2428856450adfc52/out/bindings.rs:3:15415
[INFO] [stderr]   |
[INFO] [stderr] 3 | ...unsafe { & (* (:: std :: ptr :: null :: < ptrace_peeksiginfo_args > ())) . off as * const _ as usize } , 0usize , concat ! ("Offset of...
[INFO] [stderr]   |               ^^^^^^^^^^^^^^^^^^^^^^^^^^^^^^^^^^^^^^^^^^^^^^^^^^^^^^^^^^^^^ this code causes undefined behavior when executed
[INFO] [stderr] 
[INFO] [stderr] warning: dereferencing a null pointer
[INFO] [stderr]  --> /opt/rustwide/target/debug/build/hstrace-2428856450adfc52/out/bindings.rs:3:15643
[INFO] [stderr]   |
[INFO] [stderr] 3 | ...unsafe { & (* (:: std :: ptr :: null :: < ptrace_peeksiginfo_args > ())) . flags as * const _ as usize } , 8usize , concat ! ("Offset ...
[INFO] [stderr]   |               ^^^^^^^^^^^^^^^^^^^^^^^^^^^^^^^^^^^^^^^^^^^^^^^^^^^^^^^^^^^^^ this code causes undefined behavior when executed
[INFO] [stderr] 
[INFO] [stderr] warning: dereferencing a null pointer
[INFO] [stderr]  --> /opt/rustwide/target/debug/build/hstrace-2428856450adfc52/out/bindings.rs:3:15875
[INFO] [stderr]   |
[INFO] [stderr] 3 | ...unsafe { & (* (:: std :: ptr :: null :: < ptrace_peeksiginfo_args > ())) . nr as * const _ as usize } , 12usize , concat ! ("Offset of...
[INFO] [stderr]   |               ^^^^^^^^^^^^^^^^^^^^^^^^^^^^^^^^^^^^^^^^^^^^^^^^^^^^^^^^^^^^^ this code causes undefined behavior when executed
[INFO] [stderr] 
[INFO] [stderr] warning: dereferencing a null pointer
[INFO] [stderr]  --> /opt/rustwide/target/debug/build/hstrace-2428856450adfc52/out/bindings.rs:3:16550
[INFO] [stderr]   |
[INFO] [stderr] 3 | ... ! (unsafe { & (* (:: std :: ptr :: null :: < seccomp_metadata > ())) . filter_off as * const _ as usize } , 0usize , concat ! ("Offse...
[INFO] [stderr]   |                   ^^^^^^^^^^^^^^^^^^^^^^^^^^^^^^^^^^^^^^^^^^^^^^^^^^^^^^ this code causes undefined behavior when executed
[INFO] [stderr] 
[INFO] [stderr] warning: dereferencing a null pointer
[INFO] [stderr]  --> /opt/rustwide/target/debug/build/hstrace-2428856450adfc52/out/bindings.rs:3:16778
[INFO] [stderr]   |
[INFO] [stderr] 3 | ... ! (unsafe { & (* (:: std :: ptr :: null :: < seccomp_metadata > ())) . flags as * const _ as usize } , 8usize , concat ! ("Offset of ...
[INFO] [stderr]   |                   ^^^^^^^^^^^^^^^^^^^^^^^^^^^^^^^^^^^^^^^^^^^^^^^^^^^^^^ this code causes undefined behavior when executed
[INFO] [stderr] 
[INFO] [stderr] warning: dereferencing a null pointer
[INFO] [stderr]  --> /opt/rustwide/target/debug/build/hstrace-2428856450adfc52/out/bindings.rs:3:18164
[INFO] [stderr]   |
[INFO] [stderr] 3 | ...t_eq ! (unsafe { & (* (:: std :: ptr :: null :: < ptrace_syscall_info__bindgen_ty_1__bindgen_ty_1 > ())) . nr as * const _ as usize } ...
[INFO] [stderr]   |                       ^^^^^^^^^^^^^^^^^^^^^^^^^^^^^^^^^^^^^^^^^^^^^^^^^^^^^^^^^^^^^^^^^^^^^^^^^^^^^^^^^^^^^ this code causes undefined behavior when executed
[INFO] [stderr] 
[INFO] [stderr] warning: dereferencing a null pointer
[INFO] [stderr]  --> /opt/rustwide/target/debug/build/hstrace-2428856450adfc52/out/bindings.rs:3:18438
[INFO] [stderr]   |
[INFO] [stderr] 3 | ...t_eq ! (unsafe { & (* (:: std :: ptr :: null :: < ptrace_syscall_info__bindgen_ty_1__bindgen_ty_1 > ())) . args as * const _ as usize ...
[INFO] [stderr]   |                       ^^^^^^^^^^^^^^^^^^^^^^^^^^^^^^^^^^^^^^^^^^^^^^^^^^^^^^^^^^^^^^^^^^^^^^^^^^^^^^^^^^^^^ this code causes undefined behavior when executed
[INFO] [stderr] 
[INFO] [stderr] warning: dereferencing a null pointer
[INFO] [stderr]  --> /opt/rustwide/target/debug/build/hstrace-2428856450adfc52/out/bindings.rs:3:19346
[INFO] [stderr]   |
[INFO] [stderr] 3 | ...t_eq ! (unsafe { & (* (:: std :: ptr :: null :: < ptrace_syscall_info__bindgen_ty_1__bindgen_ty_2 > ())) . rval as * const _ as usize ...
[INFO] [stderr]   |                       ^^^^^^^^^^^^^^^^^^^^^^^^^^^^^^^^^^^^^^^^^^^^^^^^^^^^^^^^^^^^^^^^^^^^^^^^^^^^^^^^^^^^^ this code causes undefined behavior when executed
[INFO] [stderr] 
[INFO] [stderr] warning: dereferencing a null pointer
[INFO] [stderr]  --> /opt/rustwide/target/debug/build/hstrace-2428856450adfc52/out/bindings.rs:3:19624
[INFO] [stderr]   |
[INFO] [stderr] 3 | ...t_eq ! (unsafe { & (* (:: std :: ptr :: null :: < ptrace_syscall_info__bindgen_ty_1__bindgen_ty_2 > ())) . is_error as * const _ as us...
[INFO] [stderr]   |                       ^^^^^^^^^^^^^^^^^^^^^^^^^^^^^^^^^^^^^^^^^^^^^^^^^^^^^^^^^^^^^^^^^^^^^^^^^^^^^^^^^^^^^ this code causes undefined behavior when executed
[INFO] [stderr] 
[INFO] [stderr] warning: dereferencing a null pointer
[INFO] [stderr]  --> /opt/rustwide/target/debug/build/hstrace-2428856450adfc52/out/bindings.rs:3:20569
[INFO] [stderr]   |
[INFO] [stderr] 3 | ...t_eq ! (unsafe { & (* (:: std :: ptr :: null :: < ptrace_syscall_info__bindgen_ty_1__bindgen_ty_3 > ())) . nr as * const _ as usize } ...
[INFO] [stderr]   |                       ^^^^^^^^^^^^^^^^^^^^^^^^^^^^^^^^^^^^^^^^^^^^^^^^^^^^^^^^^^^^^^^^^^^^^^^^^^^^^^^^^^^^^ this code causes undefined behavior when executed
[INFO] [stderr] 
[INFO] [stderr] warning: dereferencing a null pointer
[INFO] [stderr]  --> /opt/rustwide/target/debug/build/hstrace-2428856450adfc52/out/bindings.rs:3:20843
[INFO] [stderr]   |
[INFO] [stderr] 3 | ...t_eq ! (unsafe { & (* (:: std :: ptr :: null :: < ptrace_syscall_info__bindgen_ty_1__bindgen_ty_3 > ())) . args as * const _ as usize ...
[INFO] [stderr]   |                       ^^^^^^^^^^^^^^^^^^^^^^^^^^^^^^^^^^^^^^^^^^^^^^^^^^^^^^^^^^^^^^^^^^^^^^^^^^^^^^^^^^^^^ this code causes undefined behavior when executed
[INFO] [stderr] 
[INFO] [stderr] warning: dereferencing a null pointer
[INFO] [stderr]  --> /opt/rustwide/target/debug/build/hstrace-2428856450adfc52/out/bindings.rs:3:21121
[INFO] [stderr]   |
[INFO] [stderr] 3 | ...t_eq ! (unsafe { & (* (:: std :: ptr :: null :: < ptrace_syscall_info__bindgen_ty_1__bindgen_ty_3 > ())) . ret_data as * const _ as us...
[INFO] [stderr]   |                       ^^^^^^^^^^^^^^^^^^^^^^^^^^^^^^^^^^^^^^^^^^^^^^^^^^^^^^^^^^^^^^^^^^^^^^^^^^^^^^^^^^^^^ this code causes undefined behavior when executed
[INFO] [stderr] 
[INFO] [stderr] warning: dereferencing a null pointer
[INFO] [stderr]  --> /opt/rustwide/target/debug/build/hstrace-2428856450adfc52/out/bindings.rs:3:21825
[INFO] [stderr]   |
[INFO] [stderr] 3 | ...e { & (* (:: std :: ptr :: null :: < ptrace_syscall_info__bindgen_ty_1 > ())) . entry as * const _ as usize } , 0usize , concat ! ("Of...
[INFO] [stderr]   |          ^^^^^^^^^^^^^^^^^^^^^^^^^^^^^^^^^^^^^^^^^^^^^^^^^^^^^^^^^^^^^^^^^^^^^^^ this code causes undefined behavior when executed
[INFO] [stderr] 
[INFO] [stderr] warning: dereferencing a null pointer
[INFO] [stderr]  --> /opt/rustwide/target/debug/build/hstrace-2428856450adfc52/out/bindings.rs:3:22077
[INFO] [stderr]   |
[INFO] [stderr] 3 | ...e { & (* (:: std :: ptr :: null :: < ptrace_syscall_info__bindgen_ty_1 > ())) . exit as * const _ as usize } , 0usize , concat ! ("Off...
[INFO] [stderr]   |          ^^^^^^^^^^^^^^^^^^^^^^^^^^^^^^^^^^^^^^^^^^^^^^^^^^^^^^^^^^^^^^^^^^^^^^^ this code causes undefined behavior when executed
[INFO] [stderr] 
[INFO] [stderr] warning: dereferencing a null pointer
[INFO] [stderr]  --> /opt/rustwide/target/debug/build/hstrace-2428856450adfc52/out/bindings.rs:3:22327
[INFO] [stderr]   |
[INFO] [stderr] 3 | ...e { & (* (:: std :: ptr :: null :: < ptrace_syscall_info__bindgen_ty_1 > ())) . seccomp as * const _ as usize } , 0usize , concat ! ("...
[INFO] [stderr]   |          ^^^^^^^^^^^^^^^^^^^^^^^^^^^^^^^^^^^^^^^^^^^^^^^^^^^^^^^^^^^^^^^^^^^^^^^ this code causes undefined behavior when executed
[INFO] [stderr] 
[INFO] [stderr] warning: dereferencing a null pointer
[INFO] [stderr]  --> /opt/rustwide/target/debug/build/hstrace-2428856450adfc52/out/bindings.rs:3:22930
[INFO] [stderr]   |
[INFO] [stderr] 3 | ... (unsafe { & (* (:: std :: ptr :: null :: < ptrace_syscall_info > ())) . op as * const _ as usize } , 0usize , concat ! ("Offset of fi...
[INFO] [stderr]   |                 ^^^^^^^^^^^^^^^^^^^^^^^^^^^^^^^^^^^^^^^^^^^^^^^^^^^^^^^^^ this code causes undefined behavior when executed
[INFO] [stderr] 
[INFO] [stderr] warning: dereferencing a null pointer
[INFO] [stderr]  --> /opt/rustwide/target/debug/build/hstrace-2428856450adfc52/out/bindings.rs:3:23148
[INFO] [stderr]   |
[INFO] [stderr] 3 | ... (unsafe { & (* (:: std :: ptr :: null :: < ptrace_syscall_info > ())) . pad as * const _ as usize } , 1usize , concat ! ("Offset of f...
[INFO] [stderr]   |                 ^^^^^^^^^^^^^^^^^^^^^^^^^^^^^^^^^^^^^^^^^^^^^^^^^^^^^^^^^ this code causes undefined behavior when executed
[INFO] [stderr] 
[INFO] [stderr] warning: dereferencing a null pointer
[INFO] [stderr]  --> /opt/rustwide/target/debug/build/hstrace-2428856450adfc52/out/bindings.rs:3:23368
[INFO] [stderr]   |
[INFO] [stderr] 3 | ... (unsafe { & (* (:: std :: ptr :: null :: < ptrace_syscall_info > ())) . arch as * const _ as usize } , 4usize , concat ! ("Offset of ...
[INFO] [stderr]   |                 ^^^^^^^^^^^^^^^^^^^^^^^^^^^^^^^^^^^^^^^^^^^^^^^^^^^^^^^^^ this code causes undefined behavior when executed
[INFO] [stderr] 
[INFO] [stderr] warning: dereferencing a null pointer
[INFO] [stderr]  --> /opt/rustwide/target/debug/build/hstrace-2428856450adfc52/out/bindings.rs:3:23590
[INFO] [stderr]   |
[INFO] [stderr] 3 | ... (unsafe { & (* (:: std :: ptr :: null :: < ptrace_syscall_info > ())) . instruction_pointer as * const _ as usize } , 8usize , concat...
[INFO] [stderr]   |                 ^^^^^^^^^^^^^^^^^^^^^^^^^^^^^^^^^^^^^^^^^^^^^^^^^^^^^^^^^ this code causes undefined behavior when executed
[INFO] [stderr] 
[INFO] [stderr] warning: dereferencing a null pointer
[INFO] [stderr]  --> /opt/rustwide/target/debug/build/hstrace-2428856450adfc52/out/bindings.rs:3:23842
[INFO] [stderr]   |
[INFO] [stderr] 3 | ... (unsafe { & (* (:: std :: ptr :: null :: < ptrace_syscall_info > ())) . stack_pointer as * const _ as usize } , 16usize , concat ! ("...
[INFO] [stderr]   |                 ^^^^^^^^^^^^^^^^^^^^^^^^^^^^^^^^^^^^^^^^^^^^^^^^^^^^^^^^^ this code causes undefined behavior when executed
[INFO] [stderr] 
[INFO] [stderr] warning: dereferencing a null pointer
[INFO] [stderr]  --> /opt/rustwide/target/debug/build/hstrace-2428856450adfc52/out/bindings.rs:3:24661
[INFO] [stderr]   |
[INFO] [stderr] 3 | ...nsafe { & (* (:: std :: ptr :: null :: < ptrace_rseq_configuration > ())) . rseq_abi_pointer as * const _ as usize } , 0usize , concat...
[INFO] [stderr]   |              ^^^^^^^^^^^^^^^^^^^^^^^^^^^^^^^^^^^^^^^^^^^^^^^^^^^^^^^^^^^^^^^ this code causes undefined behavior when executed
[INFO] [stderr] 
[INFO] [stderr] warning: dereferencing a null pointer
[INFO] [stderr]  --> /opt/rustwide/target/debug/build/hstrace-2428856450adfc52/out/bindings.rs:3:24919
[INFO] [stderr]   |
[INFO] [stderr] 3 | ...nsafe { & (* (:: std :: ptr :: null :: < ptrace_rseq_configuration > ())) . rseq_abi_size as * const _ as usize } , 8usize , concat ! ...
[INFO] [stderr]   |              ^^^^^^^^^^^^^^^^^^^^^^^^^^^^^^^^^^^^^^^^^^^^^^^^^^^^^^^^^^^^^^^ this code causes undefined behavior when executed
[INFO] [stderr] 
[INFO] [stderr] warning: dereferencing a null pointer
[INFO] [stderr]  --> /opt/rustwide/target/debug/build/hstrace-2428856450adfc52/out/bindings.rs:3:25171
[INFO] [stderr]   |
[INFO] [stderr] 3 | ...nsafe { & (* (:: std :: ptr :: null :: < ptrace_rseq_configuration > ())) . signature as * const _ as usize } , 12usize , concat ! ("O...
[INFO] [stderr]   |              ^^^^^^^^^^^^^^^^^^^^^^^^^^^^^^^^^^^^^^^^^^^^^^^^^^^^^^^^^^^^^^^ this code causes undefined behavior when executed
[INFO] [stderr] 
[INFO] [stderr] warning: dereferencing a null pointer
[INFO] [stderr]  --> /opt/rustwide/target/debug/build/hstrace-2428856450adfc52/out/bindings.rs:3:25416
[INFO] [stderr]   |
[INFO] [stderr] 3 | ...nsafe { & (* (:: std :: ptr :: null :: < ptrace_rseq_configuration > ())) . flags as * const _ as usize } , 16usize , concat ! ("Offse...
[INFO] [stderr]   |              ^^^^^^^^^^^^^^^^^^^^^^^^^^^^^^^^^^^^^^^^^^^^^^^^^^^^^^^^^^^^^^^ this code causes undefined behavior when executed
[INFO] [stderr] 
[INFO] [stderr] warning: dereferencing a null pointer
[INFO] [stderr]  --> /opt/rustwide/target/debug/build/hstrace-2428856450adfc52/out/bindings.rs:3:25653
[INFO] [stderr]   |
[INFO] [stderr] 3 | ...nsafe { & (* (:: std :: ptr :: null :: < ptrace_rseq_configuration > ())) . pad as * const _ as usize } , 20usize , concat ! ("Offset ...
[INFO] [stderr]   |              ^^^^^^^^^^^^^^^^^^^^^^^^^^^^^^^^^^^^^^^^^^^^^^^^^^^^^^^^^^^^^^^ this code causes undefined behavior when executed
[INFO] [stderr] 
[INFO] [stderr] warning: dereferencing a null pointer
[INFO] [stderr]  --> /opt/rustwide/target/debug/build/hstrace-2428856450adfc52/out/bindings.rs:3:27143
[INFO] [stderr]   |
[INFO] [stderr] 3 | ...t_eq ! (unsafe { & (* (:: std :: ptr :: null :: < pt_regs > ())) . r15 as * const _ as usize } , 0usize , concat ! ("Offset of field: ...
[INFO] [stderr]   |                       ^^^^^^^^^^^^^^^^^^^^^^^^^^^^^^^^^^^^^^^^^^^^^ this code causes undefined behavior when executed
[INFO] [stderr] 
[INFO] [stderr] warning: dereferencing a null pointer
[INFO] [stderr]  --> /opt/rustwide/target/debug/build/hstrace-2428856450adfc52/out/bindings.rs:3:27339
[INFO] [stderr]   |
[INFO] [stderr] 3 | ...t_eq ! (unsafe { & (* (:: std :: ptr :: null :: < pt_regs > ())) . r14 as * const _ as usize } , 8usize , concat ! ("Offset of field: ...
[INFO] [stderr]   |                       ^^^^^^^^^^^^^^^^^^^^^^^^^^^^^^^^^^^^^^^^^^^^^ this code causes undefined behavior when executed
[INFO] [stderr] 
[INFO] [stderr] warning: dereferencing a null pointer
[INFO] [stderr]  --> /opt/rustwide/target/debug/build/hstrace-2428856450adfc52/out/bindings.rs:3:27535
[INFO] [stderr]   |
[INFO] [stderr] 3 | ...t_eq ! (unsafe { & (* (:: std :: ptr :: null :: < pt_regs > ())) . r13 as * const _ as usize } , 16usize , concat ! ("Offset of field:...
[INFO] [stderr]   |                       ^^^^^^^^^^^^^^^^^^^^^^^^^^^^^^^^^^^^^^^^^^^^^ this code causes undefined behavior when executed
[INFO] [stderr] 
[INFO] [stderr] warning: dereferencing a null pointer
[INFO] [stderr]  --> /opt/rustwide/target/debug/build/hstrace-2428856450adfc52/out/bindings.rs:3:27732
[INFO] [stderr]   |
[INFO] [stderr] 3 | ...t_eq ! (unsafe { & (* (:: std :: ptr :: null :: < pt_regs > ())) . r12 as * const _ as usize } , 24usize , concat ! ("Offset of field:...
[INFO] [stderr]   |                       ^^^^^^^^^^^^^^^^^^^^^^^^^^^^^^^^^^^^^^^^^^^^^ this code causes undefined behavior when executed
[INFO] [stderr] 
[INFO] [stderr] warning: dereferencing a null pointer
[INFO] [stderr]  --> /opt/rustwide/target/debug/build/hstrace-2428856450adfc52/out/bindings.rs:3:27929
[INFO] [stderr]   |
[INFO] [stderr] 3 | ...t_eq ! (unsafe { & (* (:: std :: ptr :: null :: < pt_regs > ())) . rbp as * const _ as usize } , 32usize , concat ! ("Offset of field:...
[INFO] [stderr]   |                       ^^^^^^^^^^^^^^^^^^^^^^^^^^^^^^^^^^^^^^^^^^^^^ this code causes undefined behavior when executed
[INFO] [stderr] 
[INFO] [stderr] warning: dereferencing a null pointer
[INFO] [stderr]  --> /opt/rustwide/target/debug/build/hstrace-2428856450adfc52/out/bindings.rs:3:28126
[INFO] [stderr]   |
[INFO] [stderr] 3 | ...t_eq ! (unsafe { & (* (:: std :: ptr :: null :: < pt_regs > ())) . rbx as * const _ as usize } , 40usize , concat ! ("Offset of field:...
[INFO] [stderr]   |                       ^^^^^^^^^^^^^^^^^^^^^^^^^^^^^^^^^^^^^^^^^^^^^ this code causes undefined behavior when executed
[INFO] [stderr] 
[INFO] [stderr] warning: dereferencing a null pointer
[INFO] [stderr]  --> /opt/rustwide/target/debug/build/hstrace-2428856450adfc52/out/bindings.rs:3:28323
[INFO] [stderr]   |
[INFO] [stderr] 3 | ...t_eq ! (unsafe { & (* (:: std :: ptr :: null :: < pt_regs > ())) . r11 as * const _ as usize } , 48usize , concat ! ("Offset of field:...
[INFO] [stderr]   |                       ^^^^^^^^^^^^^^^^^^^^^^^^^^^^^^^^^^^^^^^^^^^^^ this code causes undefined behavior when executed
[INFO] [stderr] 
[INFO] [stderr] warning: dereferencing a null pointer
[INFO] [stderr]  --> /opt/rustwide/target/debug/build/hstrace-2428856450adfc52/out/bindings.rs:3:28520
[INFO] [stderr]   |
[INFO] [stderr] 3 | ...t_eq ! (unsafe { & (* (:: std :: ptr :: null :: < pt_regs > ())) . r10 as * const _ as usize } , 56usize , concat ! ("Offset of field:...
[INFO] [stderr]   |                       ^^^^^^^^^^^^^^^^^^^^^^^^^^^^^^^^^^^^^^^^^^^^^ this code causes undefined behavior when executed
[INFO] [stderr] 
[INFO] [stderr] warning: dereferencing a null pointer
[INFO] [stderr]  --> /opt/rustwide/target/debug/build/hstrace-2428856450adfc52/out/bindings.rs:3:28717
[INFO] [stderr]   |
[INFO] [stderr] 3 | ...t_eq ! (unsafe { & (* (:: std :: ptr :: null :: < pt_regs > ())) . r9 as * const _ as usize } , 64usize , concat ! ("Offset of field: ...
[INFO] [stderr]   |                       ^^^^^^^^^^^^^^^^^^^^^^^^^^^^^^^^^^^^^^^^^^^^^ this code causes undefined behavior when executed
[INFO] [stderr] 
[INFO] [stderr] warning: dereferencing a null pointer
[INFO] [stderr]  --> /opt/rustwide/target/debug/build/hstrace-2428856450adfc52/out/bindings.rs:3:28912
[INFO] [stderr]   |
[INFO] [stderr] 3 | ...t_eq ! (unsafe { & (* (:: std :: ptr :: null :: < pt_regs > ())) . r8 as * const _ as usize } , 72usize , concat ! ("Offset of field: ...
[INFO] [stderr]   |                       ^^^^^^^^^^^^^^^^^^^^^^^^^^^^^^^^^^^^^^^^^^^^^ this code causes undefined behavior when executed
[INFO] [stderr] 
[INFO] [stderr] warning: dereferencing a null pointer
[INFO] [stderr]  --> /opt/rustwide/target/debug/build/hstrace-2428856450adfc52/out/bindings.rs:3:29107
[INFO] [stderr]   |
[INFO] [stderr] 3 | ...t_eq ! (unsafe { & (* (:: std :: ptr :: null :: < pt_regs > ())) . rax as * const _ as usize } , 80usize , concat ! ("Offset of field:...
[INFO] [stderr]   |                       ^^^^^^^^^^^^^^^^^^^^^^^^^^^^^^^^^^^^^^^^^^^^^ this code causes undefined behavior when executed
[INFO] [stderr] 
[INFO] [stderr] warning: dereferencing a null pointer
[INFO] [stderr]  --> /opt/rustwide/target/debug/build/hstrace-2428856450adfc52/out/bindings.rs:3:29304
[INFO] [stderr]   |
[INFO] [stderr] 3 | ...t_eq ! (unsafe { & (* (:: std :: ptr :: null :: < pt_regs > ())) . rcx as * const _ as usize } , 88usize , concat ! ("Offset of field:...
[INFO] [stderr]   |                       ^^^^^^^^^^^^^^^^^^^^^^^^^^^^^^^^^^^^^^^^^^^^^ this code causes undefined behavior when executed
[INFO] [stderr] 
[INFO] [stderr] warning: dereferencing a null pointer
[INFO] [stderr]  --> /opt/rustwide/target/debug/build/hstrace-2428856450adfc52/out/bindings.rs:3:29501
[INFO] [stderr]   |
[INFO] [stderr] 3 | ...t_eq ! (unsafe { & (* (:: std :: ptr :: null :: < pt_regs > ())) . rdx as * const _ as usize } , 96usize , concat ! ("Offset of field:...
[INFO] [stderr]   |                       ^^^^^^^^^^^^^^^^^^^^^^^^^^^^^^^^^^^^^^^^^^^^^ this code causes undefined behavior when executed
[INFO] [stderr] 
[INFO] [stderr] warning: dereferencing a null pointer
[INFO] [stderr]  --> /opt/rustwide/target/debug/build/hstrace-2428856450adfc52/out/bindings.rs:3:29698
[INFO] [stderr]   |
[INFO] [stderr] 3 | ...t_eq ! (unsafe { & (* (:: std :: ptr :: null :: < pt_regs > ())) . rsi as * const _ as usize } , 104usize , concat ! ("Offset of field...
[INFO] [stderr]   |                       ^^^^^^^^^^^^^^^^^^^^^^^^^^^^^^^^^^^^^^^^^^^^^ this code causes undefined behavior when executed
[INFO] [stderr] 
[INFO] [stderr] warning: dereferencing a null pointer
[INFO] [stderr]  --> /opt/rustwide/target/debug/build/hstrace-2428856450adfc52/out/bindings.rs:3:29896
[INFO] [stderr]   |
[INFO] [stderr] 3 | ...t_eq ! (unsafe { & (* (:: std :: ptr :: null :: < pt_regs > ())) . rdi as * const _ as usize } , 112usize , concat ! ("Offset of field...
[INFO] [stderr]   |                       ^^^^^^^^^^^^^^^^^^^^^^^^^^^^^^^^^^^^^^^^^^^^^ this code causes undefined behavior when executed
[INFO] [stderr] 
[INFO] [stderr] warning: dereferencing a null pointer
[INFO] [stderr]  --> /opt/rustwide/target/debug/build/hstrace-2428856450adfc52/out/bindings.rs:3:30094
[INFO] [stderr]   |
[INFO] [stderr] 3 | ...t_eq ! (unsafe { & (* (:: std :: ptr :: null :: < pt_regs > ())) . orig_rax as * const _ as usize } , 120usize , concat ! ("Offset of ...
[INFO] [stderr]   |                       ^^^^^^^^^^^^^^^^^^^^^^^^^^^^^^^^^^^^^^^^^^^^^ this code causes undefined behavior when executed
[INFO] [stderr] 
[INFO] [stderr] warning: dereferencing a null pointer
[INFO] [stderr]  --> /opt/rustwide/target/debug/build/hstrace-2428856450adfc52/out/bindings.rs:3:30302
[INFO] [stderr]   |
[INFO] [stderr] 3 | ...t_eq ! (unsafe { & (* (:: std :: ptr :: null :: < pt_regs > ())) . rip as * const _ as usize } , 128usize , concat ! ("Offset of field...
[INFO] [stderr]   |                       ^^^^^^^^^^^^^^^^^^^^^^^^^^^^^^^^^^^^^^^^^^^^^ this code causes undefined behavior when executed
[INFO] [stderr] 
[INFO] [stderr] warning: dereferencing a null pointer
[INFO] [stderr]  --> /opt/rustwide/target/debug/build/hstrace-2428856450adfc52/out/bindings.rs:3:30500
[INFO] [stderr]   |
[INFO] [stderr] 3 | ...t_eq ! (unsafe { & (* (:: std :: ptr :: null :: < pt_regs > ())) . cs as * const _ as usize } , 136usize , concat ! ("Offset of field:...
[INFO] [stderr]   |                       ^^^^^^^^^^^^^^^^^^^^^^^^^^^^^^^^^^^^^^^^^^^^^ this code causes undefined behavior when executed
[INFO] [stderr] 
[INFO] [stderr] warning: dereferencing a null pointer
[INFO] [stderr]  --> /opt/rustwide/target/debug/build/hstrace-2428856450adfc52/out/bindings.rs:3:30696
[INFO] [stderr]   |
[INFO] [stderr] 3 | ...t_eq ! (unsafe { & (* (:: std :: ptr :: null :: < pt_regs > ())) . eflags as * const _ as usize } , 144usize , concat ! ("Offset of fi...
[INFO] [stderr]   |                       ^^^^^^^^^^^^^^^^^^^^^^^^^^^^^^^^^^^^^^^^^^^^^ this code causes undefined behavior when executed
[INFO] [stderr] 
[INFO] [stderr] warning: dereferencing a null pointer
[INFO] [stderr]  --> /opt/rustwide/target/debug/build/hstrace-2428856450adfc52/out/bindings.rs:3:30900
[INFO] [stderr]   |
[INFO] [stderr] 3 | ...t_eq ! (unsafe { & (* (:: std :: ptr :: null :: < pt_regs > ())) . rsp as * const _ as usize } , 152usize , concat ! ("Offset of field...
[INFO] [stderr]   |                       ^^^^^^^^^^^^^^^^^^^^^^^^^^^^^^^^^^^^^^^^^^^^^ this code causes undefined behavior when executed
[INFO] [stderr] 
[INFO] [stderr] warning: dereferencing a null pointer
[INFO] [stderr]  --> /opt/rustwide/target/debug/build/hstrace-2428856450adfc52/out/bindings.rs:3:31098
[INFO] [stderr]   |
[INFO] [stderr] 3 | ...t_eq ! (unsafe { & (* (:: std :: ptr :: null :: < pt_regs > ())) . ss as * const _ as usize } , 160usize , concat ! ("Offset of field:...
[INFO] [stderr]   |                       ^^^^^^^^^^^^^^^^^^^^^^^^^^^^^^^^^^^^^^^^^^^^^ this code causes undefined behavior when executed
[INFO] [stderr] 
[INFO] [stderr] warning: dereferencing a null pointer
[INFO] [stderr]  --> /opt/rustwide/target/debug/build/hstrace-2428856450adfc52/out/bindings.rs:3:31998
[INFO] [stderr]   |
[INFO] [stderr] 3 | ...t_eq ! (unsafe { & (* (:: std :: ptr :: null :: < utsname > ())) . sysname as * const _ as usize } , 0usize , concat ! ("Offset of fie...
[INFO] [stderr]   |                       ^^^^^^^^^^^^^^^^^^^^^^^^^^^^^^^^^^^^^^^^^^^^^ this code causes undefined behavior when executed
[INFO] [stderr] 
[INFO] [stderr] warning: dereferencing a null pointer
[INFO] [stderr]  --> /opt/rustwide/target/debug/build/hstrace-2428856450adfc52/out/bindings.rs:3:32202
[INFO] [stderr]   |
[INFO] [stderr] 3 | ...t_eq ! (unsafe { & (* (:: std :: ptr :: null :: < utsname > ())) . nodename as * const _ as usize } , 65usize , concat ! ("Offset of f...
[INFO] [stderr]   |                       ^^^^^^^^^^^^^^^^^^^^^^^^^^^^^^^^^^^^^^^^^^^^^ this code causes undefined behavior when executed
[INFO] [stderr] 
[INFO] [stderr] warning: dereferencing a null pointer
[INFO] [stderr]  --> /opt/rustwide/target/debug/build/hstrace-2428856450adfc52/out/bindings.rs:3:32409
[INFO] [stderr]   |
[INFO] [stderr] 3 | ...t_eq ! (unsafe { & (* (:: std :: ptr :: null :: < utsname > ())) . release as * const _ as usize } , 130usize , concat ! ("Offset of f...
[INFO] [stderr]   |                       ^^^^^^^^^^^^^^^^^^^^^^^^^^^^^^^^^^^^^^^^^^^^^ this code causes undefined behavior when executed
[INFO] [stderr] 
[INFO] [stderr] warning: dereferencing a null pointer
[INFO] [stderr]  --> /opt/rustwide/target/debug/build/hstrace-2428856450adfc52/out/bindings.rs:3:32615
[INFO] [stderr]   |
[INFO] [stderr] 3 | ...t_eq ! (unsafe { & (* (:: std :: ptr :: null :: < utsname > ())) . version as * const _ as usize } , 195usize , concat ! ("Offset of f...
[INFO] [stderr]   |                       ^^^^^^^^^^^^^^^^^^^^^^^^^^^^^^^^^^^^^^^^^^^^^ this code causes undefined behavior when executed
[INFO] [stderr] 
[INFO] [stderr] warning: dereferencing a null pointer
[INFO] [stderr]  --> /opt/rustwide/target/debug/build/hstrace-2428856450adfc52/out/bindings.rs:3:32821
[INFO] [stderr]   |
[INFO] [stderr] 3 | ...t_eq ! (unsafe { & (* (:: std :: ptr :: null :: < utsname > ())) . machine as * const _ as usize } , 260usize , concat ! ("Offset of f...
[INFO] [stderr]   |                       ^^^^^^^^^^^^^^^^^^^^^^^^^^^^^^^^^^^^^^^^^^^^^ this code causes undefined behavior when executed
[INFO] [stderr] 
[INFO] [stderr] warning: dereferencing a null pointer
[INFO] [stderr]  --> /opt/rustwide/target/debug/build/hstrace-2428856450adfc52/out/bindings.rs:3:33027
[INFO] [stderr]   |
[INFO] [stderr] 3 | ...t_eq ! (unsafe { & (* (:: std :: ptr :: null :: < utsname > ())) . __domainname as * const _ as usize } , 325usize , concat ! ("Offset...
[INFO] [stderr]   |                       ^^^^^^^^^^^^^^^^^^^^^^^^^^^^^^^^^^^^^^^^^^^^^ this code causes undefined behavior when executed
[INFO] [stderr] 
[INFO] [stderr] warning: dereferencing a null pointer
[INFO] [stderr]  --> /opt/rustwide/target/debug/build/hstrace-2428856450adfc52/out/bindings.rs:3:35434
[INFO] [stderr]   |
[INFO] [stderr] 3 | ...t_eq ! (unsafe { & (* (:: std :: ptr :: null :: < __fsid_t > ())) . __val as * const _ as usize } , 0usize , concat ! ("Offset of fiel...
[INFO] [stderr]   |                       ^^^^^^^^^^^^^^^^^^^^^^^^^^^^^^^^^^^^^^^^^^^^^^ this code causes undefined behavior when executed
[INFO] [stderr] 
[INFO] [stderr] warning: dereferencing a null pointer
[INFO] [stderr]  --> /opt/rustwide/target/debug/build/hstrace-2428856450adfc52/out/bindings.rs:3:37612
[INFO] [stderr]   |
[INFO] [stderr] 3 | ...t_eq ! (unsafe { & (* (:: std :: ptr :: null :: < timespec > ())) . tv_sec as * const _ as usize } , 0usize , concat ! ("Offset of fie...
[INFO] [stderr]   |                       ^^^^^^^^^^^^^^^^^^^^^^^^^^^^^^^^^^^^^^^^^^^^^^ this code causes undefined behavior when executed
[INFO] [stderr] 
[INFO] [stderr] warning: dereferencing a null pointer
[INFO] [stderr]  --> /opt/rustwide/target/debug/build/hstrace-2428856450adfc52/out/bindings.rs:3:37816
[INFO] [stderr]   |
[INFO] [stderr] 3 | ...t_eq ! (unsafe { & (* (:: std :: ptr :: null :: < timespec > ())) . tv_nsec as * const _ as usize } , 8usize , concat ! ("Offset of fi...
[INFO] [stderr]   |                       ^^^^^^^^^^^^^^^^^^^^^^^^^^^^^^^^^^^^^^^^^^^^^^ this code causes undefined behavior when executed
[INFO] [stderr] 
[INFO] [stderr] warning: dereferencing a null pointer
[INFO] [stderr]  --> /opt/rustwide/target/debug/build/hstrace-2428856450adfc52/out/bindings.rs:3:38974
[INFO] [stderr]   |
[INFO] [stderr] 3 | ...ert_eq ! (unsafe { & (* (:: std :: ptr :: null :: < stat > ())) . st_dev as * const _ as usize } , 0usize , concat ! ("Offset of field...
[INFO] [stderr]   |                         ^^^^^^^^^^^^^^^^^^^^^^^^^^^^^^^^^^^^^^^^^^ this code causes undefined behavior when executed
[INFO] [stderr] 
[INFO] [stderr] warning: dereferencing a null pointer
[INFO] [stderr]  --> /opt/rustwide/target/debug/build/hstrace-2428856450adfc52/out/bindings.rs:3:39170
[INFO] [stderr]   |
[INFO] [stderr] 3 | ...ert_eq ! (unsafe { & (* (:: std :: ptr :: null :: < stat > ())) . st_ino as * const _ as usize } , 8usize , concat ! ("Offset of field...
[INFO] [stderr]   |                         ^^^^^^^^^^^^^^^^^^^^^^^^^^^^^^^^^^^^^^^^^^ this code causes undefined behavior when executed
[INFO] [stderr] 
[INFO] [stderr] warning: dereferencing a null pointer
[INFO] [stderr]  --> /opt/rustwide/target/debug/build/hstrace-2428856450adfc52/out/bindings.rs:3:39366
[INFO] [stderr]   |
[INFO] [stderr] 3 | ...ert_eq ! (unsafe { & (* (:: std :: ptr :: null :: < stat > ())) . st_nlink as * const _ as usize } , 16usize , concat ! ("Offset of fi...
[INFO] [stderr]   |                         ^^^^^^^^^^^^^^^^^^^^^^^^^^^^^^^^^^^^^^^^^^ this code causes undefined behavior when executed
[INFO] [stderr] 
[INFO] [stderr] warning: dereferencing a null pointer
[INFO] [stderr]  --> /opt/rustwide/target/debug/build/hstrace-2428856450adfc52/out/bindings.rs:3:39567
[INFO] [stderr]   |
[INFO] [stderr] 3 | ...ert_eq ! (unsafe { & (* (:: std :: ptr :: null :: < stat > ())) . st_mode as * const _ as usize } , 24usize , concat ! ("Offset of fie...
[INFO] [stderr]   |                         ^^^^^^^^^^^^^^^^^^^^^^^^^^^^^^^^^^^^^^^^^^ this code causes undefined behavior when executed
[INFO] [stderr] 
[INFO] [stderr] warning: dereferencing a null pointer
[INFO] [stderr]  --> /opt/rustwide/target/debug/build/hstrace-2428856450adfc52/out/bindings.rs:3:39766
[INFO] [stderr]   |
[INFO] [stderr] 3 | ...ert_eq ! (unsafe { & (* (:: std :: ptr :: null :: < stat > ())) . st_uid as * const _ as usize } , 28usize , concat ! ("Offset of fiel...
[INFO] [stderr]   |                         ^^^^^^^^^^^^^^^^^^^^^^^^^^^^^^^^^^^^^^^^^^ this code causes undefined behavior when executed
[INFO] [stderr] 
[INFO] [stderr] warning: dereferencing a null pointer
[INFO] [stderr]  --> /opt/rustwide/target/debug/build/hstrace-2428856450adfc52/out/bindings.rs:3:39963
[INFO] [stderr]   |
[INFO] [stderr] 3 | ...ert_eq ! (unsafe { & (* (:: std :: ptr :: null :: < stat > ())) . st_gid as * const _ as usize } , 32usize , concat ! ("Offset of fiel...
[INFO] [stderr]   |                         ^^^^^^^^^^^^^^^^^^^^^^^^^^^^^^^^^^^^^^^^^^ this code causes undefined behavior when executed
[INFO] [stderr] 
[INFO] [stderr] warning: dereferencing a null pointer
[INFO] [stderr]  --> /opt/rustwide/target/debug/build/hstrace-2428856450adfc52/out/bindings.rs:3:40160
[INFO] [stderr]   |
[INFO] [stderr] 3 | ...ert_eq ! (unsafe { & (* (:: std :: ptr :: null :: < stat > ())) . __pad0 as * const _ as usize } , 36usize , concat ! ("Offset of fiel...
[INFO] [stderr]   |                         ^^^^^^^^^^^^^^^^^^^^^^^^^^^^^^^^^^^^^^^^^^ this code causes undefined behavior when executed
[INFO] [stderr] 
[INFO] [stderr] warning: dereferencing a null pointer
[INFO] [stderr]  --> /opt/rustwide/target/debug/build/hstrace-2428856450adfc52/out/bindings.rs:3:40357
[INFO] [stderr]   |
[INFO] [stderr] 3 | ...ert_eq ! (unsafe { & (* (:: std :: ptr :: null :: < stat > ())) . st_rdev as * const _ as usize } , 40usize , concat ! ("Offset of fie...
[INFO] [stderr]   |                         ^^^^^^^^^^^^^^^^^^^^^^^^^^^^^^^^^^^^^^^^^^ this code causes undefined behavior when executed
[INFO] [stderr] 
[INFO] [stderr] warning: dereferencing a null pointer
[INFO] [stderr]  --> /opt/rustwide/target/debug/build/hstrace-2428856450adfc52/out/bindings.rs:3:40556
[INFO] [stderr]   |
[INFO] [stderr] 3 | ...ert_eq ! (unsafe { & (* (:: std :: ptr :: null :: < stat > ())) . st_size as * const _ as usize } , 48usize , concat ! ("Offset of fie...
[INFO] [stderr]   |                         ^^^^^^^^^^^^^^^^^^^^^^^^^^^^^^^^^^^^^^^^^^ this code causes undefined behavior when executed
[INFO] [stderr] 
[INFO] [stderr] warning: dereferencing a null pointer
[INFO] [stderr]  --> /opt/rustwide/target/debug/build/hstrace-2428856450adfc52/out/bindings.rs:3:40755
[INFO] [stderr]   |
[INFO] [stderr] 3 | ...ert_eq ! (unsafe { & (* (:: std :: ptr :: null :: < stat > ())) . st_blksize as * const _ as usize } , 56usize , concat ! ("Offset of ...
[INFO] [stderr]   |                         ^^^^^^^^^^^^^^^^^^^^^^^^^^^^^^^^^^^^^^^^^^ this code causes undefined behavior when executed
[INFO] [stderr] 
[INFO] [stderr] warning: dereferencing a null pointer
[INFO] [stderr]  --> /opt/rustwide/target/debug/build/hstrace-2428856450adfc52/out/bindings.rs:3:40960
[INFO] [stderr]   |
[INFO] [stderr] 3 | ...ert_eq ! (unsafe { & (* (:: std :: ptr :: null :: < stat > ())) . st_blocks as * const _ as usize } , 64usize , concat ! ("Offset of f...
[INFO] [stderr]   |                         ^^^^^^^^^^^^^^^^^^^^^^^^^^^^^^^^^^^^^^^^^^ this code causes undefined behavior when executed
[INFO] [stderr] 
[INFO] [stderr] warning: dereferencing a null pointer
[INFO] [stderr]  --> /opt/rustwide/target/debug/build/hstrace-2428856450adfc52/out/bindings.rs:3:41163
[INFO] [stderr]   |
[INFO] [stderr] 3 | ...ert_eq ! (unsafe { & (* (:: std :: ptr :: null :: < stat > ())) . st_atim as * const _ as usize } , 72usize , concat ! ("Offset of fie...
[INFO] [stderr]   |                         ^^^^^^^^^^^^^^^^^^^^^^^^^^^^^^^^^^^^^^^^^^ this code causes undefined behavior when executed
[INFO] [stderr] 
[INFO] [stderr] warning: dereferencing a null pointer
[INFO] [stderr]  --> /opt/rustwide/target/debug/build/hstrace-2428856450adfc52/out/bindings.rs:3:41362
[INFO] [stderr]   |
[INFO] [stderr] 3 | ...ert_eq ! (unsafe { & (* (:: std :: ptr :: null :: < stat > ())) . st_mtim as * const _ as usize } , 88usize , concat ! ("Offset of fie...
[INFO] [stderr]   |                         ^^^^^^^^^^^^^^^^^^^^^^^^^^^^^^^^^^^^^^^^^^ this code causes undefined behavior when executed
[INFO] [stderr] 
[INFO] [stderr] warning: dereferencing a null pointer
[INFO] [stderr]  --> /opt/rustwide/target/debug/build/hstrace-2428856450adfc52/out/bindings.rs:3:41561
[INFO] [stderr]   |
[INFO] [stderr] 3 | ...ert_eq ! (unsafe { & (* (:: std :: ptr :: null :: < stat > ())) . st_ctim as * const _ as usize } , 104usize , concat ! ("Offset of fi...
[INFO] [stderr]   |                         ^^^^^^^^^^^^^^^^^^^^^^^^^^^^^^^^^^^^^^^^^^ this code causes undefined behavior when executed
[INFO] [stderr] 
[INFO] [stderr] warning: dereferencing a null pointer
[INFO] [stderr]  --> /opt/rustwide/target/debug/build/hstrace-2428856450adfc52/out/bindings.rs:3:41761
[INFO] [stderr]   |
[INFO] [stderr] 3 | ...ert_eq ! (unsafe { & (* (:: std :: ptr :: null :: < stat > ())) . __glibc_reserved as * const _ as usize } , 120usize , concat ! ("Off...
[INFO] [stderr]   |                         ^^^^^^^^^^^^^^^^^^^^^^^^^^^^^^^^^^^^^^^^^^ this code causes undefined behavior when executed
[INFO] [stderr] 
[INFO] [stderr] warning: dereferencing a null pointer
[INFO] [stderr]  --> /opt/rustwide/target/debug/build/hstrace-2428856450adfc52/out/bindings.rs:3:45333
[INFO] [stderr]   |
[INFO] [stderr] 3 | ...t_eq ! (unsafe { & (* (:: std :: ptr :: null :: < sysinfo > ())) . uptime as * const _ as usize } , 0usize , concat ! ("Offset of fiel...
[INFO] [stderr]   |                       ^^^^^^^^^^^^^^^^^^^^^^^^^^^^^^^^^^^^^^^^^^^^^ this code causes undefined behavior when executed
[INFO] [stderr] 
[INFO] [stderr] warning: dereferencing a null pointer
[INFO] [stderr]  --> /opt/rustwide/target/debug/build/hstrace-2428856450adfc52/out/bindings.rs:3:45535
[INFO] [stderr]   |
[INFO] [stderr] 3 | ...t_eq ! (unsafe { & (* (:: std :: ptr :: null :: < sysinfo > ())) . loads as * const _ as usize } , 8usize , concat ! ("Offset of field...
[INFO] [stderr]   |                       ^^^^^^^^^^^^^^^^^^^^^^^^^^^^^^^^^^^^^^^^^^^^^ this code causes undefined behavior when executed
[INFO] [stderr] 
[INFO] [stderr] warning: dereferencing a null pointer
[INFO] [stderr]  --> /opt/rustwide/target/debug/build/hstrace-2428856450adfc52/out/bindings.rs:3:45735
[INFO] [stderr]   |
[INFO] [stderr] 3 | ...t_eq ! (unsafe { & (* (:: std :: ptr :: null :: < sysinfo > ())) . totalram as * const _ as usize } , 32usize , concat ! ("Offset of f...
[INFO] [stderr]   |                       ^^^^^^^^^^^^^^^^^^^^^^^^^^^^^^^^^^^^^^^^^^^^^ this code causes undefined behavior when executed
[INFO] [stderr] 
[INFO] [stderr] warning: dereferencing a null pointer
[INFO] [stderr]  --> /opt/rustwide/target/debug/build/hstrace-2428856450adfc52/out/bindings.rs:3:45942
[INFO] [stderr]   |
[INFO] [stderr] 3 | ...t_eq ! (unsafe { & (* (:: std :: ptr :: null :: < sysinfo > ())) . freeram as * const _ as usize } , 40usize , concat ! ("Offset of fi...
[INFO] [stderr]   |                       ^^^^^^^^^^^^^^^^^^^^^^^^^^^^^^^^^^^^^^^^^^^^^ this code causes undefined behavior when executed
[INFO] [stderr] 
[INFO] [stderr] warning: dereferencing a null pointer
[INFO] [stderr]  --> /opt/rustwide/target/debug/build/hstrace-2428856450adfc52/out/bindings.rs:3:46147
[INFO] [stderr]   |
[INFO] [stderr] 3 | ...t_eq ! (unsafe { & (* (:: std :: ptr :: null :: < sysinfo > ())) . sharedram as * const _ as usize } , 48usize , concat ! ("Offset of ...
[INFO] [stderr]   |                       ^^^^^^^^^^^^^^^^^^^^^^^^^^^^^^^^^^^^^^^^^^^^^ this code causes undefined behavior when executed
[INFO] [stderr] 
[INFO] [stderr] warning: dereferencing a null pointer
[INFO] [stderr]  --> /opt/rustwide/target/debug/build/hstrace-2428856450adfc52/out/bindings.rs:3:46356
[INFO] [stderr]   |
[INFO] [stderr] 3 | ...t_eq ! (unsafe { & (* (:: std :: ptr :: null :: < sysinfo > ())) . bufferram as * const _ as usize } , 56usize , concat ! ("Offset of ...
[INFO] [stderr]   |                       ^^^^^^^^^^^^^^^^^^^^^^^^^^^^^^^^^^^^^^^^^^^^^ this code causes undefined behavior when executed
[INFO] [stderr] 
[INFO] [stderr] warning: dereferencing a null pointer
[INFO] [stderr]  --> /opt/rustwide/target/debug/build/hstrace-2428856450adfc52/out/bindings.rs:3:46565
[INFO] [stderr]   |
[INFO] [stderr] 3 | ...t_eq ! (unsafe { & (* (:: std :: ptr :: null :: < sysinfo > ())) . totalswap as * const _ as usize } , 64usize , concat ! ("Offset of ...
[INFO] [stderr]   |                       ^^^^^^^^^^^^^^^^^^^^^^^^^^^^^^^^^^^^^^^^^^^^^ this code causes undefined behavior when executed
[INFO] [stderr] 
[INFO] [stderr] warning: dereferencing a null pointer
[INFO] [stderr]  --> /opt/rustwide/target/debug/build/hstrace-2428856450adfc52/out/bindings.rs:3:46774
[INFO] [stderr]   |
[INFO] [stderr] 3 | ...t_eq ! (unsafe { & (* (:: std :: ptr :: null :: < sysinfo > ())) . freeswap as * const _ as usize } , 72usize , concat ! ("Offset of f...
[INFO] [stderr]   |                       ^^^^^^^^^^^^^^^^^^^^^^^^^^^^^^^^^^^^^^^^^^^^^ this code causes undefined behavior when executed
[INFO] [stderr] 
[INFO] [stderr] warning: dereferencing a null pointer
[INFO] [stderr]  --> /opt/rustwide/target/debug/build/hstrace-2428856450adfc52/out/bindings.rs:3:46981
[INFO] [stderr]   |
[INFO] [stderr] 3 | ...t_eq ! (unsafe { & (* (:: std :: ptr :: null :: < sysinfo > ())) . procs as * const _ as usize } , 80usize , concat ! ("Offset of fiel...
[INFO] [stderr]   |                       ^^^^^^^^^^^^^^^^^^^^^^^^^^^^^^^^^^^^^^^^^^^^^ this code causes undefined behavior when executed
[INFO] [stderr] 
[INFO] [stderr] warning: dereferencing a null pointer
[INFO] [stderr]  --> /opt/rustwide/target/debug/build/hstrace-2428856450adfc52/out/bindings.rs:3:47182
[INFO] [stderr]   |
[INFO] [stderr] 3 | ...t_eq ! (unsafe { & (* (:: std :: ptr :: null :: < sysinfo > ())) . pad as * const _ as usize } , 82usize , concat ! ("Offset of field:...
[INFO] [stderr]   |                       ^^^^^^^^^^^^^^^^^^^^^^^^^^^^^^^^^^^^^^^^^^^^^ this code causes undefined behavior when executed
[INFO] [stderr] 
[INFO] [stderr] warning: dereferencing a null pointer
[INFO] [stderr]  --> /opt/rustwide/target/debug/build/hstrace-2428856450adfc52/out/bindings.rs:3:47379
[INFO] [stderr]   |
[INFO] [stderr] 3 | ...t_eq ! (unsafe { & (* (:: std :: ptr :: null :: < sysinfo > ())) . totalhigh as * const _ as usize } , 88usize , concat ! ("Offset of ...
[INFO] [stderr]   |                       ^^^^^^^^^^^^^^^^^^^^^^^^^^^^^^^^^^^^^^^^^^^^^ this code causes undefined behavior when executed
[INFO] [stderr] 
[INFO] [stderr] warning: dereferencing a null pointer
[INFO] [stderr]  --> /opt/rustwide/target/debug/build/hstrace-2428856450adfc52/out/bindings.rs:3:47588
[INFO] [stderr]   |
[INFO] [stderr] 3 | ...t_eq ! (unsafe { & (* (:: std :: ptr :: null :: < sysinfo > ())) . freehigh as * const _ as usize } , 96usize , concat ! ("Offset of f...
[INFO] [stderr]   |                       ^^^^^^^^^^^^^^^^^^^^^^^^^^^^^^^^^^^^^^^^^^^^^ this code causes undefined behavior when executed
[INFO] [stderr] 
[INFO] [stderr] warning: dereferencing a null pointer
[INFO] [stderr]  --> /opt/rustwide/target/debug/build/hstrace-2428856450adfc52/out/bindings.rs:3:47795
[INFO] [stderr]   |
[INFO] [stderr] 3 | ...t_eq ! (unsafe { & (* (:: std :: ptr :: null :: < sysinfo > ())) . mem_unit as * const _ as usize } , 104usize , concat ! ("Offset of ...
[INFO] [stderr]   |                       ^^^^^^^^^^^^^^^^^^^^^^^^^^^^^^^^^^^^^^^^^^^^^ this code causes undefined behavior when executed
[INFO] [stderr] 
[INFO] [stderr] warning: dereferencing a null pointer
[INFO] [stderr]  --> /opt/rustwide/target/debug/build/hstrace-2428856450adfc52/out/bindings.rs:3:48003
[INFO] [stderr]   |
[INFO] [stderr] 3 | ...t_eq ! (unsafe { & (* (:: std :: ptr :: null :: < sysinfo > ())) . _f as * const _ as usize } , 108usize , concat ! ("Offset of field:...
[INFO] [stderr]   |                       ^^^^^^^^^^^^^^^^^^^^^^^^^^^^^^^^^^^^^^^^^^^^^ this code causes undefined behavior when executed
[INFO] [stderr] 
[INFO] [stderr] warning: `hstrace` (lib) generated 5 warnings
[INFO] [stderr] warning: `hstrace` (lib test) generated 91 warnings (5 duplicates)
[INFO] [stderr]     Finished test [unoptimized + debuginfo] target(s) in 0.45s
[INFO] [stderr] warning: the following packages contain code that will be rejected by a future version of Rust: nom v5.1.2
[INFO] [stderr] note: to see what the problems were, use the option `--future-incompat-report`, or run `cargo report future-incompatibilities --id 1`
[INFO] [stderr]      Running unittests src/lib.rs (/opt/rustwide/target/debug/deps/hstrace-47e0d3bb5963aa43)
[INFO] [stdout] 
[INFO] [stdout] running 30 tests
[INFO] [stdout] test from_c::bindgen_test_layout___fsid_t ... ok
[INFO] [stdout] test from_c::bindgen_test_layout___kernel_fsid_t ... ok
[INFO] [stdout] test from_c::bindgen_test_layout_pt_regs ... ok
[INFO] [stdout] test from_c::bindgen_test_layout_ptrace_peeksiginfo_args ... ok
[INFO] [stdout] test from_c::bindgen_test_layout___kernel_fd_set ... ok
[INFO] [stdout] test from_c::bindgen_test_layout_ptrace_rseq_configuration ... ok
[INFO] [stdout] test from_c::bindgen_test_layout_ptrace_syscall_info ... ok
[INFO] [stdout] test from_c::bindgen_test_layout_ptrace_syscall_info__bindgen_ty_1 ... ok
[INFO] [stdout] test from_c::bindgen_test_layout_ptrace_syscall_info__bindgen_ty_1__bindgen_ty_1 ... ok
[INFO] [stdout] test from_c::bindgen_test_layout_ptrace_syscall_info__bindgen_ty_1__bindgen_ty_2 ... ok
[INFO] [stdout] test from_c::bindgen_test_layout_ptrace_syscall_info__bindgen_ty_1__bindgen_ty_3 ... ok
[INFO] [stdout] test from_c::bindgen_test_layout_seccomp_metadata ... ok
[INFO] [stdout] test from_c::bindgen_test_layout_stat ... ok
[INFO] [stdout] test from_c::bindgen_test_layout_sysinfo ... ok
[INFO] [stdout] test from_c::bindgen_test_layout_timespec ... ok
[INFO] [stdout] test from_c::bindgen_test_layout_utsname ... ok
[INFO] [stdout] test syscall::error::tests::test_syscall_error ... ok
[INFO] [stdout] test syscall::error::tests::test_syscall_error_debug ... ok
[INFO] [stdout] test syscall::x86_64::tests::test_syscall ... ok
[INFO] [stdout] test value::tests::test_map_output_overflow ... ok
[INFO] [stdout] test ptrace::mock_ptrace::tests::test_mocked_syscall ... ok
[INFO] [stdout] test value::tests::test_map_output ... ok
[INFO] [stdout] test trace::thread::tests::test_duplicate_entry ... ok
[INFO] [stdout] test trace::thread::tests::test_crash_1 ... ok
[INFO] [stdout] test trace::thread::tests::test_crash_2 ... ok
[INFO] [stdout] test trace::output::tests::test_output_debug ... ok
[INFO] [stdout] test trace::thread::tests::test_too_large_memory_request ... ok
[INFO] [stdout] test trace::thread::tests::test_memory_capacity_error_2 ... ok
[INFO] [stdout] test trace::thread::tests::test_memory_capacity_error ... ok
[INFO] [stdout] test trace::thread::tests::test_unknown_op ... ok
[INFO] [stdout] 
[INFO] [stdout] test result: ok. 30 passed; 0 failed; 0 ignored; 0 measured; 0 filtered out; finished in 0.00s
[INFO] [stdout] 
[INFO] [stderr]      Running unittests src/main.rs (/opt/rustwide/target/debug/deps/hstrace-96370ec054132006)
[INFO] [stdout] 
[INFO] [stdout] running 0 tests
[INFO] [stdout] 
[INFO] [stdout] test result: ok. 0 passed; 0 failed; 0 ignored; 0 measured; 0 filtered out; finished in 0.00s
[INFO] [stdout] 
[INFO] [stderr]      Running tests/test_c_binary.rs (/opt/rustwide/target/debug/deps/test_c_binary-5d135f87b7707582)
[INFO] [stdout] 
[INFO] [stdout] running 8 tests
[INFO] [stdout] test test_fncntl ... FAILED
[INFO] [stdout] test test_sched ... FAILED
[INFO] [stdout] test test_sendfile ... FAILED
[INFO] [stdout] test test_socket ... FAILED
[INFO] [stdout] test test_swap ... FAILED
[INFO] [stdout] test test_stat ... FAILED
[INFO] [stdout] test test_unistd ... FAILED
[INFO] [stdout] test test_utsname ... FAILED
[INFO] [stdout] 
[INFO] [stdout] failures:
[INFO] [stdout] 
[INFO] [stdout] ---- test_fncntl stdout ----
[INFO] [stdout] thread 'test_fncntl' panicked at 'called `Result::unwrap()` on an `Err` value: StringError: internal error "Os { code: 2, kind: NotFound, message: \"No such file or directory\" }"', tests/test_c_binary.rs:23:21
[INFO] [stdout] stack backtrace:
[INFO] [stdout]    0:     0x55fb1170456a - std::backtrace_rs::backtrace::libunwind::trace::h2f05d0192276a8f6
[INFO] [stdout]                                at /rustc/1b7dd2252b99671ce5d1cb9664c5f8636329436d/library/std/src/../../backtrace/src/backtrace/libunwind.rs:93:5
[INFO] [stdout]    1:     0x55fb1170456a - std::backtrace_rs::backtrace::trace_unsynchronized::hedc23dff7a1af150
[INFO] [stdout]                                at /rustc/1b7dd2252b99671ce5d1cb9664c5f8636329436d/library/std/src/../../backtrace/src/backtrace/mod.rs:66:5
[INFO] [stdout]    2:     0x55fb1170456a - std::sys_common::backtrace::_print_fmt::h17541ef7592f3ce2
[INFO] [stdout]                                at /rustc/1b7dd2252b99671ce5d1cb9664c5f8636329436d/library/std/src/sys_common/backtrace.rs:65:5
[INFO] [stdout]    3:     0x55fb1170456a - <std::sys_common::backtrace::_print::DisplayBacktrace as core::fmt::Display>::fmt::h20f75df5ab0c0792
[INFO] [stdout]                                at /rustc/1b7dd2252b99671ce5d1cb9664c5f8636329436d/library/std/src/sys_common/backtrace.rs:44:22
[INFO] [stdout]    4:     0x55fb11728d6f - core::fmt::write::h78109e6f466b3af6
[INFO] [stdout]                                at /rustc/1b7dd2252b99671ce5d1cb9664c5f8636329436d/library/core/src/fmt/mod.rs:1254:17
[INFO] [stdout]    5:     0x55fb117017d5 - std::io::Write::write_fmt::hd24bfb68a1b35a25
[INFO] [stdout]                                at /rustc/1b7dd2252b99671ce5d1cb9664c5f8636329436d/library/std/src/io/mod.rs:1698:15
[INFO] [stdout]    6:     0x55fb11704335 - std::sys_common::backtrace::_print::h8dac57a9f8fbf9a5
[INFO] [stdout]                                at /rustc/1b7dd2252b99671ce5d1cb9664c5f8636329436d/library/std/src/sys_common/backtrace.rs:47:5
[INFO] [stdout]    7:     0x55fb11704335 - std::sys_common::backtrace::print::hf9ecbf41d1aa712f
[INFO] [stdout]                                at /rustc/1b7dd2252b99671ce5d1cb9664c5f8636329436d/library/std/src/sys_common/backtrace.rs:34:9
[INFO] [stdout]    8:     0x55fb11705fee - std::panicking::default_hook::{{closure}}::h04c07acfc84ca028
[INFO] [stdout]                                at /rustc/1b7dd2252b99671ce5d1cb9664c5f8636329436d/library/std/src/panicking.rs:269:22
[INFO] [stdout]    9:     0x55fb11705d21 - std::panicking::default_hook::h01f6bb23e1eceb2c
[INFO] [stdout]                                at /rustc/1b7dd2252b99671ce5d1cb9664c5f8636329436d/library/std/src/panicking.rs:285:9
[INFO] [stdout]   10:     0x55fb11624dbb - <alloc::boxed::Box<F,A> as core::ops::function::Fn<Args>>::call::h87fe9f7b2fd49e4c
[INFO] [stdout]                                at /rustc/1b7dd2252b99671ce5d1cb9664c5f8636329436d/library/alloc/src/boxed.rs:1987:9
[INFO] [stdout]   11:     0x55fb11624dbb - test::test_main::{{closure}}::he94d679243a7531b
[INFO] [stdout]                                at /rustc/1b7dd2252b99671ce5d1cb9664c5f8636329436d/library/test/src/lib.rs:134:21
[INFO] [stdout]   12:     0x55fb117066d4 - <alloc::boxed::Box<F,A> as core::ops::function::Fn<Args>>::call::h3f2d6d8b14c4769f
[INFO] [stdout]                                at /rustc/1b7dd2252b99671ce5d1cb9664c5f8636329436d/library/alloc/src/boxed.rs:1987:9
[INFO] [stdout]   13:     0x55fb117066d4 - std::panicking::rust_panic_with_hook::h2bb3722bbaf2f6df
[INFO] [stdout]                                at /rustc/1b7dd2252b99671ce5d1cb9664c5f8636329436d/library/std/src/panicking.rs:695:13
[INFO] [stdout]   14:     0x55fb11706449 - std::panicking::begin_panic_handler::{{closure}}::h91bc7f36a4be011b
[INFO] [stdout]                                at /rustc/1b7dd2252b99671ce5d1cb9664c5f8636329436d/library/std/src/panicking.rs:582:13
[INFO] [stdout]   15:     0x55fb117049d6 - std::sys_common::backtrace::__rust_end_short_backtrace::h8b3d3717114f9e59
[INFO] [stdout]                                at /rustc/1b7dd2252b99671ce5d1cb9664c5f8636329436d/library/std/src/sys_common/backtrace.rs:150:18
[INFO] [stdout]   16:     0x55fb117061a2 - rust_begin_unwind
[INFO] [stdout]                                at /rustc/1b7dd2252b99671ce5d1cb9664c5f8636329436d/library/std/src/panicking.rs:578:5
[INFO] [stdout]   17:     0x55fb1147e063 - core::panicking::panic_fmt::hfd368e3fbdabea26
[INFO] [stdout]                                at /rustc/1b7dd2252b99671ce5d1cb9664c5f8636329436d/library/core/src/panicking.rs:67:14
[INFO] [stdout]   18:     0x55fb1147e603 - core::result::unwrap_failed::he54eb4b2f125b26f
[INFO] [stdout]                                at /rustc/1b7dd2252b99671ce5d1cb9664c5f8636329436d/library/core/src/result.rs:1687:5
[INFO] [stdout]   19:     0x55fb116732fa - core::result::Result<T,E>::unwrap::h40ceb6e83271cff5
[INFO] [stdout]                                at /rustc/1b7dd2252b99671ce5d1cb9664c5f8636329436d/library/core/src/result.rs:1089:23
[INFO] [stdout]   20:     0x55fb1147ea5f - test_c_binary::get_st::h623effafda85d5c3
[INFO] [stdout]                                at /opt/rustwide/workdir/tests/test_c_binary.rs:23:5
[INFO] [stdout]   21:     0x55fb11480825 - test_c_binary::test_fncntl::{{closure}}::h5b16da3b010312cb
[INFO] [stdout]                                at /opt/rustwide/workdir/tests/test_c_binary.rs:161:18
[INFO] [stdout]   22:     0x55fb1148554e - core::ops::function::FnOnce::call_once::hdd3e8393b0eebd41
[INFO] [stdout]                                at /rustc/1b7dd2252b99671ce5d1cb9664c5f8636329436d/library/core/src/ops/function.rs:250:5
[INFO] [stdout]   23:     0x55fb116c6fcc - serial_test::serial_core::h7f52fd9bab91b80f
[INFO] [stdout]                                at /opt/rustwide/cargo-home/registry/src/index.crates.io-6f17d22bba15001f/serial_test-0.5.1/src/lib.rs:64:5
[INFO] [stdout]   24:     0x55fb114807e9 - test_c_binary::test_fncntl::he6e2ae05c2d1c0c1
[INFO] [stdout]                                at /opt/rustwide/workdir/tests/test_c_binary.rs:157:1
[INFO] [stdout]   25:     0x55fb114807b7 - test_c_binary::test_fncntl::{{closure}}::h5dfe71fbbee87b7e
[INFO] [stdout]                                at /opt/rustwide/workdir/tests/test_c_binary.rs:158:18
[INFO] [stdout]   26:     0x55fb11485395 - core::ops::function::FnOnce::call_once::h7223ce90fdd5f840
[INFO] [stdout]                                at /rustc/1b7dd2252b99671ce5d1cb9664c5f8636329436d/library/core/src/ops/function.rs:250:5
[INFO] [stdout]   27:     0x55fb11629c8f - core::ops::function::FnOnce::call_once::ha6a70e79f7481a7e
[INFO] [stdout]                                at /rustc/1b7dd2252b99671ce5d1cb9664c5f8636329436d/library/core/src/ops/function.rs:250:5
[INFO] [stdout]   28:     0x55fb11629c8f - test::__rust_begin_short_backtrace::hce33033019b61e69
[INFO] [stdout]                                at /rustc/1b7dd2252b99671ce5d1cb9664c5f8636329436d/library/test/src/lib.rs:655:18
[INFO] [stdout]   29:     0x55fb115f747c - test::run_test::{{closure}}::h858d3528838ae3e5
[INFO] [stdout]                                at /rustc/1b7dd2252b99671ce5d1cb9664c5f8636329436d/library/test/src/lib.rs:646:30
[INFO] [stdout]   30:     0x55fb115f747c - core::ops::function::FnOnce::call_once{{vtable.shim}}::he8ac2b00f01ae79e
[INFO] [stdout]                                at /rustc/1b7dd2252b99671ce5d1cb9664c5f8636329436d/library/core/src/ops/function.rs:250:5
[INFO] [stdout]   31:     0x55fb11628d66 - <alloc::boxed::Box<F,A> as core::ops::function::FnOnce<Args>>::call_once::h8093d25b522725ef
[INFO] [stdout]                                at /rustc/1b7dd2252b99671ce5d1cb9664c5f8636329436d/library/alloc/src/boxed.rs:1973:9
[INFO] [stdout]   32:     0x55fb11628d66 - <core::panic::unwind_safe::AssertUnwindSafe<F> as core::ops::function::FnOnce<()>>::call_once::h5c334c204e4a3913
[INFO] [stdout]                                at /rustc/1b7dd2252b99671ce5d1cb9664c5f8636329436d/library/core/src/panic/unwind_safe.rs:271:9
[INFO] [stdout]   33:     0x55fb11628d66 - std::panicking::try::do_call::ha8b740c7b9478074
[INFO] [stdout]                                at /rustc/1b7dd2252b99671ce5d1cb9664c5f8636329436d/library/std/src/panicking.rs:485:40
[INFO] [stdout]   34:     0x55fb11628d66 - std::panicking::try::h5d34f63d0e41b64e
[INFO] [stdout]                                at /rustc/1b7dd2252b99671ce5d1cb9664c5f8636329436d/library/std/src/panicking.rs:449:19
[INFO] [stdout]   35:     0x55fb11628d66 - std::panic::catch_unwind::hcfbb511e1aa7fc67
[INFO] [stdout]                                at /rustc/1b7dd2252b99671ce5d1cb9664c5f8636329436d/library/std/src/panic.rs:140:14
[INFO] [stdout]   36:     0x55fb11628d66 - test::run_test_in_process::h9abda90f802eaf21
[INFO] [stdout]                                at /rustc/1b7dd2252b99671ce5d1cb9664c5f8636329436d/library/test/src/lib.rs:678:27
[INFO] [stdout]   37:     0x55fb11628d66 - test::run_test::run_test_inner::{{closure}}::h0f058de91f6c6edf
[INFO] [stdout]                                at /rustc/1b7dd2252b99671ce5d1cb9664c5f8636329436d/library/test/src/lib.rs:572:39
[INFO] [stdout]   38:     0x55fb115f1c85 - test::run_test::run_test_inner::{{closure}}::h5ca48a4c59c6c1fb
[INFO] [stdout]                                at /rustc/1b7dd2252b99671ce5d1cb9664c5f8636329436d/library/test/src/lib.rs:599:37
[INFO] [stdout]   39:     0x55fb115f1c85 - std::sys_common::backtrace::__rust_begin_short_backtrace::h32bd51e1495d4a33
[INFO] [stdout]                                at /rustc/1b7dd2252b99671ce5d1cb9664c5f8636329436d/library/std/src/sys_common/backtrace.rs:134:18
[INFO] [stdout]   40:     0x55fb115f71c1 - std::thread::Builder::spawn_unchecked_::{{closure}}::{{closure}}::hc086fae9b128b2db
[INFO] [stdout]                                at /rustc/1b7dd2252b99671ce5d1cb9664c5f8636329436d/library/std/src/thread/mod.rs:526:17
[INFO] [stdout]   41:     0x55fb115f71c1 - <core::panic::unwind_safe::AssertUnwindSafe<F> as core::ops::function::FnOnce<()>>::call_once::hb66571888d270d43
[INFO] [stdout]                                at /rustc/1b7dd2252b99671ce5d1cb9664c5f8636329436d/library/core/src/panic/unwind_safe.rs:271:9
[INFO] [stdout]   42:     0x55fb115f71c1 - std::panicking::try::do_call::h4fa2ef4f6e51fecf
[INFO] [stdout]                                at /rustc/1b7dd2252b99671ce5d1cb9664c5f8636329436d/library/std/src/panicking.rs:485:40
[INFO] [stdout]   43:     0x55fb115f71c1 - std::panicking::try::h1e9e22b8584489b5
[INFO] [stdout]                                at /rustc/1b7dd2252b99671ce5d1cb9664c5f8636329436d/library/std/src/panicking.rs:449:19
[INFO] [stdout]   44:     0x55fb115f71c1 - std::panic::catch_unwind::h44698a3de0e0769e
[INFO] [stdout]                                at /rustc/1b7dd2252b99671ce5d1cb9664c5f8636329436d/library/std/src/panic.rs:140:14
[INFO] [stdout]   45:     0x55fb115f71c1 - std::thread::Builder::spawn_unchecked_::{{closure}}::h50153abde3fe239e
[INFO] [stdout]                                at /rustc/1b7dd2252b99671ce5d1cb9664c5f8636329436d/library/std/src/thread/mod.rs:525:30
[INFO] [stdout]   46:     0x55fb115f71c1 - core::ops::function::FnOnce::call_once{{vtable.shim}}::hbe5bbf6f38394364
[INFO] [stdout]                                at /rustc/1b7dd2252b99671ce5d1cb9664c5f8636329436d/library/core/src/ops/function.rs:250:5
[INFO] [stdout]   47:     0x55fb1170ad35 - <alloc::boxed::Box<F,A> as core::ops::function::FnOnce<Args>>::call_once::h0d83cb2920a49046
[INFO] [stdout]                                at /rustc/1b7dd2252b99671ce5d1cb9664c5f8636329436d/library/alloc/src/boxed.rs:1973:9
[INFO] [stdout]   48:     0x55fb1170ad35 - <alloc::boxed::Box<F,A> as core::ops::function::FnOnce<Args>>::call_once::hbe0a008aa7d9ef59
[INFO] [stdout]                                at /rustc/1b7dd2252b99671ce5d1cb9664c5f8636329436d/library/alloc/src/boxed.rs:1973:9
[INFO] [stdout]   49:     0x55fb1170ad35 - std::sys::unix::thread::Thread::new::thread_start::h3a466996bdf6b1f9
[INFO] [stdout]                                at /rustc/1b7dd2252b99671ce5d1cb9664c5f8636329436d/library/std/src/sys/unix/thread.rs:108:17
[INFO] [stdout]   50:     0x7f6e292d5b43 - <unknown>
[INFO] [stdout]   51:     0x7f6e29366bb4 - __clone
[INFO] [stdout]   52:                0x0 - <unknown>
[INFO] [stdout] 
[INFO] [stdout] ---- test_sched stdout ----
[INFO] [stdout] thread 'test_sched' panicked at 'called `Result::unwrap()` on an `Err` value: StringError: internal error "Os { code: 2, kind: NotFound, message: \"No such file or directory\" }"', tests/test_c_binary.rs:23:21
[INFO] [stdout] stack backtrace:
[INFO] [stdout]    0:     0x55fb1170456a - std::backtrace_rs::backtrace::libunwind::trace::h2f05d0192276a8f6
[INFO] [stdout]                                at /rustc/1b7dd2252b99671ce5d1cb9664c5f8636329436d/library/std/src/../../backtrace/src/backtrace/libunwind.rs:93:5
[INFO] [stdout]    1:     0x55fb1170456a - std::backtrace_rs::backtrace::trace_unsynchronized::hedc23dff7a1af150
[INFO] [stdout]                                at /rustc/1b7dd2252b99671ce5d1cb9664c5f8636329436d/library/std/src/../../backtrace/src/backtrace/mod.rs:66:5
[INFO] [stdout]    2:     0x55fb1170456a - std::sys_common::backtrace::_print_fmt::h17541ef7592f3ce2
[INFO] [stdout]                                at /rustc/1b7dd2252b99671ce5d1cb9664c5f8636329436d/library/std/src/sys_common/backtrace.rs:65:5
[INFO] [stdout]    3:     0x55fb1170456a - <std::sys_common::backtrace::_print::DisplayBacktrace as core::fmt::Display>::fmt::h20f75df5ab0c0792
[INFO] [stdout]                                at /rustc/1b7dd2252b99671ce5d1cb9664c5f8636329436d/library/std/src/sys_common/backtrace.rs:44:22
[INFO] [stdout]    4:     0x55fb11728d6f - core::fmt::write::h78109e6f466b3af6
[INFO] [stdout]                                at /rustc/1b7dd2252b99671ce5d1cb9664c5f8636329436d/library/core/src/fmt/mod.rs:1254:17
[INFO] [stdout]    5:     0x55fb117017d5 - std::io::Write::write_fmt::hd24bfb68a1b35a25
[INFO] [stdout]                                at /rustc/1b7dd2252b99671ce5d1cb9664c5f8636329436d/library/std/src/io/mod.rs:1698:15
[INFO] [stdout]    6:     0x55fb11704335 - std::sys_common::backtrace::_print::h8dac57a9f8fbf9a5
[INFO] [stdout]                                at /rustc/1b7dd2252b99671ce5d1cb9664c5f8636329436d/library/std/src/sys_common/backtrace.rs:47:5
[INFO] [stdout]    7:     0x55fb11704335 - std::sys_common::backtrace::print::hf9ecbf41d1aa712f
[INFO] [stdout]                                at /rustc/1b7dd2252b99671ce5d1cb9664c5f8636329436d/library/std/src/sys_common/backtrace.rs:34:9
[INFO] [stdout]    8:     0x55fb11705fee - std::panicking::default_hook::{{closure}}::h04c07acfc84ca028
[INFO] [stdout]                                at /rustc/1b7dd2252b99671ce5d1cb9664c5f8636329436d/library/std/src/panicking.rs:269:22
[INFO] [stdout]    9:     0x55fb11705d21 - std::panicking::default_hook::h01f6bb23e1eceb2c
[INFO] [stdout]                                at /rustc/1b7dd2252b99671ce5d1cb9664c5f8636329436d/library/std/src/panicking.rs:285:9
[INFO] [stdout]   10:     0x55fb11624dbb - <alloc::boxed::Box<F,A> as core::ops::function::Fn<Args>>::call::h87fe9f7b2fd49e4c
[INFO] [stdout]                                at /rustc/1b7dd2252b99671ce5d1cb9664c5f8636329436d/library/alloc/src/boxed.rs:1987:9
[INFO] [stdout]   11:     0x55fb11624dbb - test::test_main::{{closure}}::he94d679243a7531b
[INFO] [stdout]                                at /rustc/1b7dd2252b99671ce5d1cb9664c5f8636329436d/library/test/src/lib.rs:134:21
[INFO] [stdout]   12:     0x55fb117066d4 - <alloc::boxed::Box<F,A> as core::ops::function::Fn<Args>>::call::h3f2d6d8b14c4769f
[INFO] [stdout]                                at /rustc/1b7dd2252b99671ce5d1cb9664c5f8636329436d/library/alloc/src/boxed.rs:1987:9
[INFO] [stdout]   13:     0x55fb117066d4 - std::panicking::rust_panic_with_hook::h2bb3722bbaf2f6df
[INFO] [stdout]                                at /rustc/1b7dd2252b99671ce5d1cb9664c5f8636329436d/library/std/src/panicking.rs:695:13
[INFO] [stdout]   14:     0x55fb11706449 - std::panicking::begin_panic_handler::{{closure}}::h91bc7f36a4be011b
[INFO] [stdout]                                at /rustc/1b7dd2252b99671ce5d1cb9664c5f8636329436d/library/std/src/panicking.rs:582:13
[INFO] [stdout]   15:     0x55fb117049d6 - std::sys_common::backtrace::__rust_end_short_backtrace::h8b3d3717114f9e59
[INFO] [stdout]                                at /rustc/1b7dd2252b99671ce5d1cb9664c5f8636329436d/library/std/src/sys_common/backtrace.rs:150:18
[INFO] [stdout]   16:     0x55fb117061a2 - rust_begin_unwind
[INFO] [stdout]                                at /rustc/1b7dd2252b99671ce5d1cb9664c5f8636329436d/library/std/src/panicking.rs:578:5
[INFO] [stdout]   17:     0x55fb1147e063 - core::panicking::panic_fmt::hfd368e3fbdabea26
[INFO] [stdout]                                at /rustc/1b7dd2252b99671ce5d1cb9664c5f8636329436d/library/core/src/panicking.rs:67:14
[INFO] [stdout]   18:     0x55fb1147e603 - core::result::unwrap_failed::he54eb4b2f125b26f
[INFO] [stdout]                                at /rustc/1b7dd2252b99671ce5d1cb9664c5f8636329436d/library/core/src/result.rs:1687:5
[INFO] [stdout]   19:     0x55fb116732fa - core::result::Result<T,E>::unwrap::h40ceb6e83271cff5
[INFO] [stdout]                                at /rustc/1b7dd2252b99671ce5d1cb9664c5f8636329436d/library/core/src/result.rs:1089:23
[INFO] [stdout]   20:     0x55fb1147ea5f - test_c_binary::get_st::h623effafda85d5c3
[INFO] [stdout]                                at /opt/rustwide/workdir/tests/test_c_binary.rs:23:5
[INFO] [stdout]   21:     0x55fb1147eb24 - test_c_binary::test_sched::{{closure}}::h853e97263d68b88c
[INFO] [stdout]                                at /opt/rustwide/workdir/tests/test_c_binary.rs:63:18
[INFO] [stdout]   22:     0x55fb1148540e - core::ops::function::FnOnce::call_once::h7d3baf742e427591
[INFO] [stdout]                                at /rustc/1b7dd2252b99671ce5d1cb9664c5f8636329436d/library/core/src/ops/function.rs:250:5
[INFO] [stdout]   23:     0x55fb116c6fcc - serial_test::serial_core::h7f52fd9bab91b80f
[INFO] [stdout]                                at /opt/rustwide/cargo-home/registry/src/index.crates.io-6f17d22bba15001f/serial_test-0.5.1/src/lib.rs:64:5
[INFO] [stdout]   24:     0x55fb1147ead9 - test_c_binary::test_sched::hc67f343fbf7a477e
[INFO] [stdout]                                at /opt/rustwide/workdir/tests/test_c_binary.rs:59:1
[INFO] [stdout]   25:     0x55fb1147eaa7 - test_c_binary::test_sched::{{closure}}::hefcc182285b06e91
[INFO] [stdout]                                at /opt/rustwide/workdir/tests/test_c_binary.rs:60:17
[INFO] [stdout]   26:     0x55fb11485255 - core::ops::function::FnOnce::call_once::h309d88444bda84d9
[INFO] [stdout]                                at /rustc/1b7dd2252b99671ce5d1cb9664c5f8636329436d/library/core/src/ops/function.rs:250:5
[INFO] [stdout]   27:     0x55fb11629c8f - core::ops::function::FnOnce::call_once::ha6a70e79f7481a7e
[INFO] [stdout]                                at /rustc/1b7dd2252b99671ce5d1cb9664c5f8636329436d/library/core/src/ops/function.rs:250:5
[INFO] [stdout]   28:     0x55fb11629c8f - test::__rust_begin_short_backtrace::hce33033019b61e69
[INFO] [stdout]                                at /rustc/1b7dd2252b99671ce5d1cb9664c5f8636329436d/library/test/src/lib.rs:655:18
[INFO] [stdout]   29:     0x55fb115f747c - test::run_test::{{closure}}::h858d3528838ae3e5
[INFO] [stdout]                                at /rustc/1b7dd2252b99671ce5d1cb9664c5f8636329436d/library/test/src/lib.rs:646:30
[INFO] [stdout]   30:     0x55fb115f747c - core::ops::function::FnOnce::call_once{{vtable.shim}}::he8ac2b00f01ae79e
[INFO] [stdout]                                at /rustc/1b7dd2252b99671ce5d1cb9664c5f8636329436d/library/core/src/ops/function.rs:250:5
[INFO] [stdout]   31:     0x55fb11628d66 - <alloc::boxed::Box<F,A> as core::ops::function::FnOnce<Args>>::call_once::h8093d25b522725ef
[INFO] [stdout]                                at /rustc/1b7dd2252b99671ce5d1cb9664c5f8636329436d/library/alloc/src/boxed.rs:1973:9
[INFO] [stdout]   32:     0x55fb11628d66 - <core::panic::unwind_safe::AssertUnwindSafe<F> as core::ops::function::FnOnce<()>>::call_once::h5c334c204e4a3913
[INFO] [stdout]                                at /rustc/1b7dd2252b99671ce5d1cb9664c5f8636329436d/library/core/src/panic/unwind_safe.rs:271:9
[INFO] [stdout]   33:     0x55fb11628d66 - std::panicking::try::do_call::ha8b740c7b9478074
[INFO] [stdout]                                at /rustc/1b7dd2252b99671ce5d1cb9664c5f8636329436d/library/std/src/panicking.rs:485:40
[INFO] [stdout]   34:     0x55fb11628d66 - std::panicking::try::h5d34f63d0e41b64e
[INFO] [stdout]                                at /rustc/1b7dd2252b99671ce5d1cb9664c5f8636329436d/library/std/src/panicking.rs:449:19
[INFO] [stdout]   35:     0x55fb11628d66 - std::panic::catch_unwind::hcfbb511e1aa7fc67
[INFO] [stdout]                                at /rustc/1b7dd2252b99671ce5d1cb9664c5f8636329436d/library/std/src/panic.rs:140:14
[INFO] [stdout]   36:     0x55fb11628d66 - test::run_test_in_process::h9abda90f802eaf21
[INFO] [stdout]                                at /rustc/1b7dd2252b99671ce5d1cb9664c5f8636329436d/library/test/src/lib.rs:678:27
[INFO] [stdout]   37:     0x55fb11628d66 - test::run_test::run_test_inner::{{closure}}::h0f058de91f6c6edf
[INFO] [stdout]                                at /rustc/1b7dd2252b99671ce5d1cb9664c5f8636329436d/library/test/src/lib.rs:572:39
[INFO] [stdout]   38:     0x55fb115f1c85 - test::run_test::run_test_inner::{{closure}}::h5ca48a4c59c6c1fb
[INFO] [stdout]                                at /rustc/1b7dd2252b99671ce5d1cb9664c5f8636329436d/library/test/src/lib.rs:599:37
[INFO] [stdout]   39:     0x55fb115f1c85 - std::sys_common::backtrace::__rust_begin_short_backtrace::h32bd51e1495d4a33
[INFO] [stdout]                                at /rustc/1b7dd2252b99671ce5d1cb9664c5f8636329436d/library/std/src/sys_common/backtrace.rs:134:18
[INFO] [stdout]   40:     0x55fb115f71c1 - std::thread::Builder::spawn_unchecked_::{{closure}}::{{closure}}::hc086fae9b128b2db
[INFO] [stdout]                                at /rustc/1b7dd2252b99671ce5d1cb9664c5f8636329436d/library/std/src/thread/mod.rs:526:17
[INFO] [stdout]   41:     0x55fb115f71c1 - <core::panic::unwind_safe::AssertUnwindSafe<F> as core::ops::function::FnOnce<()>>::call_once::hb66571888d270d43
[INFO] [stdout]                                at /rustc/1b7dd2252b99671ce5d1cb9664c5f8636329436d/library/core/src/panic/unwind_safe.rs:271:9
[INFO] [stdout]   42:     0x55fb115f71c1 - std::panicking::try::do_call::h4fa2ef4f6e51fecf
[INFO] [stdout]                                at /rustc/1b7dd2252b99671ce5d1cb9664c5f8636329436d/library/std/src/panicking.rs:485:40
[INFO] [stdout]   43:     0x55fb115f71c1 - std::panicking::try::h1e9e22b8584489b5
[INFO] [stdout]                                at /rustc/1b7dd2252b99671ce5d1cb9664c5f8636329436d/library/std/src/panicking.rs:449:19
[INFO] [stdout]   44:     0x55fb115f71c1 - std::panic::catch_unwind::h44698a3de0e0769e
[INFO] [stdout]                                at /rustc/1b7dd2252b99671ce5d1cb9664c5f8636329436d/library/std/src/panic.rs:140:14
[INFO] [stdout]   45:     0x55fb115f71c1 - std::thread::Builder::spawn_unchecked_::{{closure}}::h50153abde3fe239e
[INFO] [stdout]                                at /rustc/1b7dd2252b99671ce5d1cb9664c5f8636329436d/library/std/src/thread/mod.rs:525:30
[INFO] [stdout]   46:     0x55fb115f71c1 - core::ops::function::FnOnce::call_once{{vtable.shim}}::hbe5bbf6f38394364
[INFO] [stdout]                                at /rustc/1b7dd2252b99671ce5d1cb9664c5f8636329436d/library/core/src/ops/function.rs:250:5
[INFO] [stdout]   47:     0x55fb1170ad35 - <alloc::boxed::Box<F,A> as core::ops::function::FnOnce<Args>>::call_once::h0d83cb2920a49046
[INFO] [stdout]                                at /rustc/1b7dd2252b99671ce5d1cb9664c5f8636329436d/library/alloc/src/boxed.rs:1973:9
[INFO] [stdout]   48:     0x55fb1170ad35 - <alloc::boxed::Box<F,A> as core::ops::function::FnOnce<Args>>::call_once::hbe0a008aa7d9ef59
[INFO] [stdout]                                at /rustc/1b7dd2252b99671ce5d1cb9664c5f8636329436d/library/alloc/src/boxed.rs:1973:9
[INFO] [stdout]   49:     0x55fb1170ad35 - std::sys::unix::thread::Thread::new::thread_start::h3a466996bdf6b1f9
[INFO] [stdout]                                at /rustc/1b7dd2252b99671ce5d1cb9664c5f8636329436d/library/std/src/sys/unix/thread.rs:108:17
[INFO] [stdout]   50:     0x7f6e292d5b43 - <unknown>
[INFO] [stdout]   51:     0x7f6e29366bb4 - __clone
[INFO] [stdout]   52:                0x0 - <unknown>
[INFO] [stdout] 
[INFO] [stdout] ---- test_sendfile stdout ----
[INFO] [stdout] thread 'test_sendfile' panicked at 'called `Result::unwrap()` on an `Err` value: StringError: internal error "Os { code: 2, kind: NotFound, message: \"No such file or directory\" }"', tests/test_c_binary.rs:23:21
[INFO] [stdout] stack backtrace:
[INFO] [stdout]    0:     0x55fb1170456a - std::backtrace_rs::backtrace::libunwind::trace::h2f05d0192276a8f6
[INFO] [stdout]                                at /rustc/1b7dd2252b99671ce5d1cb9664c5f8636329436d/library/std/src/../../backtrace/src/backtrace/libunwind.rs:93:5
[INFO] [stdout]    1:     0x55fb1170456a - std::backtrace_rs::backtrace::trace_unsynchronized::hedc23dff7a1af150
[INFO] [stdout]                                at /rustc/1b7dd2252b99671ce5d1cb9664c5f8636329436d/library/std/src/../../backtrace/src/backtrace/mod.rs:66:5
[INFO] [stdout]    2:     0x55fb1170456a - std::sys_common::backtrace::_print_fmt::h17541ef7592f3ce2
[INFO] [stdout]                                at /rustc/1b7dd2252b99671ce5d1cb9664c5f8636329436d/library/std/src/sys_common/backtrace.rs:65:5
[INFO] [stdout]    3:     0x55fb1170456a - <std::sys_common::backtrace::_print::DisplayBacktrace as core::fmt::Display>::fmt::h20f75df5ab0c0792
[INFO] [stdout]                                at /rustc/1b7dd2252b99671ce5d1cb9664c5f8636329436d/library/std/src/sys_common/backtrace.rs:44:22
[INFO] [stdout]    4:     0x55fb11728d6f - core::fmt::write::h78109e6f466b3af6
[INFO] [stdout]                                at /rustc/1b7dd2252b99671ce5d1cb9664c5f8636329436d/library/core/src/fmt/mod.rs:1254:17
[INFO] [stdout]    5:     0x55fb117017d5 - std::io::Write::write_fmt::hd24bfb68a1b35a25
[INFO] [stdout]                                at /rustc/1b7dd2252b99671ce5d1cb9664c5f8636329436d/library/std/src/io/mod.rs:1698:15
[INFO] [stdout]    6:     0x55fb11704335 - std::sys_common::backtrace::_print::h8dac57a9f8fbf9a5
[INFO] [stdout]                                at /rustc/1b7dd2252b99671ce5d1cb9664c5f8636329436d/library/std/src/sys_common/backtrace.rs:47:5
[INFO] [stdout]    7:     0x55fb11704335 - std::sys_common::backtrace::print::hf9ecbf41d1aa712f
[INFO] [stdout]                                at /rustc/1b7dd2252b99671ce5d1cb9664c5f8636329436d/library/std/src/sys_common/backtrace.rs:34:9
[INFO] [stdout]    8:     0x55fb11705fee - std::panicking::default_hook::{{closure}}::h04c07acfc84ca028
[INFO] [stdout]                                at /rustc/1b7dd2252b99671ce5d1cb9664c5f8636329436d/library/std/src/panicking.rs:269:22
[INFO] [stdout]    9:     0x55fb11705d21 - std::panicking::default_hook::h01f6bb23e1eceb2c
[INFO] [stdout]                                at /rustc/1b7dd2252b99671ce5d1cb9664c5f8636329436d/library/std/src/panicking.rs:285:9
[INFO] [stdout]   10:     0x55fb11624dbb - <alloc::boxed::Box<F,A> as core::ops::function::Fn<Args>>::call::h87fe9f7b2fd49e4c
[INFO] [stdout]                                at /rustc/1b7dd2252b99671ce5d1cb9664c5f8636329436d/library/alloc/src/boxed.rs:1987:9
[INFO] [stdout]   11:     0x55fb11624dbb - test::test_main::{{closure}}::he94d679243a7531b
[INFO] [stdout]                                at /rustc/1b7dd2252b99671ce5d1cb9664c5f8636329436d/library/test/src/lib.rs:134:21
[INFO] [stdout]   12:     0x55fb117066d4 - <alloc::boxed::Box<F,A> as core::ops::function::Fn<Args>>::call::h3f2d6d8b14c4769f
[INFO] [stdout]                                at /rustc/1b7dd2252b99671ce5d1cb9664c5f8636329436d/library/alloc/src/boxed.rs:1987:9
[INFO] [stdout]   13:     0x55fb117066d4 - std::panicking::rust_panic_with_hook::h2bb3722bbaf2f6df
[INFO] [stdout]                                at /rustc/1b7dd2252b99671ce5d1cb9664c5f8636329436d/library/std/src/panicking.rs:695:13
[INFO] [stdout]   14:     0x55fb11706449 - std::panicking::begin_panic_handler::{{closure}}::h91bc7f36a4be011b
[INFO] [stdout]                                at /rustc/1b7dd2252b99671ce5d1cb9664c5f8636329436d/library/std/src/panicking.rs:582:13
[INFO] [stdout]   15:     0x55fb117049d6 - std::sys_common::backtrace::__rust_end_short_backtrace::h8b3d3717114f9e59
[INFO] [stdout]                                at /rustc/1b7dd2252b99671ce5d1cb9664c5f8636329436d/library/std/src/sys_common/backtrace.rs:150:18
[INFO] [stdout]   16:     0x55fb117061a2 - rust_begin_unwind
[INFO] [stdout]                                at /rustc/1b7dd2252b99671ce5d1cb9664c5f8636329436d/library/std/src/panicking.rs:578:5
[INFO] [stdout]   17:     0x55fb1147e063 - core::panicking::panic_fmt::hfd368e3fbdabea26
[INFO] [stdout]                                at /rustc/1b7dd2252b99671ce5d1cb9664c5f8636329436d/library/core/src/panicking.rs:67:14
[INFO] [stdout]   18:     0x55fb1147e603 - core::result::unwrap_failed::he54eb4b2f125b26f
[INFO] [stdout]                                at /rustc/1b7dd2252b99671ce5d1cb9664c5f8636329436d/library/core/src/result.rs:1687:5
[INFO] [stdout]   19:     0x55fb116732fa - core::result::Result<T,E>::unwrap::h40ceb6e83271cff5
[INFO] [stdout]                                at /rustc/1b7dd2252b99671ce5d1cb9664c5f8636329436d/library/core/src/result.rs:1089:23
[INFO] [stdout]   20:     0x55fb1147ea5f - test_c_binary::get_st::h623effafda85d5c3
[INFO] [stdout]                                at /opt/rustwide/workdir/tests/test_c_binary.rs:23:5
[INFO] [stdout]   21:     0x55fb11482385 - test_c_binary::test_sendfile::{{closure}}::h79aa32b895adf461
[INFO] [stdout]                                at /opt/rustwide/workdir/tests/test_c_binary.rs:244:18
[INFO] [stdout]   22:     0x55fb114851be - core::ops::function::FnOnce::call_once::h1d0e170555de1d65
[INFO] [stdout]                                at /rustc/1b7dd2252b99671ce5d1cb9664c5f8636329436d/library/core/src/ops/function.rs:250:5
[INFO] [stdout]   23:     0x55fb116c6fcc - serial_test::serial_core::h7f52fd9bab91b80f
[INFO] [stdout]                                at /opt/rustwide/cargo-home/registry/src/index.crates.io-6f17d22bba15001f/serial_test-0.5.1/src/lib.rs:64:5
[INFO] [stdout]   24:     0x55fb11482349 - test_c_binary::test_sendfile::h790f61153ba81ca5
[INFO] [stdout]                                at /opt/rustwide/workdir/tests/test_c_binary.rs:240:1
[INFO] [stdout]   25:     0x55fb11482317 - test_c_binary::test_sendfile::{{closure}}::ha07518260e47ae7d
[INFO] [stdout]                                at /opt/rustwide/workdir/tests/test_c_binary.rs:241:20
[INFO] [stdout]   26:     0x55fb11485315 - core::ops::function::FnOnce::call_once::h4a0322bf444fc702
[INFO] [stdout]                                at /rustc/1b7dd2252b99671ce5d1cb9664c5f8636329436d/library/core/src/ops/function.rs:250:5
[INFO] [stdout]   27:     0x55fb11629c8f - core::ops::function::FnOnce::call_once::ha6a70e79f7481a7e
[INFO] [stdout]                                at /rustc/1b7dd2252b99671ce5d1cb9664c5f8636329436d/library/core/src/ops/function.rs:250:5
[INFO] [stdout]   28:     0x55fb11629c8f - test::__rust_begin_short_backtrace::hce33033019b61e69
[INFO] [stdout]                                at /rustc/1b7dd2252b99671ce5d1cb9664c5f8636329436d/library/test/src/lib.rs:655:18
[INFO] [stdout]   29:     0x55fb115f747c - test::run_test::{{closure}}::h858d3528838ae3e5
[INFO] [stdout]                                at /rustc/1b7dd2252b99671ce5d1cb9664c5f8636329436d/library/test/src/lib.rs:646:30
[INFO] [stdout]   30:     0x55fb115f747c - core::ops::function::FnOnce::call_once{{vtable.shim}}::he8ac2b00f01ae79e
[INFO] [stdout]                                at /rustc/1b7dd2252b99671ce5d1cb9664c5f8636329436d/library/core/src/ops/function.rs:250:5
[INFO] [stdout]   31:     0x55fb11628d66 - <alloc::boxed::Box<F,A> as core::ops::function::FnOnce<Args>>::call_once::h8093d25b522725ef
[INFO] [stdout]                                at /rustc/1b7dd2252b99671ce5d1cb9664c5f8636329436d/library/alloc/src/boxed.rs:1973:9
[INFO] [stdout]   32:     0x55fb11628d66 - <core::panic::unwind_safe::AssertUnwindSafe<F> as core::ops::function::FnOnce<()>>::call_once::h5c334c204e4a3913
[INFO] [stdout]                                at /rustc/1b7dd2252b99671ce5d1cb9664c5f8636329436d/library/core/src/panic/unwind_safe.rs:271:9
[INFO] [stdout]   33:     0x55fb11628d66 - std::panicking::try::do_call::ha8b740c7b9478074
[INFO] [stdout]                                at /rustc/1b7dd2252b99671ce5d1cb9664c5f8636329436d/library/std/src/panicking.rs:485:40
[INFO] [stdout]   34:     0x55fb11628d66 - std::panicking::try::h5d34f63d0e41b64e
[INFO] [stdout]                                at /rustc/1b7dd2252b99671ce5d1cb9664c5f8636329436d/library/std/src/panicking.rs:449:19
[INFO] [stdout]   35:     0x55fb11628d66 - std::panic::catch_unwind::hcfbb511e1aa7fc67
[INFO] [stdout]                                at /rustc/1b7dd2252b99671ce5d1cb9664c5f8636329436d/library/std/src/panic.rs:140:14
[INFO] [stdout]   36:     0x55fb11628d66 - test::run_test_in_process::h9abda90f802eaf21
[INFO] [stdout]                                at /rustc/1b7dd2252b99671ce5d1cb9664c5f8636329436d/library/test/src/lib.rs:678:27
[INFO] [stdout]   37:     0x55fb11628d66 - test::run_test::run_test_inner::{{closure}}::h0f058de91f6c6edf
[INFO] [stdout]                                at /rustc/1b7dd2252b99671ce5d1cb9664c5f8636329436d/library/test/src/lib.rs:572:39
[INFO] [stdout]   38:     0x55fb115f1c85 - test::run_test::run_test_inner::{{closure}}::h5ca48a4c59c6c1fb
[INFO] [stdout]                                at /rustc/1b7dd2252b99671ce5d1cb9664c5f8636329436d/library/test/src/lib.rs:599:37
[INFO] [stdout]   39:     0x55fb115f1c85 - std::sys_common::backtrace::__rust_begin_short_backtrace::h32bd51e1495d4a33
[INFO] [stdout]                                at /rustc/1b7dd2252b99671ce5d1cb9664c5f8636329436d/library/std/src/sys_common/backtrace.rs:134:18
[INFO] [stdout]   40:     0x55fb115f71c1 - std::thread::Builder::spawn_unchecked_::{{closure}}::{{closure}}::hc086fae9b128b2db
[INFO] [stdout]                                at /rustc/1b7dd2252b99671ce5d1cb9664c5f8636329436d/library/std/src/thread/mod.rs:526:17
[INFO] [stdout]   41:     0x55fb115f71c1 - <core::panic::unwind_safe::AssertUnwindSafe<F> as core::ops::function::FnOnce<()>>::call_once::hb66571888d270d43
[INFO] [stdout]                                at /rustc/1b7dd2252b99671ce5d1cb9664c5f8636329436d/library/core/src/panic/unwind_safe.rs:271:9
[INFO] [stdout]   42:     0x55fb115f71c1 - std::panicking::try::do_call::h4fa2ef4f6e51fecf
[INFO] [stdout]                                at /rustc/1b7dd2252b99671ce5d1cb9664c5f8636329436d/library/std/src/panicking.rs:485:40
[INFO] [stdout]   43:     0x55fb115f71c1 - std::panicking::try::h1e9e22b8584489b5
[INFO] [stdout]                                at /rustc/1b7dd2252b99671ce5d1cb9664c5f8636329436d/library/std/src/panicking.rs:449:19
[INFO] [stdout]   44:     0x55fb115f71c1 - std::panic::catch_unwind::h44698a3de0e0769e
[INFO] [stdout]                                at /rustc/1b7dd2252b99671ce5d1cb9664c5f8636329436d/library/std/src/panic.rs:140:14
[INFO] [stdout]   45:     0x55fb115f71c1 - std::thread::Builder::spawn_unchecked_::{{closure}}::h50153abde3fe239e
[INFO] [stdout]                                at /rustc/1b7dd2252b99671ce5d1cb9664c5f8636329436d/library/std/src/thread/mod.rs:525:30
[INFO] [stdout]   46:     0x55fb115f71c1 - core::ops::function::FnOnce::call_once{{vtable.shim}}::hbe5bbf6f38394364
[INFO] [stdout]                                at /rustc/1b7dd2252b99671ce5d1cb9664c5f8636329436d/library/core/src/ops/function.rs:250:5
[INFO] [stdout]   47:     0x55fb1170ad35 - <alloc::boxed::Box<F,A> as core::ops::function::FnOnce<Args>>::call_once::h0d83cb2920a49046
[INFO] [stdout]                                at /rustc/1b7dd2252b99671ce5d1cb9664c5f8636329436d/library/alloc/src/boxed.rs:1973:9
[INFO] [stdout]   48:     0x55fb1170ad35 - <alloc::boxed::Box<F,A> as core::ops::function::FnOnce<Args>>::call_once::hbe0a008aa7d9ef59
[INFO] [stdout]                                at /rustc/1b7dd2252b99671ce5d1cb9664c5f8636329436d/library/alloc/src/boxed.rs:1973:9
[INFO] [stdout]   49:     0x55fb1170ad35 - std::sys::unix::thread::Thread::new::thread_start::h3a466996bdf6b1f9
[INFO] [stdout]                                at /rustc/1b7dd2252b99671ce5d1cb9664c5f8636329436d/library/std/src/sys/unix/thread.rs:108:17
[INFO] [stdout]   50:     0x7f6e292d5b43 - <unknown>
[INFO] [stdout]   51:     0x7f6e29366bb4 - __clone
[INFO] [stdout]   52:                0x0 - <unknown>
[INFO] [stdout] 
[INFO] [stdout] ---- test_socket stdout ----
[INFO] [stdout] thread 'test_socket' panicked at 'called `Result::unwrap()` on an `Err` value: StringError: internal error "Os { code: 2, kind: NotFound, message: \"No such file or directory\" }"', tests/test_c_binary.rs:23:21
[INFO] [stdout] stack backtrace:
[INFO] [stdout]    0:     0x55fb1170456a - std::backtrace_rs::backtrace::libunwind::trace::h2f05d0192276a8f6
[INFO] [stdout]                                at /rustc/1b7dd2252b99671ce5d1cb9664c5f8636329436d/library/std/src/../../backtrace/src/backtrace/libunwind.rs:93:5
[INFO] [stdout]    1:     0x55fb1170456a - std::backtrace_rs::backtrace::trace_unsynchronized::hedc23dff7a1af150
[INFO] [stdout]                                at /rustc/1b7dd2252b99671ce5d1cb9664c5f8636329436d/library/std/src/../../backtrace/src/backtrace/mod.rs:66:5
[INFO] [stdout]    2:     0x55fb1170456a - std::sys_common::backtrace::_print_fmt::h17541ef7592f3ce2
[INFO] [stdout]                                at /rustc/1b7dd2252b99671ce5d1cb9664c5f8636329436d/library/std/src/sys_common/backtrace.rs:65:5
[INFO] [stdout]    3:     0x55fb1170456a - <std::sys_common::backtrace::_print::DisplayBacktrace as core::fmt::Display>::fmt::h20f75df5ab0c0792
[INFO] [stdout]                                at /rustc/1b7dd2252b99671ce5d1cb9664c5f8636329436d/library/std/src/sys_common/backtrace.rs:44:22
[INFO] [stdout]    4:     0x55fb11728d6f - core::fmt::write::h78109e6f466b3af6
[INFO] [stdout]                                at /rustc/1b7dd2252b99671ce5d1cb9664c5f8636329436d/library/core/src/fmt/mod.rs:1254:17
[INFO] [stdout]    5:     0x55fb117017d5 - std::io::Write::write_fmt::hd24bfb68a1b35a25
[INFO] [stdout]                                at /rustc/1b7dd2252b99671ce5d1cb9664c5f8636329436d/library/std/src/io/mod.rs:1698:15
[INFO] [stdout]    6:     0x55fb11704335 - std::sys_common::backtrace::_print::h8dac57a9f8fbf9a5
[INFO] [stdout]                                at /rustc/1b7dd2252b99671ce5d1cb9664c5f8636329436d/library/std/src/sys_common/backtrace.rs:47:5
[INFO] [stdout]    7:     0x55fb11704335 - std::sys_common::backtrace::print::hf9ecbf41d1aa712f
[INFO] [stdout]                                at /rustc/1b7dd2252b99671ce5d1cb9664c5f8636329436d/library/std/src/sys_common/backtrace.rs:34:9
[INFO] [stdout]    8:     0x55fb11705fee - std::panicking::default_hook::{{closure}}::h04c07acfc84ca028
[INFO] [stdout]                                at /rustc/1b7dd2252b99671ce5d1cb9664c5f8636329436d/library/std/src/panicking.rs:269:22
[INFO] [stdout]    9:     0x55fb11705d21 - std::panicking::default_hook::h01f6bb23e1eceb2c
[INFO] [stdout]                                at /rustc/1b7dd2252b99671ce5d1cb9664c5f8636329436d/library/std/src/panicking.rs:285:9
[INFO] [stdout]   10:     0x55fb11624dbb - <alloc::boxed::Box<F,A> as core::ops::function::Fn<Args>>::call::h87fe9f7b2fd49e4c
[INFO] [stdout]                                at /rustc/1b7dd2252b99671ce5d1cb9664c5f8636329436d/library/alloc/src/boxed.rs:1987:9
[INFO] [stdout]   11:     0x55fb11624dbb - test::test_main::{{closure}}::he94d679243a7531b
[INFO] [stdout]                                at /rustc/1b7dd2252b99671ce5d1cb9664c5f8636329436d/library/test/src/lib.rs:134:21
[INFO] [stdout]   12:     0x55fb117066d4 - <alloc::boxed::Box<F,A> as core::ops::function::Fn<Args>>::call::h3f2d6d8b14c4769f
[INFO] [stdout]                                at /rustc/1b7dd2252b99671ce5d1cb9664c5f8636329436d/library/alloc/src/boxed.rs:1987:9
[INFO] [stdout]   13:     0x55fb117066d4 - std::panicking::rust_panic_with_hook::h2bb3722bbaf2f6df
[INFO] [stdout]                                at /rustc/1b7dd2252b99671ce5d1cb9664c5f8636329436d/library/std/src/panicking.rs:695:13
[INFO] [stdout]   14:     0x55fb11706449 - std::panicking::begin_panic_handler::{{closure}}::h91bc7f36a4be011b
[INFO] [stdout]                                at /rustc/1b7dd2252b99671ce5d1cb9664c5f8636329436d/library/std/src/panicking.rs:582:13
[INFO] [stdout]   15:     0x55fb117049d6 - std::sys_common::backtrace::__rust_end_short_backtrace::h8b3d3717114f9e59
[INFO] [stdout]                                at /rustc/1b7dd2252b99671ce5d1cb9664c5f8636329436d/library/std/src/sys_common/backtrace.rs:150:18
[INFO] [stdout]   16:     0x55fb117061a2 - rust_begin_unwind
[INFO] [stdout]                                at /rustc/1b7dd2252b99671ce5d1cb9664c5f8636329436d/library/std/src/panicking.rs:578:5
[INFO] [stdout]   17:     0x55fb1147e063 - core::panicking::panic_fmt::hfd368e3fbdabea26
[INFO] [stdout]                                at /rustc/1b7dd2252b99671ce5d1cb9664c5f8636329436d/library/core/src/panicking.rs:67:14
[INFO] [stdout]   18:     0x55fb1147e603 - core::result::unwrap_failed::he54eb4b2f125b26f
[INFO] [stdout]                                at /rustc/1b7dd2252b99671ce5d1cb9664c5f8636329436d/library/core/src/result.rs:1687:5
[INFO] [stdout]   19:     0x55fb116732fa - core::result::Result<T,E>::unwrap::h40ceb6e83271cff5
[INFO] [stdout]                                at /rustc/1b7dd2252b99671ce5d1cb9664c5f8636329436d/library/core/src/result.rs:1089:23
[INFO] [stdout]   20:     0x55fb1147ea5f - test_c_binary::get_st::h623effafda85d5c3
[INFO] [stdout]                                at /opt/rustwide/workdir/tests/test_c_binary.rs:23:5
[INFO] [stdout]   21:     0x55fb11482915 - test_c_binary::test_socket::{{closure}}::had88b24cd377929a
[INFO] [stdout]                                at /opt/rustwide/workdir/tests/test_c_binary.rs:277:18
[INFO] [stdout]   22:     0x55fb1148544e - core::ops::function::FnOnce::call_once::h8884cc8742d8b8aa
[INFO] [stdout]                                at /rustc/1b7dd2252b99671ce5d1cb9664c5f8636329436d/library/core/src/ops/function.rs:250:5
[INFO] [stdout]   23:     0x55fb116c6fcc - serial_test::serial_core::h7f52fd9bab91b80f
[INFO] [stdout]                                at /opt/rustwide/cargo-home/registry/src/index.crates.io-6f17d22bba15001f/serial_test-0.5.1/src/lib.rs:64:5
[INFO] [stdout]   24:     0x55fb114828d9 - test_c_binary::test_socket::hf01e9d00d36d7e5e
[INFO] [stdout]                                at /opt/rustwide/workdir/tests/test_c_binary.rs:273:1
[INFO] [stdout]   25:     0x55fb114828a7 - test_c_binary::test_socket::{{closure}}::haff6303fa6456f44
[INFO] [stdout]                                at /opt/rustwide/workdir/tests/test_c_binary.rs:274:18
[INFO] [stdout]   26:     0x55fb11485515 - core::ops::function::FnOnce::call_once::hc6496202aad4fb4f
[INFO] [stdout]                                at /rustc/1b7dd2252b99671ce5d1cb9664c5f8636329436d/library/core/src/ops/function.rs:250:5
[INFO] [stdout]   27:     0x55fb11629c8f - core::ops::function::FnOnce::call_once::ha6a70e79f7481a7e
[INFO] [stdout]                                at /rustc/1b7dd2252b99671ce5d1cb9664c5f8636329436d/library/core/src/ops/function.rs:250:5
[INFO] [stdout]   28:     0x55fb11629c8f - test::__rust_begin_short_backtrace::hce33033019b61e69
[INFO] [stdout]                                at /rustc/1b7dd2252b99671ce5d1cb9664c5f8636329436d/library/test/src/lib.rs:655:18
[INFO] [stdout]   29:     0x55fb115f747c - test::run_test::{{closure}}::h858d3528838ae3e5
[INFO] [stdout]                                at /rustc/1b7dd2252b99671ce5d1cb9664c5f8636329436d/library/test/src/lib.rs:646:30
[INFO] [stdout]   30:     0x55fb115f747c - core::ops::function::FnOnce::call_once{{vtable.shim}}::he8ac2b00f01ae79e
[INFO] [stdout]                                at /rustc/1b7dd2252b99671ce5d1cb9664c5f8636329436d/library/core/src/ops/function.rs:250:5
[INFO] [stdout]   31:     0x55fb11628d66 - <alloc::boxed::Box<F,A> as core::ops::function::FnOnce<Args>>::call_once::h8093d25b522725ef
[INFO] [stdout]                                at /rustc/1b7dd2252b99671ce5d1cb9664c5f8636329436d/library/alloc/src/boxed.rs:1973:9
[INFO] [stdout]   32:     0x55fb11628d66 - <core::panic::unwind_safe::AssertUnwindSafe<F> as core::ops::function::FnOnce<()>>::call_once::h5c334c204e4a3913
[INFO] [stdout]                                at /rustc/1b7dd2252b99671ce5d1cb9664c5f8636329436d/library/core/src/panic/unwind_safe.rs:271:9
[INFO] [stdout]   33:     0x55fb11628d66 - std::panicking::try::do_call::ha8b740c7b9478074
[INFO] [stdout]                                at /rustc/1b7dd2252b99671ce5d1cb9664c5f8636329436d/library/std/src/panicking.rs:485:40
[INFO] [stdout]   34:     0x55fb11628d66 - std::panicking::try::h5d34f63d0e41b64e
[INFO] [stdout]                                at /rustc/1b7dd2252b99671ce5d1cb9664c5f8636329436d/library/std/src/panicking.rs:449:19
[INFO] [stdout]   35:     0x55fb11628d66 - std::panic::catch_unwind::hcfbb511e1aa7fc67
[INFO] [stdout]                                at /rustc/1b7dd2252b99671ce5d1cb9664c5f8636329436d/library/std/src/panic.rs:140:14
[INFO] [stdout]   36:     0x55fb11628d66 - test::run_test_in_process::h9abda90f802eaf21
[INFO] [stdout]                                at /rustc/1b7dd2252b99671ce5d1cb9664c5f8636329436d/library/test/src/lib.rs:678:27
[INFO] [stdout]   37:     0x55fb11628d66 - test::run_test::run_test_inner::{{closure}}::h0f058de91f6c6edf
[INFO] [stdout]                                at /rustc/1b7dd2252b99671ce5d1cb9664c5f8636329436d/library/test/src/lib.rs:572:39
[INFO] [stdout]   38:     0x55fb115f1c85 - test::run_test::run_test_inner::{{closure}}::h5ca48a4c59c6c1fb
[INFO] [stdout]                                at /rustc/1b7dd2252b99671ce5d1cb9664c5f8636329436d/library/test/src/lib.rs:599:37
[INFO] [stdout]   39:     0x55fb115f1c85 - std::sys_common::backtrace::__rust_begin_short_backtrace::h32bd51e1495d4a33
[INFO] [stdout]                                at /rustc/1b7dd2252b99671ce5d1cb9664c5f8636329436d/library/std/src/sys_common/backtrace.rs:134:18
[INFO] [stdout]   40:     0x55fb115f71c1 - std::thread::Builder::spawn_unchecked_::{{closure}}::{{closure}}::hc086fae9b128b2db
[INFO] [stdout]                                at /rustc/1b7dd2252b99671ce5d1cb9664c5f8636329436d/library/std/src/thread/mod.rs:526:17
[INFO] [stdout]   41:     0x55fb115f71c1 - <core::panic::unwind_safe::AssertUnwindSafe<F> as core::ops::function::FnOnce<()>>::call_once::hb66571888d270d43
[INFO] [stdout]                                at /rustc/1b7dd2252b99671ce5d1cb9664c5f8636329436d/library/core/src/panic/unwind_safe.rs:271:9
[INFO] [stdout]   42:     0x55fb115f71c1 - std::panicking::try::do_call::h4fa2ef4f6e51fecf
[INFO] [stdout]                                at /rustc/1b7dd2252b99671ce5d1cb9664c5f8636329436d/library/std/src/panicking.rs:485:40
[INFO] [stdout]   43:     0x55fb115f71c1 - std::panicking::try::h1e9e22b8584489b5
[INFO] [stdout]                                at /rustc/1b7dd2252b99671ce5d1cb9664c5f8636329436d/library/std/src/panicking.rs:449:19
[INFO] [stdout]   44:     0x55fb115f71c1 - std::panic::catch_unwind::h44698a3de0e0769e
[INFO] [stdout]                                at /rustc/1b7dd2252b99671ce5d1cb9664c5f8636329436d/library/std/src/panic.rs:140:14
[INFO] [stdout]   45:     0x55fb115f71c1 - std::thread::Builder::spawn_unchecked_::{{closure}}::h50153abde3fe239e
[INFO] [stdout]                                at /rustc/1b7dd2252b99671ce5d1cb9664c5f8636329436d/library/std/src/thread/mod.rs:525:30
[INFO] [stdout]   46:     0x55fb115f71c1 - core::ops::function::FnOnce::call_once{{vtable.shim}}::hbe5bbf6f38394364
[INFO] [stdout]                                at /rustc/1b7dd2252b99671ce5d1cb9664c5f8636329436d/library/core/src/ops/function.rs:250:5
[INFO] [stdout]   47:     0x55fb1170ad35 - <alloc::boxed::Box<F,A> as core::ops::function::FnOnce<Args>>::call_once::h0d83cb2920a49046
[INFO] [stdout]                                at /rustc/1b7dd2252b99671ce5d1cb9664c5f8636329436d/library/alloc/src/boxed.rs:1973:9
[INFO] [stdout]   48:     0x55fb1170ad35 - <alloc::boxed::Box<F,A> as core::ops::function::FnOnce<Args>>::call_once::hbe0a008aa7d9ef59
[INFO] [stdout]                                at /rustc/1b7dd2252b99671ce5d1cb9664c5f8636329436d/library/alloc/src/boxed.rs:1973:9
[INFO] [stdout]   49:     0x55fb1170ad35 - std::sys::unix::thread::Thread::new::thread_start::h3a466996bdf6b1f9
[INFO] [stdout]                                at /rustc/1b7dd2252b99671ce5d1cb9664c5f8636329436d/library/std/src/sys/unix/thread.rs:108:17
[INFO] [stdout]   50:     0x7f6e292d5b43 - <unknown>
[INFO] [stdout]   51:     0x7f6e29366bb4 - __clone
[INFO] [stdout]   52:                0x0 - <unknown>
[INFO] [stdout] 
[INFO] [stdout] ---- test_swap stdout ----
[INFO] [stdout] thread 'test_swap' panicked at 'called `Result::unwrap()` on an `Err` value: StringError: internal error "Os { code: 2, kind: NotFound, message: \"No such file or directory\" }"', tests/test_c_binary.rs:23:21
[INFO] [stdout] stack backtrace:
[INFO] [stdout]    0:     0x55fb1170456a - std::backtrace_rs::backtrace::libunwind::trace::h2f05d0192276a8f6
[INFO] [stdout]                                at /rustc/1b7dd2252b99671ce5d1cb9664c5f8636329436d/library/std/src/../../backtrace/src/backtrace/libunwind.rs:93:5
[INFO] [stdout]    1:     0x55fb1170456a - std::backtrace_rs::backtrace::trace_unsynchronized::hedc23dff7a1af150
[INFO] [stdout]                                at /rustc/1b7dd2252b99671ce5d1cb9664c5f8636329436d/library/std/src/../../backtrace/src/backtrace/mod.rs:66:5
[INFO] [stdout]    2:     0x55fb1170456a - std::sys_common::backtrace::_print_fmt::h17541ef7592f3ce2
[INFO] [stdout]                                at /rustc/1b7dd2252b99671ce5d1cb9664c5f8636329436d/library/std/src/sys_common/backtrace.rs:65:5
[INFO] [stdout]    3:     0x55fb1170456a - <std::sys_common::backtrace::_print::DisplayBacktrace as core::fmt::Display>::fmt::h20f75df5ab0c0792
[INFO] [stdout]                                at /rustc/1b7dd2252b99671ce5d1cb9664c5f8636329436d/library/std/src/sys_common/backtrace.rs:44:22
[INFO] [stdout]    4:     0x55fb11728d6f - core::fmt::write::h78109e6f466b3af6
[INFO] [stdout]                                at /rustc/1b7dd2252b99671ce5d1cb9664c5f8636329436d/library/core/src/fmt/mod.rs:1254:17
[INFO] [stdout]    5:     0x55fb117017d5 - std::io::Write::write_fmt::hd24bfb68a1b35a25
[INFO] [stdout]                                at /rustc/1b7dd2252b99671ce5d1cb9664c5f8636329436d/library/std/src/io/mod.rs:1698:15
[INFO] [stdout]    6:     0x55fb11704335 - std::sys_common::backtrace::_print::h8dac57a9f8fbf9a5
[INFO] [stdout]                                at /rustc/1b7dd2252b99671ce5d1cb9664c5f8636329436d/library/std/src/sys_common/backtrace.rs:47:5
[INFO] [stdout]    7:     0x55fb11704335 - std::sys_common::backtrace::print::hf9ecbf41d1aa712f
[INFO] [stdout]                                at /rustc/1b7dd2252b99671ce5d1cb9664c5f8636329436d/library/std/src/sys_common/backtrace.rs:34:9
[INFO] [stdout]    8:     0x55fb11705fee - std::panicking::default_hook::{{closure}}::h04c07acfc84ca028
[INFO] [stdout]                                at /rustc/1b7dd2252b99671ce5d1cb9664c5f8636329436d/library/std/src/panicking.rs:269:22
[INFO] [stdout]    9:     0x55fb11705d21 - std::panicking::default_hook::h01f6bb23e1eceb2c
[INFO] [stdout]                                at /rustc/1b7dd2252b99671ce5d1cb9664c5f8636329436d/library/std/src/panicking.rs:285:9
[INFO] [stdout]   10:     0x55fb11624dbb - <alloc::boxed::Box<F,A> as core::ops::function::Fn<Args>>::call::h87fe9f7b2fd49e4c
[INFO] [stdout]                                at /rustc/1b7dd2252b99671ce5d1cb9664c5f8636329436d/library/alloc/src/boxed.rs:1987:9
[INFO] [stdout]   11:     0x55fb11624dbb - test::test_main::{{closure}}::he94d679243a7531b
[INFO] [stdout]                                at /rustc/1b7dd2252b99671ce5d1cb9664c5f8636329436d/library/test/src/lib.rs:134:21
[INFO] [stdout]   12:     0x55fb117066d4 - <alloc::boxed::Box<F,A> as core::ops::function::Fn<Args>>::call::h3f2d6d8b14c4769f
[INFO] [stdout]                                at /rustc/1b7dd2252b99671ce5d1cb9664c5f8636329436d/library/alloc/src/boxed.rs:1987:9
[INFO] [stdout]   13:     0x55fb117066d4 - std::panicking::rust_panic_with_hook::h2bb3722bbaf2f6df
[INFO] [stdout]                                at /rustc/1b7dd2252b99671ce5d1cb9664c5f8636329436d/library/std/src/panicking.rs:695:13
[INFO] [stdout]   14:     0x55fb11706449 - std::panicking::begin_panic_handler::{{closure}}::h91bc7f36a4be011b
[INFO] [stdout]                                at /rustc/1b7dd2252b99671ce5d1cb9664c5f8636329436d/library/std/src/panicking.rs:582:13
[INFO] [stdout]   15:     0x55fb117049d6 - std::sys_common::backtrace::__rust_end_short_backtrace::h8b3d3717114f9e59
[INFO] [stdout]                                at /rustc/1b7dd2252b99671ce5d1cb9664c5f8636329436d/library/std/src/sys_common/backtrace.rs:150:18
[INFO] [stdout]   16:     0x55fb117061a2 - rust_begin_unwind
[INFO] [stdout]                                at /rustc/1b7dd2252b99671ce5d1cb9664c5f8636329436d/library/std/src/panicking.rs:578:5
[INFO] [stdout]   17:     0x55fb1147e063 - core::panicking::panic_fmt::hfd368e3fbdabea26
[INFO] [stdout]                                at /rustc/1b7dd2252b99671ce5d1cb9664c5f8636329436d/library/core/src/panicking.rs:67:14
[INFO] [stdout]   18:     0x55fb1147e603 - core::result::unwrap_failed::he54eb4b2f125b26f
[INFO] [stdout]                                at /rustc/1b7dd2252b99671ce5d1cb9664c5f8636329436d/library/core/src/result.rs:1687:5
[INFO] [stdout]   19:     0x55fb116732fa - core::result::Result<T,E>::unwrap::h40ceb6e83271cff5
[INFO] [stdout]                                at /rustc/1b7dd2252b99671ce5d1cb9664c5f8636329436d/library/core/src/result.rs:1089:23
[INFO] [stdout]   20:     0x55fb1147ea5f - test_c_binary::get_st::h623effafda85d5c3
[INFO] [stdout]                                at /opt/rustwide/workdir/tests/test_c_binary.rs:23:5
[INFO] [stdout]   21:     0x55fb11480df5 - test_c_binary::test_swap::{{closure}}::h2a447195598f5f0d
[INFO] [stdout]                                at /opt/rustwide/workdir/tests/test_c_binary.rs:183:18
[INFO] [stdout]   22:     0x55fb1148520e - core::ops::function::FnOnce::call_once::h274d257052851330
[INFO] [stdout]                                at /rustc/1b7dd2252b99671ce5d1cb9664c5f8636329436d/library/core/src/ops/function.rs:250:5
[INFO] [stdout]   23:     0x55fb116c6fcc - serial_test::serial_core::h7f52fd9bab91b80f
[INFO] [stdout]                                at /opt/rustwide/cargo-home/registry/src/index.crates.io-6f17d22bba15001f/serial_test-0.5.1/src/lib.rs:64:5
[INFO] [stdout]   24:     0x55fb11480db9 - test_c_binary::test_swap::h914cc46070ce2a05
[INFO] [stdout]                                at /opt/rustwide/workdir/tests/test_c_binary.rs:179:1
[INFO] [stdout]   25:     0x55fb11480d87 - test_c_binary::test_swap::{{closure}}::h48f08dfff90041f5
[INFO] [stdout]                                at /opt/rustwide/workdir/tests/test_c_binary.rs:180:16
[INFO] [stdout]   26:     0x55fb11485355 - core::ops::function::FnOnce::call_once::h71d6203e148c9f74
[INFO] [stdout]                                at /rustc/1b7dd2252b99671ce5d1cb9664c5f8636329436d/library/core/src/ops/function.rs:250:5
[INFO] [stdout]   27:     0x55fb11629c8f - core::ops::function::FnOnce::call_once::ha6a70e79f7481a7e
[INFO] [stdout]                                at /rustc/1b7dd2252b99671ce5d1cb9664c5f8636329436d/library/core/src/ops/function.rs:250:5
[INFO] [stdout]   28:     0x55fb11629c8f - test::__rust_begin_short_backtrace::hce33033019b61e69
[INFO] [stdout]                                at /rustc/1b7dd2252b99671ce5d1cb9664c5f8636329436d/library/test/src/lib.rs:655:18
[INFO] [stdout]   29:     0x55fb115f747c - test::run_test::{{closure}}::h858d3528838ae3e5
[INFO] [stdout]                                at /rustc/1b7dd2252b99671ce5d1cb9664c5f8636329436d/library/test/src/lib.rs:646:30
[INFO] [stdout]   30:     0x55fb115f747c - core::ops::function::FnOnce::call_once{{vtable.shim}}::he8ac2b00f01ae79e
[INFO] [stdout]                                at /rustc/1b7dd2252b99671ce5d1cb9664c5f8636329436d/library/core/src/ops/function.rs:250:5
[INFO] [stdout]   31:     0x55fb11628d66 - <alloc::boxed::Box<F,A> as core::ops::function::FnOnce<Args>>::call_once::h8093d25b522725ef
[INFO] [stdout]                                at /rustc/1b7dd2252b99671ce5d1cb9664c5f8636329436d/library/alloc/src/boxed.rs:1973:9
[INFO] [stdout]   32:     0x55fb11628d66 - <core::panic::unwind_safe::AssertUnwindSafe<F> as core::ops::function::FnOnce<()>>::call_once::h5c334c204e4a3913
[INFO] [stdout]                                at /rustc/1b7dd2252b99671ce5d1cb9664c5f8636329436d/library/core/src/panic/unwind_safe.rs:271:9
[INFO] [stdout]   33:     0x55fb11628d66 - std::panicking::try::do_call::ha8b740c7b9478074
[INFO] [stdout]                                at /rustc/1b7dd2252b99671ce5d1cb9664c5f8636329436d/library/std/src/panicking.rs:485:40
[INFO] [stdout]   34:     0x55fb11628d66 - std::panicking::try::h5d34f63d0e41b64e
[INFO] [stdout]                                at /rustc/1b7dd2252b99671ce5d1cb9664c5f8636329436d/library/std/src/panicking.rs:449:19
[INFO] [stdout]   35:     0x55fb11628d66 - std::panic::catch_unwind::hcfbb511e1aa7fc67
[INFO] [stdout]                                at /rustc/1b7dd2252b99671ce5d1cb9664c5f8636329436d/library/std/src/panic.rs:140:14
[INFO] [stdout]   36:     0x55fb11628d66 - test::run_test_in_process::h9abda90f802eaf21
[INFO] [stdout]                                at /rustc/1b7dd2252b99671ce5d1cb9664c5f8636329436d/library/test/src/lib.rs:678:27
[INFO] [stdout]   37:     0x55fb11628d66 - test::run_test::run_test_inner::{{closure}}::h0f058de91f6c6edf
[INFO] [stdout]                                at /rustc/1b7dd2252b99671ce5d1cb9664c5f8636329436d/library/test/src/lib.rs:572:39
[INFO] [stdout]   38:     0x55fb115f1c85 - test::run_test::run_test_inner::{{closure}}::h5ca48a4c59c6c1fb
[INFO] [stdout]                                at /rustc/1b7dd2252b99671ce5d1cb9664c5f8636329436d/library/test/src/lib.rs:599:37
[INFO] [stdout]   39:     0x55fb115f1c85 - std::sys_common::backtrace::__rust_begin_short_backtrace::h32bd51e1495d4a33
[INFO] [stdout]                                at /rustc/1b7dd2252b99671ce5d1cb9664c5f8636329436d/library/std/src/sys_common/backtrace.rs:134:18
[INFO] [stdout]   40:     0x55fb115f71c1 - std::thread::Builder::spawn_unchecked_::{{closure}}::{{closure}}::hc086fae9b128b2db
[INFO] [stdout]                                at /rustc/1b7dd2252b99671ce5d1cb9664c5f8636329436d/library/std/src/thread/mod.rs:526:17
[INFO] [stdout]   41:     0x55fb115f71c1 - <core::panic::unwind_safe::AssertUnwindSafe<F> as core::ops::function::FnOnce<()>>::call_once::hb66571888d270d43
[INFO] [stdout]                                at /rustc/1b7dd2252b99671ce5d1cb9664c5f8636329436d/library/core/src/panic/unwind_safe.rs:271:9
[INFO] [stdout]   42:     0x55fb115f71c1 - std::panicking::try::do_call::h4fa2ef4f6e51fecf
[INFO] [stdout]                                at /rustc/1b7dd2252b99671ce5d1cb9664c5f8636329436d/library/std/src/panicking.rs:485:40
[INFO] [stdout]   43:     0x55fb115f71c1 - std::panicking::try::h1e9e22b8584489b5
[INFO] [stdout]                                at /rustc/1b7dd2252b99671ce5d1cb9664c5f8636329436d/library/std/src/panicking.rs:449:19
[INFO] [stdout]   44:     0x55fb115f71c1 - std::panic::catch_unwind::h44698a3de0e0769e
[INFO] [stdout]                                at /rustc/1b7dd2252b99671ce5d1cb9664c5f8636329436d/library/std/src/panic.rs:140:14
[INFO] [stdout]   45:     0x55fb115f71c1 - std::thread::Builder::spawn_unchecked_::{{closure}}::h50153abde3fe239e
[INFO] [stdout]                                at /rustc/1b7dd2252b99671ce5d1cb9664c5f8636329436d/library/std/src/thread/mod.rs:525:30
[INFO] [stdout]   46:     0x55fb115f71c1 - core::ops::function::FnOnce::call_once{{vtable.shim}}::hbe5bbf6f38394364
[INFO] [stdout]                                at /rustc/1b7dd2252b99671ce5d1cb9664c5f8636329436d/library/core/src/ops/function.rs:250:5
[INFO] [stdout]   47:     0x55fb1170ad35 - <alloc::boxed::Box<F,A> as core::ops::function::FnOnce<Args>>::call_once::h0d83cb2920a49046
[INFO] [stdout]                                at /rustc/1b7dd2252b99671ce5d1cb9664c5f8636329436d/library/alloc/src/boxed.rs:1973:9
[INFO] [stdout]   48:     0x55fb1170ad35 - <alloc::boxed::Box<F,A> as core::ops::function::FnOnce<Args>>::call_once::hbe0a008aa7d9ef59
[INFO] [stdout]                                at /rustc/1b7dd2252b99671ce5d1cb9664c5f8636329436d/library/alloc/src/boxed.rs:1973:9
[INFO] [stdout]   49:     0x55fb1170ad35 - std::sys::unix::thread::Thread::new::thread_start::h3a466996bdf6b1f9
[INFO] [stdout]                                at /rustc/1b7dd2252b99671ce5d1cb9664c5f8636329436d/library/std/src/sys/unix/thread.rs:108:17
[INFO] [stdout]   50:     0x7f6e292d5b43 - <unknown>
[INFO] [stdout]   51:     0x7f6e29366bb4 - __clone
[INFO] [stdout]   52:                0x0 - <unknown>
[INFO] [stdout] 
[INFO] [stdout] ---- test_stat stdout ----
[INFO] [stdout] thread 'test_stat' panicked at 'called `Result::unwrap()` on an `Err` value: StringError: internal error "Os { code: 2, kind: NotFound, message: \"No such file or directory\" }"', tests/test_c_binary.rs:23:21
[INFO] [stdout] stack backtrace:
[INFO] [stdout]    0:     0x55fb1170456a - std::backtrace_rs::backtrace::libunwind::trace::h2f05d0192276a8f6
[INFO] [stdout]                                at /rustc/1b7dd2252b99671ce5d1cb9664c5f8636329436d/library/std/src/../../backtrace/src/backtrace/libunwind.rs:93:5
[INFO] [stdout]    1:     0x55fb1170456a - std::backtrace_rs::backtrace::trace_unsynchronized::hedc23dff7a1af150
[INFO] [stdout]                                at /rustc/1b7dd2252b99671ce5d1cb9664c5f8636329436d/library/std/src/../../backtrace/src/backtrace/mod.rs:66:5
[INFO] [stdout]    2:     0x55fb1170456a - std::sys_common::backtrace::_print_fmt::h17541ef7592f3ce2
[INFO] [stdout]                                at /rustc/1b7dd2252b99671ce5d1cb9664c5f8636329436d/library/std/src/sys_common/backtrace.rs:65:5
[INFO] [stdout]    3:     0x55fb1170456a - <std::sys_common::backtrace::_print::DisplayBacktrace as core::fmt::Display>::fmt::h20f75df5ab0c0792
[INFO] [stdout]                                at /rustc/1b7dd2252b99671ce5d1cb9664c5f8636329436d/library/std/src/sys_common/backtrace.rs:44:22
[INFO] [stdout]    4:     0x55fb11728d6f - core::fmt::write::h78109e6f466b3af6
[INFO] [stdout]                                at /rustc/1b7dd2252b99671ce5d1cb9664c5f8636329436d/library/core/src/fmt/mod.rs:1254:17
[INFO] [stdout]    5:     0x55fb117017d5 - std::io::Write::write_fmt::hd24bfb68a1b35a25
[INFO] [stdout]                                at /rustc/1b7dd2252b99671ce5d1cb9664c5f8636329436d/library/std/src/io/mod.rs:1698:15
[INFO] [stdout]    6:     0x55fb11704335 - std::sys_common::backtrace::_print::h8dac57a9f8fbf9a5
[INFO] [stdout]                                at /rustc/1b7dd2252b99671ce5d1cb9664c5f8636329436d/library/std/src/sys_common/backtrace.rs:47:5
[INFO] [stdout]    7:     0x55fb11704335 - std::sys_common::backtrace::print::hf9ecbf41d1aa712f
[INFO] [stdout]                                at /rustc/1b7dd2252b99671ce5d1cb9664c5f8636329436d/library/std/src/sys_common/backtrace.rs:34:9
[INFO] [stdout]    8:     0x55fb11705fee - std::panicking::default_hook::{{closure}}::h04c07acfc84ca028
[INFO] [stdout]                                at /rustc/1b7dd2252b99671ce5d1cb9664c5f8636329436d/library/std/src/panicking.rs:269:22
[INFO] [stdout]    9:     0x55fb11705d21 - std::panicking::default_hook::h01f6bb23e1eceb2c
[INFO] [stdout]                                at /rustc/1b7dd2252b99671ce5d1cb9664c5f8636329436d/library/std/src/panicking.rs:285:9
[INFO] [stdout]   10:     0x55fb11624dbb - <alloc::boxed::Box<F,A> as core::ops::function::Fn<Args>>::call::h87fe9f7b2fd49e4c
[INFO] [stdout]                                at /rustc/1b7dd2252b99671ce5d1cb9664c5f8636329436d/library/alloc/src/boxed.rs:1987:9
[INFO] [stdout]   11:     0x55fb11624dbb - test::test_main::{{closure}}::he94d679243a7531b
[INFO] [stdout]                                at /rustc/1b7dd2252b99671ce5d1cb9664c5f8636329436d/library/test/src/lib.rs:134:21
[INFO] [stdout]   12:     0x55fb117066d4 - <alloc::boxed::Box<F,A> as core::ops::function::Fn<Args>>::call::h3f2d6d8b14c4769f
[INFO] [stdout]                                at /rustc/1b7dd2252b99671ce5d1cb9664c5f8636329436d/library/alloc/src/boxed.rs:1987:9
[INFO] [stdout]   13:     0x55fb117066d4 - std::panicking::rust_panic_with_hook::h2bb3722bbaf2f6df
[INFO] [stdout]                                at /rustc/1b7dd2252b99671ce5d1cb9664c5f8636329436d/library/std/src/panicking.rs:695:13
[INFO] [stdout]   14:     0x55fb11706449 - std::panicking::begin_panic_handler::{{closure}}::h91bc7f36a4be011b
[INFO] [stdout]                                at /rustc/1b7dd2252b99671ce5d1cb9664c5f8636329436d/library/std/src/panicking.rs:582:13
[INFO] [stdout]   15:     0x55fb117049d6 - std::sys_common::backtrace::__rust_end_short_backtrace::h8b3d3717114f9e59
[INFO] [stdout]                                at /rustc/1b7dd2252b99671ce5d1cb9664c5f8636329436d/library/std/src/sys_common/backtrace.rs:150:18
[INFO] [stdout]   16:     0x55fb117061a2 - rust_begin_unwind
[INFO] [stdout]                                at /rustc/1b7dd2252b99671ce5d1cb9664c5f8636329436d/library/std/src/panicking.rs:578:5
[INFO] [stdout]   17:     0x55fb1147e063 - core::panicking::panic_fmt::hfd368e3fbdabea26
[INFO] [stdout]                                at /rustc/1b7dd2252b99671ce5d1cb9664c5f8636329436d/library/core/src/panicking.rs:67:14
[INFO] [stdout]   18:     0x55fb1147e603 - core::result::unwrap_failed::he54eb4b2f125b26f
[INFO] [stdout]                                at /rustc/1b7dd2252b99671ce5d1cb9664c5f8636329436d/library/core/src/result.rs:1687:5
[INFO] [stdout]   19:     0x55fb116732fa - core::result::Result<T,E>::unwrap::h40ceb6e83271cff5
[INFO] [stdout]                                at /rustc/1b7dd2252b99671ce5d1cb9664c5f8636329436d/library/core/src/result.rs:1089:23
[INFO] [stdout]   20:     0x55fb1147ea5f - test_c_binary::get_st::h623effafda85d5c3
[INFO] [stdout]                                at /opt/rustwide/workdir/tests/test_c_binary.rs:23:5
[INFO] [stdout]   21:     0x55fb11481ebf - test_c_binary::test_stat::{{closure}}::he79cd93b0d74994f
[INFO] [stdout]                                at /opt/rustwide/workdir/tests/test_c_binary.rs:230:18
[INFO] [stdout]   22:     0x55fb1148528e - core::ops::function::FnOnce::call_once::h44cd193ee3c48bc7
[INFO] [stdout]                                at /rustc/1b7dd2252b99671ce5d1cb9664c5f8636329436d/library/core/src/ops/function.rs:250:5
[INFO] [stdout]   23:     0x55fb116c6fcc - serial_test::serial_core::h7f52fd9bab91b80f
[INFO] [stdout]                                at /opt/rustwide/cargo-home/registry/src/index.crates.io-6f17d22bba15001f/serial_test-0.5.1/src/lib.rs:64:5
[INFO] [stdout]   24:     0x55fb11481e89 - test_c_binary::test_stat::hf65d95a385b46dc6
[INFO] [stdout]                                at /opt/rustwide/workdir/tests/test_c_binary.rs:226:1
[INFO] [stdout]   25:     0x55fb11481e57 - test_c_binary::test_stat::{{closure}}::ha3a2c43760cd10e5
[INFO] [stdout]                                at /opt/rustwide/workdir/tests/test_c_binary.rs:227:16
[INFO] [stdout]   26:     0x55fb11485595 - core::ops::function::FnOnce::call_once::hec4616f394723d13
[INFO] [stdout]                                at /rustc/1b7dd2252b99671ce5d1cb9664c5f8636329436d/library/core/src/ops/function.rs:250:5
[INFO] [stdout]   27:     0x55fb11629c8f - core::ops::function::FnOnce::call_once::ha6a70e79f7481a7e
[INFO] [stdout]                                at /rustc/1b7dd2252b99671ce5d1cb9664c5f8636329436d/library/core/src/ops/function.rs:250:5
[INFO] [stdout]   28:     0x55fb11629c8f - test::__rust_begin_short_backtrace::hce33033019b61e69
[INFO] [stdout]                                at /rustc/1b7dd2252b99671ce5d1cb9664c5f8636329436d/library/test/src/lib.rs:655:18
[INFO] [stdout]   29:     0x55fb115f747c - test::run_test::{{closure}}::h858d3528838ae3e5
[INFO] [stdout]                                at /rustc/1b7dd2252b99671ce5d1cb9664c5f8636329436d/library/test/src/lib.rs:646:30
[INFO] [stdout]   30:     0x55fb115f747c - core::ops::function::FnOnce::call_once{{vtable.shim}}::he8ac2b00f01ae79e
[INFO] [stdout]                                at /rustc/1b7dd2252b99671ce5d1cb9664c5f8636329436d/library/core/src/ops/function.rs:250:5
[INFO] [stdout]   31:     0x55fb11628d66 - <alloc::boxed::Box<F,A> as core::ops::function::FnOnce<Args>>::call_once::h8093d25b522725ef
[INFO] [stdout]                                at /rustc/1b7dd2252b99671ce5d1cb9664c5f8636329436d/library/alloc/src/boxed.rs:1973:9
[INFO] [stdout]   32:     0x55fb11628d66 - <core::panic::unwind_safe::AssertUnwindSafe<F> as core::ops::function::FnOnce<()>>::call_once::h5c334c204e4a3913
[INFO] [stdout]                                at /rustc/1b7dd2252b99671ce5d1cb9664c5f8636329436d/library/core/src/panic/unwind_safe.rs:271:9
[INFO] [stdout]   33:     0x55fb11628d66 - std::panicking::try::do_call::ha8b740c7b9478074
[INFO] [stdout]                                at /rustc/1b7dd2252b99671ce5d1cb9664c5f8636329436d/library/std/src/panicking.rs:485:40
[INFO] [stdout]   34:     0x55fb11628d66 - std::panicking::try::h5d34f63d0e41b64e
[INFO] [stdout]                                at /rustc/1b7dd2252b99671ce5d1cb9664c5f8636329436d/library/std/src/panicking.rs:449:19
[INFO] [stdout]   35:     0x55fb11628d66 - std::panic::catch_unwind::hcfbb511e1aa7fc67
[INFO] [stdout]                                at /rustc/1b7dd2252b99671ce5d1cb9664c5f8636329436d/library/std/src/panic.rs:140:14
[INFO] [stdout]   36:     0x55fb11628d66 - test::run_test_in_process::h9abda90f802eaf21
[INFO] [stdout]                                at /rustc/1b7dd2252b99671ce5d1cb9664c5f8636329436d/library/test/src/lib.rs:678:27
[INFO] [stdout]   37:     0x55fb11628d66 - test::run_test::run_test_inner::{{closure}}::h0f058de91f6c6edf
[INFO] [stdout]                                at /rustc/1b7dd2252b99671ce5d1cb9664c5f8636329436d/library/test/src/lib.rs:572:39
[INFO] [stdout]   38:     0x55fb115f1c85 - test::run_test::run_test_inner::{{closure}}::h5ca48a4c59c6c1fb
[INFO] [stdout]                                at /rustc/1b7dd2252b99671ce5d1cb9664c5f8636329436d/library/test/src/lib.rs:599:37
[INFO] [stdout]   39:     0x55fb115f1c85 - std::sys_common::backtrace::__rust_begin_short_backtrace::h32bd51e1495d4a33
[INFO] [stdout]                                at /rustc/1b7dd2252b99671ce5d1cb9664c5f8636329436d/library/std/src/sys_common/backtrace.rs:134:18
[INFO] [stdout]   40:     0x55fb115f71c1 - std::thread::Builder::spawn_unchecked_::{{closure}}::{{closure}}::hc086fae9b128b2db
[INFO] [stdout]                                at /rustc/1b7dd2252b99671ce5d1cb9664c5f8636329436d/library/std/src/thread/mod.rs:526:17
[INFO] [stdout]   41:     0x55fb115f71c1 - <core::panic::unwind_safe::AssertUnwindSafe<F> as core::ops::function::FnOnce<()>>::call_once::hb66571888d270d43
[INFO] [stdout]                                at /rustc/1b7dd2252b99671ce5d1cb9664c5f8636329436d/library/core/src/panic/unwind_safe.rs:271:9
[INFO] [stdout]   42:     0x55fb115f71c1 - std::panicking::try::do_call::h4fa2ef4f6e51fecf
[INFO] [stdout]                                at /rustc/1b7dd2252b99671ce5d1cb9664c5f8636329436d/library/std/src/panicking.rs:485:40
[INFO] [stdout]   43:     0x55fb115f71c1 - std::panicking::try::h1e9e22b8584489b5
[INFO] [stdout]                                at /rustc/1b7dd2252b99671ce5d1cb9664c5f8636329436d/library/std/src/panicking.rs:449:19
[INFO] [stdout]   44:     0x55fb115f71c1 - std::panic::catch_unwind::h44698a3de0e0769e
[INFO] [stdout]                                at /rustc/1b7dd2252b99671ce5d1cb9664c5f8636329436d/library/std/src/panic.rs:140:14
[INFO] [stdout]   45:     0x55fb115f71c1 - std::thread::Builder::spawn_unchecked_::{{closure}}::h50153abde3fe239e
[INFO] [stdout]                                at /rustc/1b7dd2252b99671ce5d1cb9664c5f8636329436d/library/std/src/thread/mod.rs:525:30
[INFO] [stdout]   46:     0x55fb115f71c1 - core::ops::function::FnOnce::call_once{{vtable.shim}}::hbe5bbf6f38394364
[INFO] [stdout]                                at /rustc/1b7dd2252b99671ce5d1cb9664c5f8636329436d/library/core/src/ops/function.rs:250:5
[INFO] [stdout]   47:     0x55fb1170ad35 - <alloc::boxed::Box<F,A> as core::ops::function::FnOnce<Args>>::call_once::h0d83cb2920a49046
[INFO] [stdout]                                at /rustc/1b7dd2252b99671ce5d1cb9664c5f8636329436d/library/alloc/src/boxed.rs:1973:9
[INFO] [stdout]   48:     0x55fb1170ad35 - <alloc::boxed::Box<F,A> as core::ops::function::FnOnce<Args>>::call_once::hbe0a008aa7d9ef59
[INFO] [stdout]                                at /rustc/1b7dd2252b99671ce5d1cb9664c5f8636329436d/library/alloc/src/boxed.rs:1973:9
[INFO] [stdout]   49:     0x55fb1170ad35 - std::sys::unix::thread::Thread::new::thread_start::h3a466996bdf6b1f9
[INFO] [stdout]                                at /rustc/1b7dd2252b99671ce5d1cb9664c5f8636329436d/library/std/src/sys/unix/thread.rs:108:17
[INFO] [stdout]   50:     0x7f6e292d5b43 - <unknown>
[INFO] [stdout]   51:     0x7f6e29366bb4 - __clone
[INFO] [stdout]   52:                0x0 - <unknown>
[INFO] [stdout] 
[INFO] [stdout] ---- test_unistd stdout ----
[INFO] [stdout] thread 'test_unistd' panicked at 'called `Result::unwrap()` on an `Err` value: StringError: internal error "Os { code: 2, kind: NotFound, message: \"No such file or directory\" }"', tests/test_c_binary.rs:23:21
[INFO] [stdout] stack backtrace:
[INFO] [stdout]    0:     0x55fb1170456a - std::backtrace_rs::backtrace::libunwind::trace::h2f05d0192276a8f6
[INFO] [stdout]                                at /rustc/1b7dd2252b99671ce5d1cb9664c5f8636329436d/library/std/src/../../backtrace/src/backtrace/libunwind.rs:93:5
[INFO] [stdout]    1:     0x55fb1170456a - std::backtrace_rs::backtrace::trace_unsynchronized::hedc23dff7a1af150
[INFO] [stdout]                                at /rustc/1b7dd2252b99671ce5d1cb9664c5f8636329436d/library/std/src/../../backtrace/src/backtrace/mod.rs:66:5
[INFO] [stdout]    2:     0x55fb1170456a - std::sys_common::backtrace::_print_fmt::h17541ef7592f3ce2
[INFO] [stdout]                                at /rustc/1b7dd2252b99671ce5d1cb9664c5f8636329436d/library/std/src/sys_common/backtrace.rs:65:5
[INFO] [stdout]    3:     0x55fb1170456a - <std::sys_common::backtrace::_print::DisplayBacktrace as core::fmt::Display>::fmt::h20f75df5ab0c0792
[INFO] [stdout]                                at /rustc/1b7dd2252b99671ce5d1cb9664c5f8636329436d/library/std/src/sys_common/backtrace.rs:44:22
[INFO] [stdout]    4:     0x55fb11728d6f - core::fmt::write::h78109e6f466b3af6
[INFO] [stdout]                                at /rustc/1b7dd2252b99671ce5d1cb9664c5f8636329436d/library/core/src/fmt/mod.rs:1254:17
[INFO] [stdout]    5:     0x55fb117017d5 - std::io::Write::write_fmt::hd24bfb68a1b35a25
[INFO] [stdout]                                at /rustc/1b7dd2252b99671ce5d1cb9664c5f8636329436d/library/std/src/io/mod.rs:1698:15
[INFO] [stdout]    6:     0x55fb11704335 - std::sys_common::backtrace::_print::h8dac57a9f8fbf9a5
[INFO] [stdout]                                at /rustc/1b7dd2252b99671ce5d1cb9664c5f8636329436d/library/std/src/sys_common/backtrace.rs:47:5
[INFO] [stdout]    7:     0x55fb11704335 - std::sys_common::backtrace::print::hf9ecbf41d1aa712f
[INFO] [stdout]                                at /rustc/1b7dd2252b99671ce5d1cb9664c5f8636329436d/library/std/src/sys_common/backtrace.rs:34:9
[INFO] [stdout]    8:     0x55fb11705fee - std::panicking::default_hook::{{closure}}::h04c07acfc84ca028
[INFO] [stdout]                                at /rustc/1b7dd2252b99671ce5d1cb9664c5f8636329436d/library/std/src/panicking.rs:269:22
[INFO] [stdout]    9:     0x55fb11705d21 - std::panicking::default_hook::h01f6bb23e1eceb2c
[INFO] [stdout]                                at /rustc/1b7dd2252b99671ce5d1cb9664c5f8636329436d/library/std/src/panicking.rs:285:9
[INFO] [stdout]   10:     0x55fb11624dbb - <alloc::boxed::Box<F,A> as core::ops::function::Fn<Args>>::call::h87fe9f7b2fd49e4c
[INFO] [stdout]                                at /rustc/1b7dd2252b99671ce5d1cb9664c5f8636329436d/library/alloc/src/boxed.rs:1987:9
[INFO] [stdout]   11:     0x55fb11624dbb - test::test_main::{{closure}}::he94d679243a7531b
[INFO] [stdout]                                at /rustc/1b7dd2252b99671ce5d1cb9664c5f8636329436d/library/test/src/lib.rs:134:21
[INFO] [stdout]   12:     0x55fb117066d4 - <alloc::boxed::Box<F,A> as core::ops::function::Fn<Args>>::call::h3f2d6d8b14c4769f
[INFO] [stdout]                                at /rustc/1b7dd2252b99671ce5d1cb9664c5f8636329436d/library/alloc/src/boxed.rs:1987:9
[INFO] [stdout]   13:     0x55fb117066d4 - std::panicking::rust_panic_with_hook::h2bb3722bbaf2f6df
[INFO] [stdout]                                at /rustc/1b7dd2252b99671ce5d1cb9664c5f8636329436d/library/std/src/panicking.rs:695:13
[INFO] [stdout]   14:     0x55fb11706449 - std::panicking::begin_panic_handler::{{closure}}::h91bc7f36a4be011b
[INFO] [stdout]                                at /rustc/1b7dd2252b99671ce5d1cb9664c5f8636329436d/library/std/src/panicking.rs:582:13
[INFO] [stdout]   15:     0x55fb117049d6 - std::sys_common::backtrace::__rust_end_short_backtrace::h8b3d3717114f9e59
[INFO] [stdout]                                at /rustc/1b7dd2252b99671ce5d1cb9664c5f8636329436d/library/std/src/sys_common/backtrace.rs:150:18
[INFO] [stdout]   16:     0x55fb117061a2 - rust_begin_unwind
[INFO] [stdout]                                at /rustc/1b7dd2252b99671ce5d1cb9664c5f8636329436d/library/std/src/panicking.rs:578:5
[INFO] [stdout]   17:     0x55fb1147e063 - core::panicking::panic_fmt::hfd368e3fbdabea26
[INFO] [stdout]                                at /rustc/1b7dd2252b99671ce5d1cb9664c5f8636329436d/library/core/src/panicking.rs:67:14
[INFO] [stdout]   18:     0x55fb1147e603 - core::result::unwrap_failed::he54eb4b2f125b26f
[INFO] [stdout]                                at /rustc/1b7dd2252b99671ce5d1cb9664c5f8636329436d/library/core/src/result.rs:1687:5
[INFO] [stdout]   19:     0x55fb116732fa - core::result::Result<T,E>::unwrap::h40ceb6e83271cff5
[INFO] [stdout]                                at /rustc/1b7dd2252b99671ce5d1cb9664c5f8636329436d/library/core/src/result.rs:1089:23
[INFO] [stdout]   20:     0x55fb1147ea5f - test_c_binary::get_st::h623effafda85d5c3
[INFO] [stdout]                                at /opt/rustwide/workdir/tests/test_c_binary.rs:23:5
[INFO] [stdout]   21:     0x55fb1147fa45 - test_c_binary::test_unistd::{{closure}}::h49bbcece494e3dbe
[INFO] [stdout]                                at /opt/rustwide/workdir/tests/test_c_binary.rs:108:18
[INFO] [stdout]   22:     0x55fb114854ce - core::ops::function::FnOnce::call_once::hb7adf2070fe258b7
[INFO] [stdout]                                at /rustc/1b7dd2252b99671ce5d1cb9664c5f8636329436d/library/core/src/ops/function.rs:250:5
[INFO] [stdout]   23:     0x55fb116c6fcc - serial_test::serial_core::h7f52fd9bab91b80f
[INFO] [stdout]                                at /opt/rustwide/cargo-home/registry/src/index.crates.io-6f17d22bba15001f/serial_test-0.5.1/src/lib.rs:64:5
[INFO] [stdout]   24:     0x55fb1147fa09 - test_c_binary::test_unistd::h78d728709daffc9c
[INFO] [stdout]                                at /opt/rustwide/workdir/tests/test_c_binary.rs:104:1
[INFO] [stdout]   25:     0x55fb1147f9d7 - test_c_binary::test_unistd::{{closure}}::hc2a5256770903f61
[INFO] [stdout]                                at /opt/rustwide/workdir/tests/test_c_binary.rs:105:18
[INFO] [stdout]   26:     0x55fb114852d5 - core::ops::function::FnOnce::call_once::h4578e391b5b3a0d2
[INFO] [stdout]                                at /rustc/1b7dd2252b99671ce5d1cb9664c5f8636329436d/library/core/src/ops/function.rs:250:5
[INFO] [stdout]   27:     0x55fb11629c8f - core::ops::function::FnOnce::call_once::ha6a70e79f7481a7e
[INFO] [stdout]                                at /rustc/1b7dd2252b99671ce5d1cb9664c5f8636329436d/library/core/src/ops/function.rs:250:5
[INFO] [stdout]   28:     0x55fb11629c8f - test::__rust_begin_short_backtrace::hce33033019b61e69
[INFO] [stdout]                                at /rustc/1b7dd2252b99671ce5d1cb9664c5f8636329436d/library/test/src/lib.rs:655:18
[INFO] [stdout]   29:     0x55fb115f747c - test::run_test::{{closure}}::h858d3528838ae3e5
[INFO] [stdout]                                at /rustc/1b7dd2252b99671ce5d1cb9664c5f8636329436d/library/test/src/lib.rs:646:30
[INFO] [stdout]   30:     0x55fb115f747c - core::ops::function::FnOnce::call_once{{vtable.shim}}::he8ac2b00f01ae79e
[INFO] [stdout]                                at /rustc/1b7dd2252b99671ce5d1cb9664c5f8636329436d/library/core/src/ops/function.rs:250:5
[INFO] [stdout]   31:     0x55fb11628d66 - <alloc::boxed::Box<F,A> as core::ops::function::FnOnce<Args>>::call_once::h8093d25b522725ef
[INFO] [stdout]                                at /rustc/1b7dd2252b99671ce5d1cb9664c5f8636329436d/library/alloc/src/boxed.rs:1973:9
[INFO] [stdout]   32:     0x55fb11628d66 - <core::panic::unwind_safe::AssertUnwindSafe<F> as core::ops::function::FnOnce<()>>::call_once::h5c334c204e4a3913
[INFO] [stdout]                                at /rustc/1b7dd2252b99671ce5d1cb9664c5f8636329436d/library/core/src/panic/unwind_safe.rs:271:9
[INFO] [stdout]   33:     0x55fb11628d66 - std::panicking::try::do_call::ha8b740c7b9478074
[INFO] [stdout]                                at /rustc/1b7dd2252b99671ce5d1cb9664c5f8636329436d/library/std/src/panicking.rs:485:40
[INFO] [stdout]   34:     0x55fb11628d66 - std::panicking::try::h5d34f63d0e41b64e
[INFO] [stdout]                                at /rustc/1b7dd2252b99671ce5d1cb9664c5f8636329436d/library/std/src/panicking.rs:449:19
[INFO] [stdout]   35:     0x55fb11628d66 - std::panic::catch_unwind::hcfbb511e1aa7fc67
[INFO] [stdout]                                at /rustc/1b7dd2252b99671ce5d1cb9664c5f8636329436d/library/std/src/panic.rs:140:14
[INFO] [stdout]   36:     0x55fb11628d66 - test::run_test_in_process::h9abda90f802eaf21
[INFO] [stdout]                                at /rustc/1b7dd2252b99671ce5d1cb9664c5f8636329436d/library/test/src/lib.rs:678:27
[INFO] [stdout]   37:     0x55fb11628d66 - test::run_test::run_test_inner::{{closure}}::h0f058de91f6c6edf
[INFO] [stdout]                                at /rustc/1b7dd2252b99671ce5d1cb9664c5f8636329436d/library/test/src/lib.rs:572:39
[INFO] [stdout]   38:     0x55fb115f1c85 - test::run_test::run_test_inner::{{closure}}::h5ca48a4c59c6c1fb
[INFO] [stdout]                                at /rustc/1b7dd2252b99671ce5d1cb9664c5f8636329436d/library/test/src/lib.rs:599:37
[INFO] [stdout]   39:     0x55fb115f1c85 - std::sys_common::backtrace::__rust_begin_short_backtrace::h32bd51e1495d4a33
[INFO] [stdout]                                at /rustc/1b7dd2252b99671ce5d1cb9664c5f8636329436d/library/std/src/sys_common/backtrace.rs:134:18
[INFO] [stdout]   40:     0x55fb115f71c1 - std::thread::Builder::spawn_unchecked_::{{closure}}::{{closure}}::hc086fae9b128b2db
[INFO] [stdout]                                at /rustc/1b7dd2252b99671ce5d1cb9664c5f8636329436d/library/std/src/thread/mod.rs:526:17
[INFO] [stdout]   41:     0x55fb115f71c1 - <core::panic::unwind_safe::AssertUnwindSafe<F> as core::ops::function::FnOnce<()>>::call_once::hb66571888d270d43
[INFO] [stdout]                                at /rustc/1b7dd2252b99671ce5d1cb9664c5f8636329436d/library/core/src/panic/unwind_safe.rs:271:9
[INFO] [stdout]   42:     0x55fb115f71c1 - std::panicking::try::do_call::h4fa2ef4f6e51fecf
[INFO] [stdout]                                at /rustc/1b7dd2252b99671ce5d1cb9664c5f8636329436d/library/std/src/panicking.rs:485:40
[INFO] [stdout]   43:     0x55fb115f71c1 - std::panicking::try::h1e9e22b8584489b5
[INFO] [stdout]                                at /rustc/1b7dd2252b99671ce5d1cb9664c5f8636329436d/library/std/src/panicking.rs:449:19
[INFO] [stdout]   44:     0x55fb115f71c1 - std::panic::catch_unwind::h44698a3de0e0769e
[INFO] [stdout]                                at /rustc/1b7dd2252b99671ce5d1cb9664c5f8636329436d/library/std/src/panic.rs:140:14
[INFO] [stdout]   45:     0x55fb115f71c1 - std::thread::Builder::spawn_unchecked_::{{closure}}::h50153abde3fe239e
[INFO] [stdout]                                at /rustc/1b7dd2252b99671ce5d1cb9664c5f8636329436d/library/std/src/thread/mod.rs:525:30
[INFO] [stdout]   46:     0x55fb115f71c1 - core::ops::function::FnOnce::call_once{{vtable.shim}}::hbe5bbf6f38394364
[INFO] [stdout]                                at /rustc/1b7dd2252b99671ce5d1cb9664c5f8636329436d/library/core/src/ops/function.rs:250:5
[INFO] [stdout]   47:     0x55fb1170ad35 - <alloc::boxed::Box<F,A> as core::ops::function::FnOnce<Args>>::call_once::h0d83cb2920a49046
[INFO] [stdout]                                at /rustc/1b7dd2252b99671ce5d1cb9664c5f8636329436d/library/alloc/src/boxed.rs:1973:9
[INFO] [stdout]   48:     0x55fb1170ad35 - <alloc::boxed::Box<F,A> as core::ops::function::FnOnce<Args>>::call_once::hbe0a008aa7d9ef59
[INFO] [stdout]                                at /rustc/1b7dd2252b99671ce5d1cb9664c5f8636329436d/library/alloc/src/boxed.rs:1973:9
[INFO] [stdout]   49:     0x55fb1170ad35 - std::sys::unix::thread::Thread::new::thread_start::h3a466996bdf6b1f9
[INFO] [stdout]                                at /rustc/1b7dd2252b99671ce5d1cb9664c5f8636329436d/library/std/src/sys/unix/thread.rs:108:17
[INFO] [stdout]   50:     0x7f6e292d5b43 - <unknown>
[INFO] [stdout]   51:     0x7f6e29366bb4 - __clone
[INFO] [stdout]   52:                0x0 - <unknown>
[INFO] [stdout] 
[INFO] [stdout] ---- test_utsname stdout ----
[INFO] [stdout] thread 'test_utsname' panicked at 'called `Result::unwrap()` on an `Err` value: StringError: internal error "Os { code: 2, kind: NotFound, message: \"No such file or directory\" }"', tests/test_c_binary.rs:23:21
[INFO] [stdout] stack backtrace:
[INFO] [stdout]    0:     0x55fb1170456a - std::backtrace_rs::backtrace::libunwind::trace::h2f05d0192276a8f6
[INFO] [stdout]                                at /rustc/1b7dd2252b99671ce5d1cb9664c5f8636329436d/library/std/src/../../backtrace/src/backtrace/libunwind.rs:93:5
[INFO] [stdout]    1:     0x55fb1170456a - std::backtrace_rs::backtrace::trace_unsynchronized::hedc23dff7a1af150
[INFO] [stdout]                                at /rustc/1b7dd2252b99671ce5d1cb9664c5f8636329436d/library/std/src/../../backtrace/src/backtrace/mod.rs:66:5
[INFO] [stdout]    2:     0x55fb1170456a - std::sys_common::backtrace::_print_fmt::h17541ef7592f3ce2
[INFO] [stdout]                                at /rustc/1b7dd2252b99671ce5d1cb9664c5f8636329436d/library/std/src/sys_common/backtrace.rs:65:5
[INFO] [stdout]    3:     0x55fb1170456a - <std::sys_common::backtrace::_print::DisplayBacktrace as core::fmt::Display>::fmt::h20f75df5ab0c0792
[INFO] [stdout]                                at /rustc/1b7dd2252b99671ce5d1cb9664c5f8636329436d/library/std/src/sys_common/backtrace.rs:44:22
[INFO] [stdout]    4:     0x55fb11728d6f - core::fmt::write::h78109e6f466b3af6
[INFO] [stdout]                                at /rustc/1b7dd2252b99671ce5d1cb9664c5f8636329436d/library/core/src/fmt/mod.rs:1254:17
[INFO] [stdout]    5:     0x55fb117017d5 - std::io::Write::write_fmt::hd24bfb68a1b35a25
[INFO] [stdout]                                at /rustc/1b7dd2252b99671ce5d1cb9664c5f8636329436d/library/std/src/io/mod.rs:1698:15
[INFO] [stdout]    6:     0x55fb11704335 - std::sys_common::backtrace::_print::h8dac57a9f8fbf9a5
[INFO] [stdout]                                at /rustc/1b7dd2252b99671ce5d1cb9664c5f8636329436d/library/std/src/sys_common/backtrace.rs:47:5
[INFO] [stdout]    7:     0x55fb11704335 - std::sys_common::backtrace::print::hf9ecbf41d1aa712f
[INFO] [stdout]                                at /rustc/1b7dd2252b99671ce5d1cb9664c5f8636329436d/library/std/src/sys_common/backtrace.rs:34:9
[INFO] [stdout]    8:     0x55fb11705fee - std::panicking::default_hook::{{closure}}::h04c07acfc84ca028
[INFO] [stdout]                                at /rustc/1b7dd2252b99671ce5d1cb9664c5f8636329436d/library/std/src/panicking.rs:269:22
[INFO] [stdout]    9:     0x55fb11705d21 - std::panicking::default_hook::h01f6bb23e1eceb2c
[INFO] [stdout]                                at /rustc/1b7dd2252b99671ce5d1cb9664c5f8636329436d/library/std/src/panicking.rs:285:9
[INFO] [stdout]   10:     0x55fb11624dbb - <alloc::boxed::Box<F,A> as core::ops::function::Fn<Args>>::call::h87fe9f7b2fd49e4c
[INFO] [stdout]                                at /rustc/1b7dd2252b99671ce5d1cb9664c5f8636329436d/library/alloc/src/boxed.rs:1987:9
[INFO] [stdout]   11:     0x55fb11624dbb - test::test_main::{{closure}}::he94d679243a7531b
[INFO] [stdout]                                at /rustc/1b7dd2252b99671ce5d1cb9664c5f8636329436d/library/test/src/lib.rs:134:21
[INFO] [stdout]   12:     0x55fb117066d4 - <alloc::boxed::Box<F,A> as core::ops::function::Fn<Args>>::call::h3f2d6d8b14c4769f
[INFO] [stdout]                                at /rustc/1b7dd2252b99671ce5d1cb9664c5f8636329436d/library/alloc/src/boxed.rs:1987:9
[INFO] [stdout]   13:     0x55fb117066d4 - std::panicking::rust_panic_with_hook::h2bb3722bbaf2f6df
[INFO] [stdout]                                at /rustc/1b7dd2252b99671ce5d1cb9664c5f8636329436d/library/std/src/panicking.rs:695:13
[INFO] [stdout]   14:     0x55fb11706449 - std::panicking::begin_panic_handler::{{closure}}::h91bc7f36a4be011b
[INFO] [stdout]                                at /rustc/1b7dd2252b99671ce5d1cb9664c5f8636329436d/library/std/src/panicking.rs:582:13
[INFO] [stdout]   15:     0x55fb117049d6 - std::sys_common::backtrace::__rust_end_short_backtrace::h8b3d3717114f9e59
[INFO] [stdout]                                at /rustc/1b7dd2252b99671ce5d1cb9664c5f8636329436d/library/std/src/sys_common/backtrace.rs:150:18
[INFO] [stdout]   16:     0x55fb117061a2 - rust_begin_unwind
[INFO] [stdout]                                at /rustc/1b7dd2252b99671ce5d1cb9664c5f8636329436d/library/std/src/panicking.rs:578:5
[INFO] [stdout]   17:     0x55fb1147e063 - core::panicking::panic_fmt::hfd368e3fbdabea26
[INFO] [stdout]                                at /rustc/1b7dd2252b99671ce5d1cb9664c5f8636329436d/library/core/src/panicking.rs:67:14
[INFO] [stdout]   18:     0x55fb1147e603 - core::result::unwrap_failed::he54eb4b2f125b26f
[INFO] [stdout]                                at /rustc/1b7dd2252b99671ce5d1cb9664c5f8636329436d/library/core/src/result.rs:1687:5
[INFO] [stdout]   19:     0x55fb116732fa - core::result::Result<T,E>::unwrap::h40ceb6e83271cff5
[INFO] [stdout]                                at /rustc/1b7dd2252b99671ce5d1cb9664c5f8636329436d/library/core/src/result.rs:1089:23
[INFO] [stdout]   20:     0x55fb1147ea5f - test_c_binary::get_st::h623effafda85d5c3
[INFO] [stdout]                                at /opt/rustwide/workdir/tests/test_c_binary.rs:23:5
[INFO] [stdout]   21:     0x55fb114816d5 - test_c_binary::test_utsname::{{closure}}::h60036d9dd86e7625
[INFO] [stdout]                                at /opt/rustwide/workdir/tests/test_c_binary.rs:213:18
[INFO] [stdout]   22:     0x55fb1148517e - core::ops::function::FnOnce::call_once::h07536bde1c947f7a
[INFO] [stdout]                                at /rustc/1b7dd2252b99671ce5d1cb9664c5f8636329436d/library/core/src/ops/function.rs:250:5
[INFO] [stdout]   23:     0x55fb116c6fcc - serial_test::serial_core::h7f52fd9bab91b80f
[INFO] [stdout]                                at /opt/rustwide/cargo-home/registry/src/index.crates.io-6f17d22bba15001f/serial_test-0.5.1/src/lib.rs:64:5
[INFO] [stdout]   24:     0x55fb11481699 - test_c_binary::test_utsname::h5f85a2d844b28cda
[INFO] [stdout]                                at /opt/rustwide/workdir/tests/test_c_binary.rs:209:1
[INFO] [stdout]   25:     0x55fb11481667 - test_c_binary::test_utsname::{{closure}}::h2a6ad14420617d75
[INFO] [stdout]                                at /opt/rustwide/workdir/tests/test_c_binary.rs:210:19
[INFO] [stdout]   26:     0x55fb114853d5 - core::ops::function::FnOnce::call_once::h76736c77c5b00e3a
[INFO] [stdout]                                at /rustc/1b7dd2252b99671ce5d1cb9664c5f8636329436d/library/core/src/ops/function.rs:250:5
[INFO] [stdout]   27:     0x55fb11629c8f - core::ops::function::FnOnce::call_once::ha6a70e79f7481a7e
[INFO] [stdout]                                at /rustc/1b7dd2252b99671ce5d1cb9664c5f8636329436d/library/core/src/ops/function.rs:250:5
[INFO] [stdout]   28:     0x55fb11629c8f - test::__rust_begin_short_backtrace::hce33033019b61e69
[INFO] [stdout]                                at /rustc/1b7dd2252b99671ce5d1cb9664c5f8636329436d/library/test/src/lib.rs:655:18
[INFO] [stdout]   29:     0x55fb115f747c - test::run_test::{{closure}}::h858d3528838ae3e5
[INFO] [stdout]                                at /rustc/1b7dd2252b99671ce5d1cb9664c5f8636329436d/library/test/src/lib.rs:646:30
[INFO] [stdout]   30:     0x55fb115f747c - core::ops::function::FnOnce::call_once{{vtable.shim}}::he8ac2b00f01ae79e
[INFO] [stdout]                                at /rustc/1b7dd2252b99671ce5d1cb9664c5f8636329436d/library/core/src/ops/function.rs:250:5
[INFO] [stdout]   31:     0x55fb11628d66 - <alloc::boxed::Box<F,A> as core::ops::function::FnOnce<Args>>::call_once::h8093d25b522725ef
[INFO] [stdout]                                at /rustc/1b7dd2252b99671ce5d1cb9664c5f8636329436d/library/alloc/src/boxed.rs:1973:9
[INFO] [stdout]   32:     0x55fb11628d66 - <core::panic::unwind_safe::AssertUnwindSafe<F> as core::ops::function::FnOnce<()>>::call_once::h5c334c204e4a3913
[INFO] [stdout]                                at /rustc/1b7dd2252b99671ce5d1cb9664c5f8636329436d/library/core/src/panic/unwind_safe.rs:271:9
[INFO] [stdout]   33:     0x55fb11628d66 - std::panicking::try::do_call::ha8b740c7b9478074
[INFO] [stdout]                                at /rustc/1b7dd2252b99671ce5d1cb9664c5f8636329436d/library/std/src/panicking.rs:485:40
[INFO] [stdout]   34:     0x55fb11628d66 - std::panicking::try::h5d34f63d0e41b64e
[INFO] [stdout]                                at /rustc/1b7dd2252b99671ce5d1cb9664c5f8636329436d/library/std/src/panicking.rs:449:19
[INFO] [stdout]   35:     0x55fb11628d66 - std::panic::catch_unwind::hcfbb511e1aa7fc67
[INFO] [stdout]                                at /rustc/1b7dd2252b99671ce5d1cb9664c5f8636329436d/library/std/src/panic.rs:140:14
[INFO] [stdout]   36:     0x55fb11628d66 - test::run_test_in_process::h9abda90f802eaf21
[INFO] [stdout]                                at /rustc/1b7dd2252b99671ce5d1cb9664c5f8636329436d/library/test/src/lib.rs:678:27
[INFO] [stderr] error: test failed, to rerun pass `--test test_c_binary`
[INFO] [stdout]   37:     0x55fb11628d66 - test::run_test::run_test_inner::{{closure}}::h0f058de91f6c6edf
[INFO] [stdout]                                at /rustc/1b7dd2252b99671ce5d1cb9664c5f8636329436d/library/test/src/lib.rs:572:39
[INFO] [stdout]   38:     0x55fb115f1c85 - test::run_test::run_test_inner::{{closure}}::h5ca48a4c59c6c1fb
[INFO] [stdout]                                at /rustc/1b7dd2252b99671ce5d1cb9664c5f8636329436d/library/test/src/lib.rs:599:37
[INFO] [stdout]   39:     0x55fb115f1c85 - std::sys_common::backtrace::__rust_begin_short_backtrace::h32bd51e1495d4a33
[INFO] [stdout]                                at /rustc/1b7dd2252b99671ce5d1cb9664c5f8636329436d/library/std/src/sys_common/backtrace.rs:134:18
[INFO] [stdout]   40:     0x55fb115f71c1 - std::thread::Builder::spawn_unchecked_::{{closure}}::{{closure}}::hc086fae9b128b2db
[INFO] [stdout]                                at /rustc/1b7dd2252b99671ce5d1cb9664c5f8636329436d/library/std/src/thread/mod.rs:526:17
[INFO] [stdout]   41:     0x55fb115f71c1 - <core::panic::unwind_safe::AssertUnwindSafe<F> as core::ops::function::FnOnce<()>>::call_once::hb66571888d270d43
[INFO] [stdout]                                at /rustc/1b7dd2252b99671ce5d1cb9664c5f8636329436d/library/core/src/panic/unwind_safe.rs:271:9
[INFO] [stdout]   42:     0x55fb115f71c1 - std::panicking::try::do_call::h4fa2ef4f6e51fecf
[INFO] [stdout]                                at /rustc/1b7dd2252b99671ce5d1cb9664c5f8636329436d/library/std/src/panicking.rs:485:40
[INFO] [stdout]   43:     0x55fb115f71c1 - std::panicking::try::h1e9e22b8584489b5
[INFO] [stdout]                                at /rustc/1b7dd2252b99671ce5d1cb9664c5f8636329436d/library/std/src/panicking.rs:449:19
[INFO] [stdout]   44:     0x55fb115f71c1 - std::panic::catch_unwind::h44698a3de0e0769e
[INFO] [stdout]                                at /rustc/1b7dd2252b99671ce5d1cb9664c5f8636329436d/library/std/src/panic.rs:140:14
[INFO] [stdout]   45:     0x55fb115f71c1 - std::thread::Builder::spawn_unchecked_::{{closure}}::h50153abde3fe239e
[INFO] [stdout]                                at /rustc/1b7dd2252b99671ce5d1cb9664c5f8636329436d/library/std/src/thread/mod.rs:525:30
[INFO] [stdout]   46:     0x55fb115f71c1 - core::ops::function::FnOnce::call_once{{vtable.shim}}::hbe5bbf6f38394364
[INFO] [stdout]                                at /rustc/1b7dd2252b99671ce5d1cb9664c5f8636329436d/library/core/src/ops/function.rs:250:5
[INFO] [stdout]   47:     0x55fb1170ad35 - <alloc::boxed::Box<F,A> as core::ops::function::FnOnce<Args>>::call_once::h0d83cb2920a49046
[INFO] [stdout]                                at /rustc/1b7dd2252b99671ce5d1cb9664c5f8636329436d/library/alloc/src/boxed.rs:1973:9
[INFO] [stdout]   48:     0x55fb1170ad35 - <alloc::boxed::Box<F,A> as core::ops::function::FnOnce<Args>>::call_once::hbe0a008aa7d9ef59
[INFO] [stdout]                                at /rustc/1b7dd2252b99671ce5d1cb9664c5f8636329436d/library/alloc/src/boxed.rs:1973:9
[INFO] [stdout]   49:     0x55fb1170ad35 - std::sys::unix::thread::Thread::new::thread_start::h3a466996bdf6b1f9
[INFO] [stdout]                                at /rustc/1b7dd2252b99671ce5d1cb9664c5f8636329436d/library/std/src/sys/unix/thread.rs:108:17
[INFO] [stdout]   50:     0x7f6e292d5b43 - <unknown>
[INFO] [stdout]   51:     0x7f6e29366bb4 - __clone
[INFO] [stdout]   52:                0x0 - <unknown>
[INFO] [stdout] 
[INFO] [stdout] 
[INFO] [stdout] failures:
[INFO] [stdout]     test_fncntl
[INFO] [stdout]     test_sched
[INFO] [stdout]     test_sendfile
[INFO] [stdout]     test_socket
[INFO] [stdout]     test_stat
[INFO] [stdout]     test_swap
[INFO] [stdout]     test_unistd
[INFO] [stdout]     test_utsname
[INFO] [stdout] 
[INFO] [stdout] test result: FAILED. 0 passed; 8 failed; 0 ignored; 0 measured; 0 filtered out; finished in 0.02s
[INFO] [stdout] 
[INFO] running `Command { std: "docker" "inspect" "ef69446df263821f68e18af026d82539fe899364d201c172472095af3244b174", kill_on_drop: false }`
[INFO] running `Command { std: "docker" "rm" "-f" "ef69446df263821f68e18af026d82539fe899364d201c172472095af3244b174", kill_on_drop: false }`
[INFO] [stdout] ef69446df263821f68e18af026d82539fe899364d201c172472095af3244b174
