[INFO] cloning repository https://github.com/bittrd/feo
[INFO] running `Command { std: "git" "-c" "credential.helper=" "-c" "credential.helper=/workspace/cargo-home/bin/git-credential-null" "clone" "--bare" "https://github.com/bittrd/feo" "/workspace/cache/git-repos/https%3A%2F%2Fgithub.com%2Fbittrd%2Ffeo", kill_on_drop: false }`
[INFO] [stderr] Cloning into bare repository '/workspace/cache/git-repos/https%3A%2F%2Fgithub.com%2Fbittrd%2Ffeo'...
[INFO] running `Command { std: "git" "rev-parse" "HEAD", kill_on_drop: false }`
[INFO] [stdout] d91ffdf4e33ed081512ced370a80add64d9e7518
[INFO] testing bittrd/feo against beta-2023-04-20 for beta-1.70-1
[INFO] running `Command { std: "git" "clone" "/workspace/cache/git-repos/https%3A%2F%2Fgithub.com%2Fbittrd%2Ffeo" "/workspace/builds/worker-3-tc2/source", kill_on_drop: false }`
[INFO] [stderr] Cloning into '/workspace/builds/worker-3-tc2/source'...
[INFO] [stderr] done.
[INFO] validating manifest of git repo https://github.com/bittrd/feo on toolchain beta-2023-04-20
[INFO] running `Command { std: CARGO_HOME="/workspace/cargo-home" RUSTUP_HOME="/workspace/rustup-home" "/workspace/cargo-home/bin/cargo" "+beta-2023-04-20" "metadata" "--manifest-path" "Cargo.toml" "--no-deps", kill_on_drop: false }`
[INFO] started tweaking git repo https://github.com/bittrd/feo
[INFO] finished tweaking git repo https://github.com/bittrd/feo
[INFO] tweaked toml for git repo https://github.com/bittrd/feo written to /workspace/builds/worker-3-tc2/source/Cargo.toml
[INFO] crate git repo https://github.com/bittrd/feo already has a lockfile, it will not be regenerated
[INFO] running `Command { std: CARGO_HOME="/workspace/cargo-home" RUSTUP_HOME="/workspace/rustup-home" "/workspace/cargo-home/bin/cargo" "+beta-2023-04-20" "fetch" "--manifest-path" "Cargo.toml", kill_on_drop: false }`
[INFO] [stderr]  Downloading crates ...
[INFO] [stderr]   Downloaded hyper-rustls v0.16.1
[INFO] [stderr]   Downloaded winreg v0.6.1
[INFO] [stderr]   Downloaded mockito v0.19.0
[INFO] [stderr]   Downloaded rgb v0.8.13
[INFO] [stderr]   Downloaded publicsuffix v1.5.2
[INFO] [stderr]   Downloaded ct-logs v0.5.1
[INFO] [stderr]   Downloaded tokio-rustls v0.9.3
[INFO] [stderr]   Downloaded backtrace v0.3.33
[INFO] [stderr]   Downloaded webpki-roots v0.16.0
[INFO] [stderr]   Downloaded reqwest v0.9.19
[INFO] [stderr]   Downloaded miniz_oxide v0.3.0
[INFO] [stderr]   Downloaded miniz_oxide_c_api v0.2.3
[INFO] [stderr]   Downloaded simple-error v0.2.1
[INFO] running `Command { std: "docker" "create" "-v" "/var/lib/crater-agent-workspace/builds/worker-3-tc2/target:/opt/rustwide/target:rw,Z" "-v" "/var/lib/crater-agent-workspace/builds/worker-3-tc2/source:/opt/rustwide/workdir:ro,Z" "-v" "/var/lib/crater-agent-workspace/cargo-home:/opt/rustwide/cargo-home:ro,Z" "-v" "/var/lib/crater-agent-workspace/rustup-home:/opt/rustwide/rustup-home:ro,Z" "-e" "SOURCE_DIR=/opt/rustwide/workdir" "-e" "CARGO_TARGET_DIR=/opt/rustwide/target" "-e" "CARGO_HOME=/opt/rustwide/cargo-home" "-e" "RUSTUP_HOME=/opt/rustwide/rustup-home" "-w" "/opt/rustwide/workdir" "-m" "1610612736" "--user" "0:0" "--network" "none" "ghcr.io/rust-lang/crates-build-env/linux@sha256:5ff2268d62e97bff2cde7d5815dd6ed5b47097566f13b8d0ca110b04b60e07ed" "/opt/rustwide/cargo-home/bin/cargo" "+beta-2023-04-20" "metadata" "--no-deps" "--format-version=1", kill_on_drop: false }`
[INFO] [stdout] 87798c755886fb631bd22687466ef2d4cc82dd615b09d2c8957653090f1acca8
[INFO] running `Command { std: "docker" "start" "-a" "87798c755886fb631bd22687466ef2d4cc82dd615b09d2c8957653090f1acca8", kill_on_drop: false }`
[INFO] running `Command { std: "docker" "inspect" "87798c755886fb631bd22687466ef2d4cc82dd615b09d2c8957653090f1acca8", kill_on_drop: false }`
[INFO] running `Command { std: "docker" "rm" "-f" "87798c755886fb631bd22687466ef2d4cc82dd615b09d2c8957653090f1acca8", kill_on_drop: false }`
[INFO] [stdout] 87798c755886fb631bd22687466ef2d4cc82dd615b09d2c8957653090f1acca8
[INFO] running `Command { std: "docker" "create" "-v" "/var/lib/crater-agent-workspace/builds/worker-3-tc2/target:/opt/rustwide/target:rw,Z" "-v" "/var/lib/crater-agent-workspace/builds/worker-3-tc2/source:/opt/rustwide/workdir:ro,Z" "-v" "/var/lib/crater-agent-workspace/cargo-home:/opt/rustwide/cargo-home:ro,Z" "-v" "/var/lib/crater-agent-workspace/rustup-home:/opt/rustwide/rustup-home:ro,Z" "-e" "SOURCE_DIR=/opt/rustwide/workdir" "-e" "CARGO_TARGET_DIR=/opt/rustwide/target" "-e" "CARGO_INCREMENTAL=0" "-e" "RUST_BACKTRACE=full" "-e" "RUSTFLAGS=--cap-lints=warn" "-e" "RUSTDOCFLAGS=--cap-lints=warn" "-e" "CARGO_HOME=/opt/rustwide/cargo-home" "-e" "RUSTUP_HOME=/opt/rustwide/rustup-home" "-w" "/opt/rustwide/workdir" "-m" "1610612736" "--user" "0:0" "--network" "none" "ghcr.io/rust-lang/crates-build-env/linux@sha256:5ff2268d62e97bff2cde7d5815dd6ed5b47097566f13b8d0ca110b04b60e07ed" "/opt/rustwide/cargo-home/bin/cargo" "+beta-2023-04-20" "build" "--frozen" "--message-format=json", kill_on_drop: false }`
[INFO] [stdout] 9695393492f1315283bf6f5801425858bc7c900a3debcf2520fb1a287af16296
[INFO] running `Command { std: "docker" "start" "-a" "9695393492f1315283bf6f5801425858bc7c900a3debcf2520fb1a287af16296", kill_on_drop: false }`
[INFO] [stderr]    Compiling libc v0.2.60
[INFO] [stderr]    Compiling spin v0.5.0
[INFO] [stderr]    Compiling cfg-if v0.1.9
[INFO] [stderr]    Compiling autocfg v0.1.5
[INFO] [stderr]    Compiling rand_core v0.4.0
[INFO] [stderr]    Compiling cc v1.0.38
[INFO] [stderr]    Compiling version_check v0.1.5
[INFO] [stderr]    Compiling futures v0.1.28
[INFO] [stderr]    Compiling lazy_static v1.3.0
[INFO] [stderr]    Compiling byteorder v1.3.2
[INFO] [stderr]    Compiling log v0.4.7
[INFO] [stderr]    Compiling rand_core v0.3.1
[INFO] [stderr]    Compiling rand_jitter v0.1.4
[INFO] [stderr]    Compiling rand_xorshift v0.1.1
[INFO] [stderr]    Compiling rand_chacha v0.1.1
[INFO] [stderr]    Compiling rand_pcg v0.1.2
[INFO] [stderr]    Compiling rand v0.6.5
[INFO] [stderr]    Compiling rand_hc v0.1.0
[INFO] [stderr]    Compiling rand_isaac v0.1.1
[INFO] [stderr]    Compiling rand_os v0.1.3
[INFO] [stderr]    Compiling iovec v0.1.2
[INFO] [stderr]    Compiling smallvec v0.6.10
[INFO] [stderr]    Compiling proc-macro2 v0.4.30
[INFO] [stderr]    Compiling either v1.5.2
[INFO] [stderr]    Compiling crossbeam-utils v0.6.6
[INFO] [stderr]    Compiling unicode-xid v0.1.0
[INFO] [stderr]    Compiling bytes v0.4.12
[INFO] [stderr]    Compiling syn v0.15.42
[INFO] [stderr]    Compiling ring v0.14.6
[INFO] [stderr]    Compiling unicase v1.4.2
[INFO] [stderr]    Compiling itoa v0.4.4
[INFO] [stderr]    Compiling fnv v1.0.6
[INFO] [stderr]    Compiling slab v0.4.2
[INFO] [stderr]    Compiling tokio-executor v0.1.8
[INFO] [stderr]    Compiling memoffset v0.5.1
[INFO] [stderr]    Compiling parking_lot_core v0.4.0
[INFO] [stderr]    Compiling arrayvec v0.4.11
[INFO] [stderr]    Compiling stable_deref_trait v1.1.1
[INFO] [stderr]    Compiling quote v0.6.13
[INFO] [stderr]    Compiling untrusted v0.6.2
[INFO] [stderr]    Compiling owning_ref v0.4.0
[INFO] [stderr]    Compiling tokio-io v0.1.12
[INFO] [stderr]    Compiling backtrace-sys v0.1.31
[INFO] [stderr]    Compiling num_cpus v1.10.1
[INFO] [stderr]    Compiling matches v0.1.8
[INFO] [stderr]    Compiling memchr v2.2.1
[INFO] [stderr]    Compiling siphasher v0.2.3
[INFO] [stderr]    Compiling scopeguard v0.3.3
[INFO] [stderr]    Compiling nodrop v0.1.13
[INFO] [stderr]    Compiling phf_shared v0.7.24
[INFO] [stderr]    Compiling lock_api v0.1.5
[INFO] [stderr]    Compiling unicode-bidi v0.3.4
[INFO] [stderr]    Compiling unicode-normalization v0.1.8
[INFO] [stderr]    Compiling net2 v0.2.33
[INFO] [stderr]    Compiling num-traits v0.2.8
[INFO] [stderr]    Compiling scopeguard v1.0.0
[INFO] [stderr]    Compiling serde v1.0.97
[INFO] [stderr]    Compiling percent-encoding v1.0.1
[INFO] [stderr]    Compiling mio v0.6.19
[INFO] [stderr]    Compiling crossbeam-epoch v0.7.2
[INFO] [stderr]    Compiling parking_lot v0.7.1
[INFO] [stderr]    Compiling tokio-sync v0.1.6
[INFO] [stderr]    Compiling idna v0.1.5
[INFO] [stderr]    Compiling rustc-demangle v0.1.15
[INFO] [stderr]    Compiling httparse v1.3.4
[INFO] [stderr]    Compiling ryu v1.0.0
[INFO] [stderr]    Compiling ucd-util v0.1.5
[INFO] [stderr]    Compiling webpki v0.19.1
[INFO] [stderr]    Compiling url v1.7.2
[INFO] [stderr]    Compiling regex-syntax v0.6.10
[INFO] [stderr]    Compiling sct v0.5.0
[INFO] [stderr]    Compiling backtrace v0.3.33
[INFO] [stderr]    Compiling tokio-reactor v0.1.9
[INFO] [stderr]    Compiling aho-corasick v0.7.4
[INFO] [stderr]    Compiling crossbeam-deque v0.7.1
[INFO] [stderr]    Compiling phf_generator v0.7.24
[INFO] [stderr]    Compiling http v0.1.18
[INFO] [stderr]    Compiling crossbeam-queue v0.1.2
[INFO] [stderr]    Compiling serde_derive v1.0.97
[INFO] [stderr]    Compiling time v0.1.42
[INFO] [stderr]    Compiling error-chain v0.12.1
[INFO] [stderr]    Compiling unicase v2.4.0
[INFO] [stderr]    Compiling thread_local v0.3.6
[INFO] [stderr]    Compiling failure_derive v0.1.5
[INFO] [stderr]    Compiling winapi v0.3.7
[INFO] [stderr]    Compiling crc32fast v1.2.0
[INFO] [stderr]    Compiling utf8-ranges v1.0.3
[INFO] [stderr]    Compiling cgmath v0.16.1
[INFO] [stderr]    Compiling num-traits v0.1.43
[INFO] [stderr]    Compiling tokio-threadpool v0.1.15
[INFO] [stderr]    Compiling phf_codegen v0.7.24
[INFO] [stderr]    Compiling tokio-tcp v0.1.3
[INFO] [stderr]    Compiling regex v1.2.0
[INFO] [stderr]    Compiling synstructure v0.10.2
[INFO] [stderr]    Compiling tokio-current-thread v0.1.6
[INFO] [stderr]    Compiling tokio-timer v0.2.11
[INFO] [stderr]    Compiling string v0.2.1
[INFO] [stderr]    Compiling tokio-buf v0.1.1
[INFO] [stderr]    Compiling miniz_oxide_c_api v0.2.3
[INFO] [stderr]    Compiling rand v0.4.6
[INFO] [stderr]    Compiling getrandom v0.1.6
[INFO] [stderr]    Compiling base64 v0.10.1
[INFO] [stderr]    Compiling hyper v0.12.33
[INFO] [stderr]    Compiling adler32 v1.0.3
[INFO] [stderr]    Compiling try-lock v0.2.2
[INFO] [stderr]    Compiling approx v0.1.1
[INFO] [stderr]    Compiling indexmap v1.0.2
[INFO] [stderr]    Compiling ppv-lite86 v0.2.5
[INFO] [stderr]    Compiling want v0.2.0
[INFO] [stderr]    Compiling h2 v0.1.26
[INFO] [stderr]    Compiling miniz_oxide v0.3.0
[INFO] [stderr]    Compiling c2-chacha v0.2.2
[INFO] [stderr]    Compiling rustls v0.15.2
[INFO] [stderr]    Compiling rand_core v0.5.0
[INFO] [stderr]    Compiling http-body v0.1.0
[INFO] [stderr]    Compiling tokio v0.1.22
[INFO] [stderr]    Compiling mime_guess v2.0.0-alpha.6
[INFO] [stderr]    Compiling futures-cpupool v0.1.8
[INFO] [stderr]    Compiling encoding_rs v0.8.17
[INFO] [stderr]    Compiling rgb v0.8.13
[INFO] [stderr]    Compiling bitflags v1.1.0
[INFO] [stderr]    Compiling winconsole v0.10.0
[INFO] [stderr]    Compiling tokio-rustls v0.9.3
[INFO] [stderr]    Compiling publicsuffix v1.5.2
[INFO] [stderr]    Compiling failure v0.1.5
[INFO] [stderr]    Compiling mime v0.3.13
[INFO] [stderr]    Compiling rand_chacha v0.2.1
[INFO] [stderr]    Compiling cookie v0.12.0
[INFO] [stderr]    Compiling webpki-roots v0.16.0
[INFO] [stderr]    Compiling ct-logs v0.5.1
[INFO] [stderr]    Compiling phf v0.7.24
[INFO] [stderr]    Compiling try_from v0.3.2
[INFO] [stderr]    Compiling dtoa v0.4.4
[INFO] [stderr]    Compiling unicode-width v0.1.5
[INFO] [stderr]    Compiling textwrap v0.11.0
[INFO] [stderr]    Compiling rand v0.7.0
[INFO] [stderr]    Compiling flate2 v1.0.9
[INFO] [stderr]    Compiling colored v1.8.0
[INFO] [stderr]    Compiling uuid v0.7.4
[INFO] [stderr]    Compiling atty v0.2.13
[INFO] [stderr]    Compiling strsim v0.8.0
[INFO] [stderr]    Compiling hyper-rustls v0.16.1
[INFO] [stderr]    Compiling ansi_term v0.11.0
[INFO] [stderr]    Compiling difference v2.0.0
[INFO] [stderr]    Compiling vec_map v0.8.1
[INFO] [stderr]    Compiling simple-error v0.2.1
[INFO] [stderr]    Compiling clap v2.33.0
[INFO] [stderr]    Compiling serde_json v1.0.40
[INFO] [stderr]    Compiling serde_urlencoded v0.5.5
[INFO] [stderr]    Compiling cookie_store v0.7.0
[INFO] [stderr]    Compiling mockito v0.19.0
[INFO] [stderr]    Compiling reqwest v0.9.19
[INFO] [stderr]    Compiling feo v0.1.0 (/opt/rustwide/workdir)
[INFO] [stdout] warning: trait objects without an explicit `dyn` are deprecated
[INFO] [stdout]   --> src/main.rs:16:29
[INFO] [stdout]    |
[INFO] [stdout] 16 | fn main() -> Result<(), Box<Error>> {
[INFO] [stdout]    |                             ^^^^^
[INFO] [stdout]    |
[INFO] [stdout]    = warning: this is accepted in the current edition (Rust 2018) but is a hard error in Rust 2021!
[INFO] [stdout]    = note: for more information, see <https://doc.rust-lang.org/nightly/edition-guide/rust-2021/warnings-promoted-to-error.html>
[INFO] [stdout]    = note: `#[warn(bare_trait_objects)]` on by default
[INFO] [stdout] help: use `dyn`
[INFO] [stdout]    |
[INFO] [stdout] 16 | fn main() -> Result<(), Box<dyn Error>> {
[INFO] [stdout]    |                             +++
[INFO] [stdout] 
[INFO] [stdout] 
[INFO] [stdout] warning: trait objects without an explicit `dyn` are deprecated
[INFO] [stdout]   --> src/main.rs:26:60
[INFO] [stdout]    |
[INFO] [stdout] 26 | fn route_command(app_m: clap::ArgMatches) -> Result<(),Box<Error>> {
[INFO] [stdout]    |                                                            ^^^^^
[INFO] [stdout]    |
[INFO] [stdout]    = warning: this is accepted in the current edition (Rust 2018) but is a hard error in Rust 2021!
[INFO] [stdout]    = note: for more information, see <https://doc.rust-lang.org/nightly/edition-guide/rust-2021/warnings-promoted-to-error.html>
[INFO] [stdout] help: use `dyn`
[INFO] [stdout]    |
[INFO] [stdout] 26 | fn route_command(app_m: clap::ArgMatches) -> Result<(),Box<dyn Error>> {
[INFO] [stdout]    |                                                            +++
[INFO] [stdout] 
[INFO] [stdout] 
[INFO] [stdout] warning: trait objects without an explicit `dyn` are deprecated
[INFO] [stdout]   --> src/node/manager.rs:24:60
[INFO] [stdout]    |
[INFO] [stdout] 24 |     fn get_version_json(&self) -> Result<Vec<Versions>,Box<Error>> {
[INFO] [stdout]    |                                                            ^^^^^
[INFO] [stdout]    |
[INFO] [stdout]    = warning: this is accepted in the current edition (Rust 2018) but is a hard error in Rust 2021!
[INFO] [stdout]    = note: for more information, see <https://doc.rust-lang.org/nightly/edition-guide/rust-2021/warnings-promoted-to-error.html>
[INFO] [stdout] help: use `dyn`
[INFO] [stdout]    |
[INFO] [stdout] 24 |     fn get_version_json(&self) -> Result<Vec<Versions>,Box<dyn Error>> {
[INFO] [stdout]    |                                                            +++
[INFO] [stdout] 
[INFO] [stdout] 
[INFO] [stdout] warning: trait objects without an explicit `dyn` are deprecated
[INFO] [stdout]   --> src/node/manager.rs:29:52
[INFO] [stdout]    |
[INFO] [stdout] 29 |     pub fn get_latest(&self) -> Result<String, Box<Error>> {
[INFO] [stdout]    |                                                    ^^^^^
[INFO] [stdout]    |
[INFO] [stdout]    = warning: this is accepted in the current edition (Rust 2018) but is a hard error in Rust 2021!
[INFO] [stdout]    = note: for more information, see <https://doc.rust-lang.org/nightly/edition-guide/rust-2021/warnings-promoted-to-error.html>
[INFO] [stdout] help: use `dyn`
[INFO] [stdout]    |
[INFO] [stdout] 29 |     pub fn get_latest(&self) -> Result<String, Box<dyn Error>> {
[INFO] [stdout]    |                                                    +++
[INFO] [stdout] 
[INFO] [stdout] 
[INFO] [stdout] warning: trait objects without an explicit `dyn` are deprecated
[INFO] [stdout]   --> src/node/manager.rs:36:49
[INFO] [stdout]    |
[INFO] [stdout] 36 |     pub fn get_lts(&self) -> Result<String, Box<Error>> {
[INFO] [stdout]    |                                                 ^^^^^
[INFO] [stdout]    |
[INFO] [stdout]    = warning: this is accepted in the current edition (Rust 2018) but is a hard error in Rust 2021!
[INFO] [stdout]    = note: for more information, see <https://doc.rust-lang.org/nightly/edition-guide/rust-2021/warnings-promoted-to-error.html>
[INFO] [stdout] help: use `dyn`
[INFO] [stdout]    |
[INFO] [stdout] 36 |     pub fn get_lts(&self) -> Result<String, Box<dyn Error>> {
[INFO] [stdout]    |                                                 +++
[INFO] [stdout] 
[INFO] [stdout] 
[INFO] [stdout] warning: trait objects without an explicit `dyn` are deprecated
[INFO] [stdout]   --> src/node/package.rs:20:56
[INFO] [stdout]    |
[INFO] [stdout] 20 |     pub fn get_node_range(&self) -> Result<String, Box<Error>> {
[INFO] [stdout]    |                                                        ^^^^^
[INFO] [stdout]    |
[INFO] [stdout]    = warning: this is accepted in the current edition (Rust 2018) but is a hard error in Rust 2021!
[INFO] [stdout]    = note: for more information, see <https://doc.rust-lang.org/nightly/edition-guide/rust-2021/warnings-promoted-to-error.html>
[INFO] [stdout] help: use `dyn`
[INFO] [stdout]    |
[INFO] [stdout] 20 |     pub fn get_node_range(&self) -> Result<String, Box<dyn Error>> {
[INFO] [stdout]    |                                                        +++
[INFO] [stdout] 
[INFO] [stdout] 
[INFO] [stdout] warning: trait objects without an explicit `dyn` are deprecated
[INFO] [stdout]  --> src/subcommands/install.rs:7:75
[INFO] [stdout]   |
[INFO] [stdout] 7 |     pub fn run(&self, arg_m: Option<&clap::ArgMatches>) -> Result<(), Box<Error>> {
[INFO] [stdout]   |                                                                           ^^^^^
[INFO] [stdout]   |
[INFO] [stdout]   = warning: this is accepted in the current edition (Rust 2018) but is a hard error in Rust 2021!
[INFO] [stdout]   = note: for more information, see <https://doc.rust-lang.org/nightly/edition-guide/rust-2021/warnings-promoted-to-error.html>
[INFO] [stdout] help: use `dyn`
[INFO] [stdout]   |
[INFO] [stdout] 7 |     pub fn run(&self, arg_m: Option<&clap::ArgMatches>) -> Result<(), Box<dyn Error>> {
[INFO] [stdout]   |                                                                           +++
[INFO] [stdout] 
[INFO] [stdout] 
[INFO] [stdout] warning: struct `Manager` is never constructed
[INFO] [stdout]  --> src/node/manager.rs:4:12
[INFO] [stdout]   |
[INFO] [stdout] 4 | pub struct Manager {
[INFO] [stdout]   |            ^^^^^^^
[INFO] [stdout]   |
[INFO] [stdout]   = note: `#[warn(dead_code)]` on by default
[INFO] [stdout] 
[INFO] [stdout] 
[INFO] [stdout] warning: associated items `new`, `get_version_json`, `get_latest`, and `get_lts` are never used
[INFO] [stdout]   --> src/node/manager.rs:18:12
[INFO] [stdout]    |
[INFO] [stdout] 17 | impl Manager {
[INFO] [stdout]    | ------------ associated items in this implementation
[INFO] [stdout] 18 |     pub fn new(base_path: String) -> Manager {
[INFO] [stdout]    |            ^^^
[INFO] [stdout] ...
[INFO] [stdout] 24 |     fn get_version_json(&self) -> Result<Vec<Versions>,Box<Error>> {
[INFO] [stdout]    |        ^^^^^^^^^^^^^^^^
[INFO] [stdout] ...
[INFO] [stdout] 29 |     pub fn get_latest(&self) -> Result<String, Box<Error>> {
[INFO] [stdout]    |            ^^^^^^^^^^
[INFO] [stdout] ...
[INFO] [stdout] 36 |     pub fn get_lts(&self) -> Result<String, Box<Error>> {
[INFO] [stdout]    |            ^^^^^^^
[INFO] [stdout] 
[INFO] [stdout] 
[INFO] [stdout] warning: 9 warnings emitted
[INFO] [stdout] 
[INFO] [stdout] 
[INFO] [stderr]     Finished dev [unoptimized + debuginfo] target(s) in 1m 31s
[INFO] running `Command { std: "docker" "inspect" "9695393492f1315283bf6f5801425858bc7c900a3debcf2520fb1a287af16296", kill_on_drop: false }`
[INFO] running `Command { std: "docker" "rm" "-f" "9695393492f1315283bf6f5801425858bc7c900a3debcf2520fb1a287af16296", kill_on_drop: false }`
[INFO] [stdout] 9695393492f1315283bf6f5801425858bc7c900a3debcf2520fb1a287af16296
[INFO] running `Command { std: "docker" "create" "-v" "/var/lib/crater-agent-workspace/builds/worker-3-tc2/target:/opt/rustwide/target:rw,Z" "-v" "/var/lib/crater-agent-workspace/builds/worker-3-tc2/source:/opt/rustwide/workdir:ro,Z" "-v" "/var/lib/crater-agent-workspace/cargo-home:/opt/rustwide/cargo-home:ro,Z" "-v" "/var/lib/crater-agent-workspace/rustup-home:/opt/rustwide/rustup-home:ro,Z" "-e" "SOURCE_DIR=/opt/rustwide/workdir" "-e" "CARGO_TARGET_DIR=/opt/rustwide/target" "-e" "CARGO_INCREMENTAL=0" "-e" "RUST_BACKTRACE=full" "-e" "RUSTFLAGS=--cap-lints=warn" "-e" "RUSTDOCFLAGS=--cap-lints=warn" "-e" "CARGO_HOME=/opt/rustwide/cargo-home" "-e" "RUSTUP_HOME=/opt/rustwide/rustup-home" "-w" "/opt/rustwide/workdir" "-m" "1610612736" "--user" "0:0" "--network" "none" "ghcr.io/rust-lang/crates-build-env/linux@sha256:5ff2268d62e97bff2cde7d5815dd6ed5b47097566f13b8d0ca110b04b60e07ed" "/opt/rustwide/cargo-home/bin/cargo" "+beta-2023-04-20" "test" "--frozen" "--no-run" "--message-format=json", kill_on_drop: false }`
[INFO] [stdout] 09eb365b688f0d740824cbf1616350e97a8ca8df82440165d59988c9cd93a19a
[INFO] running `Command { std: "docker" "start" "-a" "09eb365b688f0d740824cbf1616350e97a8ca8df82440165d59988c9cd93a19a", kill_on_drop: false }`
[INFO] [stderr]    Compiling feo v0.1.0 (/opt/rustwide/workdir)
[INFO] [stdout] warning: trait objects without an explicit `dyn` are deprecated
[INFO] [stdout]   --> src/main.rs:16:29
[INFO] [stdout]    |
[INFO] [stdout] 16 | fn main() -> Result<(), Box<Error>> {
[INFO] [stdout]    |                             ^^^^^
[INFO] [stdout]    |
[INFO] [stdout]    = warning: this is accepted in the current edition (Rust 2018) but is a hard error in Rust 2021!
[INFO] [stdout]    = note: for more information, see <https://doc.rust-lang.org/nightly/edition-guide/rust-2021/warnings-promoted-to-error.html>
[INFO] [stdout]    = note: `#[warn(bare_trait_objects)]` on by default
[INFO] [stdout] help: use `dyn`
[INFO] [stdout]    |
[INFO] [stdout] 16 | fn main() -> Result<(), Box<dyn Error>> {
[INFO] [stdout]    |                             +++
[INFO] [stdout] 
[INFO] [stdout] 
[INFO] [stdout] warning: trait objects without an explicit `dyn` are deprecated
[INFO] [stdout]   --> src/main.rs:26:60
[INFO] [stdout]    |
[INFO] [stdout] 26 | fn route_command(app_m: clap::ArgMatches) -> Result<(),Box<Error>> {
[INFO] [stdout]    |                                                            ^^^^^
[INFO] [stdout]    |
[INFO] [stdout]    = warning: this is accepted in the current edition (Rust 2018) but is a hard error in Rust 2021!
[INFO] [stdout]    = note: for more information, see <https://doc.rust-lang.org/nightly/edition-guide/rust-2021/warnings-promoted-to-error.html>
[INFO] [stdout] help: use `dyn`
[INFO] [stdout]    |
[INFO] [stdout] 26 | fn route_command(app_m: clap::ArgMatches) -> Result<(),Box<dyn Error>> {
[INFO] [stdout]    |                                                            +++
[INFO] [stdout] 
[INFO] [stdout] 
[INFO] [stdout] warning: trait objects without an explicit `dyn` are deprecated
[INFO] [stdout]   --> src/node/manager.rs:24:60
[INFO] [stdout]    |
[INFO] [stdout] 24 |     fn get_version_json(&self) -> Result<Vec<Versions>,Box<Error>> {
[INFO] [stdout]    |                                                            ^^^^^
[INFO] [stdout]    |
[INFO] [stdout]    = warning: this is accepted in the current edition (Rust 2018) but is a hard error in Rust 2021!
[INFO] [stdout]    = note: for more information, see <https://doc.rust-lang.org/nightly/edition-guide/rust-2021/warnings-promoted-to-error.html>
[INFO] [stdout] help: use `dyn`
[INFO] [stdout]    |
[INFO] [stdout] 24 |     fn get_version_json(&self) -> Result<Vec<Versions>,Box<dyn Error>> {
[INFO] [stdout]    |                                                            +++
[INFO] [stdout] 
[INFO] [stdout] 
[INFO] [stdout] warning: trait objects without an explicit `dyn` are deprecated
[INFO] [stdout]   --> src/node/manager.rs:29:52
[INFO] [stdout]    |
[INFO] [stdout] 29 |     pub fn get_latest(&self) -> Result<String, Box<Error>> {
[INFO] [stdout]    |                                                    ^^^^^
[INFO] [stdout]    |
[INFO] [stdout]    = warning: this is accepted in the current edition (Rust 2018) but is a hard error in Rust 2021!
[INFO] [stdout]    = note: for more information, see <https://doc.rust-lang.org/nightly/edition-guide/rust-2021/warnings-promoted-to-error.html>
[INFO] [stdout] help: use `dyn`
[INFO] [stdout]    |
[INFO] [stdout] 29 |     pub fn get_latest(&self) -> Result<String, Box<dyn Error>> {
[INFO] [stdout]    |                                                    +++
[INFO] [stdout] 
[INFO] [stdout] 
[INFO] [stdout] warning: trait objects without an explicit `dyn` are deprecated
[INFO] [stdout]   --> src/node/manager.rs:36:49
[INFO] [stdout]    |
[INFO] [stdout] 36 |     pub fn get_lts(&self) -> Result<String, Box<Error>> {
[INFO] [stdout]    |                                                 ^^^^^
[INFO] [stdout]    |
[INFO] [stdout]    = warning: this is accepted in the current edition (Rust 2018) but is a hard error in Rust 2021!
[INFO] [stdout]    = note: for more information, see <https://doc.rust-lang.org/nightly/edition-guide/rust-2021/warnings-promoted-to-error.html>
[INFO] [stdout] help: use `dyn`
[INFO] [stdout]    |
[INFO] [stdout] 36 |     pub fn get_lts(&self) -> Result<String, Box<dyn Error>> {
[INFO] [stdout]    |                                                 +++
[INFO] [stdout] 
[INFO] [stdout] 
[INFO] [stdout] warning: trait objects without an explicit `dyn` are deprecated
[INFO] [stdout]   --> src/node/manager.rs:71:44
[INFO] [stdout]    |
[INFO] [stdout] 71 |     fn test_get_latest() -> Result<(), Box<Error>> {
[INFO] [stdout]    |                                            ^^^^^
[INFO] [stdout]    |
[INFO] [stdout]    = warning: this is accepted in the current edition (Rust 2018) but is a hard error in Rust 2021!
[INFO] [stdout]    = note: for more information, see <https://doc.rust-lang.org/nightly/edition-guide/rust-2021/warnings-promoted-to-error.html>
[INFO] [stdout] help: use `dyn`
[INFO] [stdout]    |
[INFO] [stdout] 71 |     fn test_get_latest() -> Result<(), Box<dyn Error>> {
[INFO] [stdout]    |                                            +++
[INFO] [stdout] 
[INFO] [stdout] 
[INFO] [stdout] warning: trait objects without an explicit `dyn` are deprecated
[INFO] [stdout]   --> src/node/manager.rs:82:41
[INFO] [stdout]    |
[INFO] [stdout] 82 |     fn test_get_lts() -> Result<(), Box<Error>> {
[INFO] [stdout]    |                                         ^^^^^
[INFO] [stdout]    |
[INFO] [stdout]    = warning: this is accepted in the current edition (Rust 2018) but is a hard error in Rust 2021!
[INFO] [stdout]    = note: for more information, see <https://doc.rust-lang.org/nightly/edition-guide/rust-2021/warnings-promoted-to-error.html>
[INFO] [stdout] help: use `dyn`
[INFO] [stdout]    |
[INFO] [stdout] 82 |     fn test_get_lts() -> Result<(), Box<dyn Error>> {
[INFO] [stdout]    |                                         +++
[INFO] [stdout] 
[INFO] [stdout] 
[INFO] [stdout] warning: trait objects without an explicit `dyn` are deprecated
[INFO] [stdout]   --> src/node/package.rs:20:56
[INFO] [stdout]    |
[INFO] [stdout] 20 |     pub fn get_node_range(&self) -> Result<String, Box<Error>> {
[INFO] [stdout]    |                                                        ^^^^^
[INFO] [stdout]    |
[INFO] [stdout]    = warning: this is accepted in the current edition (Rust 2018) but is a hard error in Rust 2021!
[INFO] [stdout]    = note: for more information, see <https://doc.rust-lang.org/nightly/edition-guide/rust-2021/warnings-promoted-to-error.html>
[INFO] [stdout] help: use `dyn`
[INFO] [stdout]    |
[INFO] [stdout] 20 |     pub fn get_node_range(&self) -> Result<String, Box<dyn Error>> {
[INFO] [stdout]    |                                                        +++
[INFO] [stdout] 
[INFO] [stdout] 
[INFO] [stdout] warning: trait objects without an explicit `dyn` are deprecated
[INFO] [stdout]   --> src/node/package.rs:81:37
[INFO] [stdout]    |
[INFO] [stdout] 81 |     fn test_new() -> Result<(), Box<Error>> {
[INFO] [stdout]    |                                     ^^^^^
[INFO] [stdout]    |
[INFO] [stdout]    = warning: this is accepted in the current edition (Rust 2018) but is a hard error in Rust 2021!
[INFO] [stdout]    = note: for more information, see <https://doc.rust-lang.org/nightly/edition-guide/rust-2021/warnings-promoted-to-error.html>
[INFO] [stdout] help: use `dyn`
[INFO] [stdout]    |
[INFO] [stdout] 81 |     fn test_new() -> Result<(), Box<dyn Error>> {
[INFO] [stdout]    |                                     +++
[INFO] [stdout] 
[INFO] [stdout] 
[INFO] [stdout] warning: trait objects without an explicit `dyn` are deprecated
[INFO] [stdout]   --> src/node/package.rs:88:50
[INFO] [stdout]    |
[INFO] [stdout] 88 |     fn test_new_with_version() -> Result<(), Box<Error>> {
[INFO] [stdout]    |                                                  ^^^^^
[INFO] [stdout]    |
[INFO] [stdout]    = warning: this is accepted in the current edition (Rust 2018) but is a hard error in Rust 2021!
[INFO] [stdout]    = note: for more information, see <https://doc.rust-lang.org/nightly/edition-guide/rust-2021/warnings-promoted-to-error.html>
[INFO] [stdout] help: use `dyn`
[INFO] [stdout]    |
[INFO] [stdout] 88 |     fn test_new_with_version() -> Result<(), Box<dyn Error>> {
[INFO] [stdout]    |                                                  +++
[INFO] [stdout] 
[INFO] [stdout] 
[INFO] [stdout] warning: trait objects without an explicit `dyn` are deprecated
[INFO] [stdout]   --> src/node/package.rs:95:64
[INFO] [stdout]    |
[INFO] [stdout] 95 |     fn test_new_with_scope_without_version() -> Result<(), Box<Error>> {
[INFO] [stdout]    |                                                                ^^^^^
[INFO] [stdout]    |
[INFO] [stdout]    = warning: this is accepted in the current edition (Rust 2018) but is a hard error in Rust 2021!
[INFO] [stdout]    = note: for more information, see <https://doc.rust-lang.org/nightly/edition-guide/rust-2021/warnings-promoted-to-error.html>
[INFO] [stdout] help: use `dyn`
[INFO] [stdout]    |
[INFO] [stdout] 95 |     fn test_new_with_scope_without_version() -> Result<(), Box<dyn Error>> {
[INFO] [stdout]    |                                                                +++
[INFO] [stdout] 
[INFO] [stdout] 
[INFO] [stdout] warning: trait objects without an explicit `dyn` are deprecated
[INFO] [stdout]    --> src/node/package.rs:102:60
[INFO] [stdout]     |
[INFO] [stdout] 102 |     fn test_new_with_scope_and_version() -> Result<(), Box<Error>> {
[INFO] [stdout]     |                                                            ^^^^^
[INFO] [stdout]     |
[INFO] [stdout]     = warning: this is accepted in the current edition (Rust 2018) but is a hard error in Rust 2021!
[INFO] [stdout]     = note: for more information, see <https://doc.rust-lang.org/nightly/edition-guide/rust-2021/warnings-promoted-to-error.html>
[INFO] [stdout] help: use `dyn`
[INFO] [stdout]     |
[INFO] [stdout] 102 |     fn test_new_with_scope_and_version() -> Result<(), Box<dyn Error>> {
[INFO] [stdout]     |                                                            +++
[INFO] [stdout] 
[INFO] [stdout] 
[INFO] [stdout] warning: trait objects without an explicit `dyn` are deprecated
[INFO] [stdout]    --> src/node/package.rs:109:48
[INFO] [stdout]     |
[INFO] [stdout] 109 |     fn test_get_node_range() -> Result<(), Box<Error>> {
[INFO] [stdout]     |                                                ^^^^^
[INFO] [stdout]     |
[INFO] [stdout]     = warning: this is accepted in the current edition (Rust 2018) but is a hard error in Rust 2021!
[INFO] [stdout]     = note: for more information, see <https://doc.rust-lang.org/nightly/edition-guide/rust-2021/warnings-promoted-to-error.html>
[INFO] [stdout] help: use `dyn`
[INFO] [stdout]     |
[INFO] [stdout] 109 |     fn test_get_node_range() -> Result<(), Box<dyn Error>> {
[INFO] [stdout]     |                                                +++
[INFO] [stdout] 
[INFO] [stdout] 
[INFO] [stdout] warning: trait objects without an explicit `dyn` are deprecated
[INFO] [stdout]    --> src/node/package.rs:119:65
[INFO] [stdout]     |
[INFO] [stdout] 119 |     fn test_get_node_range_specific_version() -> Result<(), Box<Error>> {
[INFO] [stdout]     |                                                                 ^^^^^
[INFO] [stdout]     |
[INFO] [stdout]     = warning: this is accepted in the current edition (Rust 2018) but is a hard error in Rust 2021!
[INFO] [stdout]     = note: for more information, see <https://doc.rust-lang.org/nightly/edition-guide/rust-2021/warnings-promoted-to-error.html>
[INFO] [stdout] help: use `dyn`
[INFO] [stdout]     |
[INFO] [stdout] 119 |     fn test_get_node_range_specific_version() -> Result<(), Box<dyn Error>> {
[INFO] [stdout]     |                                                                 +++
[INFO] [stdout] 
[INFO] [stdout] 
[INFO] [stdout] warning: trait objects without an explicit `dyn` are deprecated
[INFO] [stdout]  --> src/subcommands/install.rs:7:75
[INFO] [stdout]   |
[INFO] [stdout] 7 |     pub fn run(&self, arg_m: Option<&clap::ArgMatches>) -> Result<(), Box<Error>> {
[INFO] [stdout]   |                                                                           ^^^^^
[INFO] [stdout]   |
[INFO] [stdout]   = warning: this is accepted in the current edition (Rust 2018) but is a hard error in Rust 2021!
[INFO] [stdout]   = note: for more information, see <https://doc.rust-lang.org/nightly/edition-guide/rust-2021/warnings-promoted-to-error.html>
[INFO] [stdout] help: use `dyn`
[INFO] [stdout]   |
[INFO] [stdout] 7 |     pub fn run(&self, arg_m: Option<&clap::ArgMatches>) -> Result<(), Box<dyn Error>> {
[INFO] [stdout]   |                                                                           +++
[INFO] [stdout] 
[INFO] [stdout] 
[INFO] [stdout] warning: 15 warnings emitted
[INFO] [stdout] 
[INFO] [stdout] 
[INFO] [stderr]     Finished test [unoptimized + debuginfo] target(s) in 3.95s
[INFO] running `Command { std: "docker" "inspect" "09eb365b688f0d740824cbf1616350e97a8ca8df82440165d59988c9cd93a19a", kill_on_drop: false }`
[INFO] running `Command { std: "docker" "rm" "-f" "09eb365b688f0d740824cbf1616350e97a8ca8df82440165d59988c9cd93a19a", kill_on_drop: false }`
[INFO] [stdout] 09eb365b688f0d740824cbf1616350e97a8ca8df82440165d59988c9cd93a19a
[INFO] running `Command { std: "docker" "create" "-v" "/var/lib/crater-agent-workspace/builds/worker-3-tc2/target:/opt/rustwide/target:rw,Z" "-v" "/var/lib/crater-agent-workspace/builds/worker-3-tc2/source:/opt/rustwide/workdir:ro,Z" "-v" "/var/lib/crater-agent-workspace/cargo-home:/opt/rustwide/cargo-home:ro,Z" "-v" "/var/lib/crater-agent-workspace/rustup-home:/opt/rustwide/rustup-home:ro,Z" "-e" "SOURCE_DIR=/opt/rustwide/workdir" "-e" "CARGO_TARGET_DIR=/opt/rustwide/target" "-e" "CARGO_INCREMENTAL=0" "-e" "RUST_BACKTRACE=full" "-e" "RUSTFLAGS=--cap-lints=warn" "-e" "RUSTDOCFLAGS=--cap-lints=warn" "-e" "CARGO_HOME=/opt/rustwide/cargo-home" "-e" "RUSTUP_HOME=/opt/rustwide/rustup-home" "-w" "/opt/rustwide/workdir" "-m" "1610612736" "--user" "0:0" "--network" "none" "ghcr.io/rust-lang/crates-build-env/linux@sha256:5ff2268d62e97bff2cde7d5815dd6ed5b47097566f13b8d0ca110b04b60e07ed" "/opt/rustwide/cargo-home/bin/cargo" "+beta-2023-04-20" "test" "--frozen", kill_on_drop: false }`
[INFO] [stdout] 2fe64f89ab06c368511e7822d62e7f0fe8601d20d5cf52eecf249fb2276625f8
[INFO] running `Command { std: "docker" "start" "-a" "2fe64f89ab06c368511e7822d62e7f0fe8601d20d5cf52eecf249fb2276625f8", kill_on_drop: false }`
[INFO] [stderr]     Blocking waiting for file lock on package cache
[INFO] [stderr] warning: trait objects without an explicit `dyn` are deprecated
[INFO] [stderr]   --> src/main.rs:16:29
[INFO] [stderr]    |
[INFO] [stderr] 16 | fn main() -> Result<(), Box<Error>> {
[INFO] [stderr]    |                             ^^^^^
[INFO] [stderr]    |
[INFO] [stderr]    = warning: this is accepted in the current edition (Rust 2018) but is a hard error in Rust 2021!
[INFO] [stderr]    = note: for more information, see <https://doc.rust-lang.org/nightly/edition-guide/rust-2021/warnings-promoted-to-error.html>
[INFO] [stderr]    = note: `#[warn(bare_trait_objects)]` on by default
[INFO] [stderr] help: use `dyn`
[INFO] [stderr]    |
[INFO] [stderr] 16 | fn main() -> Result<(), Box<dyn Error>> {
[INFO] [stderr]    |                             +++
[INFO] [stderr] 
[INFO] [stderr] warning: trait objects without an explicit `dyn` are deprecated
[INFO] [stderr]   --> src/main.rs:26:60
[INFO] [stderr]    |
[INFO] [stderr] 26 | fn route_command(app_m: clap::ArgMatches) -> Result<(),Box<Error>> {
[INFO] [stderr]    |                                                            ^^^^^
[INFO] [stderr]    |
[INFO] [stderr]    = warning: this is accepted in the current edition (Rust 2018) but is a hard error in Rust 2021!
[INFO] [stderr]    = note: for more information, see <https://doc.rust-lang.org/nightly/edition-guide/rust-2021/warnings-promoted-to-error.html>
[INFO] [stderr] help: use `dyn`
[INFO] [stderr]    |
[INFO] [stderr] 26 | fn route_command(app_m: clap::ArgMatches) -> Result<(),Box<dyn Error>> {
[INFO] [stderr]    |                                                            +++
[INFO] [stderr] 
[INFO] [stderr] warning: trait objects without an explicit `dyn` are deprecated
[INFO] [stderr]   --> src/node/manager.rs:24:60
[INFO] [stderr]    |
[INFO] [stderr] 24 |     fn get_version_json(&self) -> Result<Vec<Versions>,Box<Error>> {
[INFO] [stderr]    |                                                            ^^^^^
[INFO] [stderr]    |
[INFO] [stderr]    = warning: this is accepted in the current edition (Rust 2018) but is a hard error in Rust 2021!
[INFO] [stderr]    = note: for more information, see <https://doc.rust-lang.org/nightly/edition-guide/rust-2021/warnings-promoted-to-error.html>
[INFO] [stderr] help: use `dyn`
[INFO] [stderr]    |
[INFO] [stderr] 24 |     fn get_version_json(&self) -> Result<Vec<Versions>,Box<dyn Error>> {
[INFO] [stderr]    |                                                            +++
[INFO] [stderr] 
[INFO] [stderr] warning: trait objects without an explicit `dyn` are deprecated
[INFO] [stderr]   --> src/node/manager.rs:29:52
[INFO] [stderr]    |
[INFO] [stderr] 29 |     pub fn get_latest(&self) -> Result<String, Box<Error>> {
[INFO] [stderr]    |                                                    ^^^^^
[INFO] [stderr]    |
[INFO] [stderr]    = warning: this is accepted in the current edition (Rust 2018) but is a hard error in Rust 2021!
[INFO] [stderr]    = note: for more information, see <https://doc.rust-lang.org/nightly/edition-guide/rust-2021/warnings-promoted-to-error.html>
[INFO] [stderr] help: use `dyn`
[INFO] [stderr]    |
[INFO] [stderr] 29 |     pub fn get_latest(&self) -> Result<String, Box<dyn Error>> {
[INFO] [stderr]    |                                                    +++
[INFO] [stderr] 
[INFO] [stderr] warning: trait objects without an explicit `dyn` are deprecated
[INFO] [stderr]   --> src/node/manager.rs:36:49
[INFO] [stderr]    |
[INFO] [stderr] 36 |     pub fn get_lts(&self) -> Result<String, Box<Error>> {
[INFO] [stderr]    |                                                 ^^^^^
[INFO] [stderr]    |
[INFO] [stderr]    = warning: this is accepted in the current edition (Rust 2018) but is a hard error in Rust 2021!
[INFO] [stderr]    = note: for more information, see <https://doc.rust-lang.org/nightly/edition-guide/rust-2021/warnings-promoted-to-error.html>
[INFO] [stderr] help: use `dyn`
[INFO] [stderr]    |
[INFO] [stderr] 36 |     pub fn get_lts(&self) -> Result<String, Box<dyn Error>> {
[INFO] [stderr]    |                                                 +++
[INFO] [stderr] 
[INFO] [stderr] warning: trait objects without an explicit `dyn` are deprecated
[INFO] [stderr]   --> src/node/manager.rs:71:44
[INFO] [stderr]    |
[INFO] [stderr] 71 |     fn test_get_latest() -> Result<(), Box<Error>> {
[INFO] [stderr]    |                                            ^^^^^
[INFO] [stderr]    |
[INFO] [stderr]    = warning: this is accepted in the current edition (Rust 2018) but is a hard error in Rust 2021!
[INFO] [stderr]    = note: for more information, see <https://doc.rust-lang.org/nightly/edition-guide/rust-2021/warnings-promoted-to-error.html>
[INFO] [stderr] help: use `dyn`
[INFO] [stderr]    |
[INFO] [stderr] 71 |     fn test_get_latest() -> Result<(), Box<dyn Error>> {
[INFO] [stderr]    |                                            +++
[INFO] [stderr] 
[INFO] [stderr] warning: trait objects without an explicit `dyn` are deprecated
[INFO] [stderr]   --> src/node/manager.rs:82:41
[INFO] [stderr]    |
[INFO] [stderr] 82 |     fn test_get_lts() -> Result<(), Box<Error>> {
[INFO] [stderr]    |                                         ^^^^^
[INFO] [stderr]    |
[INFO] [stderr]    = warning: this is accepted in the current edition (Rust 2018) but is a hard error in Rust 2021!
[INFO] [stderr]    = note: for more information, see <https://doc.rust-lang.org/nightly/edition-guide/rust-2021/warnings-promoted-to-error.html>
[INFO] [stderr] help: use `dyn`
[INFO] [stderr]    |
[INFO] [stderr] 82 |     fn test_get_lts() -> Result<(), Box<dyn Error>> {
[INFO] [stderr]    |                                         +++
[INFO] [stderr] 
[INFO] [stderr] warning: trait objects without an explicit `dyn` are deprecated
[INFO] [stderr]   --> src/node/package.rs:20:56
[INFO] [stderr]    |
[INFO] [stderr] 20 |     pub fn get_node_range(&self) -> Result<String, Box<Error>> {
[INFO] [stderr]    |                                                        ^^^^^
[INFO] [stderr]    |
[INFO] [stderr]    = warning: this is accepted in the current edition (Rust 2018) but is a hard error in Rust 2021!
[INFO] [stderr]    = note: for more information, see <https://doc.rust-lang.org/nightly/edition-guide/rust-2021/warnings-promoted-to-error.html>
[INFO] [stderr] help: use `dyn`
[INFO] [stderr]    |
[INFO] [stderr] 20 |     pub fn get_node_range(&self) -> Result<String, Box<dyn Error>> {
[INFO] [stderr]    |                                                        +++
[INFO] [stderr] 
[INFO] [stderr] warning: trait objects without an explicit `dyn` are deprecated
[INFO] [stderr]   --> src/node/package.rs:81:37
[INFO] [stderr]    |
[INFO] [stderr] 81 |     fn test_new() -> Result<(), Box<Error>> {
[INFO] [stderr]    |                                     ^^^^^
[INFO] [stderr]    |
[INFO] [stderr]    = warning: this is accepted in the current edition (Rust 2018) but is a hard error in Rust 2021!
[INFO] [stderr]    = note: for more information, see <https://doc.rust-lang.org/nightly/edition-guide/rust-2021/warnings-promoted-to-error.html>
[INFO] [stderr] help: use `dyn`
[INFO] [stderr]    |
[INFO] [stderr] 81 |     fn test_new() -> Result<(), Box<dyn Error>> {
[INFO] [stderr]    |                                     +++
[INFO] [stderr] 
[INFO] [stderr] warning: trait objects without an explicit `dyn` are deprecated
[INFO] [stderr]   --> src/node/package.rs:88:50
[INFO] [stderr]    |
[INFO] [stderr] 88 |     fn test_new_with_version() -> Result<(), Box<Error>> {
[INFO] [stderr]    |                                                  ^^^^^
[INFO] [stderr]    |
[INFO] [stderr]    = warning: this is accepted in the current edition (Rust 2018) but is a hard error in Rust 2021!
[INFO] [stderr]    = note: for more information, see <https://doc.rust-lang.org/nightly/edition-guide/rust-2021/warnings-promoted-to-error.html>
[INFO] [stderr] help: use `dyn`
[INFO] [stderr]    |
[INFO] [stderr] 88 |     fn test_new_with_version() -> Result<(), Box<dyn Error>> {
[INFO] [stderr]    |                                                  +++
[INFO] [stderr] 
[INFO] [stderr] warning: trait objects without an explicit `dyn` are deprecated
[INFO] [stderr]   --> src/node/package.rs:95:64
[INFO] [stderr]    |
[INFO] [stderr] 95 |     fn test_new_with_scope_without_version() -> Result<(), Box<Error>> {
[INFO] [stderr]    |                                                                ^^^^^
[INFO] [stderr]    |
[INFO] [stderr]    = warning: this is accepted in the current edition (Rust 2018) but is a hard error in Rust 2021!
[INFO] [stderr]    = note: for more information, see <https://doc.rust-lang.org/nightly/edition-guide/rust-2021/warnings-promoted-to-error.html>
[INFO] [stderr] help: use `dyn`
[INFO] [stderr]    |
[INFO] [stderr] 95 |     fn test_new_with_scope_without_version() -> Result<(), Box<dyn Error>> {
[INFO] [stderr]    |                                                                +++
[INFO] [stderr] 
[INFO] [stderr] warning: trait objects without an explicit `dyn` are deprecated
[INFO] [stderr]    --> src/node/package.rs:102:60
[INFO] [stderr]     |
[INFO] [stderr] 102 |     fn test_new_with_scope_and_version() -> Result<(), Box<Error>> {
[INFO] [stderr]     |                                                            ^^^^^
[INFO] [stderr]     |
[INFO] [stderr]     = warning: this is accepted in the current edition (Rust 2018) but is a hard error in Rust 2021!
[INFO] [stderr]     = note: for more information, see <https://doc.rust-lang.org/nightly/edition-guide/rust-2021/warnings-promoted-to-error.html>
[INFO] [stderr] help: use `dyn`
[INFO] [stderr]     |
[INFO] [stderr] 102 |     fn test_new_with_scope_and_version() -> Result<(), Box<dyn Error>> {
[INFO] [stderr]     |                                                            +++
[INFO] [stderr] 
[INFO] [stderr] warning: trait objects without an explicit `dyn` are deprecated
[INFO] [stderr]    --> src/node/package.rs:109:48
[INFO] [stderr]     |
[INFO] [stderr] 109 |     fn test_get_node_range() -> Result<(), Box<Error>> {
[INFO] [stderr]     |                                                ^^^^^
[INFO] [stderr]     |
[INFO] [stderr]     = warning: this is accepted in the current edition (Rust 2018) but is a hard error in Rust 2021!
[INFO] [stderr]     = note: for more information, see <https://doc.rust-lang.org/nightly/edition-guide/rust-2021/warnings-promoted-to-error.html>
[INFO] [stderr] help: use `dyn`
[INFO] [stderr]     |
[INFO] [stderr] 109 |     fn test_get_node_range() -> Result<(), Box<dyn Error>> {
[INFO] [stderr]     |                                                +++
[INFO] [stderr] 
[INFO] [stderr] warning: trait objects without an explicit `dyn` are deprecated
[INFO] [stderr]    --> src/node/package.rs:119:65
[INFO] [stderr]     |
[INFO] [stderr] 119 |     fn test_get_node_range_specific_version() -> Result<(), Box<Error>> {
[INFO] [stderr]     |                                                                 ^^^^^
[INFO] [stderr]     |
[INFO] [stderr]     = warning: this is accepted in the current edition (Rust 2018) but is a hard error in Rust 2021!
[INFO] [stderr]     = note: for more information, see <https://doc.rust-lang.org/nightly/edition-guide/rust-2021/warnings-promoted-to-error.html>
[INFO] [stderr] help: use `dyn`
[INFO] [stderr]     |
[INFO] [stderr] 119 |     fn test_get_node_range_specific_version() -> Result<(), Box<dyn Error>> {
[INFO] [stderr]     |                                                                 +++
[INFO] [stderr] 
[INFO] [stderr] warning: trait objects without an explicit `dyn` are deprecated
[INFO] [stderr]  --> src/subcommands/install.rs:7:75
[INFO] [stderr]   |
[INFO] [stderr] 7 |     pub fn run(&self, arg_m: Option<&clap::ArgMatches>) -> Result<(), Box<Error>> {
[INFO] [stderr]   |                                                                           ^^^^^
[INFO] [stderr]   |
[INFO] [stderr]   = warning: this is accepted in the current edition (Rust 2018) but is a hard error in Rust 2021!
[INFO] [stderr]   = note: for more information, see <https://doc.rust-lang.org/nightly/edition-guide/rust-2021/warnings-promoted-to-error.html>
[INFO] [stderr] help: use `dyn`
[INFO] [stderr]   |
[INFO] [stderr] 7 |     pub fn run(&self, arg_m: Option<&clap::ArgMatches>) -> Result<(), Box<dyn Error>> {
[INFO] [stderr]   |                                                                           +++
[INFO] [stderr] 
[INFO] [stderr] warning: `feo` (bin "feo" test) generated 15 warnings (run `cargo fix --bin "feo" --tests` to apply 15 suggestions)
[INFO] [stderr]     Finished test [unoptimized + debuginfo] target(s) in 0.24s
[INFO] [stderr]      Running unittests src/main.rs (/opt/rustwide/target/debug/deps/feo-cbb050e0ee400b75)
[INFO] [stdout] 
[INFO] [stdout] running 9 tests
[INFO] [stdout] test node::manager::tests::test_new ... ok
[INFO] [stdout] test node::package::tests::test_new_with_scope_and_version ... ok
[INFO] [stdout] test node::package::tests::test_new_with_version ... ok
[INFO] [stdout] test node::package::tests::test_new_with_scope_without_version ... ok
[INFO] [stdout] test node::package::tests::test_new ... ok
[INFO] [stdout] test node::package::tests::test_get_node_range ... FAILED
[INFO] [stdout] test node::package::tests::test_get_node_range_specific_version ... FAILED
[INFO] [stdout] test node::manager::tests::test_get_latest ... FAILED
[INFO] [stdout] test node::manager::tests::test_get_lts ... FAILED
[INFO] [stdout] 
[INFO] [stdout] failures:
[INFO] [stdout] 
[INFO] [stdout] ---- node::package::tests::test_get_node_range stdout ----
[INFO] [stdout] Error: Error(Hyper(Error(Connect, Os { code: 22, kind: InvalidInput, message: "Invalid argument" })), "http://127.0.0.1:1234/@bittrd/hello-cli")
[INFO] [stdout] 
[INFO] [stdout] ---- node::package::tests::test_get_node_range_specific_version stdout ----
[INFO] [stdout] Error: Error(Hyper(Error(Connect, Os { code: 22, kind: InvalidInput, message: "Invalid argument" })), "http://127.0.0.1:1234/@bittrd/hello-cli")
[INFO] [stdout] 
[INFO] [stdout] ---- node::manager::tests::test_get_latest stdout ----
[INFO] [stdout] Error: Error(Hyper(Error(Connect, Os { code: 22, kind: InvalidInput, message: "Invalid argument" })), "http://127.0.0.1:1234/dist/index.json")
[INFO] [stdout] 
[INFO] [stdout] ---- node::manager::tests::test_get_lts stdout ----
[INFO] [stdout] Error: Error(Hyper(Error(Connect, Os { code: 22, kind: InvalidInput, message: "Invalid argument" })), "http://127.0.0.1:1234/dist/index.json")
[INFO] [stdout] 
[INFO] [stdout] 
[INFO] [stdout] failures:
[INFO] [stdout]     node::manager::tests::test_get_latest
[INFO] [stdout]     node::manager::tests::test_get_lts
[INFO] [stdout]     node::package::tests::test_get_node_range
[INFO] [stdout]     node::package::tests::test_get_node_range_specific_version
[INFO] [stdout] 
[INFO] [stdout] test result: FAILED. 5 passed; 4 failed; 0 ignored; 0 measured; 0 filtered out; finished in 0.01s
[INFO] [stdout] 
[INFO] [stderr] error: test failed, to rerun pass `--bin feo`
[INFO] running `Command { std: "docker" "inspect" "2fe64f89ab06c368511e7822d62e7f0fe8601d20d5cf52eecf249fb2276625f8", kill_on_drop: false }`
[INFO] running `Command { std: "docker" "rm" "-f" "2fe64f89ab06c368511e7822d62e7f0fe8601d20d5cf52eecf249fb2276625f8", kill_on_drop: false }`
[INFO] [stdout] 2fe64f89ab06c368511e7822d62e7f0fe8601d20d5cf52eecf249fb2276625f8
