[INFO] cloning repository https://github.com/bennyz/qarax-warp
[INFO] running `Command { std: "git" "-c" "credential.helper=" "-c" "credential.helper=/workspace/cargo-home/bin/git-credential-null" "clone" "--bare" "https://github.com/bennyz/qarax-warp" "/workspace/cache/git-repos/https%3A%2F%2Fgithub.com%2Fbennyz%2Fqarax-warp", kill_on_drop: false }`
[INFO] [stderr] Cloning into bare repository '/workspace/cache/git-repos/https%3A%2F%2Fgithub.com%2Fbennyz%2Fqarax-warp'...
[INFO] running `Command { std: "git" "rev-parse" "HEAD", kill_on_drop: false }`
[INFO] [stdout] 83f8f1110b2294bbb800e5eb63bc9c8ac6693c83
[INFO] testing bennyz/qarax-warp against 1.69.0 for beta-1.70-1
[INFO] running `Command { std: "git" "clone" "/workspace/cache/git-repos/https%3A%2F%2Fgithub.com%2Fbennyz%2Fqarax-warp" "/workspace/builds/worker-7-tc1/source", kill_on_drop: false }`
[INFO] [stderr] Cloning into '/workspace/builds/worker-7-tc1/source'...
[INFO] [stderr] done.
[INFO] validating manifest of git repo https://github.com/bennyz/qarax-warp on toolchain 1.69.0
[INFO] running `Command { std: CARGO_HOME="/workspace/cargo-home" RUSTUP_HOME="/workspace/rustup-home" "/workspace/cargo-home/bin/cargo" "+1.69.0" "metadata" "--manifest-path" "Cargo.toml" "--no-deps", kill_on_drop: false }`
[INFO] started tweaking git repo https://github.com/bennyz/qarax-warp
[INFO] finished tweaking git repo https://github.com/bennyz/qarax-warp
[INFO] tweaked toml for git repo https://github.com/bennyz/qarax-warp written to /workspace/builds/worker-7-tc1/source/Cargo.toml
[INFO] crate git repo https://github.com/bennyz/qarax-warp already has a lockfile, it will not be regenerated
[INFO] running `Command { std: CARGO_HOME="/workspace/cargo-home" RUSTUP_HOME="/workspace/rustup-home" "/workspace/cargo-home/bin/cargo" "+1.69.0" "fetch" "--manifest-path" "Cargo.toml", kill_on_drop: false }`
[INFO] [stderr]  Downloading crates ...
[INFO] [stderr]   Downloaded sqlx-rt v0.5.5
[INFO] [stderr]   Downloaded warp v0.3.1
[INFO] [stderr]   Downloaded sqlx-macros v0.5.5
[INFO] [stderr]   Downloaded whoami v1.1.2
[INFO] [stderr]   Downloaded sqlx v0.5.5
[INFO] [stderr]   Downloaded sqlformat v0.1.6
[INFO] [stderr]   Downloaded sqlx-core v0.5.5
[INFO] running `Command { std: "docker" "create" "-v" "/var/lib/crater-agent-workspace/builds/worker-7-tc1/target:/opt/rustwide/target:rw,Z" "-v" "/var/lib/crater-agent-workspace/builds/worker-7-tc1/source:/opt/rustwide/workdir:ro,Z" "-v" "/var/lib/crater-agent-workspace/cargo-home:/opt/rustwide/cargo-home:ro,Z" "-v" "/var/lib/crater-agent-workspace/rustup-home:/opt/rustwide/rustup-home:ro,Z" "-e" "SOURCE_DIR=/opt/rustwide/workdir" "-e" "CARGO_TARGET_DIR=/opt/rustwide/target" "-e" "CARGO_HOME=/opt/rustwide/cargo-home" "-e" "RUSTUP_HOME=/opt/rustwide/rustup-home" "-w" "/opt/rustwide/workdir" "-m" "1610612736" "--user" "0:0" "--network" "none" "ghcr.io/rust-lang/crates-build-env/linux@sha256:5ff2268d62e97bff2cde7d5815dd6ed5b47097566f13b8d0ca110b04b60e07ed" "/opt/rustwide/cargo-home/bin/cargo" "+1.69.0" "metadata" "--no-deps" "--format-version=1", kill_on_drop: false }`
[INFO] [stdout] 8cc3db16b626882dfc7ad5d73798f86c8affbb7ce30cb9eda2884512bbc712ea
[INFO] running `Command { std: "docker" "start" "-a" "8cc3db16b626882dfc7ad5d73798f86c8affbb7ce30cb9eda2884512bbc712ea", kill_on_drop: false }`
[INFO] running `Command { std: "docker" "inspect" "8cc3db16b626882dfc7ad5d73798f86c8affbb7ce30cb9eda2884512bbc712ea", kill_on_drop: false }`
[INFO] running `Command { std: "docker" "rm" "-f" "8cc3db16b626882dfc7ad5d73798f86c8affbb7ce30cb9eda2884512bbc712ea", kill_on_drop: false }`
[INFO] [stdout] 8cc3db16b626882dfc7ad5d73798f86c8affbb7ce30cb9eda2884512bbc712ea
[INFO] running `Command { std: "docker" "create" "-v" "/var/lib/crater-agent-workspace/builds/worker-7-tc1/target:/opt/rustwide/target:rw,Z" "-v" "/var/lib/crater-agent-workspace/builds/worker-7-tc1/source:/opt/rustwide/workdir:ro,Z" "-v" "/var/lib/crater-agent-workspace/cargo-home:/opt/rustwide/cargo-home:ro,Z" "-v" "/var/lib/crater-agent-workspace/rustup-home:/opt/rustwide/rustup-home:ro,Z" "-e" "SOURCE_DIR=/opt/rustwide/workdir" "-e" "CARGO_TARGET_DIR=/opt/rustwide/target" "-e" "CARGO_INCREMENTAL=0" "-e" "RUST_BACKTRACE=full" "-e" "RUSTFLAGS=--cap-lints=warn" "-e" "RUSTDOCFLAGS=--cap-lints=warn" "-e" "CARGO_HOME=/opt/rustwide/cargo-home" "-e" "RUSTUP_HOME=/opt/rustwide/rustup-home" "-w" "/opt/rustwide/workdir" "-m" "1610612736" "--user" "0:0" "--network" "none" "ghcr.io/rust-lang/crates-build-env/linux@sha256:5ff2268d62e97bff2cde7d5815dd6ed5b47097566f13b8d0ca110b04b60e07ed" "/opt/rustwide/cargo-home/bin/cargo" "+1.69.0" "build" "--frozen" "--message-format=json", kill_on_drop: false }`
[INFO] [stdout] 7d1e4ddae70005f854a50b71fae48ae17b17689f75f37fedbb29ce5d4414a434
[INFO] running `Command { std: "docker" "start" "-a" "7d1e4ddae70005f854a50b71fae48ae17b17689f75f37fedbb29ce5d4414a434", kill_on_drop: false }`
[INFO] [stderr]     Blocking waiting for file lock on package cache
[INFO] [stderr]    Compiling libc v0.2.98
[INFO] [stderr]    Compiling version_check v0.9.3
[INFO] [stderr]    Compiling proc-macro2 v1.0.28
[INFO] [stderr]    Compiling unicode-xid v0.2.2
[INFO] [stderr]    Compiling autocfg v1.0.1
[INFO] [stderr]    Compiling syn v1.0.74
[INFO] [stderr]    Compiling memchr v2.4.0
[INFO] [stderr]    Compiling once_cell v1.8.0
[INFO] [stderr]    Compiling log v0.4.14
[INFO] [stderr]    Compiling pin-project-lite v0.2.7
[INFO] [stderr]    Compiling bytes v1.0.1
[INFO] [stderr]    Compiling typenum v1.13.0
[INFO] [stderr]    Compiling generic-array v0.14.4
[INFO] [stderr]    Compiling lazy_static v1.4.0
[INFO] [stderr]    Compiling smallvec v1.6.1
[INFO] [stderr]    Compiling itoa v0.4.7
[INFO] [stderr]    Compiling futures-core v0.3.16
[INFO] [stderr]    Compiling instant v0.1.10
[INFO] [stderr]    Compiling quote v1.0.9
[INFO] [stderr]    Compiling scopeguard v1.1.0
[INFO] [stderr]    Compiling getrandom v0.2.3
[INFO] [stderr]    Compiling lock_api v0.4.4
[INFO] [stderr]    Compiling parking_lot_core v0.8.3
[INFO] [stderr]    Compiling tokio v1.9.0
[INFO] [stderr]    Compiling ahash v0.7.4
[INFO] [stderr]    Compiling proc-macro-hack v0.5.19
[INFO] [stderr]    Compiling serde_derive v1.0.126
[INFO] [stderr]    Compiling parking_lot v0.11.1
[INFO] [stderr]    Compiling num_cpus v1.13.0
[INFO] [stderr]    Compiling mio v0.7.13
[INFO] [stderr]    Compiling signal-hook-registry v1.4.0
[INFO] [stderr]    Compiling futures-macro v0.3.16
[INFO] [stderr]    Compiling futures-channel v0.3.16
[INFO] [stderr]    Compiling ryu v1.0.5
[INFO] [stderr]    Compiling proc-macro-nested v0.1.7
[INFO] [stderr]    Compiling serde v1.0.126
[INFO] [stderr]    Compiling ppv-lite86 v0.2.10
[INFO] [stderr]    Compiling futures-sink v0.3.16
[INFO] [stderr]    Compiling cc v1.0.69
[INFO] [stderr]    Compiling futures-task v0.3.16
[INFO] [stderr]    Compiling matches v0.1.8
[INFO] [stderr]    Compiling digest v0.9.0
[INFO] [stderr]    Compiling futures-util v0.3.16
[INFO] [stderr]    Compiling tinyvec_macros v0.1.0
[INFO] [stderr]    Compiling tinyvec v1.3.1
[INFO] [stderr]    Compiling hashbrown v0.11.2
[INFO] [stderr]    Compiling block-buffer v0.9.0
[INFO] [stderr]    Compiling rand_core v0.6.3
[INFO] [stderr]    Compiling indexmap v1.7.0
[INFO] [stderr]    Compiling untrusted v0.7.1
[INFO] [stderr]    Compiling opaque-debug v0.3.0
[INFO] [stderr]    Compiling ring v0.16.20
[INFO] [stderr]    Compiling bitflags v1.2.1
[INFO] [stderr]    Compiling pin-utils v0.1.0
[INFO] [stderr]    Compiling base64 v0.13.0
[INFO] [stderr]    Compiling slab v0.4.3
[INFO] [stderr]    Compiling spin v0.5.2
[INFO] [stderr]    Compiling futures-io v0.3.16
[INFO] [stderr]    Compiling unicode-normalization v0.1.19
[INFO] [stderr]    Compiling rand_chacha v0.3.1
[INFO] [stderr]    Compiling unicode-bidi v0.3.5
[INFO] [stderr]    Compiling num-traits v0.2.14
[INFO] [stderr]    Compiling percent-encoding v2.1.0
[INFO] [stderr]    Compiling fnv v1.0.7
[INFO] [stderr]    Compiling cpufeatures v0.1.5
[INFO] [stderr]    Compiling http v0.2.4
[INFO] [stderr]    Compiling form_urlencoded v1.0.1
[INFO] [stderr]    Compiling rand v0.8.4
[INFO] [stderr]    Compiling regex-syntax v0.6.25
[INFO] [stderr]    Compiling radium v0.5.3
[INFO] [stderr]    Compiling idna v0.2.3
[INFO] [stderr]    Compiling sha-1 v0.9.7
[INFO] [stderr]    Compiling tracing-core v0.1.18
[INFO] [stderr]    Compiling unicase v2.6.0
[INFO] [stderr]    Compiling httparse v1.4.1
[INFO] [stderr]    Compiling lexical-core v0.7.6
[INFO] [stderr]    Compiling crossbeam-utils v0.8.5
[INFO] [stderr]    Compiling serde_json v1.0.66
[INFO] [stderr]    Compiling getrandom v0.1.16
[INFO] [stderr]    Compiling url v2.2.2
[INFO] [stderr]    Compiling aho-corasick v0.7.18
[INFO] [stderr]    Compiling nom v6.1.2
[INFO] [stderr]    Compiling tap v1.0.1
[INFO] [stderr]    Compiling wyz v0.2.0
[INFO] [stderr]    Compiling arrayvec v0.5.2
[INFO] [stderr]    Compiling webpki v0.21.4
[INFO] [stderr]    Compiling sct v0.6.1
[INFO] [stderr]    Compiling build_const v0.2.2
[INFO] [stderr]    Compiling funty v1.1.0
[INFO] [stderr]    Compiling byteorder v1.4.3
[INFO] [stderr]    Compiling static_assertions v1.1.0
[INFO] [stderr]    Compiling crc v1.8.1
[INFO] [stderr]    Compiling regex v1.5.4
[INFO] [stderr]    Compiling bitvec v0.19.5
[INFO] [stderr]    Compiling tokio-macros v1.3.0
[INFO] [stderr]    Compiling tracing-attributes v0.1.15
[INFO] [stderr]    Compiling rustls v0.19.1
[INFO] [stderr]    Compiling crossbeam-queue v0.3.2
[INFO] [stderr]    Compiling subtle v2.4.1
[INFO] [stderr]    Compiling whoami v1.1.2
[INFO] [stderr]    Compiling crypto-mac v0.10.1
[INFO] [stderr]    Compiling mime_guess v2.0.3
[INFO] [stderr]    Compiling tracing v0.1.26
[INFO] [stderr]    Compiling rand_core v0.5.1
[INFO] [stderr]    Compiling thiserror-impl v1.0.26
[INFO] [stderr]    Compiling dirs-sys v0.3.6
[INFO] [stderr]    Compiling num-integer v0.1.44
[INFO] [stderr]    Compiling unicode-segmentation v1.8.0
[INFO] [stderr]    Compiling futures-executor v0.3.16
[INFO] [stderr]    Compiling mime v0.3.16
[INFO] [stderr]    Compiling unicode_categories v0.1.1
[INFO] [stderr]    Compiling maplit v1.0.2
[INFO] [stderr]    Compiling heck v0.3.3
[INFO] [stderr]    Compiling thiserror v1.0.26
[INFO] [stderr]    Compiling sqlformat v0.1.6
[INFO] [stderr]    Compiling futures v0.3.16
[INFO] [stderr]    Compiling tokio-stream v0.1.7
[INFO] [stderr]    Compiling tokio-rustls v0.22.0
[INFO] [stderr]    Compiling tokio-util v0.6.7
[INFO] [stderr]    Compiling dirs v3.0.2
[INFO] [stderr]    Compiling sqlx-rt v0.5.5
[INFO] [stderr]    Compiling rand_chacha v0.2.2
[INFO] [stderr]    Compiling hmac v0.10.1
[INFO] [stderr]    Compiling crossbeam-channel v0.5.1
[INFO] [stderr]    Compiling pin-project-internal v1.0.8
[INFO] [stderr]    Compiling webpki-roots v0.21.1
[INFO] [stderr]    Compiling atoi v0.4.0
[INFO] [stderr]    Compiling stringprep v0.1.2
[INFO] [stderr]    Compiling sha2 v0.9.5
[INFO] [stderr]    Compiling md-5 v0.9.1
[INFO] [stderr]    Compiling hashlink v0.7.0
[INFO] [stderr]    Compiling input_buffer v0.4.0
[INFO] [stderr]    Compiling try-lock v0.2.3
[INFO] [stderr]    Compiling hex v0.4.3
[INFO] [stderr]    Compiling utf-8 v0.7.6
[INFO] [stderr]    Compiling remove_dir_all v0.5.3
[INFO] [stderr]    Compiling safemem v0.3.3
[INFO] [stderr]    Compiling tempfile v3.2.0
[INFO] [stderr]    Compiling buf_redux v0.8.4
[INFO] [stderr]    Compiling tungstenite v0.12.0
[INFO] [stderr]    Compiling want v0.3.0
[INFO] [stderr]    Compiling rand v0.7.3
[INFO] [stderr]    Compiling h2 v0.3.3
[INFO] [stderr]    Compiling pin-project v1.0.8
[INFO] [stderr]    Compiling regex-automata v0.1.10
[INFO] [stderr]    Compiling http-body v0.4.2
[INFO] [stderr]    Compiling headers-core v0.2.0
[INFO] [stderr]    Compiling socket2 v0.4.1
[INFO] [stderr]    Compiling time v0.1.43
[INFO] [stderr]    Compiling twoway v0.1.8
[INFO] [stderr]    Compiling uuid v0.8.2
[INFO] [stderr]    Compiling either v1.6.1
[INFO] [stderr]    Compiling anyhow v1.0.42
[INFO] [stderr]    Compiling httpdate v1.0.1
[INFO] [stderr]    Compiling dotenv v0.15.0
[INFO] [stderr]    Compiling quick-error v1.2.3
[INFO] [stderr]    Compiling tower-service v0.3.1
[INFO] [stderr]    Compiling multipart v0.17.1
[INFO] [stderr]    Compiling matchers v0.0.1
[INFO] [stderr]    Compiling headers v0.3.4
[INFO] [stderr]    Compiling serde_urlencoded v0.7.0
[INFO] [stderr]    Compiling tracing-serde v0.1.2
[INFO] [stderr]    Compiling tokio-tungstenite v0.13.0
[INFO] [stderr]    Compiling sqlx-core v0.5.5
[INFO] [stderr]    Compiling chrono v0.4.19
[INFO] [stderr]    Compiling tracing-log v0.1.2
[INFO] [stderr]    Compiling sharded-slab v0.1.1
[INFO] [stderr]    Compiling thread_local v1.1.3
[INFO] [stderr]    Compiling ansi_term v0.12.1
[INFO] [stderr]    Compiling scoped-tls v1.0.0
[INFO] [stderr]    Compiling strum_macros v0.21.1
[INFO] [stderr]    Compiling strum v0.21.0
[INFO] [stderr]    Compiling tracing-subscriber v0.2.19
[INFO] [stderr]    Compiling hyper v0.14.11
[INFO] [stderr]    Compiling sqlx-macros v0.5.5
[INFO] [stderr]    Compiling warp v0.3.1
[INFO] [stderr]    Compiling sqlx v0.5.5
[INFO] [stderr]    Compiling qarax-warp v0.1.0 (/opt/rustwide/workdir)
[INFO] [stdout] warning: opaque type `impl warp::Filter + warp::filter::FilterBase<Extract = impl Reply, Error = Rejection> + Clone` does not satisfy its associated type bounds
[INFO] [stdout]   --> src/filters/hosts.rs:23:18
[INFO] [stdout]    |
[INFO] [stdout] 23 | ) -> impl Filter<Extract = impl warp::Reply, Error = warp::Rejection> + Clone {
[INFO] [stdout]    |                  ^^^^^^^^^^^^^^^^^^^^^^^^^^
[INFO] [stdout]    |
[INFO] [stdout]   ::: /opt/rustwide/cargo-home/registry/src/github.com-1ecc6299db9ec823/warp-0.3.1/src/filter/mod.rs:39:19
[INFO] [stdout]    |
[INFO] [stdout] 39 |     type Extract: Tuple; // + Send;
[INFO] [stdout]    |                   ----- this associated type bound is unsatisfied for `impl Reply`
[INFO] [stdout]    |
[INFO] [stdout]    = note: `#[warn(opaque_hidden_inferred_bound)]` on by default
[INFO] [stdout] help: add this bound
[INFO] [stdout]    |
[INFO] [stdout] 23 | ) -> impl Filter<Extract = impl warp::Reply + warp::generic::Tuple, Error = warp::Rejection> + Clone {
[INFO] [stdout]    |                                             ++++++++++++++++++++++
[INFO] [stdout] 
[INFO] [stdout] 
[INFO] [stdout] warning: opaque type `impl warp::Filter + warp::filter::FilterBase<Extract = impl Reply, Error = Rejection> + Clone` does not satisfy its associated type bounds
[INFO] [stdout]   --> src/filters/hosts.rs:33:18
[INFO] [stdout]    |
[INFO] [stdout] 33 | ) -> impl Filter<Extract = impl warp::Reply, Error = warp::Rejection> + Clone {
[INFO] [stdout]    |                  ^^^^^^^^^^^^^^^^^^^^^^^^^^
[INFO] [stdout]    |
[INFO] [stdout]   ::: /opt/rustwide/cargo-home/registry/src/github.com-1ecc6299db9ec823/warp-0.3.1/src/filter/mod.rs:39:19
[INFO] [stdout]    |
[INFO] [stdout] 39 |     type Extract: Tuple; // + Send;
[INFO] [stdout]    |                   ----- this associated type bound is unsatisfied for `impl Reply`
[INFO] [stdout]    |
[INFO] [stdout] help: add this bound
[INFO] [stdout]    |
[INFO] [stdout] 33 | ) -> impl Filter<Extract = impl warp::Reply + warp::generic::Tuple, Error = warp::Rejection> + Clone {
[INFO] [stdout]    |                                             ++++++++++++++++++++++
[INFO] [stdout] 
[INFO] [stdout] 
[INFO] [stdout] warning: opaque type `impl warp::Filter + warp::filter::FilterBase<Extract = impl Reply, Error = Rejection> + Clone` does not satisfy its associated type bounds
[INFO] [stdout]   --> src/filters/hosts.rs:42:18
[INFO] [stdout]    |
[INFO] [stdout] 42 | ) -> impl Filter<Extract = impl warp::Reply, Error = warp::Rejection> + Clone {
[INFO] [stdout]    |                  ^^^^^^^^^^^^^^^^^^^^^^^^^^
[INFO] [stdout]    |
[INFO] [stdout]   ::: /opt/rustwide/cargo-home/registry/src/github.com-1ecc6299db9ec823/warp-0.3.1/src/filter/mod.rs:39:19
[INFO] [stdout]    |
[INFO] [stdout] 39 |     type Extract: Tuple; // + Send;
[INFO] [stdout]    |                   ----- this associated type bound is unsatisfied for `impl Reply`
[INFO] [stdout]    |
[INFO] [stdout] help: add this bound
[INFO] [stdout]    |
[INFO] [stdout] 42 | ) -> impl Filter<Extract = impl warp::Reply + warp::generic::Tuple, Error = warp::Rejection> + Clone {
[INFO] [stdout]    |                                             ++++++++++++++++++++++
[INFO] [stdout] 
[INFO] [stdout] 
[INFO] [stdout] warning: 3 warnings emitted
[INFO] [stdout] 
[INFO] [stdout] 
[INFO] [stderr]     Finished dev [unoptimized + debuginfo] target(s) in 58.07s
[INFO] [stderr] warning: the following packages contain code that will be rejected by a future version of Rust: buf_redux v0.8.4, multipart v0.17.1, nom v6.1.2, sqlx-macros v0.5.5
[INFO] [stderr] note: to see what the problems were, use the option `--future-incompat-report`, or run `cargo report future-incompatibilities --id 1`
[INFO] running `Command { std: "docker" "inspect" "7d1e4ddae70005f854a50b71fae48ae17b17689f75f37fedbb29ce5d4414a434", kill_on_drop: false }`
[INFO] running `Command { std: "docker" "rm" "-f" "7d1e4ddae70005f854a50b71fae48ae17b17689f75f37fedbb29ce5d4414a434", kill_on_drop: false }`
[INFO] [stdout] 7d1e4ddae70005f854a50b71fae48ae17b17689f75f37fedbb29ce5d4414a434
[INFO] running `Command { std: "docker" "create" "-v" "/var/lib/crater-agent-workspace/builds/worker-7-tc1/target:/opt/rustwide/target:rw,Z" "-v" "/var/lib/crater-agent-workspace/builds/worker-7-tc1/source:/opt/rustwide/workdir:ro,Z" "-v" "/var/lib/crater-agent-workspace/cargo-home:/opt/rustwide/cargo-home:ro,Z" "-v" "/var/lib/crater-agent-workspace/rustup-home:/opt/rustwide/rustup-home:ro,Z" "-e" "SOURCE_DIR=/opt/rustwide/workdir" "-e" "CARGO_TARGET_DIR=/opt/rustwide/target" "-e" "CARGO_INCREMENTAL=0" "-e" "RUST_BACKTRACE=full" "-e" "RUSTFLAGS=--cap-lints=warn" "-e" "RUSTDOCFLAGS=--cap-lints=warn" "-e" "CARGO_HOME=/opt/rustwide/cargo-home" "-e" "RUSTUP_HOME=/opt/rustwide/rustup-home" "-w" "/opt/rustwide/workdir" "-m" "1610612736" "--user" "0:0" "--network" "none" "ghcr.io/rust-lang/crates-build-env/linux@sha256:5ff2268d62e97bff2cde7d5815dd6ed5b47097566f13b8d0ca110b04b60e07ed" "/opt/rustwide/cargo-home/bin/cargo" "+1.69.0" "test" "--frozen" "--no-run" "--message-format=json", kill_on_drop: false }`
[INFO] [stdout] d4b3a89f6d3ae582a6db694e1c8ea19df390a8d1f3728a7155051463b6430c4e
[INFO] running `Command { std: "docker" "start" "-a" "d4b3a89f6d3ae582a6db694e1c8ea19df390a8d1f3728a7155051463b6430c4e", kill_on_drop: false }`
[INFO] [stderr]    Compiling qarax-warp v0.1.0 (/opt/rustwide/workdir)
[INFO] [stdout] warning: opaque type `impl warp::Filter + warp::filter::FilterBase<Extract = impl Reply, Error = Rejection> + Clone` does not satisfy its associated type bounds
[INFO] [stdout]   --> src/filters/hosts.rs:23:18
[INFO] [stdout]    |
[INFO] [stdout] 23 | ) -> impl Filter<Extract = impl warp::Reply, Error = warp::Rejection> + Clone {
[INFO] [stdout]    |                  ^^^^^^^^^^^^^^^^^^^^^^^^^^
[INFO] [stdout]    |
[INFO] [stdout]   ::: /opt/rustwide/cargo-home/registry/src/github.com-1ecc6299db9ec823/warp-0.3.1/src/filter/mod.rs:39:19
[INFO] [stdout]    |
[INFO] [stdout] 39 |     type Extract: Tuple; // + Send;
[INFO] [stdout]    |                   ----- this associated type bound is unsatisfied for `impl Reply`
[INFO] [stdout]    |
[INFO] [stdout]    = note: `#[warn(opaque_hidden_inferred_bound)]` on by default
[INFO] [stdout] help: add this bound
[INFO] [stdout]    |
[INFO] [stdout] 23 | ) -> impl Filter<Extract = impl warp::Reply + warp::generic::Tuple, Error = warp::Rejection> + Clone {
[INFO] [stdout]    |                                             ++++++++++++++++++++++
[INFO] [stdout] 
[INFO] [stdout] 
[INFO] [stdout] warning: opaque type `impl warp::Filter + warp::filter::FilterBase<Extract = impl Reply, Error = Rejection> + Clone` does not satisfy its associated type bounds
[INFO] [stdout]   --> src/filters/hosts.rs:33:18
[INFO] [stdout]    |
[INFO] [stdout] 33 | ) -> impl Filter<Extract = impl warp::Reply, Error = warp::Rejection> + Clone {
[INFO] [stdout]    |                  ^^^^^^^^^^^^^^^^^^^^^^^^^^
[INFO] [stdout]    |
[INFO] [stdout]   ::: /opt/rustwide/cargo-home/registry/src/github.com-1ecc6299db9ec823/warp-0.3.1/src/filter/mod.rs:39:19
[INFO] [stdout]    |
[INFO] [stdout] 39 |     type Extract: Tuple; // + Send;
[INFO] [stdout]    |                   ----- this associated type bound is unsatisfied for `impl Reply`
[INFO] [stdout]    |
[INFO] [stdout] help: add this bound
[INFO] [stdout]    |
[INFO] [stdout] 33 | ) -> impl Filter<Extract = impl warp::Reply + warp::generic::Tuple, Error = warp::Rejection> + Clone {
[INFO] [stdout]    |                                             ++++++++++++++++++++++
[INFO] [stdout] 
[INFO] [stdout] 
[INFO] [stdout] warning: opaque type `impl warp::Filter + warp::filter::FilterBase<Extract = impl Reply, Error = Rejection> + Clone` does not satisfy its associated type bounds
[INFO] [stdout]   --> src/filters/hosts.rs:42:18
[INFO] [stdout]    |
[INFO] [stdout] 42 | ) -> impl Filter<Extract = impl warp::Reply, Error = warp::Rejection> + Clone {
[INFO] [stdout]    |                  ^^^^^^^^^^^^^^^^^^^^^^^^^^
[INFO] [stdout]    |
[INFO] [stdout]   ::: /opt/rustwide/cargo-home/registry/src/github.com-1ecc6299db9ec823/warp-0.3.1/src/filter/mod.rs:39:19
[INFO] [stdout]    |
[INFO] [stdout] 39 |     type Extract: Tuple; // + Send;
[INFO] [stdout]    |                   ----- this associated type bound is unsatisfied for `impl Reply`
[INFO] [stdout]    |
[INFO] [stdout] help: add this bound
[INFO] [stdout]    |
[INFO] [stdout] 42 | ) -> impl Filter<Extract = impl warp::Reply + warp::generic::Tuple, Error = warp::Rejection> + Clone {
[INFO] [stdout]    |                                             ++++++++++++++++++++++
[INFO] [stdout] 
[INFO] [stdout] 
[INFO] [stdout] warning: 3 warnings emitted
[INFO] [stdout] 
[INFO] [stdout] 
[INFO] [stderr]     Finished test [unoptimized + debuginfo] target(s) in 7.82s
[INFO] [stderr] warning: the following packages contain code that will be rejected by a future version of Rust: buf_redux v0.8.4, multipart v0.17.1, nom v6.1.2, sqlx-macros v0.5.5
[INFO] [stderr] note: to see what the problems were, use the option `--future-incompat-report`, or run `cargo report future-incompatibilities --id 1`
[INFO] running `Command { std: "docker" "inspect" "d4b3a89f6d3ae582a6db694e1c8ea19df390a8d1f3728a7155051463b6430c4e", kill_on_drop: false }`
[INFO] running `Command { std: "docker" "rm" "-f" "d4b3a89f6d3ae582a6db694e1c8ea19df390a8d1f3728a7155051463b6430c4e", kill_on_drop: false }`
[INFO] [stdout] d4b3a89f6d3ae582a6db694e1c8ea19df390a8d1f3728a7155051463b6430c4e
[INFO] running `Command { std: "docker" "create" "-v" "/var/lib/crater-agent-workspace/builds/worker-7-tc1/target:/opt/rustwide/target:rw,Z" "-v" "/var/lib/crater-agent-workspace/builds/worker-7-tc1/source:/opt/rustwide/workdir:ro,Z" "-v" "/var/lib/crater-agent-workspace/cargo-home:/opt/rustwide/cargo-home:ro,Z" "-v" "/var/lib/crater-agent-workspace/rustup-home:/opt/rustwide/rustup-home:ro,Z" "-e" "SOURCE_DIR=/opt/rustwide/workdir" "-e" "CARGO_TARGET_DIR=/opt/rustwide/target" "-e" "CARGO_INCREMENTAL=0" "-e" "RUST_BACKTRACE=full" "-e" "RUSTFLAGS=--cap-lints=warn" "-e" "RUSTDOCFLAGS=--cap-lints=warn" "-e" "CARGO_HOME=/opt/rustwide/cargo-home" "-e" "RUSTUP_HOME=/opt/rustwide/rustup-home" "-w" "/opt/rustwide/workdir" "-m" "1610612736" "--user" "0:0" "--network" "none" "ghcr.io/rust-lang/crates-build-env/linux@sha256:5ff2268d62e97bff2cde7d5815dd6ed5b47097566f13b8d0ca110b04b60e07ed" "/opt/rustwide/cargo-home/bin/cargo" "+1.69.0" "test" "--frozen", kill_on_drop: false }`
[INFO] [stdout] adc6023798125223ea8c961af69f3d87da06ea5c7f36646101fde5b8803ba631
[INFO] running `Command { std: "docker" "start" "-a" "adc6023798125223ea8c961af69f3d87da06ea5c7f36646101fde5b8803ba631", kill_on_drop: false }`
[INFO] [stderr]     Blocking waiting for file lock on package cache
[INFO] [stderr]     Blocking waiting for file lock on package cache
[INFO] [stderr] warning: opaque type `impl warp::Filter + warp::filter::FilterBase<Extract = impl Reply, Error = Rejection> + Clone` does not satisfy its associated type bounds
[INFO] [stderr]   --> src/filters/hosts.rs:23:18
[INFO] [stderr]    |
[INFO] [stderr] 23 | ) -> impl Filter<Extract = impl warp::Reply, Error = warp::Rejection> + Clone {
[INFO] [stderr]    |                  ^^^^^^^^^^^^^^^^^^^^^^^^^^
[INFO] [stderr]    |
[INFO] [stderr]   ::: /opt/rustwide/cargo-home/registry/src/github.com-1ecc6299db9ec823/warp-0.3.1/src/filter/mod.rs:39:19
[INFO] [stderr]    |
[INFO] [stderr] 39 |     type Extract: Tuple; // + Send;
[INFO] [stderr]    |                   ----- this associated type bound is unsatisfied for `impl Reply`
[INFO] [stderr]    |
[INFO] [stderr]    = note: `#[warn(opaque_hidden_inferred_bound)]` on by default
[INFO] [stderr] help: add this bound
[INFO] [stderr]    |
[INFO] [stderr] 23 | ) -> impl Filter<Extract = impl warp::Reply + warp::generic::Tuple, Error = warp::Rejection> + Clone {
[INFO] [stderr]    |                                             ++++++++++++++++++++++
[INFO] [stderr] 
[INFO] [stderr] warning: opaque type `impl warp::Filter + warp::filter::FilterBase<Extract = impl Reply, Error = Rejection> + Clone` does not satisfy its associated type bounds
[INFO] [stderr]   --> src/filters/hosts.rs:33:18
[INFO] [stderr]    |
[INFO] [stderr] 33 | ) -> impl Filter<Extract = impl warp::Reply, Error = warp::Rejection> + Clone {
[INFO] [stderr]    |                  ^^^^^^^^^^^^^^^^^^^^^^^^^^
[INFO] [stderr]    |
[INFO] [stderr]   ::: /opt/rustwide/cargo-home/registry/src/github.com-1ecc6299db9ec823/warp-0.3.1/src/filter/mod.rs:39:19
[INFO] [stderr]    |
[INFO] [stderr] 39 |     type Extract: Tuple; // + Send;
[INFO] [stderr]    |                   ----- this associated type bound is unsatisfied for `impl Reply`
[INFO] [stderr]    |
[INFO] [stderr] help: add this bound
[INFO] [stderr]    |
[INFO] [stderr] 33 | ) -> impl Filter<Extract = impl warp::Reply + warp::generic::Tuple, Error = warp::Rejection> + Clone {
[INFO] [stderr]    |                                             ++++++++++++++++++++++
[INFO] [stderr] 
[INFO] [stderr] warning: opaque type `impl warp::Filter + warp::filter::FilterBase<Extract = impl Reply, Error = Rejection> + Clone` does not satisfy its associated type bounds
[INFO] [stderr]   --> src/filters/hosts.rs:42:18
[INFO] [stderr]    |
[INFO] [stderr] 42 | ) -> impl Filter<Extract = impl warp::Reply, Error = warp::Rejection> + Clone {
[INFO] [stderr]    |                  ^^^^^^^^^^^^^^^^^^^^^^^^^^
[INFO] [stderr]    |
[INFO] [stderr]   ::: /opt/rustwide/cargo-home/registry/src/github.com-1ecc6299db9ec823/warp-0.3.1/src/filter/mod.rs:39:19
[INFO] [stderr]    |
[INFO] [stderr] 39 |     type Extract: Tuple; // + Send;
[INFO] [stderr]    |                   ----- this associated type bound is unsatisfied for `impl Reply`
[INFO] [stderr]    |
[INFO] [stderr] help: add this bound
[INFO] [stderr]    |
[INFO] [stderr] 42 | ) -> impl Filter<Extract = impl warp::Reply + warp::generic::Tuple, Error = warp::Rejection> + Clone {
[INFO] [stderr]    |                                             ++++++++++++++++++++++
[INFO] [stderr] 
[INFO] [stderr] warning: `qarax-warp` (bin "qarax-warp" test) generated 3 warnings (run `cargo fix --bin "qarax-warp" --tests` to apply 3 suggestions)
[INFO] [stderr]     Finished test [unoptimized + debuginfo] target(s) in 0.92s
[INFO] [stderr] warning: the following packages contain code that will be rejected by a future version of Rust: buf_redux v0.8.4, multipart v0.17.1, nom v6.1.2, sqlx-macros v0.5.5
[INFO] [stderr] note: to see what the problems were, use the option `--future-incompat-report`, or run `cargo report future-incompatibilities --id 1`
[INFO] [stderr]      Running unittests src/main.rs (/opt/rustwide/target/debug/deps/qarax_warp-46ed1b0cee338944)
[INFO] [stdout] 
[INFO] [stdout] running 3 tests
[INFO] [stdout] test handlers::ansible::test::test_generate_command ... ok
[INFO] [stdout] test filters::hosts::tests::test_add ... FAILED
[INFO] [stdout] test filters::storage::tests::test_add ... FAILED
[INFO] [stdout] 
[INFO] [stdout] failures:
[INFO] [stdout] 
[INFO] [stdout] ---- filters::hosts::tests::test_add stdout ----
[INFO] [stdout] thread 'filters::hosts::tests::test_add' panicked at 'called `Result::unwrap()` on an `Err` value: error communicating with the server: Cannot assign requested address (os error 99)
[INFO] [stdout] 
[INFO] [stdout] Caused by:
[INFO] [stdout]     Cannot assign requested address (os error 99)', src/filters/hosts.rs:66:48
[INFO] [stdout] stack backtrace:
[INFO] [stdout]    0:     0x556ef1803cba - std::backtrace_rs::backtrace::libunwind::trace::ha9053a9a07ca49cb
[INFO] [stdout]                                at /rustc/84c898d65adf2f39a5a98507f1fe0ce10a2b8dbc/library/std/src/../../backtrace/src/backtrace/libunwind.rs:93:5
[INFO] [stdout]    1:     0x556ef1803cba - std::backtrace_rs::backtrace::trace_unsynchronized::h9c2852a457ad564e
[INFO] [stdout]                                at /rustc/84c898d65adf2f39a5a98507f1fe0ce10a2b8dbc/library/std/src/../../backtrace/src/backtrace/mod.rs:66:5
[INFO] [stdout]    2:     0x556ef1803cba - std::sys_common::backtrace::_print_fmt::h457936fbfaa0070f
[INFO] [stdout]                                at /rustc/84c898d65adf2f39a5a98507f1fe0ce10a2b8dbc/library/std/src/sys_common/backtrace.rs:65:5
[INFO] [stdout]    3:     0x556ef1803cba - <std::sys_common::backtrace::_print::DisplayBacktrace as core::fmt::Display>::fmt::h5779d7bf7f70cb0c
[INFO] [stdout]                                at /rustc/84c898d65adf2f39a5a98507f1fe0ce10a2b8dbc/library/std/src/sys_common/backtrace.rs:44:22
[INFO] [stdout]    4:     0x556ef182a56e - core::fmt::write::h5a4baaff1bcd3eb5
[INFO] [stdout]                                at /rustc/84c898d65adf2f39a5a98507f1fe0ce10a2b8dbc/library/core/src/fmt/mod.rs:1232:17
[INFO] [stdout]    5:     0x556ef1800675 - std::io::Write::write_fmt::h478f79c628ef31d1
[INFO] [stdout]                                at /rustc/84c898d65adf2f39a5a98507f1fe0ce10a2b8dbc/library/std/src/io/mod.rs:1684:15
[INFO] [stdout]    6:     0x556ef1803a85 - std::sys_common::backtrace::_print::h5fcdc36060f177e8
[INFO] [stdout]                                at /rustc/84c898d65adf2f39a5a98507f1fe0ce10a2b8dbc/library/std/src/sys_common/backtrace.rs:47:5
[INFO] [stdout]    7:     0x556ef1803a85 - std::sys_common::backtrace::print::h54ca9458b876c8bf
[INFO] [stdout]                                at /rustc/84c898d65adf2f39a5a98507f1fe0ce10a2b8dbc/library/std/src/sys_common/backtrace.rs:34:9
[INFO] [stdout]    8:     0x556ef180584f - std::panicking::default_hook::{{closure}}::hbe471161c7664ed6
[INFO] [stdout]                                at /rustc/84c898d65adf2f39a5a98507f1fe0ce10a2b8dbc/library/std/src/panicking.rs:271:22
[INFO] [stdout]    9:     0x556ef180550f - std::panicking::default_hook::ha3500da57aa4ac4f
[INFO] [stdout]                                at /rustc/84c898d65adf2f39a5a98507f1fe0ce10a2b8dbc/library/std/src/panicking.rs:287:9
[INFO] [stdout]   10:     0x556ef1135417 - <alloc::boxed::Box<F,A> as core::ops::function::Fn<Args>>::call::hdf1b89dd137ece34
[INFO] [stdout]                                at /rustc/84c898d65adf2f39a5a98507f1fe0ce10a2b8dbc/library/alloc/src/boxed.rs:2001:9
[INFO] [stdout]   11:     0x556ef1135417 - test::test_main::{{closure}}::h9081a79f20e75698
[INFO] [stdout]                                at /rustc/84c898d65adf2f39a5a98507f1fe0ce10a2b8dbc/library/test/src/lib.rs:135:21
[INFO] [stdout]   12:     0x556ef1805f7d - <alloc::boxed::Box<F,A> as core::ops::function::Fn<Args>>::call::h6507bddc3eebb4a5
[INFO] [stdout]                                at /rustc/84c898d65adf2f39a5a98507f1fe0ce10a2b8dbc/library/alloc/src/boxed.rs:2001:9
[INFO] [stdout]   13:     0x556ef1805f7d - std::panicking::rust_panic_with_hook::h50c09d000dc561d2
[INFO] [stdout]                                at /rustc/84c898d65adf2f39a5a98507f1fe0ce10a2b8dbc/library/std/src/panicking.rs:696:13
[INFO] [stdout]   14:     0x556ef1805cf9 - std::panicking::begin_panic_handler::{{closure}}::h9e2b2176e00e0d9c
[INFO] [stdout]                                at /rustc/84c898d65adf2f39a5a98507f1fe0ce10a2b8dbc/library/std/src/panicking.rs:583:13
[INFO] [stdout]   15:     0x556ef1804126 - std::sys_common::backtrace::__rust_end_short_backtrace::h5739b8e512c09d02
[INFO] [stdout]                                at /rustc/84c898d65adf2f39a5a98507f1fe0ce10a2b8dbc/library/std/src/sys_common/backtrace.rs:150:18
[INFO] [stdout]   16:     0x556ef1805a02 - rust_begin_unwind
[INFO] [stdout]                                at /rustc/84c898d65adf2f39a5a98507f1fe0ce10a2b8dbc/library/std/src/panicking.rs:579:5
[INFO] [stdout]   17:     0x556ef10334f3 - core::panicking::panic_fmt::hf33a1475b4dc5c3e
[INFO] [stdout]                                at /rustc/84c898d65adf2f39a5a98507f1fe0ce10a2b8dbc/library/core/src/panicking.rs:64:14
[INFO] [stdout]   18:     0x556ef10339a3 - core::result::unwrap_failed::hdff5465d74574b44
[INFO] [stdout]                                at /rustc/84c898d65adf2f39a5a98507f1fe0ce10a2b8dbc/library/core/src/result.rs:1750:5
[INFO] [stdout]   19:     0x556ef10892bd - core::result::Result<T,E>::unwrap::h21ce48c29f3cd780
[INFO] [stdout]                                at /rustc/84c898d65adf2f39a5a98507f1fe0ce10a2b8dbc/library/core/src/result.rs:1090:23
[INFO] [stdout]   20:     0x556ef10a9f1a - qarax_warp::filters::hosts::tests::setup::{{closure}}::h71457307eb1853f0
[INFO] [stdout]                                at /opt/rustwide/workdir/src/filters/hosts.rs:66:9
[INFO] [stdout]   21:     0x556ef10afde7 - qarax_warp::filters::hosts::tests::test_add::{{closure}}::hb3bcff01298caf86
[INFO] [stdout]                                at /opt/rustwide/workdir/src/filters/hosts.rs:80:27
[INFO] [stdout]   22:     0x556ef103e37b - <core::pin::Pin<P> as core::future::future::Future>::poll::h194e07067d6789f4
[INFO] [stdout]                                at /rustc/84c898d65adf2f39a5a98507f1fe0ce10a2b8dbc/library/core/src/future/future.rs:125:9
[INFO] [stdout]   23:     0x556ef10dbe04 - tokio::runtime::basic_scheduler::Inner<P>::block_on::{{closure}}::{{closure}}::h78f0065fbe288542
[INFO] [stdout]                                at /opt/rustwide/cargo-home/registry/src/github.com-1ecc6299db9ec823/tokio-1.9.0/src/runtime/basic_scheduler.rs:208:62
[INFO] [stdout]   24:     0x556ef107ee70 - tokio::coop::with_budget::{{closure}}::h3dc187919e0dba80
[INFO] [stdout]                                at /opt/rustwide/cargo-home/registry/src/github.com-1ecc6299db9ec823/tokio-1.9.0/src/coop.rs:106:9
[INFO] [stdout]   25:     0x556ef1099374 - std::thread::local::LocalKey<T>::try_with::hc9ba7661235b4d76
[INFO] [stdout]                                at /rustc/84c898d65adf2f39a5a98507f1fe0ce10a2b8dbc/library/std/src/thread/local.rs:446:16
[INFO] [stdout]   26:     0x556ef109781a - std::thread::local::LocalKey<T>::with::h6be51dac3ea24654
[INFO] [stdout]                                at /rustc/84c898d65adf2f39a5a98507f1fe0ce10a2b8dbc/library/std/src/thread/local.rs:422:9
[INFO] [stdout]   27:     0x556ef10db000 - tokio::coop::with_budget::hbaff8abff68f8fe8
[INFO] [stdout]                                at /opt/rustwide/cargo-home/registry/src/github.com-1ecc6299db9ec823/tokio-1.9.0/src/coop.rs:99:5
[INFO] [stdout]   28:     0x556ef10db000 - tokio::coop::budget::h04a02ff7e1f921f5
[INFO] [stdout]                                at /opt/rustwide/cargo-home/registry/src/github.com-1ecc6299db9ec823/tokio-1.9.0/src/coop.rs:76:5
[INFO] [stdout]   29:     0x556ef10db000 - tokio::runtime::basic_scheduler::Inner<P>::block_on::{{closure}}::h71397cabe8c5b00d
[INFO] [stdout]                                at /opt/rustwide/cargo-home/registry/src/github.com-1ecc6299db9ec823/tokio-1.9.0/src/runtime/basic_scheduler.rs:208:39
[INFO] [stdout]   30:     0x556ef10dd251 - tokio::runtime::basic_scheduler::enter::{{closure}}::hac84c22b2ff444e1
[INFO] [stdout]                                at /opt/rustwide/cargo-home/registry/src/github.com-1ecc6299db9ec823/tokio-1.9.0/src/runtime/basic_scheduler.rs:299:29
[INFO] [stdout]   31:     0x556ef103c567 - tokio::macros::scoped_tls::ScopedKey<T>::set::he591564b11f1279e
[INFO] [stdout]                                at /opt/rustwide/cargo-home/registry/src/github.com-1ecc6299db9ec823/tokio-1.9.0/src/macros/scoped_tls.rs:61:9
[INFO] [stdout]   32:     0x556ef10dd18d - tokio::runtime::basic_scheduler::enter::h51bc2f9a2ba12c10
[INFO] [stdout]                                at /opt/rustwide/cargo-home/registry/src/github.com-1ecc6299db9ec823/tokio-1.9.0/src/runtime/basic_scheduler.rs:299:5
[INFO] [stdout]   33:     0x556ef10dac6b - tokio::runtime::basic_scheduler::Inner<P>::block_on::hc101849a97d5e2f0
[INFO] [stdout]                                at /opt/rustwide/cargo-home/registry/src/github.com-1ecc6299db9ec823/tokio-1.9.0/src/runtime/basic_scheduler.rs:197:9
[INFO] [stdout]   34:     0x556ef10dbfa2 - tokio::runtime::basic_scheduler::InnerGuard<P>::block_on::h7e501c26fa4aebcb
[INFO] [stdout]                                at /opt/rustwide/cargo-home/registry/src/github.com-1ecc6299db9ec823/tokio-1.9.0/src/runtime/basic_scheduler.rs:452:9
[INFO] [stdout]   35:     0x556ef10dc70d - tokio::runtime::basic_scheduler::BasicScheduler<P>::block_on::h7f7e51871a09697f
[INFO] [stdout]                                at /opt/rustwide/cargo-home/registry/src/github.com-1ecc6299db9ec823/tokio-1.9.0/src/runtime/basic_scheduler.rs:157:24
[INFO] [stdout]   36:     0x556ef10bb977 - tokio::runtime::Runtime::block_on::h4783f3a14a60e8d5
[INFO] [stdout]                                at /opt/rustwide/cargo-home/registry/src/github.com-1ecc6299db9ec823/tokio-1.9.0/src/runtime/mod.rs:450:46
[INFO] [stdout]   37:     0x556ef10afab2 - qarax_warp::filters::hosts::tests::test_add::h1dfd4fa682bf1816
[INFO] [stdout]                                at /opt/rustwide/workdir/src/filters/hosts.rs:111:9
[INFO] [stdout]   38:     0x556ef10af987 - qarax_warp::filters::hosts::tests::test_add::{{closure}}::h8c04914f5a04a4b7
[INFO] [stdout]                                at /opt/rustwide/workdir/src/filters/hosts.rs:79:25
[INFO] [stdout]   39:     0x556ef10c4d95 - core::ops::function::FnOnce::call_once::haabbdfc14b1e6354
[INFO] [stdout]                                at /rustc/84c898d65adf2f39a5a98507f1fe0ce10a2b8dbc/library/core/src/ops/function.rs:250:5
[INFO] [stdout]   40:     0x556ef113a7ff - core::ops::function::FnOnce::call_once::h7d969581be7d0075
[INFO] [stdout]                                at /rustc/84c898d65adf2f39a5a98507f1fe0ce10a2b8dbc/library/core/src/ops/function.rs:250:5
[INFO] [stdout]   41:     0x556ef113a7ff - test::__rust_begin_short_backtrace::hca25a52684e56655
[INFO] [stdout]                                at /rustc/84c898d65adf2f39a5a98507f1fe0ce10a2b8dbc/library/test/src/lib.rs:656:18
[INFO] [stdout]   42:     0x556ef110be1c - test::run_test::{{closure}}::ha8ac744c4af1a4bb
[INFO] [stdout]                                at /rustc/84c898d65adf2f39a5a98507f1fe0ce10a2b8dbc/library/test/src/lib.rs:647:30
[INFO] [stdout]   43:     0x556ef110be1c - core::ops::function::FnOnce::call_once{{vtable.shim}}::h7b411a9ed45bdecf
[INFO] [stdout]                                at /rustc/84c898d65adf2f39a5a98507f1fe0ce10a2b8dbc/library/core/src/ops/function.rs:250:5
[INFO] [stdout]   44:     0x556ef11397c6 - <alloc::boxed::Box<F,A> as core::ops::function::FnOnce<Args>>::call_once::hd05328869a8ed200
[INFO] [stdout]                                at /rustc/84c898d65adf2f39a5a98507f1fe0ce10a2b8dbc/library/alloc/src/boxed.rs:1987:9
[INFO] [stdout]   45:     0x556ef11397c6 - <core::panic::unwind_safe::AssertUnwindSafe<F> as core::ops::function::FnOnce<()>>::call_once::h0c601ce20bd5b2be
[INFO] [stdout]                                at /rustc/84c898d65adf2f39a5a98507f1fe0ce10a2b8dbc/library/core/src/panic/unwind_safe.rs:271:9
[INFO] [stdout]   46:     0x556ef11397c6 - std::panicking::try::do_call::ha4be5c164fe30854
[INFO] [stdout]                                at /rustc/84c898d65adf2f39a5a98507f1fe0ce10a2b8dbc/library/std/src/panicking.rs:487:40
[INFO] [stdout]   47:     0x556ef11397c6 - std::panicking::try::h604546f3609af05f
[INFO] [stdout]                                at /rustc/84c898d65adf2f39a5a98507f1fe0ce10a2b8dbc/library/std/src/panicking.rs:451:19
[INFO] [stdout]   48:     0x556ef11397c6 - std::panic::catch_unwind::h5bfa8afe44c9c2f9
[INFO] [stdout]                                at /rustc/84c898d65adf2f39a5a98507f1fe0ce10a2b8dbc/library/std/src/panic.rs:140:14
[INFO] [stdout]   49:     0x556ef11397c6 - test::run_test_in_process::hd50dee55dd63e6aa
[INFO] [stdout]                                at /rustc/84c898d65adf2f39a5a98507f1fe0ce10a2b8dbc/library/test/src/lib.rs:679:27
[INFO] [stdout]   50:     0x556ef11397c6 - test::run_test::run_test_inner::{{closure}}::h4aa0f433aa85cea8
[INFO] [stdout]                                at /rustc/84c898d65adf2f39a5a98507f1fe0ce10a2b8dbc/library/test/src/lib.rs:573:39
[INFO] [stdout]   51:     0x556ef1106491 - test::run_test::run_test_inner::{{closure}}::had56431adf24b4d6
[INFO] [stdout]                                at /rustc/84c898d65adf2f39a5a98507f1fe0ce10a2b8dbc/library/test/src/lib.rs:600:37
[INFO] [stdout]   52:     0x556ef1106491 - std::sys_common::backtrace::__rust_begin_short_backtrace::ha8d9890e0c73bf13
[INFO] [stdout]                                at /rustc/84c898d65adf2f39a5a98507f1fe0ce10a2b8dbc/library/std/src/sys_common/backtrace.rs:134:18
[INFO] [stdout]   53:     0x556ef110beab - std::thread::Builder::spawn_unchecked_::{{closure}}::{{closure}}::h251832bcb4a95327
[INFO] [stdout]                                at /rustc/84c898d65adf2f39a5a98507f1fe0ce10a2b8dbc/library/std/src/thread/mod.rs:560:17
[INFO] [stdout]   54:     0x556ef110beab - <core::panic::unwind_safe::AssertUnwindSafe<F> as core::ops::function::FnOnce<()>>::call_once::h8fdff598fa414831
[INFO] [stdout]                                at /rustc/84c898d65adf2f39a5a98507f1fe0ce10a2b8dbc/library/core/src/panic/unwind_safe.rs:271:9
[INFO] [stdout]   55:     0x556ef110beab - std::panicking::try::do_call::h455dd2f7764a950f
[INFO] [stdout]                                at /rustc/84c898d65adf2f39a5a98507f1fe0ce10a2b8dbc/library/std/src/panicking.rs:487:40
[INFO] [stdout]   56:     0x556ef110beab - std::panicking::try::had6f23b7b73ae72a
[INFO] [stdout]                                at /rustc/84c898d65adf2f39a5a98507f1fe0ce10a2b8dbc/library/std/src/panicking.rs:451:19
[INFO] [stdout]   57:     0x556ef110beab - std::panic::catch_unwind::ha6a5ca3915b4dad0
[INFO] [stdout]                                at /rustc/84c898d65adf2f39a5a98507f1fe0ce10a2b8dbc/library/std/src/panic.rs:140:14
[INFO] [stdout]   58:     0x556ef110beab - std::thread::Builder::spawn_unchecked_::{{closure}}::h883b72ef75da6231
[INFO] [stdout]                                at /rustc/84c898d65adf2f39a5a98507f1fe0ce10a2b8dbc/library/std/src/thread/mod.rs:559:30
[INFO] [stdout]   59:     0x556ef110beab - core::ops::function::FnOnce::call_once{{vtable.shim}}::hb7dff73dc8bd2ccb
[INFO] [stdout]                                at /rustc/84c898d65adf2f39a5a98507f1fe0ce10a2b8dbc/library/core/src/ops/function.rs:250:5
[INFO] [stdout]   60:     0x556ef180a663 - <alloc::boxed::Box<F,A> as core::ops::function::FnOnce<Args>>::call_once::h39990b24eedef2ab
[INFO] [stdout]                                at /rustc/84c898d65adf2f39a5a98507f1fe0ce10a2b8dbc/library/alloc/src/boxed.rs:1987:9
[INFO] [stdout]   61:     0x556ef180a663 - <alloc::boxed::Box<F,A> as core::ops::function::FnOnce<Args>>::call_once::h01a027258444143b
[INFO] [stdout]                                at /rustc/84c898d65adf2f39a5a98507f1fe0ce10a2b8dbc/library/alloc/src/boxed.rs:1987:9
[INFO] [stdout]   62:     0x556ef180a663 - std::sys::unix::thread::Thread::new::thread_start::ha4f1cdd9c25884ba
[INFO] [stdout]                                at /rustc/84c898d65adf2f39a5a98507f1fe0ce10a2b8dbc/library/std/src/sys/unix/thread.rs:108:17
[INFO] [stdout]   63:     0x7f9d2b314b43 - <unknown>
[INFO] [stdout]   64:     0x7f9d2b3a5bb4 - __clone
[INFO] [stdout]   65:                0x0 - <unknown>
[INFO] [stdout] 
[INFO] [stdout] ---- filters::storage::tests::test_add stdout ----
[INFO] [stdout] thread 'filters::storage::tests::test_add' panicked at 'called `Result::unwrap()` on an `Err` value: error communicating with the server: Cannot assign requested address (os error 99)
[INFO] [stdout] 
[INFO] [stdout] Caused by:
[INFO] [stdout]     Cannot assign requested address (os error 99)', src/filters/storage.rs:55:48
[INFO] [stdout] stack backtrace:
[INFO] [stdout]    0:     0x556ef1803cba - std::backtrace_rs::backtrace::libunwind::trace::ha9053a9a07ca49cb
[INFO] [stdout]                                at /rustc/84c898d65adf2f39a5a98507f1fe0ce10a2b8dbc/library/std/src/../../backtrace/src/backtrace/libunwind.rs:93:5
[INFO] [stdout]    1:     0x556ef1803cba - std::backtrace_rs::backtrace::trace_unsynchronized::h9c2852a457ad564e
[INFO] [stdout]                                at /rustc/84c898d65adf2f39a5a98507f1fe0ce10a2b8dbc/library/std/src/../../backtrace/src/backtrace/mod.rs:66:5
[INFO] [stdout]    2:     0x556ef1803cba - std::sys_common::backtrace::_print_fmt::h457936fbfaa0070f
[INFO] [stdout]                                at /rustc/84c898d65adf2f39a5a98507f1fe0ce10a2b8dbc/library/std/src/sys_common/backtrace.rs:65:5
[INFO] [stdout]    3:     0x556ef1803cba - <std::sys_common::backtrace::_print::DisplayBacktrace as core::fmt::Display>::fmt::h5779d7bf7f70cb0c
[INFO] [stdout]                                at /rustc/84c898d65adf2f39a5a98507f1fe0ce10a2b8dbc/library/std/src/sys_common/backtrace.rs:44:22
[INFO] [stdout]    4:     0x556ef182a56e - core::fmt::write::h5a4baaff1bcd3eb5
[INFO] [stdout]                                at /rustc/84c898d65adf2f39a5a98507f1fe0ce10a2b8dbc/library/core/src/fmt/mod.rs:1232:17
[INFO] [stdout]    5:     0x556ef1800675 - std::io::Write::write_fmt::h478f79c628ef31d1
[INFO] [stdout]                                at /rustc/84c898d65adf2f39a5a98507f1fe0ce10a2b8dbc/library/std/src/io/mod.rs:1684:15
[INFO] [stdout]    6:     0x556ef1803a85 - std::sys_common::backtrace::_print::h5fcdc36060f177e8
[INFO] [stdout]                                at /rustc/84c898d65adf2f39a5a98507f1fe0ce10a2b8dbc/library/std/src/sys_common/backtrace.rs:47:5
[INFO] [stdout]    7:     0x556ef1803a85 - std::sys_common::backtrace::print::h54ca9458b876c8bf
[INFO] [stdout]                                at /rustc/84c898d65adf2f39a5a98507f1fe0ce10a2b8dbc/library/std/src/sys_common/backtrace.rs:34:9
[INFO] [stdout]    8:     0x556ef180584f - std::panicking::default_hook::{{closure}}::hbe471161c7664ed6
[INFO] [stdout]                                at /rustc/84c898d65adf2f39a5a98507f1fe0ce10a2b8dbc/library/std/src/panicking.rs:271:22
[INFO] [stdout]    9:     0x556ef180550f - std::panicking::default_hook::ha3500da57aa4ac4f
[INFO] [stdout]                                at /rustc/84c898d65adf2f39a5a98507f1fe0ce10a2b8dbc/library/std/src/panicking.rs:287:9
[INFO] [stdout]   10:     0x556ef1135417 - <alloc::boxed::Box<F,A> as core::ops::function::Fn<Args>>::call::hdf1b89dd137ece34
[INFO] [stdout]                                at /rustc/84c898d65adf2f39a5a98507f1fe0ce10a2b8dbc/library/alloc/src/boxed.rs:2001:9
[INFO] [stdout]   11:     0x556ef1135417 - test::test_main::{{closure}}::h9081a79f20e75698
[INFO] [stdout]                                at /rustc/84c898d65adf2f39a5a98507f1fe0ce10a2b8dbc/library/test/src/lib.rs:135:21
[INFO] [stdout]   12:     0x556ef1805f7d - <alloc::boxed::Box<F,A> as core::ops::function::Fn<Args>>::call::h6507bddc3eebb4a5
[INFO] [stdout]                                at /rustc/84c898d65adf2f39a5a98507f1fe0ce10a2b8dbc/library/alloc/src/boxed.rs:2001:9
[INFO] [stdout]   13:     0x556ef1805f7d - std::panicking::rust_panic_with_hook::h50c09d000dc561d2
[INFO] [stdout]                                at /rustc/84c898d65adf2f39a5a98507f1fe0ce10a2b8dbc/library/std/src/panicking.rs:696:13
[INFO] [stdout]   14:     0x556ef1805cf9 - std::panicking::begin_panic_handler::{{closure}}::h9e2b2176e00e0d9c
[INFO] [stdout]                                at /rustc/84c898d65adf2f39a5a98507f1fe0ce10a2b8dbc/library/std/src/panicking.rs:583:13
[INFO] [stdout]   15:     0x556ef1804126 - std::sys_common::backtrace::__rust_end_short_backtrace::h5739b8e512c09d02
[INFO] [stdout]                                at /rustc/84c898d65adf2f39a5a98507f1fe0ce10a2b8dbc/library/std/src/sys_common/backtrace.rs:150:18
[INFO] [stdout]   16:     0x556ef1805a02 - rust_begin_unwind
[INFO] [stdout]                                at /rustc/84c898d65adf2f39a5a98507f1fe0ce10a2b8dbc/library/std/src/panicking.rs:579:5
[INFO] [stdout]   17:     0x556ef10334f3 - core::panicking::panic_fmt::hf33a1475b4dc5c3e
[INFO] [stdout]                                at /rustc/84c898d65adf2f39a5a98507f1fe0ce10a2b8dbc/library/core/src/panicking.rs:64:14
[INFO] [stdout]   18:     0x556ef10339a3 - core::result::unwrap_failed::hdff5465d74574b44
[INFO] [stdout]                                at /rustc/84c898d65adf2f39a5a98507f1fe0ce10a2b8dbc/library/core/src/result.rs:1750:5
[INFO] [stdout]   19:     0x556ef10892bd - core::result::Result<T,E>::unwrap::h21ce48c29f3cd780
[INFO] [stdout]                                at /rustc/84c898d65adf2f39a5a98507f1fe0ce10a2b8dbc/library/core/src/result.rs:1090:23
[INFO] [stdout]   20:     0x556ef10aaa2a - qarax_warp::filters::storage::tests::setup::{{closure}}::h37e0c4eb7beecbdd
[INFO] [stdout]                                at /opt/rustwide/workdir/src/filters/storage.rs:55:9
[INFO] [stdout]   21:     0x556ef10b1056 - qarax_warp::filters::storage::tests::test_add::{{closure}}::hd05904df85888292
[INFO] [stdout]                                at /opt/rustwide/workdir/src/filters/storage.rs:69:27
[INFO] [stdout]   22:     0x556ef103e64b - <core::pin::Pin<P> as core::future::future::Future>::poll::hdc96c98e7d69de18
[INFO] [stdout]                                at /rustc/84c898d65adf2f39a5a98507f1fe0ce10a2b8dbc/library/core/src/future/future.rs:125:9
[INFO] [stdout]   23:     0x556ef10dbf14 - tokio::runtime::basic_scheduler::Inner<P>::block_on::{{closure}}::{{closure}}::hd3accbd98d9c2aaa
[INFO] [stdout]                                at /opt/rustwide/cargo-home/registry/src/github.com-1ecc6299db9ec823/tokio-1.9.0/src/runtime/basic_scheduler.rs:208:62
[INFO] [stdout]   24:     0x556ef107f330 - tokio::coop::with_budget::{{closure}}::hae9d969e3baf8636
[INFO] [stdout]                                at /opt/rustwide/cargo-home/registry/src/github.com-1ecc6299db9ec823/tokio-1.9.0/src/coop.rs:106:9
[INFO] [stdout]   25:     0x556ef10990b4 - std::thread::local::LocalKey<T>::try_with::hbd9dfc450db4044d
[INFO] [stdout]                                at /rustc/84c898d65adf2f39a5a98507f1fe0ce10a2b8dbc/library/std/src/thread/local.rs:446:16
[INFO] [stdout]   26:     0x556ef1097a1a - std::thread::local::LocalKey<T>::with::he7d00e02a8bcd4ec
[INFO] [stdout]                                at /rustc/84c898d65adf2f39a5a98507f1fe0ce10a2b8dbc/library/std/src/thread/local.rs:422:9
[INFO] [stdout]   27:     0x556ef10db840 - tokio::coop::with_budget::h7d80c98803fa5a41
[INFO] [stdout]                                at /opt/rustwide/cargo-home/registry/src/github.com-1ecc6299db9ec823/tokio-1.9.0/src/coop.rs:99:5
[INFO] [stdout]   28:     0x556ef10db840 - tokio::coop::budget::h184f9696ef1d6d26
[INFO] [stdout]                                at /opt/rustwide/cargo-home/registry/src/github.com-1ecc6299db9ec823/tokio-1.9.0/src/coop.rs:76:5
[INFO] [stdout]   29:     0x556ef10db840 - tokio::runtime::basic_scheduler::Inner<P>::block_on::{{closure}}::he3d50d38458c48d1
[INFO] [stdout]                                at /opt/rustwide/cargo-home/registry/src/github.com-1ecc6299db9ec823/tokio-1.9.0/src/runtime/basic_scheduler.rs:208:39
[INFO] [stdout]   30:     0x556ef10dd211 - tokio::runtime::basic_scheduler::enter::{{closure}}::h1e31faeca62c514e
[INFO] [stdout]                                at /opt/rustwide/cargo-home/registry/src/github.com-1ecc6299db9ec823/tokio-1.9.0/src/runtime/basic_scheduler.rs:299:29
[INFO] [stdout]   31:     0x556ef103c467 - tokio::macros::scoped_tls::ScopedKey<T>::set::h0b4679ac29f9e8c0
[INFO] [stdout]                                at /opt/rustwide/cargo-home/registry/src/github.com-1ecc6299db9ec823/tokio-1.9.0/src/macros/scoped_tls.rs:61:9
[INFO] [stdout]   32:     0x556ef10dce5d - tokio::runtime::basic_scheduler::enter::h32a4e31266386b17
[INFO] [stdout]                                at /opt/rustwide/cargo-home/registry/src/github.com-1ecc6299db9ec823/tokio-1.9.0/src/runtime/basic_scheduler.rs:299:5
[INFO] [stdout]   33:     0x556ef10dac4b - tokio::runtime::basic_scheduler::Inner<P>::block_on::h927544d2c4f2d916
[INFO] [stdout]                                at /opt/rustwide/cargo-home/registry/src/github.com-1ecc6299db9ec823/tokio-1.9.0/src/runtime/basic_scheduler.rs:197:9
[INFO] [stdout]   34:     0x556ef10dc032 - tokio::runtime::basic_scheduler::InnerGuard<P>::block_on::hf0f6e1d065eddb85
[INFO] [stdout]                                at /opt/rustwide/cargo-home/registry/src/github.com-1ecc6299db9ec823/tokio-1.9.0/src/runtime/basic_scheduler.rs:452:9
[INFO] [stdout]   35:     0x556ef10dc34d - tokio::runtime::basic_scheduler::BasicScheduler<P>::block_on::h3d53b31b6bbb9020
[INFO] [stdout]                                at /opt/rustwide/cargo-home/registry/src/github.com-1ecc6299db9ec823/tokio-1.9.0/src/runtime/basic_scheduler.rs:157:24
[INFO] [stdout]   36:     0x556ef10bbb07 - tokio::runtime::Runtime::block_on::h5cb1547279d34b1c
[INFO] [stdout]                                at /opt/rustwide/cargo-home/registry/src/github.com-1ecc6299db9ec823/tokio-1.9.0/src/runtime/mod.rs:450:46
[INFO] [stdout]   37:     0x556ef10b0d12 - qarax_warp::filters::storage::tests::test_add::h7f7f3aa12b2bb2e1
[INFO] [stdout]                                at /opt/rustwide/workdir/src/filters/storage.rs:103:9
[INFO] [stdout]   38:     0x556ef10b0be7 - qarax_warp::filters::storage::tests::test_add::{{closure}}::h342e14e6fb41addf
[INFO] [stdout]                                at /opt/rustwide/workdir/src/filters/storage.rs:68:25
[INFO] [stdout]   39:     0x556ef10c4725 - core::ops::function::FnOnce::call_once::h07aeeae319bb8a7f
[INFO] [stdout]                                at /rustc/84c898d65adf2f39a5a98507f1fe0ce10a2b8dbc/library/core/src/ops/function.rs:250:5
[INFO] [stdout]   40:     0x556ef113a7ff - core::ops::function::FnOnce::call_once::h7d969581be7d0075
[INFO] [stdout]                                at /rustc/84c898d65adf2f39a5a98507f1fe0ce10a2b8dbc/library/core/src/ops/function.rs:250:5
[INFO] [stdout]   41:     0x556ef113a7ff - test::__rust_begin_short_backtrace::hca25a52684e56655
[INFO] [stdout]                                at /rustc/84c898d65adf2f39a5a98507f1fe0ce10a2b8dbc/library/test/src/lib.rs:656:18
[INFO] [stdout]   42:     0x556ef110be1c - test::run_test::{{closure}}::ha8ac744c4af1a4bb
[INFO] [stdout]                                at /rustc/84c898d65adf2f39a5a98507f1fe0ce10a2b8dbc/library/test/src/lib.rs:647:30
[INFO] [stdout]   43:     0x556ef110be1c - core::ops::function::FnOnce::call_once{{vtable.shim}}::h7b411a9ed45bdecf
[INFO] [stdout]                                at /rustc/84c898d65adf2f39a5a98507f1fe0ce10a2b8dbc/library/core/src/ops/function.rs:250:5
[INFO] [stdout]   44:     0x556ef11397c6 - <alloc::boxed::Box<F,A> as core::ops::function::FnOnce<Args>>::call_once::hd05328869a8ed200
[INFO] [stdout]                                at /rustc/84c898d65adf2f39a5a98507f1fe0ce10a2b8dbc/library/alloc/src/boxed.rs:1987:9
[INFO] [stdout]   45:     0x556ef11397c6 - <core::panic::unwind_safe::AssertUnwindSafe<F> as core::ops::function::FnOnce<()>>::call_once::h0c601ce20bd5b2be
[INFO] [stdout]                                at /rustc/84c898d65adf2f39a5a98507f1fe0ce10a2b8dbc/library/core/src/panic/unwind_safe.rs:271:9
[INFO] [stdout]   46:     0x556ef11397c6 - std::panicking::try::do_call::ha4be5c164fe30854
[INFO] [stdout]                                at /rustc/84c898d65adf2f39a5a98507f1fe0ce10a2b8dbc/library/std/src/panicking.rs:487:40
[INFO] [stdout]   47:     0x556ef11397c6 - std::panicking::try::h604546f3609af05f
[INFO] [stdout]                                at /rustc/84c898d65adf2f39a5a98507f1fe0ce10a2b8dbc/library/std/src/panicking.rs:451:19
[INFO] [stdout]   48:     0x556ef11397c6 - std::panic::catch_unwind::h5bfa8afe44c9c2f9
[INFO] [stdout]                                at /rustc/84c898d65adf2f39a5a98507f1fe0ce10a2b8dbc/library/std/src/panic.rs:140:14
[INFO] [stdout]   49:     0x556ef11397c6 - test::run_test_in_process::hd50dee55dd63e6aa
[INFO] [stdout]                                at /rustc/84c898d65adf2f39a5a98507f1fe0ce10a2b8dbc/library/test/src/lib.rs:679:27
[INFO] [stdout]   50:     0x556ef11397c6 - test::run_test::run_test_inner::{{closure}}::h4aa0f433aa85cea8
[INFO] [stdout]                                at /rustc/84c898d65adf2f39a5a98507f1fe0ce10a2b8dbc/library/test/src/lib.rs:573:39
[INFO] [stdout]   51:     0x556ef1106491 - test::run_test::run_test_inner::{{closure}}::had56431adf24b4d6
[INFO] [stdout]                                at /rustc/84c898d65adf2f39a5a98507f1fe0ce10a2b8dbc/library/test/src/lib.rs:600:37
[INFO] [stdout]   52:     0x556ef1106491 - std::sys_common::backtrace::__rust_begin_short_backtrace::ha8d9890e0c73bf13
[INFO] [stdout]                                at /rustc/84c898d65adf2f39a5a98507f1fe0ce10a2b8dbc/library/std/src/sys_common/backtrace.rs:134:18
[INFO] [stdout]   53:     0x556ef110beab - std::thread::Builder::spawn_unchecked_::{{closure}}::{{closure}}::h251832bcb4a95327
[INFO] [stdout]                                at /rustc/84c898d65adf2f39a5a98507f1fe0ce10a2b8dbc/library/std/src/thread/mod.rs:560:17
[INFO] [stdout]   54:     0x556ef110beab - <core::panic::unwind_safe::AssertUnwindSafe<F> as core::ops::function::FnOnce<()>>::call_once::h8fdff598fa414831
[INFO] [stdout]                                at /rustc/84c898d65adf2f39a5a98507f1fe0ce10a2b8dbc/library/core/src/panic/unwind_safe.rs:271:9
[INFO] [stdout]   55:     0x556ef110beab - std::panicking::try::do_call::h455dd2f7764a950f
[INFO] [stdout]                                at /rustc/84c898d65adf2f39a5a98507f1fe0ce10a2b8dbc/library/std/src/panicking.rs:487:40
[INFO] [stdout]   56:     0x556ef110beab - std::panicking::try::had6f23b7b73ae72a
[INFO] [stdout]                                at /rustc/84c898d65adf2f39a5a98507f1fe0ce10a2b8dbc/library/std/src/panicking.rs:451:19
[INFO] [stdout]   57:     0x556ef110beab - std::panic::catch_unwind::ha6a5ca3915b4dad0
[INFO] [stdout]                                at /rustc/84c898d65adf2f39a5a98507f1fe0ce10a2b8dbc/library/std/src/panic.rs:140:14
[INFO] [stdout]   58:     0x556ef110beab - std::thread::Builder::spawn_unchecked_::{{closure}}::h883b72ef75da6231
[INFO] [stdout]                                at /rustc/84c898d65adf2f39a5a98507f1fe0ce10a2b8dbc/library/std/src/thread/mod.rs:559:30
[INFO] [stdout]   59:     0x556ef110beab - core::ops::function::FnOnce::call_once{{vtable.shim}}::hb7dff73dc8bd2ccb
[INFO] [stdout]                                at /rustc/84c898d65adf2f39a5a98507f1fe0ce10a2b8dbc/library/core/src/ops/function.rs:250:5
[INFO] [stdout]   60:     0x556ef180a663 - <alloc::boxed::Box<F,A> as core::ops::function::FnOnce<Args>>::call_once::h39990b24eedef2ab
[INFO] [stdout]                                at /rustc/84c898d65adf2f39a5a98507f1fe0ce10a2b8dbc/library/alloc/src/boxed.rs:1987:9
[INFO] [stdout]   61:     0x556ef180a663 - <alloc::boxed::Box<F,A> as core::ops::function::FnOnce<Args>>::call_once::h01a027258444143b
[INFO] [stdout]                                at /rustc/84c898d65adf2f39a5a98507f1fe0ce10a2b8dbc/library/alloc/src/boxed.rs:1987:9
[INFO] [stdout]   62:     0x556ef180a663 - std::sys::unix::thread::Thread::new::thread_start::ha4f1cdd9c25884ba
[INFO] [stdout]                                at /rustc/84c898d65adf2f39a5a98507f1fe0ce10a2b8dbc/library/std/src/sys/unix/thread.rs:108:17
[INFO] [stdout]   63:     0x7f9d2b314b43 - <unknown>
[INFO] [stdout]   64:     0x7f9d2b3a5bb4 - __clone
[INFO] [stdout]   65:                0x0 - <unknown>
[INFO] [stdout] 
[INFO] [stdout] 
[INFO] [stdout] failures:
[INFO] [stdout]     filters::hosts::tests::test_add
[INFO] [stdout]     filters::storage::tests::test_add
[INFO] [stdout] 
[INFO] [stdout] test result: FAILED. 1 passed; 2 failed; 0 ignored; 0 measured; 0 filtered out; finished in 0.05s
[INFO] [stdout] 
[INFO] [stderr] error: test failed, to rerun pass `--bin qarax-warp`
[INFO] running `Command { std: "docker" "inspect" "adc6023798125223ea8c961af69f3d87da06ea5c7f36646101fde5b8803ba631", kill_on_drop: false }`
[INFO] running `Command { std: "docker" "rm" "-f" "adc6023798125223ea8c961af69f3d87da06ea5c7f36646101fde5b8803ba631", kill_on_drop: false }`
[INFO] [stdout] adc6023798125223ea8c961af69f3d87da06ea5c7f36646101fde5b8803ba631
