[INFO] cloning repository https://github.com/bcortier-devolutions/mongodm-rs
[INFO] running `Command { std: "git" "-c" "credential.helper=" "-c" "credential.helper=/workspace/cargo-home/bin/git-credential-null" "clone" "--bare" "https://github.com/bcortier-devolutions/mongodm-rs" "/workspace/cache/git-repos/https%3A%2F%2Fgithub.com%2Fbcortier-devolutions%2Fmongodm-rs", kill_on_drop: false }`
[INFO] [stderr] Cloning into bare repository '/workspace/cache/git-repos/https%3A%2F%2Fgithub.com%2Fbcortier-devolutions%2Fmongodm-rs'...
[INFO] running `Command { std: "git" "rev-parse" "HEAD", kill_on_drop: false }`
[INFO] [stdout] 073f8f8d69a774e632702833a7adee27c8cec9f2
[INFO] testing bcortier-devolutions/mongodm-rs against beta-2023-04-20 for beta-1.70-1
[INFO] running `Command { std: "git" "clone" "/workspace/cache/git-repos/https%3A%2F%2Fgithub.com%2Fbcortier-devolutions%2Fmongodm-rs" "/workspace/builds/worker-0-tc2/source", kill_on_drop: false }`
[INFO] [stderr] Cloning into '/workspace/builds/worker-0-tc2/source'...
[INFO] [stderr] done.
[INFO] validating manifest of git repo https://github.com/bcortier-devolutions/mongodm-rs on toolchain beta-2023-04-20
[INFO] running `Command { std: CARGO_HOME="/workspace/cargo-home" RUSTUP_HOME="/workspace/rustup-home" "/workspace/cargo-home/bin/cargo" "+beta-2023-04-20" "metadata" "--manifest-path" "Cargo.toml" "--no-deps", kill_on_drop: false }`
[INFO] started tweaking git repo https://github.com/bcortier-devolutions/mongodm-rs
[INFO] finished tweaking git repo https://github.com/bcortier-devolutions/mongodm-rs
[INFO] tweaked toml for git repo https://github.com/bcortier-devolutions/mongodm-rs written to /workspace/builds/worker-0-tc2/source/Cargo.toml
[INFO] running `Command { std: CARGO_HOME="/workspace/cargo-home" RUSTUP_HOME="/workspace/rustup-home" __CARGO_TEST_CHANNEL_OVERRIDE_DO_NOT_USE_THIS="nightly" "/workspace/cargo-home/bin/cargo" "+beta-2023-04-20" "generate-lockfile" "--manifest-path" "Cargo.toml" "-Zno-index-update", kill_on_drop: false }`
[INFO] running `Command { std: CARGO_HOME="/workspace/cargo-home" RUSTUP_HOME="/workspace/rustup-home" "/workspace/cargo-home/bin/cargo" "+beta-2023-04-20" "fetch" "--manifest-path" "Cargo.toml", kill_on_drop: false }`
[INFO] running `Command { std: "docker" "create" "-v" "/var/lib/crater-agent-workspace/builds/worker-0-tc2/target:/opt/rustwide/target:rw,Z" "-v" "/var/lib/crater-agent-workspace/builds/worker-0-tc2/source:/opt/rustwide/workdir:ro,Z" "-v" "/var/lib/crater-agent-workspace/cargo-home:/opt/rustwide/cargo-home:ro,Z" "-v" "/var/lib/crater-agent-workspace/rustup-home:/opt/rustwide/rustup-home:ro,Z" "-e" "SOURCE_DIR=/opt/rustwide/workdir" "-e" "CARGO_TARGET_DIR=/opt/rustwide/target" "-e" "CARGO_HOME=/opt/rustwide/cargo-home" "-e" "RUSTUP_HOME=/opt/rustwide/rustup-home" "-w" "/opt/rustwide/workdir" "-m" "1610612736" "--user" "0:0" "--network" "none" "ghcr.io/rust-lang/crates-build-env/linux@sha256:5ff2268d62e97bff2cde7d5815dd6ed5b47097566f13b8d0ca110b04b60e07ed" "/opt/rustwide/cargo-home/bin/cargo" "+beta-2023-04-20" "metadata" "--no-deps" "--format-version=1", kill_on_drop: false }`
[INFO] [stdout] 09937134c0757ea3b617f115ada9f935031e5969161b6673bd94c86cc4479e40
[INFO] running `Command { std: "docker" "start" "-a" "09937134c0757ea3b617f115ada9f935031e5969161b6673bd94c86cc4479e40", kill_on_drop: false }`
[INFO] running `Command { std: "docker" "inspect" "09937134c0757ea3b617f115ada9f935031e5969161b6673bd94c86cc4479e40", kill_on_drop: false }`
[INFO] running `Command { std: "docker" "rm" "-f" "09937134c0757ea3b617f115ada9f935031e5969161b6673bd94c86cc4479e40", kill_on_drop: false }`
[INFO] [stdout] 09937134c0757ea3b617f115ada9f935031e5969161b6673bd94c86cc4479e40
[INFO] running `Command { std: "docker" "create" "-v" "/var/lib/crater-agent-workspace/builds/worker-0-tc2/target:/opt/rustwide/target:rw,Z" "-v" "/var/lib/crater-agent-workspace/builds/worker-0-tc2/source:/opt/rustwide/workdir:ro,Z" "-v" "/var/lib/crater-agent-workspace/cargo-home:/opt/rustwide/cargo-home:ro,Z" "-v" "/var/lib/crater-agent-workspace/rustup-home:/opt/rustwide/rustup-home:ro,Z" "-e" "SOURCE_DIR=/opt/rustwide/workdir" "-e" "CARGO_TARGET_DIR=/opt/rustwide/target" "-e" "CARGO_INCREMENTAL=0" "-e" "RUST_BACKTRACE=full" "-e" "RUSTFLAGS=--cap-lints=warn" "-e" "RUSTDOCFLAGS=--cap-lints=warn" "-e" "CARGO_HOME=/opt/rustwide/cargo-home" "-e" "RUSTUP_HOME=/opt/rustwide/rustup-home" "-w" "/opt/rustwide/workdir" "-m" "1610612736" "--user" "0:0" "--network" "none" "ghcr.io/rust-lang/crates-build-env/linux@sha256:5ff2268d62e97bff2cde7d5815dd6ed5b47097566f13b8d0ca110b04b60e07ed" "/opt/rustwide/cargo-home/bin/cargo" "+beta-2023-04-20" "build" "--frozen" "--message-format=json", kill_on_drop: false }`
[INFO] [stdout] 46c736b1de9b210ab33f8a4afbf7ed9c954006bb674b1da04712cd3df04effa6
[INFO] running `Command { std: "docker" "start" "-a" "46c736b1de9b210ab33f8a4afbf7ed9c954006bb674b1da04712cd3df04effa6", kill_on_drop: false }`
[INFO] [stderr]    Compiling proc-macro2 v1.0.56
[INFO] [stderr]    Compiling unicode-ident v1.0.8
[INFO] [stderr]    Compiling quote v1.0.26
[INFO] [stderr]    Compiling autocfg v1.1.0
[INFO] [stderr]    Compiling libc v0.2.142
[INFO] [stderr]    Compiling cfg-if v1.0.0
[INFO] [stderr]    Compiling version_check v0.9.4
[INFO] [stderr]    Compiling syn v1.0.109
[INFO] [stderr]    Compiling typenum v1.16.0
[INFO] [stderr]    Compiling log v0.4.17
[INFO] [stderr]    Compiling cc v1.0.79
[INFO] [stderr]    Compiling tinyvec_macros v0.1.1
[INFO] [stderr]    Compiling once_cell v1.17.1
[INFO] [stderr]    Compiling futures-core v0.3.28
[INFO] [stderr]    Compiling serde_derive v1.0.160
[INFO] [stderr]    Compiling serde v1.0.160
[INFO] [stderr]    Compiling tinyvec v1.6.0
[INFO] [stderr]    Compiling pin-project-lite v0.2.9
[INFO] [stderr]    Compiling spin v0.5.2
[INFO] [stderr]    Compiling unicode-bidi v0.3.13
[INFO] [stderr]    Compiling subtle v2.4.1
[INFO] [stderr]    Compiling untrusted v0.7.1
[INFO] [stderr]    Compiling tokio v1.28.0
[INFO] [stderr]    Compiling slab v0.4.8
[INFO] [stderr]    Compiling futures-task v0.3.28
[INFO] [stderr]    Compiling memchr v2.5.0
[INFO] [stderr]    Compiling strsim v0.10.0
[INFO] [stderr]    Compiling generic-array v0.14.7
[INFO] [stderr]    Compiling ident_case v1.0.1
[INFO] [stderr]    Compiling fnv v1.0.7
[INFO] [stderr]    Compiling bytes v1.4.0
[INFO] [stderr]    Compiling semver-parser v0.7.0
[INFO] [stderr]    Compiling ppv-lite86 v0.2.17
[INFO] [stderr]    Compiling futures-util v0.3.28
[INFO] [stderr]    Compiling futures-io v0.3.28
[INFO] [stderr]    Compiling semver v0.9.0
[INFO] [stderr]    Compiling lock_api v0.4.9
[INFO] [stderr]    Compiling indexmap v1.9.3
[INFO] [stderr]    Compiling unicode-normalization v0.1.22
[INFO] [stderr]    Compiling num-traits v0.2.15
[INFO] [stderr]    Compiling parking_lot_core v0.9.7
[INFO] [stderr]    Compiling smallvec v1.10.0
[INFO] [stderr]    Compiling radium v0.7.0
[INFO] [stderr]    Compiling futures-channel v0.3.28
[INFO] [stderr]    Compiling syn v2.0.15
[INFO] [stderr]    Compiling getrandom v0.2.9
[INFO] [stderr]    Compiling socket2 v0.4.9
[INFO] [stderr]    Compiling signal-hook-registry v1.4.1
[INFO] [stderr]    Compiling mio v0.8.6
[INFO] [stderr]    Compiling num_cpus v1.15.0
[INFO] [stderr]    Compiling pin-utils v0.1.0
[INFO] [stderr]    Compiling ring v0.16.20
[INFO] [stderr]    Compiling thiserror v1.0.40
[INFO] [stderr]    Compiling async-trait v0.1.68
[INFO] [stderr]    Compiling percent-encoding v2.2.0
[INFO] [stderr]    Compiling rand_core v0.6.4
[INFO] [stderr]    Compiling rand_chacha v0.3.1
[INFO] [stderr]    Compiling idna v0.3.0
[INFO] [stderr]    Compiling form_urlencoded v1.1.0
[INFO] [stderr]    Compiling rustc_version v0.2.3
[INFO] [stderr]    Compiling ahash v0.7.6
[INFO] [stderr]    Compiling num-integer v0.1.45
[INFO] [stderr]    Compiling rustls v0.20.8
[INFO] [stderr]    Compiling heck v0.4.1
[INFO] [stderr]    Compiling rand v0.8.5
[INFO] [stderr]    Compiling time-core v0.1.0
[INFO] [stderr]    Compiling lazy_static v1.4.0
[INFO] [stderr]    Compiling serde_json v1.0.96
[INFO] [stderr]    Compiling matches v0.1.10
[INFO] [stderr]    Compiling itoa v1.0.6
[INFO] [stderr]    Compiling hashbrown v0.12.3
[INFO] [stderr]    Compiling tap v1.0.1
[INFO] [stderr]    Compiling match_cfg v0.1.0
[INFO] [stderr]    Compiling crypto-common v0.1.6
[INFO] [stderr]    Compiling block-buffer v0.10.4
[INFO] [stderr]    Compiling scopeguard v1.1.0
[INFO] [stderr]    Compiling idna v0.2.3
[INFO] [stderr]    Compiling hostname v0.3.1
[INFO] [stderr]    Compiling wyz v0.5.1
[INFO] [stderr]    Compiling url v2.3.1
[INFO] [stderr]    Compiling digest v0.10.6
[INFO] [stderr]    Compiling rustc_version_runtime v0.2.1
[INFO] [stderr]    Compiling time-macros v0.2.8
[INFO] [stderr]    Compiling linked-hash-map v0.5.6
[INFO] [stderr]    Compiling cpufeatures v0.2.7
[INFO] [stderr]    Compiling data-encoding v2.3.3
[INFO] [stderr]    Compiling funty v2.0.0
[INFO] [stderr]    Compiling ipnet v2.7.2
[INFO] [stderr]    Compiling quick-error v1.2.3
[INFO] [stderr]    Compiling ryu v1.0.13
[INFO] [stderr]    Compiling lru-cache v0.1.2
[INFO] [stderr]    Compiling resolv-conf v0.7.0
[INFO] [stderr]    Compiling parking_lot v0.12.1
[INFO] [stderr]    Compiling hex v0.4.3
[INFO] [stderr]    Compiling iana-time-zone v0.1.56
[INFO] [stderr]    Compiling base64 v0.21.0
[INFO] [stderr]    Compiling base64 v0.13.1
[INFO] [stderr]    Compiling futures-sink v0.3.28
[INFO] [stderr]    Compiling bitvec v1.0.1
[INFO] [stderr]    Compiling convert_case v0.4.0
[INFO] [stderr]    Compiling chrono v0.4.24
[INFO] [stderr]    Compiling rustls-pemfile v1.0.2
[INFO] [stderr]    Compiling sha2 v0.10.6
[INFO] [stderr]    Compiling sha-1 v0.10.1
[INFO] [stderr]    Compiling hmac v0.12.1
[INFO] [stderr]    Compiling md-5 v0.10.5
[INFO] [stderr]    Compiling pbkdf2 v0.11.0
[INFO] [stderr]    Compiling stringprep v0.1.2
[INFO] [stderr]    Compiling take_mut v0.2.2
[INFO] [stderr]    Compiling bitflags v1.3.2
[INFO] [stderr]    Compiling time v0.3.20
[INFO] [stderr]    Compiling tokio-macros v2.1.0
[INFO] [stderr]    Compiling futures-macro v0.3.28
[INFO] [stderr]    Compiling thiserror-impl v1.0.40
[INFO] [stderr]    Compiling darling_core v0.13.4
[INFO] [stderr]    Compiling webpki v0.22.0
[INFO] [stderr]    Compiling sct v0.7.0
[INFO] [stderr]    Compiling enum-as-inner v0.4.0
[INFO] [stderr]    Compiling derive_more v0.99.17
[INFO] [stderr]    Compiling derivative v2.2.0
[INFO] [stderr]    Compiling typed-builder v0.10.0
[INFO] [stderr]    Compiling webpki-roots v0.22.6
[INFO] [stderr]    Compiling darling_macro v0.13.4
[INFO] [stderr]    Compiling darling v0.13.4
[INFO] [stderr]    Compiling serde_with_macros v1.5.2
[INFO] [stderr]    Compiling futures-executor v0.3.28
[INFO] [stderr]    Compiling trust-dns-proto v0.21.2
[INFO] [stderr]    Compiling tokio-rustls v0.23.4
[INFO] [stderr]    Compiling tokio-util v0.7.8
[INFO] [stderr]    Compiling uuid v1.3.2
[INFO] [stderr]    Compiling serde_bytes v0.11.9
[INFO] [stderr]    Compiling serde_with v1.14.0
[INFO] [stderr]    Compiling trust-dns-resolver v0.21.2
[INFO] [stderr]    Compiling bson v2.6.1
[INFO] [stderr]    Compiling mongodb v2.5.0
[INFO] [stderr]    Compiling mongodm v0.9.1 (/opt/rustwide/workdir)
[INFO] [stderr]     Finished dev [unoptimized + debuginfo] target(s) in 30.95s
[INFO] running `Command { std: "docker" "inspect" "46c736b1de9b210ab33f8a4afbf7ed9c954006bb674b1da04712cd3df04effa6", kill_on_drop: false }`
[INFO] running `Command { std: "docker" "rm" "-f" "46c736b1de9b210ab33f8a4afbf7ed9c954006bb674b1da04712cd3df04effa6", kill_on_drop: false }`
[INFO] [stdout] 46c736b1de9b210ab33f8a4afbf7ed9c954006bb674b1da04712cd3df04effa6
[INFO] running `Command { std: "docker" "create" "-v" "/var/lib/crater-agent-workspace/builds/worker-0-tc2/target:/opt/rustwide/target:rw,Z" "-v" "/var/lib/crater-agent-workspace/builds/worker-0-tc2/source:/opt/rustwide/workdir:ro,Z" "-v" "/var/lib/crater-agent-workspace/cargo-home:/opt/rustwide/cargo-home:ro,Z" "-v" "/var/lib/crater-agent-workspace/rustup-home:/opt/rustwide/rustup-home:ro,Z" "-e" "SOURCE_DIR=/opt/rustwide/workdir" "-e" "CARGO_TARGET_DIR=/opt/rustwide/target" "-e" "CARGO_INCREMENTAL=0" "-e" "RUST_BACKTRACE=full" "-e" "RUSTFLAGS=--cap-lints=warn" "-e" "RUSTDOCFLAGS=--cap-lints=warn" "-e" "CARGO_HOME=/opt/rustwide/cargo-home" "-e" "RUSTUP_HOME=/opt/rustwide/rustup-home" "-w" "/opt/rustwide/workdir" "-m" "1610612736" "--user" "0:0" "--network" "none" "ghcr.io/rust-lang/crates-build-env/linux@sha256:5ff2268d62e97bff2cde7d5815dd6ed5b47097566f13b8d0ca110b04b60e07ed" "/opt/rustwide/cargo-home/bin/cargo" "+beta-2023-04-20" "test" "--frozen" "--no-run" "--message-format=json", kill_on_drop: false }`
[INFO] [stdout] 99225913bf55286d30e416d3dccbaaa0b561a5eb9a56b32a9c5aa0a8127ad02e
[INFO] running `Command { std: "docker" "start" "-a" "99225913bf55286d30e416d3dccbaaa0b561a5eb9a56b32a9c5aa0a8127ad02e", kill_on_drop: false }`
[INFO] [stderr]    Compiling time v0.1.45
[INFO] [stderr]    Compiling diff v0.1.13
[INFO] [stderr]    Compiling yansi v0.5.1
[INFO] [stderr]    Compiling pretty_assertions v1.3.0
[INFO] [stderr]    Compiling chrono v0.4.24
[INFO] [stderr]    Compiling mongodb v2.5.0
[INFO] [stderr]    Compiling mongodm v0.9.1 (/opt/rustwide/workdir)
[INFO] [stderr]     Finished test [unoptimized + debuginfo] target(s) in 26.73s
[INFO] running `Command { std: "docker" "inspect" "99225913bf55286d30e416d3dccbaaa0b561a5eb9a56b32a9c5aa0a8127ad02e", kill_on_drop: false }`
[INFO] running `Command { std: "docker" "rm" "-f" "99225913bf55286d30e416d3dccbaaa0b561a5eb9a56b32a9c5aa0a8127ad02e", kill_on_drop: false }`
[INFO] [stdout] 99225913bf55286d30e416d3dccbaaa0b561a5eb9a56b32a9c5aa0a8127ad02e
[INFO] running `Command { std: "docker" "create" "-v" "/var/lib/crater-agent-workspace/builds/worker-0-tc2/target:/opt/rustwide/target:rw,Z" "-v" "/var/lib/crater-agent-workspace/builds/worker-0-tc2/source:/opt/rustwide/workdir:ro,Z" "-v" "/var/lib/crater-agent-workspace/cargo-home:/opt/rustwide/cargo-home:ro,Z" "-v" "/var/lib/crater-agent-workspace/rustup-home:/opt/rustwide/rustup-home:ro,Z" "-e" "SOURCE_DIR=/opt/rustwide/workdir" "-e" "CARGO_TARGET_DIR=/opt/rustwide/target" "-e" "CARGO_INCREMENTAL=0" "-e" "RUST_BACKTRACE=full" "-e" "RUSTFLAGS=--cap-lints=warn" "-e" "RUSTDOCFLAGS=--cap-lints=warn" "-e" "CARGO_HOME=/opt/rustwide/cargo-home" "-e" "RUSTUP_HOME=/opt/rustwide/rustup-home" "-w" "/opt/rustwide/workdir" "-m" "1610612736" "--user" "0:0" "--network" "none" "ghcr.io/rust-lang/crates-build-env/linux@sha256:5ff2268d62e97bff2cde7d5815dd6ed5b47097566f13b8d0ca110b04b60e07ed" "/opt/rustwide/cargo-home/bin/cargo" "+beta-2023-04-20" "test" "--frozen", kill_on_drop: false }`
[INFO] [stdout] fd80b2e82bbfba028831ec631af513ce962e0eabb523bf756b1d48cb47c8b9dd
[INFO] running `Command { std: "docker" "start" "-a" "fd80b2e82bbfba028831ec631af513ce962e0eabb523bf756b1d48cb47c8b9dd", kill_on_drop: false }`
[INFO] [stderr]     Finished test [unoptimized + debuginfo] target(s) in 0.19s
[INFO] [stderr]      Running unittests src/lib.rs (/opt/rustwide/target/debug/deps/mongodm-a7350f9e3834c0e2)
[INFO] [stdout] 
[INFO] [stdout] running 1 test
[INFO] [stdout] test index::tests::create_indexes_command ... ok
[INFO] [stdout] 
[INFO] [stdout] test result: ok. 1 passed; 0 failed; 0 ignored; 0 measured; 0 filtered out; finished in 0.00s
[INFO] [stdout] 
[INFO] [stderr]      Running tests/indexes.rs (/opt/rustwide/target/debug/deps/indexes-082819c68b9cef1c)
[INFO] [stdout] 
[INFO] [stdout] running 2 tests
[INFO] [stdout] test multiple_sync ... ignored
[INFO] [stdout] test one_sync ... ignored
[INFO] [stdout] 
[INFO] [stdout] test result: ok. 0 passed; 0 failed; 2 ignored; 0 measured; 0 filtered out; finished in 0.00s
[INFO] [stdout] 
[INFO] [stderr]      Running tests/some_operations.rs (/opt/rustwide/target/debug/deps/some_operations-fd7581d93ad4c44c)
[INFO] [stdout] 
[INFO] [stdout] running 2 tests
[INFO] [stdout] test bulk_updates ... ignored
[INFO] [stdout] test insert_delete_find ... ignored
[INFO] [stdout] 
[INFO] [stdout] test result: ok. 0 passed; 0 failed; 2 ignored; 0 measured; 0 filtered out; finished in 0.00s
[INFO] [stdout] 
[INFO] [stderr]    Doc-tests mongodm
[INFO] [stdout] 
[INFO] [stdout] running 16 tests
[INFO] [stdout] test src/lib.rs - (line 16) ... ignored
[INFO] [stdout] test src/repository.rs - repository::Repository<M>::cast_model (line 99) ... ignored
[INFO] [stdout] test src/macros.rs - macros::field (line 104) - compile fail ... ok
[INFO] [stdout] test src/macros.rs - macros::field (line 137) - compile fail ... ok
[INFO] [stdout] test src/macros.rs - macros::field (line 87) - compile fail ... ok
[INFO] [stdout] test src/macros.rs - macros::field (line 121) - compile fail ... ok
[INFO] [stdout] test src/repository.rs - repository::Repository<M>::cast_model (line 179) - compile fail ... ok
[INFO] [stdout] test src/repository.rs - repository::Repository<M>::bulk_update (line 238) - compile ... ok
[INFO] [stdout] test src/repository.rs - repository::CollectionExt::bulk_update (line 298) - compile ... ok
[INFO] [stdout] test src/lib.rs - prelude (line 167) ... ok
[INFO] [stdout] test src/macros.rs - macros::field (line 52) ... ok
[INFO] [stdout] test src/macros.rs - macros::field (line 7) ... FAILED
[INFO] [stdout] test src/macros.rs - macros::pipeline (line 299) ... FAILED
[INFO] [stdout] test src/index.rs - index::Index (line 78) ... ok
[INFO] [stdout] test src/operator.rs - operator (line 9) ... ok
[INFO] [stdout] test src/macros.rs - macros::f (line 243) ... ok
[INFO] [stdout] 
[INFO] [stdout] failures:
[INFO] [stdout] 
[INFO] [stdout] ---- src/macros.rs - macros::field (line 7) stdout ----
[INFO] [stdout] error: linking with `cc` failed: exit status: 1
[INFO] [stdout]   |
[INFO] [stdout]   = note: LC_ALL="C" PATH="/opt/rustwide/rustup-home/toolchains/beta-2023-04-20-x86_64-unknown-linux-gnu/lib/rustlib/x86_64-unknown-linux-gnu/bin:/opt/rustwide/cargo-home/bin:/usr/local/sbin:/usr/local/bin:/usr/sbin:/usr/bin:/sbin:/bin" VSLANG="1033" "cc" "-m64" "/tmp/rustcP3gKnx/symbols.o" "/tmp/rustdoctestyIKlYq/rust_out.rust_out.c38b68ff-cgu.0.rcgu.o" "/tmp/rustdoctestyIKlYq/rust_out.38a7fyhsvjn6z0qy.rcgu.o" "-Wl,--as-needed" "-L" "/opt/rustwide/target/debug/deps" "-L" "/opt/rustwide/target/debug/deps" "-L" "/opt/rustwide/target/debug/build/ring-c693d58b3ba93099/out" "-L" "/opt/rustwide/rustup-home/toolchains/beta-2023-04-20-x86_64-unknown-linux-gnu/lib/rustlib/x86_64-unknown-linux-gnu/lib" "-Wl,-Bstatic" "/opt/rustwide/target/debug/deps/libmongodm-37a9a235170baa99.rlib" "/opt/rustwide/target/debug/deps/libmongodb-7ebcdac3c5e471fd.rlib" "/opt/rustwide/target/debug/deps/libtokio_util-49a1fac28d1019b5.rlib" "/opt/rustwide/target/debug/deps/libfutures_sink-443c30cbd423d6ef.rlib" "/opt/rustwide/target/debug/deps/libtake_mut-10d1d8a6a83d31a1.rlib" "/opt/rustwide/target/debug/deps/librustc_version_runtime-428b64ed597e4b7c.rlib" "/opt/rustwide/target/debug/deps/librustc_version-c730873ae8d0ee1f.rlib" "/opt/rustwide/target/debug/deps/libsemver-70d1e68fcda05e14.rlib" "/opt/rustwide/target/debug/deps/libsemver_parser-03acc8acbf834953.rlib" "/opt/rustwide/target/debug/deps/libpbkdf2-724dfa89d52f75fa.rlib" "/opt/rustwide/target/debug/deps/libstringprep-a7356e97e4812b08.rlib" "/opt/rustwide/target/debug/deps/libwebpki_roots-35bfbb2c178c754e.rlib" "/opt/rustwide/target/debug/deps/libtokio_rustls-b920ec83618b0a33.rlib" "/opt/rustwide/target/debug/deps/librustls_pemfile-2cdb1105fda109ec.rlib" "/opt/rustwide/target/debug/deps/libbase64-1d8778d69d34a396.rlib" "/opt/rustwide/target/debug/deps/librustls-7fa44cb4e22f64c6.rlib" "/opt/rustwide/target/debug/deps/libsct-17a3a54c5e980f79.rlib" "/opt/rustwide/target/debug/deps/libwebpki-43270a074125d9db.rlib" "/opt/rustwide/target/debug/deps/libring-229d26d16068f45a.rlib" "/opt/rustwide/target/debug/deps/libspin-0ce7eed86e654be1.rlib" "/opt/rustwide/target/debug/deps/libuntrusted-299fbcd347deffe0.rlib" "/opt/rustwide/target/debug/deps/libbitflags-610a73087f46ba3b.rlib" "/opt/rustwide/target/debug/deps/libstrsim-be6ba759f95a5238.rlib" "/opt/rustwide/target/debug/deps/libtrust_dns_resolver-916deec81629ee83.rlib" "/opt/rustwide/target/debug/deps/libresolv_conf-12cb1cd3274763f9.rlib" "/opt/rustwide/target/debug/deps/libhostname-6c44210caf1c837b.rlib" "/opt/rustwide/target/debug/deps/libmatch_cfg-f55f469ac74b7fae.rlib" "/opt/rustwide/target/debug/deps/libquick_error-9f037071f33ff693.rlib" "/opt/rustwide/target/debug/deps/libparking_lot-f7f6cee6cd7c5ec3.rlib" "/opt/rustwide/target/debug/deps/libparking_lot_core-5109f289fa2c326e.rlib" "/opt/rustwide/target/debug/deps/libsmallvec-a078f506e4f080f1.rlib" "/opt/rustwide/target/debug/deps/liblock_api-83dbbbc23913e320.rlib" "/opt/rustwide/target/debug/deps/libscopeguard-54ff2283d814f48f.rlib" "/opt/rustwide/target/debug/deps/liblru_cache-60837a0836101b08.rlib" "/opt/rustwide/target/debug/deps/liblinked_hash_map-7399290165bf36d1.rlib" "/opt/rustwide/target/debug/deps/libtrust_dns_proto-d27236c35e2d930e.rlib" "/opt/rustwide/target/debug/deps/libfutures_channel-e95a4e3d71f892cb.rlib" "/opt/rustwide/target/debug/deps/libdata_encoding-90df24cfc1a721e9.rlib" "/opt/rustwide/target/debug/deps/liburl-d94be37c9a9a891b.rlib" "/opt/rustwide/target/debug/deps/libidna-03b9880e1a6c6c5a.rlib" "/opt/rustwide/target/debug/deps/libform_urlencoded-c6dce5f233f9dc81.rlib" "/opt/rustwide/target/debug/deps/libpercent_encoding-4a77b5e8a25d80c2.rlib" "/opt/rustwide/target/debug/deps/libipnet-c447aff94ce34889.rlib" "/opt/rustwide/target/debug/deps/libidna-667defed94d54745.rlib" "/opt/rustwide/target/debug/deps/libunicode_normalization-b37b8c0875a4acb3.rlib" "/opt/rustwide/target/debug/deps/libunicode_bidi-ea0067a9d9ceb7ae.rlib" "/opt/rustwide/target/debug/deps/libmatches-3d99511b2ef688f3.rlib" "/opt/rustwide/target/debug/deps/libtinyvec-7b8097d45487fe96.rlib" "/opt/rustwide/target/debug/deps/libtinyvec_macros-ece230c108b3ca46.rlib" "/opt/rustwide/target/debug/deps/libthiserror-ea25184d645ab08d.rlib" "/opt/rustwide/target/debug/deps/libfutures_util-21483747ea65565d.rlib" "/opt/rustwide/target/debug/deps/libmemchr-f4ebff342237ab92.rlib" "/opt/rustwide/target/debug/deps/libfutures_io-d85037e34bc73c7b.rlib" "/opt/rustwide/target/debug/deps/libslab-7f8e952f3c0ab3c4.rlib" "/opt/rustwide/target/debug/deps/libfutures_task-34a0ee1d6c1607f4.rlib" "/opt/rustwide/target/debug/deps/libpin_utils-501725f4e360d46d.rlib" "/opt/rustwide/target/debug/deps/libtokio-52b40c761de0c656.rlib" "/opt/rustwide/target/debug/deps/libsignal_hook_registry-9a786e9b5360f754.rlib" "/opt/rustwide/target/debug/deps/libnum_cpus-f4115bed07ed9459.rlib" "/opt/rustwide/target/debug/deps/libsocket2-1b0387b73112eaa4.rlib" "/opt/rustwide/target/debug/deps/libbytes-ae855e71327d1b48.rlib" "/opt/rustwide/target/debug/deps/libmio-a099621ab0d03a62.rlib" "/opt/rustwide/target/debug/deps/liblog-6f3e788ba8b980aa.rlib" "/opt/rustwide/target/debug/deps/libpin_project_lite-3a747526c5b5aadd.rlib" "/opt/rustwide/target/debug/deps/libsha2-be808ae971631b49.rlib" "/opt/rustwide/target/debug/deps/libsha1-5ad2d2a8e3baa0c8.rlib" "/opt/rustwide/target/debug/deps/libcpufeatures-0f0110a80264e9a3.rlib" "/opt/rustwide/target/debug/deps/libmd5-43c7e014c084dd94.rlib" "/opt/rustwide/target/debug/deps/libhmac-9383effaca7ff2c8.rlib" "/opt/rustwide/target/debug/deps/libdigest-9cbc7d6ef62c59ea.rlib" "/opt/rustwide/target/debug/deps/libsubtle-0ca152887405db79.rlib" "/opt/rustwide/target/debug/deps/libblock_buffer-ead7ac24cb8f6816.rlib" "/opt/rustwide/target/debug/deps/libcrypto_common-ec1c12c6914c72dd.rlib" "/opt/rustwide/target/debug/deps/libgeneric_array-adc66a5ae99496bf.rlib" "/opt/rustwide/target/debug/deps/libtypenum-ca960b6272e61653.rlib" "/opt/rustwide/target/debug/deps/libfutures_core-63bdc54a682e7df4.rlib" "/opt/rustwide/target/debug/deps/libserde_with-1aa96745c1217ac3.rlib" "/opt/rustwide/target/debug/deps/libbson-387272b576f81ed3.rlib" "/opt/rustwide/target/debug/deps/libuuid-226e24f1df265b9b.rlib" "/opt/rustwide/target/debug/deps/libbase64-0c872e3f7d1ba17a.rlib" "/opt/rustwide/target/debug/deps/liblazy_static-86422d76b8bd90ed.rlib" "/opt/rustwide/target/debug/deps/librand-72dc32cea1cdf568.rlib" "/opt/rustwide/target/debug/deps/librand_chacha-2225d4c651a46875.rlib" "/opt/rustwide/target/debug/deps/libppv_lite86-79b67cdd215cb07c.rlib" "/opt/rustwide/target/debug/deps/librand_core-bf23f52ef067ef7d.rlib" "/opt/rustwide/target/debug/deps/libhex-edafc8b2917f78c9.rlib" "/opt/rustwide/target/debug/deps/libahash-e3ff7fb3a623ec66.rlib" "/opt/rustwide/target/debug/deps/libgetrandom-a0d2c60623646d27.rlib" "/opt/rustwide/target/debug/deps/liblibc-437468c9c78eaf61.rlib" "/opt/rustwide/target/debug/deps/libcfg_if-97437e183f3ae6e4.rlib" "/opt/rustwide/target/debug/deps/libonce_cell-6e2c69a7e7e20deb.rlib" "/opt/rustwide/target/debug/deps/libbitvec-29f7734068377a67.rlib" "/opt/rustwide/target/debug/deps/libwyz-c4d8beece0370369.rlib" "/opt/rustwide/target/debug/deps/libtap-a30d5c744f315154.rlib" "/opt/rustwide/target/debug/deps/libradium-4a7ac497a34a527b.rlib" "/opt/rustwide/target/debug/deps/libfunty-b42bd55c93be3ff1.rlib" "/opt/rustwide/target/debug/deps/libserde_bytes-0f0808a73cd47288.rlib" "/opt/rustwide/target/debug/deps/libtime-7460c8665c9c0cb3.rlib" "/opt/rustwide/target/debug/deps/libtime_core-a3d7b585438a9184.rlib" "/opt/rustwide/target/debug/deps/libserde_json-add477eb295b38d5.rlib" "/opt/rustwide/target/debug/deps/libryu-b5fa14faef1dcf3b.rlib" "/opt/rustwide/target/debug/deps/libitoa-ef51536650fd4ae2.rlib" "/opt/rustwide/target/debug/deps/libindexmap-483d6a6f45855717.rlib" "/opt/rustwide/target/debug/deps/libhashbrown-14a936eea4e6bab4.rlib" "/opt/rustwide/target/debug/deps/libserde-d8cdb92ab9864273.rlib" "/opt/rustwide/rustup-home/toolchains/beta-2023-04-20-x86_64-unknown-linux-gnu/lib/rustlib/x86_64-unknown-linux-gnu/lib/libstd-0e29cc23c5e02021.rlib" "/opt/rustwide/rustup-home/toolchains/beta-2023-04-20-x86_64-unknown-linux-gnu/lib/rustlib/x86_64-unknown-linux-gnu/lib/libpanic_unwind-d903621768a861d9.rlib" "/opt/rustwide/rustup-home/toolchains/beta-2023-04-20-x86_64-unknown-linux-gnu/lib/rustlib/x86_64-unknown-linux-gnu/lib/libobject-6d0225e655f31c13.rlib" "/opt/rustwide/rustup-home/toolchains/beta-2023-04-20-x86_64-unknown-linux-gnu/lib/rustlib/x86_64-unknown-linux-gnu/lib/libmemchr-9dbaf4eac7eaa079.rlib" "/opt/rustwide/rustup-home/toolchains/beta-2023-04-20-x86_64-unknown-linux-gnu/lib/rustlib/x86_64-unknown-linux-gnu/lib/libaddr2line-27f05b3d42a66dd0.rlib" "/opt/rustwide/rustup-home/toolchains/beta-2023-04-20-x86_64-unknown-linux-gnu/lib/rustlib/x86_64-unknown-linux-gnu/lib/libgimli-4d73f1030321c9a2.rlib" "/opt/rustwide/rustup-home/toolchains/beta-2023-04-20-x86_64-unknown-linux-gnu/lib/rustlib/x86_64-unknown-linux-gnu/lib/librustc_demangle-2846c9e58abd0acb.rlib" "/opt/rustwide/rustup-home/toolchains/beta-2023-04-20-x86_64-unknown-linux-gnu/lib/rustlib/x86_64-unknown-linux-gnu/lib/libstd_detect-a53d0f50415947be.rlib" "/opt/rustwide/rustup-home/toolchains/beta-2023-04-20-x86_64-unknown-linux-gnu/lib/rustlib/x86_64-unknown-linux-gnu/lib/libhashbrown-d48e4b6abc25b9dc.rlib" "/opt/rustwide/rustup-home/toolchains/beta-2023-04-20-x86_64-unknown-linux-gnu/lib/rustlib/x86_64-unknown-linux-gnu/lib/libminiz_oxide-2991859439ef1207.rlib" "/opt/rustwide/rustup-home/toolchains/beta-2023-04-20-x86_64-unknown-linux-gnu/lib/rustlib/x86_64-unknown-linux-gnu/lib/libadler-8a687517e4221bae.rlib" "/opt/rustwide/rustup-home/toolchains/beta-2023-04-20-x86_64-unknown-linux-gnu/lib/rustlib/x86_64-unknown-linux-gnu/lib/librustc_std_workspace_alloc-e07b554f6a67f5b3.rlib" "/opt/rustwide/rustup-home/toolchains/beta-2023-04-20-x86_64-unknown-linux-gnu/lib/rustlib/x86_64-unknown-linux-gnu/lib/libunwind-b68238b7c3c619dd.rlib" "/opt/rustwide/rustup-home/toolchains/beta-2023-04-20-x86_64-unknown-linux-gnu/lib/rustlib/x86_64-unknown-linux-gnu/lib/libcfg_if-d5e213e896c017e4.rlib" "/opt/rustwide/rustup-home/toolchains/beta-2023-04-20-x86_64-unknown-linux-gnu/lib/rustlib/x86_64-unknown-linux-gnu/lib/liblibc-0211a3b2e61d8689.rlib" "/opt/rustwide/rustup-home/toolchains/beta-2023-04-20-x86_64-unknown-linux-gnu/lib/rustlib/x86_64-unknown-linux-gnu/lib/liballoc-b371f055239ba51f.rlib" "/opt/rustwide/rustup-home/toolchains/beta-2023-04-20-x86_64-unknown-linux-gnu/lib/rustlib/x86_64-unknown-linux-gnu/lib/librustc_std_workspace_core-e60518d2760eb01e.rlib" "/opt/rustwide/rustup-home/toolchains/beta-2023-04-20-x86_64-unknown-linux-gnu/lib/rustlib/x86_64-unknown-linux-gnu/lib/libcore-1ad943f92a4b1081.rlib" "/opt/rustwide/rustup-home/toolchains/beta-2023-04-20-x86_64-unknown-linux-gnu/lib/rustlib/x86_64-unknown-linux-gnu/lib/libcompiler_builtins-f0d6e4d0fc1e80b4.rlib" "-Wl,-Bdynamic" "-lgcc_s" "-lutil" "-lrt" "-lpthread" "-lm" "-ldl" "-lc" "-Wl,--eh-frame-hdr" "-Wl,-z,noexecstack" "-L" "/opt/rustwide/rustup-home/toolchains/beta-2023-04-20-x86_64-unknown-linux-gnu/lib/rustlib/x86_64-unknown-linux-gnu/lib" "-o" "/tmp/rustdoctestyIKlYq/rust_out" "-Wl,--gc-sections" "-pie" "-Wl,-z,relro,-z,now" "-nodefaultlibs"
[INFO] [stdout]   = note: collect2: fatal error: ld terminated with signal 9 [Killed]
[INFO] [stdout]           compilation terminated.
[INFO] [stdout]           
[INFO] [stdout] 
[INFO] [stdout] error: aborting due to previous error
[INFO] [stdout] 
[INFO] [stdout] Couldn't compile the test.
[INFO] [stdout] ---- src/macros.rs - macros::pipeline (line 299) stdout ----
[INFO] [stdout] error: linking with `cc` failed: exit status: 1
[INFO] [stdout]   |
[INFO] [stdout]   = note: LC_ALL="C" PATH="/opt/rustwide/rustup-home/toolchains/beta-2023-04-20-x86_64-unknown-linux-gnu/lib/rustlib/x86_64-unknown-linux-gnu/bin:/opt/rustwide/cargo-home/bin:/usr/local/sbin:/usr/local/bin:/usr/sbin:/usr/bin:/sbin:/bin" VSLANG="1033" "cc" "-m64" "/tmp/rustcnLjNay/symbols.o" "/tmp/rustdoctestxqRaiG/rust_out.rust_out.c38b68ff-cgu.0.rcgu.o" "/tmp/rustdoctestxqRaiG/rust_out.38a7fyhsvjn6z0qy.rcgu.o" "-Wl,--as-needed" "-L" "/opt/rustwide/target/debug/deps" "-L" "/opt/rustwide/target/debug/deps" "-L" "/opt/rustwide/target/debug/build/ring-c693d58b3ba93099/out" "-L" "/opt/rustwide/rustup-home/toolchains/beta-2023-04-20-x86_64-unknown-linux-gnu/lib/rustlib/x86_64-unknown-linux-gnu/lib" "-Wl,-Bstatic" "/opt/rustwide/target/debug/deps/libmongodm-37a9a235170baa99.rlib" "/opt/rustwide/target/debug/deps/libmongodb-7ebcdac3c5e471fd.rlib" "/opt/rustwide/target/debug/deps/libtokio_util-49a1fac28d1019b5.rlib" "/opt/rustwide/target/debug/deps/libfutures_sink-443c30cbd423d6ef.rlib" "/opt/rustwide/target/debug/deps/libtake_mut-10d1d8a6a83d31a1.rlib" "/opt/rustwide/target/debug/deps/librustc_version_runtime-428b64ed597e4b7c.rlib" "/opt/rustwide/target/debug/deps/librustc_version-c730873ae8d0ee1f.rlib" "/opt/rustwide/target/debug/deps/libsemver-70d1e68fcda05e14.rlib" "/opt/rustwide/target/debug/deps/libsemver_parser-03acc8acbf834953.rlib" "/opt/rustwide/target/debug/deps/libpbkdf2-724dfa89d52f75fa.rlib" "/opt/rustwide/target/debug/deps/libstringprep-a7356e97e4812b08.rlib" "/opt/rustwide/target/debug/deps/libwebpki_roots-35bfbb2c178c754e.rlib" "/opt/rustwide/target/debug/deps/libtokio_rustls-b920ec83618b0a33.rlib" "/opt/rustwide/target/debug/deps/librustls_pemfile-2cdb1105fda109ec.rlib" "/opt/rustwide/target/debug/deps/libbase64-1d8778d69d34a396.rlib" "/opt/rustwide/target/debug/deps/librustls-7fa44cb4e22f64c6.rlib" "/opt/rustwide/target/debug/deps/libsct-17a3a54c5e980f79.rlib" "/opt/rustwide/target/debug/deps/libwebpki-43270a074125d9db.rlib" "/opt/rustwide/target/debug/deps/libring-229d26d16068f45a.rlib" "/opt/rustwide/target/debug/deps/libspin-0ce7eed86e654be1.rlib" "/opt/rustwide/target/debug/deps/libuntrusted-299fbcd347deffe0.rlib" "/opt/rustwide/target/debug/deps/libbitflags-610a73087f46ba3b.rlib" "/opt/rustwide/target/debug/deps/libstrsim-be6ba759f95a5238.rlib" "/opt/rustwide/target/debug/deps/libtrust_dns_resolver-916deec81629ee83.rlib" "/opt/rustwide/target/debug/deps/libresolv_conf-12cb1cd3274763f9.rlib" "/opt/rustwide/target/debug/deps/libhostname-6c44210caf1c837b.rlib" "/opt/rustwide/target/debug/deps/libmatch_cfg-f55f469ac74b7fae.rlib" "/opt/rustwide/target/debug/deps/libquick_error-9f037071f33ff693.rlib" "/opt/rustwide/target/debug/deps/libparking_lot-f7f6cee6cd7c5ec3.rlib" "/opt/rustwide/target/debug/deps/libparking_lot_core-5109f289fa2c326e.rlib" "/opt/rustwide/target/debug/deps/libsmallvec-a078f506e4f080f1.rlib" "/opt/rustwide/target/debug/deps/liblock_api-83dbbbc23913e320.rlib" "/opt/rustwide/target/debug/deps/libscopeguard-54ff2283d814f48f.rlib" "/opt/rustwide/target/debug/deps/liblru_cache-60837a0836101b08.rlib" "/opt/rustwide/target/debug/deps/liblinked_hash_map-7399290165bf36d1.rlib" "/opt/rustwide/target/debug/deps/libtrust_dns_proto-d27236c35e2d930e.rlib" "/opt/rustwide/target/debug/deps/libfutures_channel-e95a4e3d71f892cb.rlib" "/opt/rustwide/target/debug/deps/libdata_encoding-90df24cfc1a721e9.rlib" "/opt/rustwide/target/debug/deps/liburl-d94be37c9a9a891b.rlib" "/opt/rustwide/target/debug/deps/libidna-03b9880e1a6c6c5a.rlib" "/opt/rustwide/target/debug/deps/libform_urlencoded-c6dce5f233f9dc81.rlib" "/opt/rustwide/target/debug/deps/libpercent_encoding-4a77b5e8a25d80c2.rlib" "/opt/rustwide/target/debug/deps/libipnet-c447aff94ce34889.rlib" "/opt/rustwide/target/debug/deps/libidna-667defed94d54745.rlib" "/opt/rustwide/target/debug/deps/libunicode_normalization-b37b8c0875a4acb3.rlib" "/opt/rustwide/target/debug/deps/libunicode_bidi-ea0067a9d9ceb7ae.rlib" "/opt/rustwide/target/debug/deps/libmatches-3d99511b2ef688f3.rlib" "/opt/rustwide/target/debug/deps/libtinyvec-7b8097d45487fe96.rlib" "/opt/rustwide/target/debug/deps/libtinyvec_macros-ece230c108b3ca46.rlib" "/opt/rustwide/target/debug/deps/libthiserror-ea25184d645ab08d.rlib" "/opt/rustwide/target/debug/deps/libfutures_util-21483747ea65565d.rlib" "/opt/rustwide/target/debug/deps/libmemchr-f4ebff342237ab92.rlib" "/opt/rustwide/target/debug/deps/libfutures_io-d85037e34bc73c7b.rlib" "/opt/rustwide/target/debug/deps/libslab-7f8e952f3c0ab3c4.rlib" "/opt/rustwide/target/debug/deps/libfutures_task-34a0ee1d6c1607f4.rlib" "/opt/rustwide/target/debug/deps/libpin_utils-501725f4e360d46d.rlib" "/opt/rustwide/target/debug/deps/libtokio-52b40c761de0c656.rlib" "/opt/rustwide/target/debug/deps/libsignal_hook_registry-9a786e9b5360f754.rlib" "/opt/rustwide/target/debug/deps/libnum_cpus-f4115bed07ed9459.rlib" "/opt/rustwide/target/debug/deps/libsocket2-1b0387b73112eaa4.rlib" "/opt/rustwide/target/debug/deps/libbytes-ae855e71327d1b48.rlib" "/opt/rustwide/target/debug/deps/libmio-a099621ab0d03a62.rlib" "/opt/rustwide/target/debug/deps/liblog-6f3e788ba8b980aa.rlib" "/opt/rustwide/target/debug/deps/libpin_project_lite-3a747526c5b5aadd.rlib" "/opt/rustwide/target/debug/deps/libsha2-be808ae971631b49.rlib" "/opt/rustwide/target/debug/deps/libsha1-5ad2d2a8e3baa0c8.rlib" "/opt/rustwide/target/debug/deps/libcpufeatures-0f0110a80264e9a3.rlib" "/opt/rustwide/target/debug/deps/libmd5-43c7e014c084dd94.rlib" "/opt/rustwide/target/debug/deps/libhmac-9383effaca7ff2c8.rlib" "/opt/rustwide/target/debug/deps/libdigest-9cbc7d6ef62c59ea.rlib" "/opt/rustwide/target/debug/deps/libsubtle-0ca152887405db79.rlib" "/opt/rustwide/target/debug/deps/libblock_buffer-ead7ac24cb8f6816.rlib" "/opt/rustwide/target/debug/deps/libcrypto_common-ec1c12c6914c72dd.rlib" "/opt/rustwide/target/debug/deps/libgeneric_array-adc66a5ae99496bf.rlib" "/opt/rustwide/target/debug/deps/libtypenum-ca960b6272e61653.rlib" "/opt/rustwide/target/debug/deps/libfutures_core-63bdc54a682e7df4.rlib" "/opt/rustwide/target/debug/deps/libserde_with-1aa96745c1217ac3.rlib" "/opt/rustwide/target/debug/deps/libbson-387272b576f81ed3.rlib" "/opt/rustwide/target/debug/deps/libuuid-226e24f1df265b9b.rlib" "/opt/rustwide/target/debug/deps/libbase64-0c872e3f7d1ba17a.rlib" "/opt/rustwide/target/debug/deps/liblazy_static-86422d76b8bd90ed.rlib" "/opt/rustwide/target/debug/deps/librand-72dc32cea1cdf568.rlib" "/opt/rustwide/target/debug/deps/librand_chacha-2225d4c651a46875.rlib" "/opt/rustwide/target/debug/deps/libppv_lite86-79b67cdd215cb07c.rlib" "/opt/rustwide/target/debug/deps/librand_core-bf23f52ef067ef7d.rlib" "/opt/rustwide/target/debug/deps/libhex-edafc8b2917f78c9.rlib" "/opt/rustwide/target/debug/deps/libahash-e3ff7fb3a623ec66.rlib" "/opt/rustwide/target/debug/deps/libgetrandom-a0d2c60623646d27.rlib" "/opt/rustwide/target/debug/deps/liblibc-437468c9c78eaf61.rlib" "/opt/rustwide/target/debug/deps/libcfg_if-97437e183f3ae6e4.rlib" "/opt/rustwide/target/debug/deps/libonce_cell-6e2c69a7e7e20deb.rlib" "/opt/rustwide/target/debug/deps/libbitvec-29f7734068377a67.rlib" "/opt/rustwide/target/debug/deps/libwyz-c4d8beece0370369.rlib" "/opt/rustwide/target/debug/deps/libtap-a30d5c744f315154.rlib" "/opt/rustwide/target/debug/deps/libradium-4a7ac497a34a527b.rlib" "/opt/rustwide/target/debug/deps/libfunty-b42bd55c93be3ff1.rlib" "/opt/rustwide/target/debug/deps/libserde_bytes-0f0808a73cd47288.rlib" "/opt/rustwide/target/debug/deps/libtime-7460c8665c9c0cb3.rlib" "/opt/rustwide/target/debug/deps/libtime_core-a3d7b585438a9184.rlib" "/opt/rustwide/target/debug/deps/libserde_json-add477eb295b38d5.rlib" "/opt/rustwide/target/debug/deps/libryu-b5fa14faef1dcf3b.rlib" "/opt/rustwide/target/debug/deps/libitoa-ef51536650fd4ae2.rlib" "/opt/rustwide/target/debug/deps/libindexmap-483d6a6f45855717.rlib" "/opt/rustwide/target/debug/deps/libhashbrown-14a936eea4e6bab4.rlib" "/opt/rustwide/target/debug/deps/libserde-d8cdb92ab9864273.rlib" "/opt/rustwide/rustup-home/toolchains/beta-2023-04-20-x86_64-unknown-linux-gnu/lib/rustlib/x86_64-unknown-linux-gnu/lib/libstd-0e29cc23c5e02021.rlib" "/opt/rustwide/rustup-home/toolchains/beta-2023-04-20-x86_64-unknown-linux-gnu/lib/rustlib/x86_64-unknown-linux-gnu/lib/libpanic_unwind-d903621768a861d9.rlib" "/opt/rustwide/rustup-home/toolchains/beta-2023-04-20-x86_64-unknown-linux-gnu/lib/rustlib/x86_64-unknown-linux-gnu/lib/libobject-6d0225e655f31c13.rlib" "/opt/rustwide/rustup-home/toolchains/beta-2023-04-20-x86_64-unknown-linux-gnu/lib/rustlib/x86_64-unknown-linux-gnu/lib/libmemchr-9dbaf4eac7eaa079.rlib" "/opt/rustwide/rustup-home/toolchains/beta-2023-04-20-x86_64-unknown-linux-gnu/lib/rustlib/x86_64-unknown-linux-gnu/lib/libaddr2line-27f05b3d42a66dd0.rlib" "/opt/rustwide/rustup-home/toolchains/beta-2023-04-20-x86_64-unknown-linux-gnu/lib/rustlib/x86_64-unknown-linux-gnu/lib/libgimli-4d73f1030321c9a2.rlib" "/opt/rustwide/rustup-home/toolchains/beta-2023-04-20-x86_64-unknown-linux-gnu/lib/rustlib/x86_64-unknown-linux-gnu/lib/librustc_demangle-2846c9e58abd0acb.rlib" "/opt/rustwide/rustup-home/toolchains/beta-2023-04-20-x86_64-unknown-linux-gnu/lib/rustlib/x86_64-unknown-linux-gnu/lib/libstd_detect-a53d0f50415947be.rlib" "/opt/rustwide/rustup-home/toolchains/beta-2023-04-20-x86_64-unknown-linux-gnu/lib/rustlib/x86_64-unknown-linux-gnu/lib/libhashbrown-d48e4b6abc25b9dc.rlib" "/opt/rustwide/rustup-home/toolchains/beta-2023-04-20-x86_64-unknown-linux-gnu/lib/rustlib/x86_64-unknown-linux-gnu/lib/libminiz_oxide-2991859439ef1207.rlib" "/opt/rustwide/rustup-home/toolchains/beta-2023-04-20-x86_64-unknown-linux-gnu/lib/rustlib/x86_64-unknown-linux-gnu/lib/libadler-8a687517e4221bae.rlib" "/opt/rustwide/rustup-home/toolchains/beta-2023-04-20-x86_64-unknown-linux-gnu/lib/rustlib/x86_64-unknown-linux-gnu/lib/librustc_std_workspace_alloc-e07b554f6a67f5b3.rlib" "/opt/rustwide/rustup-home/toolchains/beta-2023-04-20-x86_64-unknown-linux-gnu/lib/rustlib/x86_64-unknown-linux-gnu/lib/libunwind-b68238b7c3c619dd.rlib" "/opt/rustwide/rustup-home/toolchains/beta-2023-04-20-x86_64-unknown-linux-gnu/lib/rustlib/x86_64-unknown-linux-gnu/lib/libcfg_if-d5e213e896c017e4.rlib" "/opt/rustwide/rustup-home/toolchains/beta-2023-04-20-x86_64-unknown-linux-gnu/lib/rustlib/x86_64-unknown-linux-gnu/lib/liblibc-0211a3b2e61d8689.rlib" "/opt/rustwide/rustup-home/toolchains/beta-2023-04-20-x86_64-unknown-linux-gnu/lib/rustlib/x86_64-unknown-linux-gnu/lib/liballoc-b371f055239ba51f.rlib" "/opt/rustwide/rustup-home/toolchains/beta-2023-04-20-x86_64-unknown-linux-gnu/lib/rustlib/x86_64-unknown-linux-gnu/lib/librustc_std_workspace_core-e60518d2760eb01e.rlib" "/opt/rustwide/rustup-home/toolchains/beta-2023-04-20-x86_64-unknown-linux-gnu/lib/rustlib/x86_64-unknown-linux-gnu/lib/libcore-1ad943f92a4b1081.rlib" "/opt/rustwide/rustup-home/toolchains/beta-2023-04-20-x86_64-unknown-linux-gnu/lib/rustlib/x86_64-unknown-linux-gnu/lib/libcompiler_builtins-f0d6e4d0fc1e80b4.rlib" "-Wl,-Bdynamic" "-lgcc_s" "-lutil" "-lrt" "-lpthread" "-lm" "-ldl" "-lc" "-Wl,--eh-frame-hdr" "-Wl,-z,noexecstack" "-L" "/opt/rustwide/rustup-home/toolchains/beta-2023-04-20-x86_64-unknown-linux-gnu/lib/rustlib/x86_64-unknown-linux-gnu/lib" "-o" "/tmp/rustdoctestxqRaiG/rust_out" "-Wl,--gc-sections" "-pie" "-Wl,-z,relro,-z,now" "-nodefaultlibs"
[INFO] [stdout]   = note: collect2: fatal error: ld terminated with signal 9 [Killed]
[INFO] [stdout]           compilation terminated.
[INFO] [stdout]           
[INFO] [stdout] 
[INFO] [stdout] error: aborting due to previous error
[INFO] [stdout] 
[INFO] [stdout] Couldn't compile the test.
[INFO] [stdout] 
[INFO] [stdout] failures:
[INFO] [stdout]     src/macros.rs - macros::field (line 7)
[INFO] [stdout]     src/macros.rs - macros::pipeline (line 299)
[INFO] [stdout] 
[INFO] [stdout] test result: FAILED. 12 passed; 2 failed; 2 ignored; 0 measured; 0 filtered out; finished in 5.00s
[INFO] [stdout] 
[INFO] [stderr] error: doctest failed, to rerun pass `--doc`
[INFO] running `Command { std: "docker" "inspect" "fd80b2e82bbfba028831ec631af513ce962e0eabb523bf756b1d48cb47c8b9dd", kill_on_drop: false }`
[INFO] running `Command { std: "docker" "rm" "-f" "fd80b2e82bbfba028831ec631af513ce962e0eabb523bf756b1d48cb47c8b9dd", kill_on_drop: false }`
[INFO] [stdout] fd80b2e82bbfba028831ec631af513ce962e0eabb523bf756b1d48cb47c8b9dd
