[INFO] cloning repository https://github.com/bbroeking/terra-hackathon-homework
[INFO] running `Command { std: "git" "-c" "credential.helper=" "-c" "credential.helper=/workspace/cargo-home/bin/git-credential-null" "clone" "--bare" "https://github.com/bbroeking/terra-hackathon-homework" "/workspace/cache/git-repos/https%3A%2F%2Fgithub.com%2Fbbroeking%2Fterra-hackathon-homework", kill_on_drop: false }`
[INFO] [stderr] Cloning into bare repository '/workspace/cache/git-repos/https%3A%2F%2Fgithub.com%2Fbbroeking%2Fterra-hackathon-homework'...
[INFO] running `Command { std: "git" "rev-parse" "HEAD", kill_on_drop: false }`
[INFO] [stdout] a8d59fe810026c2af73aa69ae279e22e92088363
[INFO] testing bbroeking/terra-hackathon-homework against beta-2023-04-20 for beta-1.70-1
[INFO] running `Command { std: "git" "clone" "/workspace/cache/git-repos/https%3A%2F%2Fgithub.com%2Fbbroeking%2Fterra-hackathon-homework" "/workspace/builds/worker-1-tc2/source", kill_on_drop: false }`
[INFO] [stderr] Cloning into '/workspace/builds/worker-1-tc2/source'...
[INFO] [stderr] done.
[INFO] validating manifest of git repo https://github.com/bbroeking/terra-hackathon-homework on toolchain beta-2023-04-20
[INFO] running `Command { std: CARGO_HOME="/workspace/cargo-home" RUSTUP_HOME="/workspace/rustup-home" "/workspace/cargo-home/bin/cargo" "+beta-2023-04-20" "metadata" "--manifest-path" "Cargo.toml" "--no-deps", kill_on_drop: false }`
[INFO] started tweaking git repo https://github.com/bbroeking/terra-hackathon-homework
[INFO] finished tweaking git repo https://github.com/bbroeking/terra-hackathon-homework
[INFO] tweaked toml for git repo https://github.com/bbroeking/terra-hackathon-homework written to /workspace/builds/worker-1-tc2/source/Cargo.toml
[INFO] crate git repo https://github.com/bbroeking/terra-hackathon-homework already has a lockfile, it will not be regenerated
[INFO] running `Command { std: CARGO_HOME="/workspace/cargo-home" RUSTUP_HOME="/workspace/rustup-home" "/workspace/cargo-home/bin/cargo" "+beta-2023-04-20" "fetch" "--manifest-path" "Cargo.toml", kill_on_drop: false }`
[INFO] [stderr]     Updating crates.io index
[INFO] [stderr]  Downloading crates ...
[INFO] [stderr]   Downloaded cosmwasm-derive v0.16.7
[INFO] [stderr]   Downloaded cosmwasm-storage v0.16.7
[INFO] [stderr]   Downloaded cosmwasm-schema v0.16.7
[INFO] [stderr]   Downloaded cw-asset v0.3.5
[INFO] [stderr]   Downloaded cw20 v0.9.1
[INFO] [stderr]   Downloaded cw0 v0.9.1
[INFO] [stderr]   Downloaded terra-cosmwasm v2.2.0
[INFO] [stderr]   Downloaded cw20-legacy v0.2.0
[INFO] [stderr]   Downloaded cw20-base v0.8.1
[INFO] [stderr]   Downloaded cosmwasm-crypto v0.16.7
[INFO] [stderr]   Downloaded cw20 v0.8.1
[INFO] [stderr]   Downloaded cw2 v0.8.1
[INFO] [stderr]   Downloaded cw0 v0.8.1
[INFO] [stderr]   Downloaded cw-storage-plus v0.8.1
[INFO] [stderr]   Downloaded cosmwasm-std v0.16.7
[INFO] running `Command { std: "docker" "create" "-v" "/var/lib/crater-agent-workspace/builds/worker-1-tc2/target:/opt/rustwide/target:rw,Z" "-v" "/var/lib/crater-agent-workspace/builds/worker-1-tc2/source:/opt/rustwide/workdir:ro,Z" "-v" "/var/lib/crater-agent-workspace/cargo-home:/opt/rustwide/cargo-home:ro,Z" "-v" "/var/lib/crater-agent-workspace/rustup-home:/opt/rustwide/rustup-home:ro,Z" "-e" "SOURCE_DIR=/opt/rustwide/workdir" "-e" "CARGO_TARGET_DIR=/opt/rustwide/target" "-e" "CARGO_HOME=/opt/rustwide/cargo-home" "-e" "RUSTUP_HOME=/opt/rustwide/rustup-home" "-w" "/opt/rustwide/workdir" "-m" "1610612736" "--user" "0:0" "--network" "none" "ghcr.io/rust-lang/crates-build-env/linux@sha256:5ff2268d62e97bff2cde7d5815dd6ed5b47097566f13b8d0ca110b04b60e07ed" "/opt/rustwide/cargo-home/bin/cargo" "+beta-2023-04-20" "metadata" "--no-deps" "--format-version=1", kill_on_drop: false }`
[INFO] [stdout] 755d0378c958f4de48ee9d3adc8209597307c7a79409bbf0beacd75bcd4bedf5
[INFO] running `Command { std: "docker" "start" "-a" "755d0378c958f4de48ee9d3adc8209597307c7a79409bbf0beacd75bcd4bedf5", kill_on_drop: false }`
[INFO] running `Command { std: "docker" "inspect" "755d0378c958f4de48ee9d3adc8209597307c7a79409bbf0beacd75bcd4bedf5", kill_on_drop: false }`
[INFO] running `Command { std: "docker" "rm" "-f" "755d0378c958f4de48ee9d3adc8209597307c7a79409bbf0beacd75bcd4bedf5", kill_on_drop: false }`
[INFO] [stdout] 755d0378c958f4de48ee9d3adc8209597307c7a79409bbf0beacd75bcd4bedf5
[INFO] running `Command { std: "docker" "create" "-v" "/var/lib/crater-agent-workspace/builds/worker-1-tc2/target:/opt/rustwide/target:rw,Z" "-v" "/var/lib/crater-agent-workspace/builds/worker-1-tc2/source:/opt/rustwide/workdir:ro,Z" "-v" "/var/lib/crater-agent-workspace/cargo-home:/opt/rustwide/cargo-home:ro,Z" "-v" "/var/lib/crater-agent-workspace/rustup-home:/opt/rustwide/rustup-home:ro,Z" "-e" "SOURCE_DIR=/opt/rustwide/workdir" "-e" "CARGO_TARGET_DIR=/opt/rustwide/target" "-e" "CARGO_INCREMENTAL=0" "-e" "RUST_BACKTRACE=full" "-e" "RUSTFLAGS=--cap-lints=warn" "-e" "RUSTDOCFLAGS=--cap-lints=warn" "-e" "CARGO_HOME=/opt/rustwide/cargo-home" "-e" "RUSTUP_HOME=/opt/rustwide/rustup-home" "-w" "/opt/rustwide/workdir" "-m" "1610612736" "--user" "0:0" "--network" "none" "ghcr.io/rust-lang/crates-build-env/linux@sha256:5ff2268d62e97bff2cde7d5815dd6ed5b47097566f13b8d0ca110b04b60e07ed" "/opt/rustwide/cargo-home/bin/cargo" "+beta-2023-04-20" "build" "--frozen" "--message-format=json", kill_on_drop: false }`
[INFO] [stdout] f43f06716ad12c90eebb50942e4301f61548269843c1eb11618064a6602f678a
[INFO] running `Command { std: "docker" "start" "-a" "f43f06716ad12c90eebb50942e4301f61548269843c1eb11618064a6602f678a", kill_on_drop: false }`
[INFO] [stderr]    Compiling typenum v1.15.0
[INFO] [stderr]    Compiling proc-macro2 v1.0.37
[INFO] [stderr]    Compiling libc v0.2.124
[INFO] [stderr]    Compiling syn v1.0.91
[INFO] [stderr]    Compiling subtle v2.4.1
[INFO] [stderr]    Compiling generic-array v0.14.5
[INFO] [stderr]    Compiling serde v1.0.136
[INFO] [stderr]    Compiling const-oid v0.6.2
[INFO] [stderr]    Compiling zeroize v1.4.3
[INFO] [stderr]    Compiling der v0.4.5
[INFO] [stderr]    Compiling byteorder v1.4.3
[INFO] [stderr]    Compiling cpufeatures v0.2.2
[INFO] [stderr]    Compiling crunchy v0.2.2
[INFO] [stderr]    Compiling schemars v0.8.8
[INFO] [stderr]    Compiling dyn-clone v1.0.5
[INFO] [stderr]    Compiling forward_ref v1.0.0
[INFO] [stderr]    Compiling uint v0.9.3
[INFO] [stderr]    Compiling spki v0.4.1
[INFO] [stderr]    Compiling quote v1.0.18
[INFO] [stderr]    Compiling getrandom v0.2.6
[INFO] [stderr]    Compiling getrandom v0.1.16
[INFO] [stderr]    Compiling pkcs8 v0.7.6
[INFO] [stderr]    Compiling rand_core v0.6.3
[INFO] [stderr]    Compiling rand_core v0.5.1
[INFO] [stderr]    Compiling ff v0.10.1
[INFO] [stderr]    Compiling group v0.10.0
[INFO] [stderr]    Compiling digest v0.9.0
[INFO] [stderr]    Compiling crypto-mac v0.11.1
[INFO] [stderr]    Compiling block-buffer v0.9.0
[INFO] [stderr]    Compiling crypto-bigint v0.2.11
[INFO] [stderr]    Compiling signature v1.3.2
[INFO] [stderr]    Compiling curve25519-dalek v3.2.0
[INFO] [stderr]    Compiling hmac v0.11.0
[INFO] [stderr]    Compiling sha2 v0.9.9
[INFO] [stderr]    Compiling elliptic-curve v0.10.6
[INFO] [stderr]    Compiling ecdsa v0.12.4
[INFO] [stderr]    Compiling k256 v0.9.6
[INFO] [stderr]    Compiling serde_derive_internals v0.25.0
[INFO] [stderr]    Compiling serde_derive v1.0.136
[INFO] [stderr]    Compiling thiserror-impl v1.0.30
[INFO] [stderr]    Compiling schemars_derive v0.8.8
[INFO] [stderr]    Compiling cosmwasm-derive v0.16.7
[INFO] [stderr]    Compiling thiserror v1.0.30
[INFO] [stderr]    Compiling ed25519-zebra v2.2.0
[INFO] [stderr]    Compiling serde_json v1.0.79
[INFO] [stderr]    Compiling serde-json-wasm v0.3.2
[INFO] [stderr]    Compiling cosmwasm-crypto v0.16.7
[INFO] [stderr]    Compiling cosmwasm-std v0.16.7
[INFO] [stderr]    Compiling cw-storage-plus v0.8.1
[INFO] [stderr]    Compiling cw0 v0.8.1
[INFO] [stderr]    Compiling cosmwasm-storage v0.16.7
[INFO] [stderr]    Compiling cw0 v0.9.1
[INFO] [stderr]    Compiling terra-cosmwasm v2.2.0
[INFO] [stderr]    Compiling cw20 v0.8.1
[INFO] [stderr]    Compiling cw2 v0.8.1
[INFO] [stderr]    Compiling cw20 v0.9.1
[INFO] [stderr]    Compiling counter v0.1.0 (/opt/rustwide/workdir/contracts/counter)
[INFO] [stderr]    Compiling cw20-base v0.8.1
[INFO] [stderr]    Compiling swap2 v0.1.0 (/opt/rustwide/workdir/contracts/swap2)
[INFO] [stderr]    Compiling cw-asset v0.3.5
[INFO] [stdout] warning: unused variable: `info`
[INFO] [stdout]   --> contracts/swap2/src/contract.rs:36:5
[INFO] [stdout]    |
[INFO] [stdout] 36 |     info: MessageInfo,
[INFO] [stdout]    |     ^^^^ help: if this is intentional, prefix it with an underscore: `_info`
[INFO] [stdout]    |
[INFO] [stdout]    = note: `#[warn(unused_variables)]` on by default
[INFO] [stdout] 
[INFO] [stdout] 
[INFO] [stdout] warning: unused variable: `env`
[INFO] [stdout]   --> contracts/swap2/src/contract.rs:85:5
[INFO] [stdout]    |
[INFO] [stdout] 85 |     env: Env,
[INFO] [stdout]    |     ^^^ help: if this is intentional, prefix it with an underscore: `_env`
[INFO] [stdout] 
[INFO] [stdout] 
[INFO] [stdout] warning: unused variable: `info`
[INFO] [stdout]    --> contracts/swap2/src/contract.rs:125:5
[INFO] [stdout]     |
[INFO] [stdout] 125 |     info: MessageInfo,
[INFO] [stdout]     |     ^^^^ help: if this is intentional, prefix it with an underscore: `_info`
[INFO] [stdout] 
[INFO] [stdout] 
[INFO] [stdout] warning: unused variable: `amount`
[INFO] [stdout]    --> contracts/swap2/src/contract.rs:126:5
[INFO] [stdout]     |
[INFO] [stdout] 126 |     amount: u64,
[INFO] [stdout]     |     ^^^^^^ help: if this is intentional, prefix it with an underscore: `_amount`
[INFO] [stdout] 
[INFO] [stdout] 
[INFO] [stdout] warning: unused variable: `info`
[INFO] [stdout]    --> contracts/swap2/src/contract.rs:162:5
[INFO] [stdout]     |
[INFO] [stdout] 162 |     info: MessageInfo,
[INFO] [stdout]     |     ^^^^ help: if this is intentional, prefix it with an underscore: `_info`
[INFO] [stdout] 
[INFO] [stdout] 
[INFO] [stdout] warning: unused variable: `amount`
[INFO] [stdout]    --> contracts/swap2/src/contract.rs:163:5
[INFO] [stdout]     |
[INFO] [stdout] 163 |     amount: u64,
[INFO] [stdout]     |     ^^^^^^ help: if this is intentional, prefix it with an underscore: `_amount`
[INFO] [stdout] 
[INFO] [stdout] 
[INFO] [stdout] warning: unused variable: `deps`
[INFO] [stdout]    --> contracts/swap2/src/contract.rs:181:5
[INFO] [stdout]     |
[INFO] [stdout] 181 |     deps: DepsMut,
[INFO] [stdout]     |     ^^^^ help: if this is intentional, prefix it with an underscore: `_deps`
[INFO] [stdout] 
[INFO] [stdout] 
[INFO] [stdout] warning: unused variable: `env`
[INFO] [stdout]    --> contracts/swap2/src/contract.rs:182:5
[INFO] [stdout]     |
[INFO] [stdout] 182 |     env: Env,
[INFO] [stdout]     |     ^^^ help: if this is intentional, prefix it with an underscore: `_env`
[INFO] [stdout] 
[INFO] [stdout] 
[INFO] [stdout] warning: unused variable: `info`
[INFO] [stdout]    --> contracts/swap2/src/contract.rs:202:5
[INFO] [stdout]     |
[INFO] [stdout] 202 |     info: MessageInfo,
[INFO] [stdout]     |     ^^^^ help: if this is intentional, prefix it with an underscore: `_info`
[INFO] [stdout] 
[INFO] [stdout] 
[INFO] [stdout] warning: unused variable: `amount`
[INFO] [stdout]    --> contracts/swap2/src/contract.rs:203:5
[INFO] [stdout]     |
[INFO] [stdout] 203 |     amount: Uint128,
[INFO] [stdout]     |     ^^^^^^ help: if this is intentional, prefix it with an underscore: `_amount`
[INFO] [stdout] 
[INFO] [stdout] 
[INFO] [stderr]    Compiling shared v1.0.0 (/opt/rustwide/workdir/packages/shared)
[INFO] [stderr]    Compiling swap v0.1.0 (/opt/rustwide/workdir/contracts/swap)
[INFO] [stderr]    Compiling oracle v0.1.0 (/opt/rustwide/workdir/contracts/oracle)
[INFO] [stdout] warning: unused import: `ContractInfo`
[INFO] [stdout]  --> contracts/swap/src/contract.rs:4:39
[INFO] [stdout]   |
[INFO] [stdout] 4 |     to_binary, BankMsg, Binary, Coin, ContractInfo, CosmosMsg, Deps, DepsMut, Empty, Env,
[INFO] [stdout]   |                                       ^^^^^^^^^^^^
[INFO] [stdout]   |
[INFO] [stdout]   = note: `#[warn(unused_imports)]` on by default
[INFO] [stdout] 
[INFO] [stdout] 
[INFO] [stdout] warning: unused imports: `BalanceResponse`, `Cw20ReceiveMsg`
[INFO] [stdout]  --> contracts/swap/src/contract.rs:9:12
[INFO] [stdout]   |
[INFO] [stdout] 9 | use cw20::{BalanceResponse, Cw20ReceiveMsg};
[INFO] [stdout]   |            ^^^^^^^^^^^^^^^  ^^^^^^^^^^^^^^
[INFO] [stdout] 
[INFO] [stdout] 
[INFO] [stdout] warning: unused import: `cw20::Cw20ReceiveMsg`
[INFO] [stdout]  --> contracts/swap/src/msg.rs:2:5
[INFO] [stdout]   |
[INFO] [stdout] 2 | use cw20::Cw20ReceiveMsg;
[INFO] [stdout]   |     ^^^^^^^^^^^^^^^^^^^^
[INFO] [stdout] 
[INFO] [stdout] 
[INFO] [stdout] warning: unused variable: `amount`
[INFO] [stdout]   --> contracts/swap/src/contract.rs:49:36
[INFO] [stdout]    |
[INFO] [stdout] 49 |         ExecuteMsg::WithdrawSome { amount } => execute_withdraw_some(deps, env, info)
[INFO] [stdout]    |                                    ^^^^^^ help: try ignoring the field: `amount: _`
[INFO] [stdout]    |
[INFO] [stdout]    = note: `#[warn(unused_variables)]` on by default
[INFO] [stdout] 
[INFO] [stdout] 
[INFO] [stdout] warning: unused variable: `deps`
[INFO] [stdout]   --> contracts/swap/src/contract.rs:54:30
[INFO] [stdout]    |
[INFO] [stdout] 54 | pub fn execute_withdraw_some(deps: DepsMut, env: Env, info: MessageInfo) -> Result<Response, ContractError> {
[INFO] [stdout]    |                              ^^^^ help: if this is intentional, prefix it with an underscore: `_deps`
[INFO] [stdout] 
[INFO] [stdout] 
[INFO] [stdout] warning: unused variable: `env`
[INFO] [stdout]   --> contracts/swap/src/contract.rs:54:45
[INFO] [stdout]    |
[INFO] [stdout] 54 | pub fn execute_withdraw_some(deps: DepsMut, env: Env, info: MessageInfo) -> Result<Response, ContractError> {
[INFO] [stdout]    |                                             ^^^ help: if this is intentional, prefix it with an underscore: `_env`
[INFO] [stdout] 
[INFO] [stdout] 
[INFO] [stdout] warning: unused variable: `info`
[INFO] [stdout]   --> contracts/swap/src/contract.rs:54:55
[INFO] [stdout]    |
[INFO] [stdout] 54 | pub fn execute_withdraw_some(deps: DepsMut, env: Env, info: MessageInfo) -> Result<Response, ContractError> {
[INFO] [stdout]    |                                                       ^^^^ help: if this is intentional, prefix it with an underscore: `_info`
[INFO] [stdout] 
[INFO] [stdout] 
[INFO] [stdout] warning: unused variable: `env`
[INFO] [stdout]   --> contracts/swap/src/contract.rs:66:35
[INFO] [stdout]    |
[INFO] [stdout] 66 | pub fn execute_buy(deps: DepsMut, env: Env, info: MessageInfo) -> Result<Response, ContractError> {
[INFO] [stdout]    |                                   ^^^ help: if this is intentional, prefix it with an underscore: `_env`
[INFO] [stdout] 
[INFO] [stdout] 
[INFO] [stdout] warning: unused variable: `info`
[INFO] [stdout]    --> contracts/swap/src/contract.rs:138:5
[INFO] [stdout]     |
[INFO] [stdout] 138 |     info: MessageInfo,
[INFO] [stdout]     |     ^^^^ help: if this is intentional, prefix it with an underscore: `_info`
[INFO] [stdout] 
[INFO] [stdout] 
[INFO] [stdout] warning: 10 warnings emitted
[INFO] [stdout] 
[INFO] [stdout] 
[INFO] [stderr]    Compiling cw20-legacy v0.2.0
[INFO] [stdout] warning: 9 warnings emitted
[INFO] [stdout] 
[INFO] [stdout] 
[INFO] [stderr]    Compiling cw20_token v0.0.0 (/opt/rustwide/workdir/contracts/cw20_token)
[INFO] [stderr]     Finished dev [unoptimized + debuginfo] target(s) in 15.57s
[INFO] running `Command { std: "docker" "inspect" "f43f06716ad12c90eebb50942e4301f61548269843c1eb11618064a6602f678a", kill_on_drop: false }`
[INFO] running `Command { std: "docker" "rm" "-f" "f43f06716ad12c90eebb50942e4301f61548269843c1eb11618064a6602f678a", kill_on_drop: false }`
[INFO] [stdout] f43f06716ad12c90eebb50942e4301f61548269843c1eb11618064a6602f678a
[INFO] running `Command { std: "docker" "create" "-v" "/var/lib/crater-agent-workspace/builds/worker-1-tc2/target:/opt/rustwide/target:rw,Z" "-v" "/var/lib/crater-agent-workspace/builds/worker-1-tc2/source:/opt/rustwide/workdir:ro,Z" "-v" "/var/lib/crater-agent-workspace/cargo-home:/opt/rustwide/cargo-home:ro,Z" "-v" "/var/lib/crater-agent-workspace/rustup-home:/opt/rustwide/rustup-home:ro,Z" "-e" "SOURCE_DIR=/opt/rustwide/workdir" "-e" "CARGO_TARGET_DIR=/opt/rustwide/target" "-e" "CARGO_INCREMENTAL=0" "-e" "RUST_BACKTRACE=full" "-e" "RUSTFLAGS=--cap-lints=warn" "-e" "RUSTDOCFLAGS=--cap-lints=warn" "-e" "CARGO_HOME=/opt/rustwide/cargo-home" "-e" "RUSTUP_HOME=/opt/rustwide/rustup-home" "-w" "/opt/rustwide/workdir" "-m" "1610612736" "--user" "0:0" "--network" "none" "ghcr.io/rust-lang/crates-build-env/linux@sha256:5ff2268d62e97bff2cde7d5815dd6ed5b47097566f13b8d0ca110b04b60e07ed" "/opt/rustwide/cargo-home/bin/cargo" "+beta-2023-04-20" "test" "--frozen" "--no-run" "--message-format=json", kill_on_drop: false }`
[INFO] [stdout] 34978ff2ca0febeb1fb9955cfe055c5bab2565695f98414ad76b87c4789150fa
[INFO] running `Command { std: "docker" "start" "-a" "34978ff2ca0febeb1fb9955cfe055c5bab2565695f98414ad76b87c4789150fa", kill_on_drop: false }`
[INFO] [stderr]    Compiling cosmwasm-schema v0.16.7
[INFO] [stdout] warning: unused variable: `info`
[INFO] [stdout]   --> contracts/swap2/src/contract.rs:36:5
[INFO] [stdout]    |
[INFO] [stdout] 36 |     info: MessageInfo,
[INFO] [stdout]    |     ^^^^ help: if this is intentional, prefix it with an underscore: `_info`
[INFO] [stdout]    |
[INFO] [stdout]    = note: `#[warn(unused_variables)]` on by default
[INFO] [stdout] 
[INFO] [stdout] 
[INFO] [stdout] warning: unused variable: `env`
[INFO] [stdout]   --> contracts/swap2/src/contract.rs:85:5
[INFO] [stdout]    |
[INFO] [stdout] 85 |     env: Env,
[INFO] [stdout]    |     ^^^ help: if this is intentional, prefix it with an underscore: `_env`
[INFO] [stdout] 
[INFO] [stdout] 
[INFO] [stdout] warning: unused variable: `info`
[INFO] [stdout]    --> contracts/swap2/src/contract.rs:125:5
[INFO] [stdout]     |
[INFO] [stdout] 125 |     info: MessageInfo,
[INFO] [stdout]     |     ^^^^ help: if this is intentional, prefix it with an underscore: `_info`
[INFO] [stdout] 
[INFO] [stdout] 
[INFO] [stdout] warning: unused variable: `amount`
[INFO] [stdout]    --> contracts/swap2/src/contract.rs:126:5
[INFO] [stdout]     |
[INFO] [stdout] 126 |     amount: u64,
[INFO] [stdout]     |     ^^^^^^ help: if this is intentional, prefix it with an underscore: `_amount`
[INFO] [stdout] 
[INFO] [stdout] 
[INFO] [stdout] warning: unused variable: `info`
[INFO] [stdout]    --> contracts/swap2/src/contract.rs:162:5
[INFO] [stdout]     |
[INFO] [stdout] 162 |     info: MessageInfo,
[INFO] [stdout]     |     ^^^^ help: if this is intentional, prefix it with an underscore: `_info`
[INFO] [stdout] 
[INFO] [stdout] 
[INFO] [stdout] warning: unused variable: `amount`
[INFO] [stdout]    --> contracts/swap2/src/contract.rs:163:5
[INFO] [stdout]     |
[INFO] [stdout] 163 |     amount: u64,
[INFO] [stdout]     |     ^^^^^^ help: if this is intentional, prefix it with an underscore: `_amount`
[INFO] [stdout] 
[INFO] [stdout] 
[INFO] [stdout] warning: unused variable: `deps`
[INFO] [stdout]    --> contracts/swap2/src/contract.rs:181:5
[INFO] [stdout]     |
[INFO] [stdout] 181 |     deps: DepsMut,
[INFO] [stdout]     |     ^^^^ help: if this is intentional, prefix it with an underscore: `_deps`
[INFO] [stdout] 
[INFO] [stdout] 
[INFO] [stdout] warning: unused variable: `env`
[INFO] [stdout]    --> contracts/swap2/src/contract.rs:182:5
[INFO] [stdout]     |
[INFO] [stdout] 182 |     env: Env,
[INFO] [stdout]     |     ^^^ help: if this is intentional, prefix it with an underscore: `_env`
[INFO] [stdout] 
[INFO] [stdout] 
[INFO] [stdout] warning: unused variable: `info`
[INFO] [stdout]    --> contracts/swap2/src/contract.rs:202:5
[INFO] [stdout]     |
[INFO] [stdout] 202 |     info: MessageInfo,
[INFO] [stdout]     |     ^^^^ help: if this is intentional, prefix it with an underscore: `_info`
[INFO] [stdout] 
[INFO] [stdout] 
[INFO] [stdout] warning: unused variable: `amount`
[INFO] [stdout]    --> contracts/swap2/src/contract.rs:203:5
[INFO] [stdout]     |
[INFO] [stdout] 203 |     amount: Uint128,
[INFO] [stdout]     |     ^^^^^^ help: if this is intentional, prefix it with an underscore: `_amount`
[INFO] [stdout] 
[INFO] [stdout] 
[INFO] [stdout] warning: 10 warnings emitted
[INFO] [stdout] 
[INFO] [stdout] 
[INFO] [stdout] warning: unused import: `ContractInfo`
[INFO] [stdout]  --> contracts/swap/src/contract.rs:4:39
[INFO] [stdout]   |
[INFO] [stdout] 4 |     to_binary, BankMsg, Binary, Coin, ContractInfo, CosmosMsg, Deps, DepsMut, Empty, Env,
[INFO] [stdout]   |                                       ^^^^^^^^^^^^
[INFO] [stdout]   |
[INFO] [stdout]   = note: `#[warn(unused_imports)]` on by default
[INFO] [stdout] 
[INFO] [stdout] 
[INFO] [stdout] warning: unused imports: `BalanceResponse`, `Cw20ReceiveMsg`
[INFO] [stdout]  --> contracts/swap/src/contract.rs:9:12
[INFO] [stdout]   |
[INFO] [stdout] 9 | use cw20::{BalanceResponse, Cw20ReceiveMsg};
[INFO] [stdout]   |            ^^^^^^^^^^^^^^^  ^^^^^^^^^^^^^^
[INFO] [stdout] 
[INFO] [stdout] 
[INFO] [stdout] warning: unused import: `cw20::Cw20ReceiveMsg`
[INFO] [stdout]  --> contracts/swap/src/msg.rs:2:5
[INFO] [stdout]   |
[INFO] [stdout] 2 | use cw20::Cw20ReceiveMsg;
[INFO] [stdout]   |     ^^^^^^^^^^^^^^^^^^^^
[INFO] [stdout] 
[INFO] [stdout] 
[INFO] [stdout] warning: unused variable: `amount`
[INFO] [stdout]   --> contracts/swap/src/contract.rs:49:36
[INFO] [stdout]    |
[INFO] [stdout] 49 |         ExecuteMsg::WithdrawSome { amount } => execute_withdraw_some(deps, env, info)
[INFO] [stdout]    |                                    ^^^^^^ help: try ignoring the field: `amount: _`
[INFO] [stdout]    |
[INFO] [stdout]    = note: `#[warn(unused_variables)]` on by default
[INFO] [stdout] 
[INFO] [stdout] 
[INFO] [stdout] warning: unused variable: `deps`
[INFO] [stdout]   --> contracts/swap/src/contract.rs:54:30
[INFO] [stdout]    |
[INFO] [stdout] 54 | pub fn execute_withdraw_some(deps: DepsMut, env: Env, info: MessageInfo) -> Result<Response, ContractError> {
[INFO] [stdout]    |                              ^^^^ help: if this is intentional, prefix it with an underscore: `_deps`
[INFO] [stdout] 
[INFO] [stdout] 
[INFO] [stdout] warning: unused variable: `env`
[INFO] [stdout]   --> contracts/swap/src/contract.rs:54:45
[INFO] [stdout]    |
[INFO] [stdout] 54 | pub fn execute_withdraw_some(deps: DepsMut, env: Env, info: MessageInfo) -> Result<Response, ContractError> {
[INFO] [stdout]    |                                             ^^^ help: if this is intentional, prefix it with an underscore: `_env`
[INFO] [stdout] 
[INFO] [stdout] 
[INFO] [stdout] warning: unused variable: `info`
[INFO] [stdout]   --> contracts/swap/src/contract.rs:54:55
[INFO] [stdout]    |
[INFO] [stdout] 54 | pub fn execute_withdraw_some(deps: DepsMut, env: Env, info: MessageInfo) -> Result<Response, ContractError> {
[INFO] [stdout]    |                                                       ^^^^ help: if this is intentional, prefix it with an underscore: `_info`
[INFO] [stdout] 
[INFO] [stdout] 
[INFO] [stdout] warning: unused variable: `env`
[INFO] [stdout]   --> contracts/swap/src/contract.rs:66:35
[INFO] [stdout]    |
[INFO] [stdout] 66 | pub fn execute_buy(deps: DepsMut, env: Env, info: MessageInfo) -> Result<Response, ContractError> {
[INFO] [stdout]    |                                   ^^^ help: if this is intentional, prefix it with an underscore: `_env`
[INFO] [stdout] 
[INFO] [stdout] 
[INFO] [stdout] warning: unused variable: `info`
[INFO] [stdout]    --> contracts/swap/src/contract.rs:138:5
[INFO] [stdout]     |
[INFO] [stdout] 138 |     info: MessageInfo,
[INFO] [stdout]     |     ^^^^ help: if this is intentional, prefix it with an underscore: `_info`
[INFO] [stdout] 
[INFO] [stdout] 
[INFO] [stdout] warning: 9 warnings emitted
[INFO] [stdout] 
[INFO] [stdout] 
[INFO] [stderr]    Compiling swap v0.1.0 (/opt/rustwide/workdir/contracts/swap)
[INFO] [stderr]    Compiling counter v0.1.0 (/opt/rustwide/workdir/contracts/counter)
[INFO] [stderr]    Compiling shared v1.0.0 (/opt/rustwide/workdir/packages/shared)
[INFO] [stderr]    Compiling cw20_token v0.0.0 (/opt/rustwide/workdir/contracts/cw20_token)
[INFO] [stderr]    Compiling oracle v0.1.0 (/opt/rustwide/workdir/contracts/oracle)
[INFO] [stderr]    Compiling swap2 v0.1.0 (/opt/rustwide/workdir/contracts/swap2)
[INFO] [stdout] warning: unused import: `ContractInfo`
[INFO] [stdout]  --> contracts/swap/src/contract.rs:4:39
[INFO] [stdout]   |
[INFO] [stdout] 4 |     to_binary, BankMsg, Binary, Coin, ContractInfo, CosmosMsg, Deps, DepsMut, Empty, Env,
[INFO] [stdout]   |                                       ^^^^^^^^^^^^
[INFO] [stdout]   |
[INFO] [stdout]   = note: `#[warn(unused_imports)]` on by default
[INFO] [stdout] 
[INFO] [stdout] 
[INFO] [stdout] warning: unused imports: `BalanceResponse`, `Cw20ReceiveMsg`
[INFO] [stdout]  --> contracts/swap/src/contract.rs:9:12
[INFO] [stdout]   |
[INFO] [stdout] 9 | use cw20::{BalanceResponse, Cw20ReceiveMsg};
[INFO] [stdout]   |            ^^^^^^^^^^^^^^^  ^^^^^^^^^^^^^^
[INFO] [stdout] 
[INFO] [stdout] 
[INFO] [stdout] warning: unused import: `super::*`
[INFO] [stdout]    --> contracts/swap/src/contract.rs:173:9
[INFO] [stdout]     |
[INFO] [stdout] 173 |     use super::*;
[INFO] [stdout]     |         ^^^^^^^^
[INFO] [stdout] 
[INFO] [stdout] 
[INFO] [stdout] warning: unused imports: `mock_dependencies`, `mock_env`, `mock_info`
[INFO] [stdout]    --> contracts/swap/src/contract.rs:174:33
[INFO] [stdout]     |
[INFO] [stdout] 174 |     use cosmwasm_std::testing::{mock_dependencies, mock_env, mock_info};
[INFO] [stdout]     |                                 ^^^^^^^^^^^^^^^^^  ^^^^^^^^  ^^^^^^^^^
[INFO] [stdout] 
[INFO] [stdout] 
[INFO] [stdout] warning: unused imports: `Addr`, `coins`
[INFO] [stdout]    --> contracts/swap/src/contract.rs:175:24
[INFO] [stdout]     |
[INFO] [stdout] 175 |     use cosmwasm_std::{coins, Addr};
[INFO] [stdout]     |                        ^^^^^  ^^^^
[INFO] [stdout] 
[INFO] [stdout] 
[INFO] [stdout] warning: unused import: `cw20::Cw20ReceiveMsg`
[INFO] [stdout]  --> contracts/swap/src/msg.rs:2:5
[INFO] [stdout]   |
[INFO] [stdout] 2 | use cw20::Cw20ReceiveMsg;
[INFO] [stdout]   |     ^^^^^^^^^^^^^^^^^^^^
[INFO] [stdout] 
[INFO] [stdout] 
[INFO] [stdout] warning: unused variable: `amount`
[INFO] [stdout]   --> contracts/swap/src/contract.rs:49:36
[INFO] [stdout]    |
[INFO] [stdout] 49 |         ExecuteMsg::WithdrawSome { amount } => execute_withdraw_some(deps, env, info)
[INFO] [stdout]    |                                    ^^^^^^ help: try ignoring the field: `amount: _`
[INFO] [stdout]    |
[INFO] [stdout]    = note: `#[warn(unused_variables)]` on by default
[INFO] [stdout] 
[INFO] [stdout] 
[INFO] [stdout] warning: unused variable: `deps`
[INFO] [stdout]   --> contracts/swap/src/contract.rs:54:30
[INFO] [stdout]    |
[INFO] [stdout] 54 | pub fn execute_withdraw_some(deps: DepsMut, env: Env, info: MessageInfo) -> Result<Response, ContractError> {
[INFO] [stdout]    |                              ^^^^ help: if this is intentional, prefix it with an underscore: `_deps`
[INFO] [stdout] 
[INFO] [stdout] 
[INFO] [stdout] warning: unused variable: `env`
[INFO] [stdout]   --> contracts/swap/src/contract.rs:54:45
[INFO] [stdout]    |
[INFO] [stdout] 54 | pub fn execute_withdraw_some(deps: DepsMut, env: Env, info: MessageInfo) -> Result<Response, ContractError> {
[INFO] [stdout]    |                                             ^^^ help: if this is intentional, prefix it with an underscore: `_env`
[INFO] [stdout] 
[INFO] [stdout] 
[INFO] [stdout] warning: unused variable: `info`
[INFO] [stdout]   --> contracts/swap/src/contract.rs:54:55
[INFO] [stdout]    |
[INFO] [stdout] 54 | pub fn execute_withdraw_some(deps: DepsMut, env: Env, info: MessageInfo) -> Result<Response, ContractError> {
[INFO] [stdout]    |                                                       ^^^^ help: if this is intentional, prefix it with an underscore: `_info`
[INFO] [stdout] 
[INFO] [stdout] 
[INFO] [stdout] warning: unused variable: `env`
[INFO] [stdout]   --> contracts/swap/src/contract.rs:66:35
[INFO] [stdout]    |
[INFO] [stdout] 66 | pub fn execute_buy(deps: DepsMut, env: Env, info: MessageInfo) -> Result<Response, ContractError> {
[INFO] [stdout]    |                                   ^^^ help: if this is intentional, prefix it with an underscore: `_env`
[INFO] [stdout] 
[INFO] [stdout] 
[INFO] [stdout] warning: unused variable: `info`
[INFO] [stdout]    --> contracts/swap/src/contract.rs:138:5
[INFO] [stdout]     |
[INFO] [stdout] 138 |     info: MessageInfo,
[INFO] [stdout]     |     ^^^^ help: if this is intentional, prefix it with an underscore: `_info`
[INFO] [stdout] 
[INFO] [stdout] 
[INFO] [stdout] warning: 12 warnings emitted
[INFO] [stdout] 
[INFO] [stdout] 
[INFO] [stdout] warning: unused variable: `info`
[INFO] [stdout]   --> contracts/swap2/src/contract.rs:36:5
[INFO] [stdout]    |
[INFO] [stdout] 36 |     info: MessageInfo,
[INFO] [stdout]    |     ^^^^ help: if this is intentional, prefix it with an underscore: `_info`
[INFO] [stdout]    |
[INFO] [stdout]    = note: `#[warn(unused_variables)]` on by default
[INFO] [stdout] 
[INFO] [stdout] 
[INFO] [stdout] warning: unused variable: `env`
[INFO] [stdout]   --> contracts/swap2/src/contract.rs:85:5
[INFO] [stdout]    |
[INFO] [stdout] 85 |     env: Env,
[INFO] [stdout]    |     ^^^ help: if this is intentional, prefix it with an underscore: `_env`
[INFO] [stdout] 
[INFO] [stdout] 
[INFO] [stdout] warning: unused variable: `info`
[INFO] [stdout]    --> contracts/swap2/src/contract.rs:125:5
[INFO] [stdout]     |
[INFO] [stdout] 125 |     info: MessageInfo,
[INFO] [stdout]     |     ^^^^ help: if this is intentional, prefix it with an underscore: `_info`
[INFO] [stdout] 
[INFO] [stdout] 
[INFO] [stdout] warning: unused variable: `amount`
[INFO] [stdout]    --> contracts/swap2/src/contract.rs:126:5
[INFO] [stdout]     |
[INFO] [stdout] 126 |     amount: u64,
[INFO] [stdout]     |     ^^^^^^ help: if this is intentional, prefix it with an underscore: `_amount`
[INFO] [stdout] 
[INFO] [stdout] 
[INFO] [stdout] warning: unused variable: `info`
[INFO] [stdout]    --> contracts/swap2/src/contract.rs:162:5
[INFO] [stdout]     |
[INFO] [stdout] 162 |     info: MessageInfo,
[INFO] [stdout]     |     ^^^^ help: if this is intentional, prefix it with an underscore: `_info`
[INFO] [stdout] 
[INFO] [stdout] 
[INFO] [stdout] warning: unused variable: `amount`
[INFO] [stdout]    --> contracts/swap2/src/contract.rs:163:5
[INFO] [stdout]     |
[INFO] [stdout] 163 |     amount: u64,
[INFO] [stdout]     |     ^^^^^^ help: if this is intentional, prefix it with an underscore: `_amount`
[INFO] [stdout] 
[INFO] [stdout] 
[INFO] [stdout] warning: unused variable: `deps`
[INFO] [stdout]    --> contracts/swap2/src/contract.rs:181:5
[INFO] [stdout]     |
[INFO] [stdout] 181 |     deps: DepsMut,
[INFO] [stdout]     |     ^^^^ help: if this is intentional, prefix it with an underscore: `_deps`
[INFO] [stdout] 
[INFO] [stdout] 
[INFO] [stdout] warning: unused variable: `env`
[INFO] [stdout]    --> contracts/swap2/src/contract.rs:182:5
[INFO] [stdout]     |
[INFO] [stdout] 182 |     env: Env,
[INFO] [stdout]     |     ^^^ help: if this is intentional, prefix it with an underscore: `_env`
[INFO] [stdout] 
[INFO] [stdout] 
[INFO] [stdout] warning: unused variable: `info`
[INFO] [stdout]    --> contracts/swap2/src/contract.rs:202:5
[INFO] [stdout]     |
[INFO] [stdout] 202 |     info: MessageInfo,
[INFO] [stdout]     |     ^^^^ help: if this is intentional, prefix it with an underscore: `_info`
[INFO] [stdout] 
[INFO] [stdout] 
[INFO] [stdout] warning: unused variable: `amount`
[INFO] [stdout]    --> contracts/swap2/src/contract.rs:203:5
[INFO] [stdout]     |
[INFO] [stdout] 203 |     amount: Uint128,
[INFO] [stdout]     |     ^^^^^^ help: if this is intentional, prefix it with an underscore: `_amount`
[INFO] [stdout] 
[INFO] [stdout] 
[INFO] [stdout] warning: 10 warnings emitted
[INFO] [stdout] 
[INFO] [stdout] 
[INFO] [stderr]     Finished test [unoptimized + debuginfo] target(s) in 1.72s
[INFO] running `Command { std: "docker" "inspect" "34978ff2ca0febeb1fb9955cfe055c5bab2565695f98414ad76b87c4789150fa", kill_on_drop: false }`
[INFO] running `Command { std: "docker" "rm" "-f" "34978ff2ca0febeb1fb9955cfe055c5bab2565695f98414ad76b87c4789150fa", kill_on_drop: false }`
[INFO] [stdout] 34978ff2ca0febeb1fb9955cfe055c5bab2565695f98414ad76b87c4789150fa
[INFO] running `Command { std: "docker" "create" "-v" "/var/lib/crater-agent-workspace/builds/worker-1-tc2/target:/opt/rustwide/target:rw,Z" "-v" "/var/lib/crater-agent-workspace/builds/worker-1-tc2/source:/opt/rustwide/workdir:ro,Z" "-v" "/var/lib/crater-agent-workspace/cargo-home:/opt/rustwide/cargo-home:ro,Z" "-v" "/var/lib/crater-agent-workspace/rustup-home:/opt/rustwide/rustup-home:ro,Z" "-e" "SOURCE_DIR=/opt/rustwide/workdir" "-e" "CARGO_TARGET_DIR=/opt/rustwide/target" "-e" "CARGO_INCREMENTAL=0" "-e" "RUST_BACKTRACE=full" "-e" "RUSTFLAGS=--cap-lints=warn" "-e" "RUSTDOCFLAGS=--cap-lints=warn" "-e" "CARGO_HOME=/opt/rustwide/cargo-home" "-e" "RUSTUP_HOME=/opt/rustwide/rustup-home" "-w" "/opt/rustwide/workdir" "-m" "1610612736" "--user" "0:0" "--network" "none" "ghcr.io/rust-lang/crates-build-env/linux@sha256:5ff2268d62e97bff2cde7d5815dd6ed5b47097566f13b8d0ca110b04b60e07ed" "/opt/rustwide/cargo-home/bin/cargo" "+beta-2023-04-20" "test" "--frozen", kill_on_drop: false }`
[INFO] [stdout] 9904a16e066c49c546f30b918cdba8c9dd20238f10b88f24914df32b771c389c
[INFO] running `Command { std: "docker" "start" "-a" "9904a16e066c49c546f30b918cdba8c9dd20238f10b88f24914df32b771c389c", kill_on_drop: false }`
[INFO] [stderr] warning: unused variable: `info`
[INFO] [stderr]   --> contracts/swap2/src/contract.rs:36:5
[INFO] [stderr]    |
[INFO] [stderr] 36 |     info: MessageInfo,
[INFO] [stderr]    |     ^^^^ help: if this is intentional, prefix it with an underscore: `_info`
[INFO] [stderr]    |
[INFO] [stderr]    = note: `#[warn(unused_variables)]` on by default
[INFO] [stderr] 
[INFO] [stderr] warning: unused variable: `env`
[INFO] [stderr]   --> contracts/swap2/src/contract.rs:85:5
[INFO] [stderr]    |
[INFO] [stderr] 85 |     env: Env,
[INFO] [stderr]    |     ^^^ help: if this is intentional, prefix it with an underscore: `_env`
[INFO] [stderr] 
[INFO] [stderr] warning: unused variable: `info`
[INFO] [stderr]    --> contracts/swap2/src/contract.rs:125:5
[INFO] [stderr]     |
[INFO] [stderr] 125 |     info: MessageInfo,
[INFO] [stderr]     |     ^^^^ help: if this is intentional, prefix it with an underscore: `_info`
[INFO] [stderr] 
[INFO] [stderr] warning: unused variable: `amount`
[INFO] [stderr]    --> contracts/swap2/src/contract.rs:126:5
[INFO] [stderr]     |
[INFO] [stderr] 126 |     amount: u64,
[INFO] [stderr]     |     ^^^^^^ help: if this is intentional, prefix it with an underscore: `_amount`
[INFO] [stderr] 
[INFO] [stderr] warning: unused variable: `info`
[INFO] [stderr]    --> contracts/swap2/src/contract.rs:162:5
[INFO] [stderr]     |
[INFO] [stderr] 162 |     info: MessageInfo,
[INFO] [stderr]     |     ^^^^ help: if this is intentional, prefix it with an underscore: `_info`
[INFO] [stderr] 
[INFO] [stderr] warning: unused variable: `amount`
[INFO] [stderr]    --> contracts/swap2/src/contract.rs:163:5
[INFO] [stderr]     |
[INFO] [stderr] 163 |     amount: u64,
[INFO] [stderr]     |     ^^^^^^ help: if this is intentional, prefix it with an underscore: `_amount`
[INFO] [stderr] 
[INFO] [stderr] warning: unused variable: `deps`
[INFO] [stderr]    --> contracts/swap2/src/contract.rs:181:5
[INFO] [stderr]     |
[INFO] [stderr] 181 |     deps: DepsMut,
[INFO] [stderr]     |     ^^^^ help: if this is intentional, prefix it with an underscore: `_deps`
[INFO] [stderr] 
[INFO] [stderr] warning: unused variable: `env`
[INFO] [stderr]    --> contracts/swap2/src/contract.rs:182:5
[INFO] [stderr]     |
[INFO] [stderr] 182 |     env: Env,
[INFO] [stderr]     |     ^^^ help: if this is intentional, prefix it with an underscore: `_env`
[INFO] [stderr] 
[INFO] [stderr] warning: unused variable: `info`
[INFO] [stderr]    --> contracts/swap2/src/contract.rs:202:5
[INFO] [stderr]     |
[INFO] [stderr] 202 |     info: MessageInfo,
[INFO] [stderr]     |     ^^^^ help: if this is intentional, prefix it with an underscore: `_info`
[INFO] [stderr] 
[INFO] [stderr] warning: unused variable: `amount`
[INFO] [stderr]    --> contracts/swap2/src/contract.rs:203:5
[INFO] [stderr]     |
[INFO] [stderr] 203 |     amount: Uint128,
[INFO] [stderr]     |     ^^^^^^ help: if this is intentional, prefix it with an underscore: `_amount`
[INFO] [stderr] 
[INFO] [stderr] warning: `swap2` (lib) generated 10 warnings (run `cargo fix --lib -p swap2` to apply 10 suggestions)
[INFO] [stderr] warning: `swap2` (lib test) generated 10 warnings (10 duplicates)
[INFO] [stderr] warning: unused import: `ContractInfo`
[INFO] [stderr]  --> contracts/swap/src/contract.rs:4:39
[INFO] [stderr]   |
[INFO] [stderr] 4 |     to_binary, BankMsg, Binary, Coin, ContractInfo, CosmosMsg, Deps, DepsMut, Empty, Env,
[INFO] [stderr]   |                                       ^^^^^^^^^^^^
[INFO] [stderr]   |
[INFO] [stderr]   = note: `#[warn(unused_imports)]` on by default
[INFO] [stderr] 
[INFO] [stderr] warning: unused imports: `BalanceResponse`, `Cw20ReceiveMsg`
[INFO] [stderr]  --> contracts/swap/src/contract.rs:9:12
[INFO] [stderr]   |
[INFO] [stderr] 9 | use cw20::{BalanceResponse, Cw20ReceiveMsg};
[INFO] [stderr]   |            ^^^^^^^^^^^^^^^  ^^^^^^^^^^^^^^
[INFO] [stderr] 
[INFO] [stderr] warning: unused import: `cw20::Cw20ReceiveMsg`
[INFO] [stderr]  --> contracts/swap/src/msg.rs:2:5
[INFO] [stderr]   |
[INFO] [stderr] 2 | use cw20::Cw20ReceiveMsg;
[INFO] [stderr]   |     ^^^^^^^^^^^^^^^^^^^^
[INFO] [stderr] 
[INFO] [stderr] warning: unused variable: `amount`
[INFO] [stderr]   --> contracts/swap/src/contract.rs:49:36
[INFO] [stderr]    |
[INFO] [stderr] 49 |         ExecuteMsg::WithdrawSome { amount } => execute_withdraw_some(deps, env, info)
[INFO] [stderr]    |                                    ^^^^^^ help: try ignoring the field: `amount: _`
[INFO] [stderr]    |
[INFO] [stderr]    = note: `#[warn(unused_variables)]` on by default
[INFO] [stderr] 
[INFO] [stderr] warning: unused variable: `deps`
[INFO] [stderr]   --> contracts/swap/src/contract.rs:54:30
[INFO] [stderr]    |
[INFO] [stderr] 54 | pub fn execute_withdraw_some(deps: DepsMut, env: Env, info: MessageInfo) -> Result<Response, ContractError> {
[INFO] [stderr]    |                              ^^^^ help: if this is intentional, prefix it with an underscore: `_deps`
[INFO] [stderr] 
[INFO] [stderr] warning: unused variable: `env`
[INFO] [stderr]   --> contracts/swap/src/contract.rs:54:45
[INFO] [stderr]    |
[INFO] [stderr] 54 | pub fn execute_withdraw_some(deps: DepsMut, env: Env, info: MessageInfo) -> Result<Response, ContractError> {
[INFO] [stderr]    |                                             ^^^ help: if this is intentional, prefix it with an underscore: `_env`
[INFO] [stderr] 
[INFO] [stderr] warning: unused variable: `info`
[INFO] [stderr]   --> contracts/swap/src/contract.rs:54:55
[INFO] [stderr]    |
[INFO] [stderr] 54 | pub fn execute_withdraw_some(deps: DepsMut, env: Env, info: MessageInfo) -> Result<Response, ContractError> {
[INFO] [stderr]    |                                                       ^^^^ help: if this is intentional, prefix it with an underscore: `_info`
[INFO] [stderr] 
[INFO] [stderr] warning: unused variable: `env`
[INFO] [stderr]   --> contracts/swap/src/contract.rs:66:35
[INFO] [stderr]    |
[INFO] [stderr] 66 | pub fn execute_buy(deps: DepsMut, env: Env, info: MessageInfo) -> Result<Response, ContractError> {
[INFO] [stderr]    |                                   ^^^ help: if this is intentional, prefix it with an underscore: `_env`
[INFO] [stderr] 
[INFO] [stderr] warning: unused variable: `info`
[INFO] [stderr]    --> contracts/swap/src/contract.rs:138:5
[INFO] [stderr]     |
[INFO] [stderr] 138 |     info: MessageInfo,
[INFO] [stderr]     |     ^^^^ help: if this is intentional, prefix it with an underscore: `_info`
[INFO] [stderr] 
[INFO] [stderr] warning: unused import: `super::*`
[INFO] [stderr]    --> contracts/swap/src/contract.rs:173:9
[INFO] [stderr]     |
[INFO] [stderr] 173 |     use super::*;
[INFO] [stderr]     |         ^^^^^^^^
[INFO] [stderr] 
[INFO] [stderr] warning: unused imports: `mock_dependencies`, `mock_env`, `mock_info`
[INFO] [stderr]    --> contracts/swap/src/contract.rs:174:33
[INFO] [stderr]     |
[INFO] [stderr] 174 |     use cosmwasm_std::testing::{mock_dependencies, mock_env, mock_info};
[INFO] [stderr]     |                                 ^^^^^^^^^^^^^^^^^  ^^^^^^^^  ^^^^^^^^^
[INFO] [stderr] 
[INFO] [stderr] warning: unused imports: `Addr`, `coins`
[INFO] [stderr]    --> contracts/swap/src/contract.rs:175:24
[INFO] [stderr]     |
[INFO] [stderr] 175 |     use cosmwasm_std::{coins, Addr};
[INFO] [stderr]     |                        ^^^^^  ^^^^
[INFO] [stderr] 
[INFO] [stderr] warning: `swap` (lib) generated 9 warnings (run `cargo fix --lib -p swap` to apply 9 suggestions)
[INFO] [stderr] warning: `swap` (lib test) generated 12 warnings (9 duplicates) (run `cargo fix --lib -p swap --tests` to apply 3 suggestions)
[INFO] [stderr]     Finished test [unoptimized + debuginfo] target(s) in 0.04s
[INFO] [stderr]      Running unittests src/lib.rs (/opt/rustwide/target/debug/deps/counter-02b474b0df7baaa0)
[INFO] [stdout] 
[INFO] [stdout] running 3 tests
[INFO] [stdout] test contract::tests::proper_initialization ... ok
[INFO] [stdout] test contract::tests::increment ... ok
[INFO] [stdout] test contract::tests::reset ... ok
[INFO] [stdout] 
[INFO] [stdout] test result: ok. 3 passed; 0 failed; 0 ignored; 0 measured; 0 filtered out; finished in 0.00s
[INFO] [stdout] 
[INFO] [stderr]      Running unittests src/lib.rs (/opt/rustwide/target/debug/deps/cw20_token-078790fa89607be9)
[INFO] [stdout] 
[INFO] [stdout] running 0 tests
[INFO] [stdout] 
[INFO] [stdout] test result: ok. 0 passed; 0 failed; 0 ignored; 0 measured; 0 filtered out; finished in 0.00s
[INFO] [stdout] 
[INFO] [stderr]      Running unittests src/lib.rs (/opt/rustwide/target/debug/deps/oracle-b168575235512f25)
[INFO] [stdout] 
[INFO] [stdout] running 2 tests
[INFO] [stdout] test contract::tests::proper_initialization ... ok
[INFO] [stdout] test contract::tests::update_price ... ok
[INFO] [stdout] 
[INFO] [stdout] test result: ok. 2 passed; 0 failed; 0 ignored; 0 measured; 0 filtered out; finished in 0.00s
[INFO] [stdout] 
[INFO] [stderr]      Running unittests src/lib.rs (/opt/rustwide/target/debug/deps/shared-119f00764d917980)
[INFO] [stdout] 
[INFO] [stdout] running 0 tests
[INFO] [stdout] 
[INFO] [stdout] test result: ok. 0 passed; 0 failed; 0 ignored; 0 measured; 0 filtered out; finished in 0.00s
[INFO] [stdout] 
[INFO] [stderr]      Running unittests src/lib.rs (/opt/rustwide/target/debug/deps/swap-4e7e1d1315f516ba)
[INFO] [stdout] 
[INFO] [stdout] running 1 test
[INFO] [stdout] test contract::tests::proper_initialization ... ok
[INFO] [stdout] 
[INFO] [stdout] test result: ok. 1 passed; 0 failed; 0 ignored; 0 measured; 0 filtered out; finished in 0.00s
[INFO] [stdout] 
[INFO] [stderr]      Running unittests src/lib.rs (/opt/rustwide/target/debug/deps/swap2-5f765a1ff3f59145)
[INFO] [stdout] 
[INFO] [stdout] running 1 test
[INFO] [stdout] test contract::tests::proper_initialization ... FAILED
[INFO] [stdout] 
[INFO] [stdout] failures:
[INFO] [stdout] 
[INFO] [stdout] ---- contract::tests::proper_initialization stdout ----
[INFO] [stdout] thread 'contract::tests::proper_initialization' panicked at 'assertion failed: `(left == right)`
[INFO] [stdout]   left: `0`,
[INFO] [stdout]  right: `1`', contracts/swap2/src/contract.rs:253:9
[INFO] [stdout] stack backtrace:
[INFO] [stdout]    0:     0x55ad5c69eb3a - std::backtrace_rs::backtrace::libunwind::trace::h2f05d0192276a8f6
[INFO] [stdout]                                at /rustc/1b7dd2252b99671ce5d1cb9664c5f8636329436d/library/std/src/../../backtrace/src/backtrace/libunwind.rs:93:5
[INFO] [stdout]    1:     0x55ad5c69eb3a - std::backtrace_rs::backtrace::trace_unsynchronized::hedc23dff7a1af150
[INFO] [stdout]                                at /rustc/1b7dd2252b99671ce5d1cb9664c5f8636329436d/library/std/src/../../backtrace/src/backtrace/mod.rs:66:5
[INFO] [stdout]    2:     0x55ad5c69eb3a - std::sys_common::backtrace::_print_fmt::h17541ef7592f3ce2
[INFO] [stdout]                                at /rustc/1b7dd2252b99671ce5d1cb9664c5f8636329436d/library/std/src/sys_common/backtrace.rs:65:5
[INFO] [stdout]    3:     0x55ad5c69eb3a - <std::sys_common::backtrace::_print::DisplayBacktrace as core::fmt::Display>::fmt::h20f75df5ab0c0792
[INFO] [stdout]                                at /rustc/1b7dd2252b99671ce5d1cb9664c5f8636329436d/library/std/src/sys_common/backtrace.rs:44:22
[INFO] [stdout]    4:     0x55ad5c6c33df - core::fmt::write::h78109e6f466b3af6
[INFO] [stdout]                                at /rustc/1b7dd2252b99671ce5d1cb9664c5f8636329436d/library/core/src/fmt/mod.rs:1254:17
[INFO] [stdout]    5:     0x55ad5c69be85 - std::io::Write::write_fmt::hd24bfb68a1b35a25
[INFO] [stdout]                                at /rustc/1b7dd2252b99671ce5d1cb9664c5f8636329436d/library/std/src/io/mod.rs:1698:15
[INFO] [stdout]    6:     0x55ad5c69e905 - std::sys_common::backtrace::_print::h8dac57a9f8fbf9a5
[INFO] [stdout]                                at /rustc/1b7dd2252b99671ce5d1cb9664c5f8636329436d/library/std/src/sys_common/backtrace.rs:47:5
[INFO] [stdout]    7:     0x55ad5c69e905 - std::sys_common::backtrace::print::hf9ecbf41d1aa712f
[INFO] [stdout]                                at /rustc/1b7dd2252b99671ce5d1cb9664c5f8636329436d/library/std/src/sys_common/backtrace.rs:34:9
[INFO] [stdout]    8:     0x55ad5c6a05be - std::panicking::default_hook::{{closure}}::h04c07acfc84ca028
[INFO] [stdout]                                at /rustc/1b7dd2252b99671ce5d1cb9664c5f8636329436d/library/std/src/panicking.rs:269:22
[INFO] [stdout]    9:     0x55ad5c6a02f1 - std::panicking::default_hook::h01f6bb23e1eceb2c
[INFO] [stdout]                                at /rustc/1b7dd2252b99671ce5d1cb9664c5f8636329436d/library/std/src/panicking.rs:285:9
[INFO] [stdout]   10:     0x55ad5c5a4e7b - <alloc::boxed::Box<F,A> as core::ops::function::Fn<Args>>::call::h87fe9f7b2fd49e4c
[INFO] [stdout]                                at /rustc/1b7dd2252b99671ce5d1cb9664c5f8636329436d/library/alloc/src/boxed.rs:1987:9
[INFO] [stdout]   11:     0x55ad5c5a4e7b - test::test_main::{{closure}}::he94d679243a7531b
[INFO] [stdout]                                at /rustc/1b7dd2252b99671ce5d1cb9664c5f8636329436d/library/test/src/lib.rs:134:21
[INFO] [stdout]   12:     0x55ad5c6a0ca4 - <alloc::boxed::Box<F,A> as core::ops::function::Fn<Args>>::call::h3f2d6d8b14c4769f
[INFO] [stdout]                                at /rustc/1b7dd2252b99671ce5d1cb9664c5f8636329436d/library/alloc/src/boxed.rs:1987:9
[INFO] [stdout]   13:     0x55ad5c6a0ca4 - std::panicking::rust_panic_with_hook::h2bb3722bbaf2f6df
[INFO] [stdout]                                at /rustc/1b7dd2252b99671ce5d1cb9664c5f8636329436d/library/std/src/panicking.rs:695:13
[INFO] [stdout]   14:     0x55ad5c6a0a19 - std::panicking::begin_panic_handler::{{closure}}::h91bc7f36a4be011b
[INFO] [stdout]                                at /rustc/1b7dd2252b99671ce5d1cb9664c5f8636329436d/library/std/src/panicking.rs:582:13
[INFO] [stdout]   15:     0x55ad5c69efa6 - std::sys_common::backtrace::__rust_end_short_backtrace::h8b3d3717114f9e59
[INFO] [stdout]                                at /rustc/1b7dd2252b99671ce5d1cb9664c5f8636329436d/library/std/src/sys_common/backtrace.rs:150:18
[INFO] [stdout]   16:     0x55ad5c6a0772 - rust_begin_unwind
[INFO] [stdout]                                at /rustc/1b7dd2252b99671ce5d1cb9664c5f8636329436d/library/std/src/panicking.rs:578:5
[INFO] [stdout]   17:     0x55ad5c554ba3 - core::panicking::panic_fmt::hfd368e3fbdabea26
[INFO] [stdout]                                at /rustc/1b7dd2252b99671ce5d1cb9664c5f8636329436d/library/core/src/panicking.rs:67:14
[INFO] [stdout]   18:     0x55ad5c554f6f - core::panicking::assert_failed_inner::haef49168e1798a91
[INFO] [stdout]   19:     0x55ad5c66777a - core::panicking::assert_failed::h88d4a83556b1e938
[INFO] [stdout]                                at /rustc/1b7dd2252b99671ce5d1cb9664c5f8636329436d/library/core/src/panicking.rs:228:5
[INFO] [stdout]   20:     0x55ad5c564624 - swap2::contract::tests::proper_initialization::hd9b84c1213127af5
[INFO] [stdout]                                at /opt/rustwide/workdir/contracts/swap2/src/contract.rs:253:9
[INFO] [stdout]   21:     0x55ad5c564297 - swap2::contract::tests::proper_initialization::{{closure}}::he63f3e1b448935d0
[INFO] [stdout]                                at /opt/rustwide/workdir/contracts/swap2/src/contract.rs:243:32
[INFO] [stdout]   22:     0x55ad5c562325 - core::ops::function::FnOnce::call_once::he810d06066764356
[INFO] [stdout]                                at /rustc/1b7dd2252b99671ce5d1cb9664c5f8636329436d/library/core/src/ops/function.rs:250:5
[INFO] [stdout]   23:     0x55ad5c5a9d4f - core::ops::function::FnOnce::call_once::ha6a70e79f7481a7e
[INFO] [stdout]                                at /rustc/1b7dd2252b99671ce5d1cb9664c5f8636329436d/library/core/src/ops/function.rs:250:5
[INFO] [stdout]   24:     0x55ad5c5a9d4f - test::__rust_begin_short_backtrace::hce33033019b61e69
[INFO] [stdout]                                at /rustc/1b7dd2252b99671ce5d1cb9664c5f8636329436d/library/test/src/lib.rs:655:18
[INFO] [stdout]   25:     0x55ad5c57753c - test::run_test::{{closure}}::h858d3528838ae3e5
[INFO] [stdout]                                at /rustc/1b7dd2252b99671ce5d1cb9664c5f8636329436d/library/test/src/lib.rs:646:30
[INFO] [stdout]   26:     0x55ad5c57753c - core::ops::function::FnOnce::call_once{{vtable.shim}}::he8ac2b00f01ae79e
[INFO] [stdout]                                at /rustc/1b7dd2252b99671ce5d1cb9664c5f8636329436d/library/core/src/ops/function.rs:250:5
[INFO] [stdout]   27:     0x55ad5c5a8e26 - <alloc::boxed::Box<F,A> as core::ops::function::FnOnce<Args>>::call_once::h8093d25b522725ef
[INFO] [stdout]                                at /rustc/1b7dd2252b99671ce5d1cb9664c5f8636329436d/library/alloc/src/boxed.rs:1973:9
[INFO] [stdout]   28:     0x55ad5c5a8e26 - <core::panic::unwind_safe::AssertUnwindSafe<F> as core::ops::function::FnOnce<()>>::call_once::h5c334c204e4a3913
[INFO] [stdout]                                at /rustc/1b7dd2252b99671ce5d1cb9664c5f8636329436d/library/core/src/panic/unwind_safe.rs:271:9
[INFO] [stdout]   29:     0x55ad5c5a8e26 - std::panicking::try::do_call::ha8b740c7b9478074
[INFO] [stdout]                                at /rustc/1b7dd2252b99671ce5d1cb9664c5f8636329436d/library/std/src/panicking.rs:485:40
[INFO] [stdout]   30:     0x55ad5c5a8e26 - std::panicking::try::h5d34f63d0e41b64e
[INFO] [stdout]                                at /rustc/1b7dd2252b99671ce5d1cb9664c5f8636329436d/library/std/src/panicking.rs:449:19
[INFO] [stdout]   31:     0x55ad5c5a8e26 - std::panic::catch_unwind::hcfbb511e1aa7fc67
[INFO] [stdout]                                at /rustc/1b7dd2252b99671ce5d1cb9664c5f8636329436d/library/std/src/panic.rs:140:14
[INFO] [stdout]   32:     0x55ad5c5a8e26 - test::run_test_in_process::h9abda90f802eaf21
[INFO] [stdout]                                at /rustc/1b7dd2252b99671ce5d1cb9664c5f8636329436d/library/test/src/lib.rs:678:27
[INFO] [stdout]   33:     0x55ad5c5a8e26 - test::run_test::run_test_inner::{{closure}}::h0f058de91f6c6edf
[INFO] [stdout]                                at /rustc/1b7dd2252b99671ce5d1cb9664c5f8636329436d/library/test/src/lib.rs:572:39
[INFO] [stdout]   34:     0x55ad5c571d45 - test::run_test::run_test_inner::{{closure}}::h5ca48a4c59c6c1fb
[INFO] [stdout]                                at /rustc/1b7dd2252b99671ce5d1cb9664c5f8636329436d/library/test/src/lib.rs:599:37
[INFO] [stdout]   35:     0x55ad5c571d45 - std::sys_common::backtrace::__rust_begin_short_backtrace::h32bd51e1495d4a33
[INFO] [stdout]                                at /rustc/1b7dd2252b99671ce5d1cb9664c5f8636329436d/library/std/src/sys_common/backtrace.rs:134:18
[INFO] [stdout]   36:     0x55ad5c577281 - std::thread::Builder::spawn_unchecked_::{{closure}}::{{closure}}::hc086fae9b128b2db
[INFO] [stdout]                                at /rustc/1b7dd2252b99671ce5d1cb9664c5f8636329436d/library/std/src/thread/mod.rs:526:17
[INFO] [stdout]   37:     0x55ad5c577281 - <core::panic::unwind_safe::AssertUnwindSafe<F> as core::ops::function::FnOnce<()>>::call_once::hb66571888d270d43
[INFO] [stdout]                                at /rustc/1b7dd2252b99671ce5d1cb9664c5f8636329436d/library/core/src/panic/unwind_safe.rs:271:9
[INFO] [stdout]   38:     0x55ad5c577281 - std::panicking::try::do_call::h4fa2ef4f6e51fecf
[INFO] [stdout]                                at /rustc/1b7dd2252b99671ce5d1cb9664c5f8636329436d/library/std/src/panicking.rs:485:40
[INFO] [stdout]   39:     0x55ad5c577281 - std::panicking::try::h1e9e22b8584489b5
[INFO] [stdout]                                at /rustc/1b7dd2252b99671ce5d1cb9664c5f8636329436d/library/std/src/panicking.rs:449:19
[INFO] [stdout]   40:     0x55ad5c577281 - std::panic::catch_unwind::h44698a3de0e0769e
[INFO] [stdout]                                at /rustc/1b7dd2252b99671ce5d1cb9664c5f8636329436d/library/std/src/panic.rs:140:14
[INFO] [stdout]   41:     0x55ad5c577281 - std::thread::Builder::spawn_unchecked_::{{closure}}::h50153abde3fe239e
[INFO] [stdout]                                at /rustc/1b7dd2252b99671ce5d1cb9664c5f8636329436d/library/std/src/thread/mod.rs:525:30
[INFO] [stdout]   42:     0x55ad5c577281 - core::ops::function::FnOnce::call_once{{vtable.shim}}::hbe5bbf6f38394364
[INFO] [stdout]                                at /rustc/1b7dd2252b99671ce5d1cb9664c5f8636329436d/library/core/src/ops/function.rs:250:5
[INFO] [stdout]   43:     0x55ad5c6a5175 - <alloc::boxed::Box<F,A> as core::ops::function::FnOnce<Args>>::call_once::h0d83cb2920a49046
[INFO] [stdout]                                at /rustc/1b7dd2252b99671ce5d1cb9664c5f8636329436d/library/alloc/src/boxed.rs:1973:9
[INFO] [stdout]   44:     0x55ad5c6a5175 - <alloc::boxed::Box<F,A> as core::ops::function::FnOnce<Args>>::call_once::hbe0a008aa7d9ef59
[INFO] [stdout]                                at /rustc/1b7dd2252b99671ce5d1cb9664c5f8636329436d/library/alloc/src/boxed.rs:1973:9
[INFO] [stdout]   45:     0x55ad5c6a5175 - std::sys::unix::thread::Thread::new::thread_start::h3a466996bdf6b1f9
[INFO] [stdout]                                at /rustc/1b7dd2252b99671ce5d1cb9664c5f8636329436d/library/std/src/sys/unix/thread.rs:108:17
[INFO] [stdout]   46:     0x7f89e0839b43 - <unknown>
[INFO] [stdout]   47:     0x7f89e08cabb4 - __clone
[INFO] [stdout]   48:                0x0 - <unknown>
[INFO] [stdout] 
[INFO] [stdout] 
[INFO] [stdout] failures:
[INFO] [stdout]     contract::tests::proper_initialization
[INFO] [stdout] 
[INFO] [stdout] test result: FAILED. 0 passed; 1 failed; 0 ignored; 0 measured; 0 filtered out; finished in 0.01s
[INFO] [stdout] 
[INFO] [stderr] error: test failed, to rerun pass `-p swap2 --lib`
[INFO] running `Command { std: "docker" "inspect" "9904a16e066c49c546f30b918cdba8c9dd20238f10b88f24914df32b771c389c", kill_on_drop: false }`
[INFO] running `Command { std: "docker" "rm" "-f" "9904a16e066c49c546f30b918cdba8c9dd20238f10b88f24914df32b771c389c", kill_on_drop: false }`
[INFO] [stdout] 9904a16e066c49c546f30b918cdba8c9dd20238f10b88f24914df32b771c389c
