[INFO] cloning repository https://github.com/balena-io/takeover
[INFO] running `Command { std: "git" "-c" "credential.helper=" "-c" "credential.helper=/workspace/cargo-home/bin/git-credential-null" "clone" "--bare" "https://github.com/balena-io/takeover" "/workspace/cache/git-repos/https%3A%2F%2Fgithub.com%2Fbalena-io%2Ftakeover", kill_on_drop: false }`
[INFO] [stderr] Cloning into bare repository '/workspace/cache/git-repos/https%3A%2F%2Fgithub.com%2Fbalena-io%2Ftakeover'...
[INFO] running `Command { std: "git" "rev-parse" "HEAD", kill_on_drop: false }`
[INFO] [stdout] 43c6874ea2f918d3bfd6cbb6f985da31574406ca
[INFO] testing balena-io/takeover against beta-2023-04-20 for beta-1.70-1
[INFO] running `Command { std: "git" "clone" "/workspace/cache/git-repos/https%3A%2F%2Fgithub.com%2Fbalena-io%2Ftakeover" "/workspace/builds/worker-4-tc2/source", kill_on_drop: false }`
[INFO] [stderr] Cloning into '/workspace/builds/worker-4-tc2/source'...
[INFO] [stderr] done.
[INFO] validating manifest of git repo https://github.com/balena-io/takeover on toolchain beta-2023-04-20
[INFO] running `Command { std: CARGO_HOME="/workspace/cargo-home" RUSTUP_HOME="/workspace/rustup-home" "/workspace/cargo-home/bin/cargo" "+beta-2023-04-20" "metadata" "--manifest-path" "Cargo.toml" "--no-deps", kill_on_drop: false }`
[INFO] started tweaking git repo https://github.com/balena-io/takeover
[INFO] finished tweaking git repo https://github.com/balena-io/takeover
[INFO] tweaked toml for git repo https://github.com/balena-io/takeover written to /workspace/builds/worker-4-tc2/source/Cargo.toml
[INFO] crate git repo https://github.com/balena-io/takeover already has a lockfile, it will not be regenerated
[INFO] running `Command { std: CARGO_HOME="/workspace/cargo-home" RUSTUP_HOME="/workspace/rustup-home" "/workspace/cargo-home/bin/cargo" "+beta-2023-04-20" "fetch" "--manifest-path" "Cargo.toml", kill_on_drop: false }`
[INFO] [stderr]     Updating crates.io index
[INFO] [stderr]  Downloading crates ...
[INFO] [stderr]   Downloaded tar v0.4.29
[INFO] [stderr]   Downloaded reqwest v0.10.5
[INFO] [stderr]   Downloaded mod_logger v0.7.0
[INFO] [stderr]   Downloaded openssl-src v111.10.2+1.1.1g
[INFO] running `Command { std: "docker" "create" "-v" "/var/lib/crater-agent-workspace/builds/worker-4-tc2/target:/opt/rustwide/target:rw,Z" "-v" "/var/lib/crater-agent-workspace/builds/worker-4-tc2/source:/opt/rustwide/workdir:ro,Z" "-v" "/var/lib/crater-agent-workspace/cargo-home:/opt/rustwide/cargo-home:ro,Z" "-v" "/var/lib/crater-agent-workspace/rustup-home:/opt/rustwide/rustup-home:ro,Z" "-e" "SOURCE_DIR=/opt/rustwide/workdir" "-e" "CARGO_TARGET_DIR=/opt/rustwide/target" "-e" "CARGO_HOME=/opt/rustwide/cargo-home" "-e" "RUSTUP_HOME=/opt/rustwide/rustup-home" "-w" "/opt/rustwide/workdir" "-m" "1610612736" "--user" "0:0" "--network" "none" "ghcr.io/rust-lang/crates-build-env/linux@sha256:5ff2268d62e97bff2cde7d5815dd6ed5b47097566f13b8d0ca110b04b60e07ed" "/opt/rustwide/cargo-home/bin/cargo" "+beta-2023-04-20" "metadata" "--no-deps" "--format-version=1", kill_on_drop: false }`
[INFO] [stdout] 41fd482ec904033db72f81d6a7c2f036bb650689613949d68505b44660001350
[INFO] running `Command { std: "docker" "start" "-a" "41fd482ec904033db72f81d6a7c2f036bb650689613949d68505b44660001350", kill_on_drop: false }`
[INFO] running `Command { std: "docker" "inspect" "41fd482ec904033db72f81d6a7c2f036bb650689613949d68505b44660001350", kill_on_drop: false }`
[INFO] running `Command { std: "docker" "rm" "-f" "41fd482ec904033db72f81d6a7c2f036bb650689613949d68505b44660001350", kill_on_drop: false }`
[INFO] [stdout] 41fd482ec904033db72f81d6a7c2f036bb650689613949d68505b44660001350
[INFO] running `Command { std: "docker" "create" "-v" "/var/lib/crater-agent-workspace/builds/worker-4-tc2/target:/opt/rustwide/target:rw,Z" "-v" "/var/lib/crater-agent-workspace/builds/worker-4-tc2/source:/opt/rustwide/workdir:ro,Z" "-v" "/var/lib/crater-agent-workspace/cargo-home:/opt/rustwide/cargo-home:ro,Z" "-v" "/var/lib/crater-agent-workspace/rustup-home:/opt/rustwide/rustup-home:ro,Z" "-e" "SOURCE_DIR=/opt/rustwide/workdir" "-e" "CARGO_TARGET_DIR=/opt/rustwide/target" "-e" "CARGO_INCREMENTAL=0" "-e" "RUST_BACKTRACE=full" "-e" "RUSTFLAGS=--cap-lints=warn" "-e" "RUSTDOCFLAGS=--cap-lints=warn" "-e" "CARGO_HOME=/opt/rustwide/cargo-home" "-e" "RUSTUP_HOME=/opt/rustwide/rustup-home" "-w" "/opt/rustwide/workdir" "-m" "1610612736" "--user" "0:0" "--network" "none" "ghcr.io/rust-lang/crates-build-env/linux@sha256:5ff2268d62e97bff2cde7d5815dd6ed5b47097566f13b8d0ca110b04b60e07ed" "/opt/rustwide/cargo-home/bin/cargo" "+beta-2023-04-20" "build" "--frozen" "--message-format=json", kill_on_drop: false }`
[INFO] [stdout] 16d7dfac31b594cc1f8fb813bfd5f752f1d4e1f60cfc06bf894073a80f7022b0
[INFO] running `Command { std: "docker" "start" "-a" "16d7dfac31b594cc1f8fb813bfd5f752f1d4e1f60cfc06bf894073a80f7022b0", kill_on_drop: false }`
[INFO] [stderr]     Blocking waiting for file lock on package cache
[INFO] [stderr]     Blocking waiting for file lock on package cache
[INFO] [stderr]    Compiling libc v0.2.71
[INFO] [stderr]    Compiling proc-macro2 v1.0.17
[INFO] [stderr]    Compiling cfg-if v0.1.10
[INFO] [stderr]    Compiling autocfg v1.0.0
[INFO] [stderr]    Compiling unicode-xid v0.2.0
[INFO] [stderr]    Compiling syn v1.0.27
[INFO] [stderr]    Compiling version_check v0.9.2
[INFO] [stderr]    Compiling lazy_static v1.4.0
[INFO] [stderr]    Compiling log v0.4.8
[INFO] [stderr]    Compiling memchr v2.3.3
[INFO] [stderr]    Compiling cc v1.0.54
[INFO] [stderr]    Compiling pkg-config v0.3.17
[INFO] [stderr]    Compiling bitflags v1.2.1
[INFO] [stderr]    Compiling bytes v0.5.4
[INFO] [stderr]    Compiling openssl-src v111.10.2+1.1.1g
[INFO] [stderr]    Compiling quote v1.0.6
[INFO] [stderr]    Compiling slab v0.4.2
[INFO] [stderr]    Compiling futures-core v0.3.5
[INFO] [stderr]    Compiling fnv v1.0.7
[INFO] [stderr]    Compiling itoa v0.4.5
[INFO] [stderr]    Compiling pin-project-lite v0.1.5
[INFO] [stderr]    Compiling serde v1.0.110
[INFO] [stderr]    Compiling unicase v2.6.0
[INFO] [stderr]    Compiling openssl-sys v0.9.57
[INFO] [stderr]    Compiling indexmap v1.3.2
[INFO] [stderr]    Compiling once_cell v1.4.0
[INFO] [stderr]    Compiling foreign-types-shared v0.1.1
[INFO] [stderr]    Compiling openssl v0.10.29
[INFO] [stderr]    Compiling futures-task v0.3.5
[INFO] [stderr]    Compiling iovec v0.1.4
[INFO] [stderr]    Compiling net2 v0.2.34
[INFO] [stderr]    Compiling num_cpus v1.13.0
[INFO] [stderr]    Compiling time v0.1.43
[INFO] [stderr]    Compiling foreign-types v0.3.2
[INFO] [stderr]    Compiling http v0.2.1
[INFO] [stderr]    Compiling proc-macro-error-attr v1.0.2
[INFO] [stderr]    Compiling mio v0.6.22
[INFO] [stderr]    Compiling num-traits v0.2.11
[INFO] [stderr]    Compiling native-tls v0.2.4
[INFO] [stderr]    Compiling httparse v1.3.4
[INFO] [stderr]    Compiling futures-sink v0.3.5
[INFO] [stderr]    Compiling smallvec v1.4.0
[INFO] [stderr]    Compiling matches v0.1.8
[INFO] [stderr]    Compiling pin-utils v0.1.0
[INFO] [stderr]    Compiling futures-io v0.3.5
[INFO] [stderr]    Compiling getrandom v0.1.14
[INFO] [stderr]    Compiling unicode-normalization v0.1.12
[INFO] [stderr]    Compiling tokio v0.2.21
[INFO] [stderr]    Compiling unicode-bidi v0.3.4
[INFO] [stderr]    Compiling atty v0.2.14
[INFO] [stderr]    Compiling proc-macro-error v1.0.2
[INFO] [stderr]    Compiling num-integer v0.1.42
[INFO] [stderr]    Compiling try-lock v0.2.2
[INFO] [stderr]    Compiling dtoa v0.4.5
[INFO] [stderr]    Compiling openssl-probe v0.1.2
[INFO] [stderr]    Compiling ryu v1.0.4
[INFO] [stderr]    Compiling http-body v0.3.1
[INFO] [stderr]    Compiling want v0.3.0
[INFO] [stderr]    Compiling idna v0.2.0
[INFO] [stderr]    Compiling mime_guess v2.0.3
[INFO] [stderr]    Compiling futures-channel v0.3.5
[INFO] [stderr]    Compiling linked-hash-map v0.5.3
[INFO] [stderr]    Compiling unicode-width v0.1.7
[INFO] [stderr]    Compiling tower-service v0.3.0
[INFO] [stderr]    Compiling crc32fast v1.2.0
[INFO] [stderr]    Compiling unicode-segmentation v1.6.0
[INFO] [stderr]    Compiling percent-encoding v2.1.0
[INFO] [stderr]    Compiling encoding_rs v0.8.23
[INFO] [stderr]    Compiling url v2.1.1
[INFO] [stderr]    Compiling yaml-rust v0.4.3
[INFO] [stderr]    Compiling heck v0.3.1
[INFO] [stderr]    Compiling textwrap v0.11.0
[INFO] [stderr]    Compiling rand_core v0.5.1
[INFO] [stderr]    Compiling tokio-util v0.3.1
[INFO] [stderr]    Compiling syn-mid v0.5.0
[INFO] [stderr]    Compiling aho-corasick v0.7.10
[INFO] [stderr]    Compiling thread_local v1.0.1
[INFO] [stderr]    Compiling vec_map v0.8.2
[INFO] [stderr]    Compiling ansi_term v0.11.0
[INFO] [stderr]    Compiling regex-syntax v0.6.18
[INFO] [stderr]    Compiling strsim v0.8.0
[INFO] [stderr]    Compiling ppv-lite86 v0.2.8
[INFO] [stderr]    Compiling mime v0.3.16
[INFO] [stderr]    Compiling nix v0.17.0
[INFO] [stderr]    Compiling adler32 v1.0.4
[INFO] [stderr]    Compiling rand_chacha v0.2.2
[INFO] [stderr]    Compiling miniz_oxide v0.3.6
[INFO] [stderr]    Compiling clap v2.33.1
[INFO] [stderr]    Compiling chrono v0.4.11
[INFO] [stderr]    Compiling colored v1.9.3
[INFO] [stderr]    Compiling xattr v0.2.2
[INFO] [stderr]    Compiling regex v1.3.7
[INFO] [stderr]    Compiling filetime v0.2.10
[INFO] [stderr]    Compiling serde_derive v1.0.110
[INFO] [stderr]    Compiling pin-project-internal v0.4.17
[INFO] [stderr]    Compiling paw-attributes v1.0.2
[INFO] [stderr]    Compiling structopt-derive v0.4.7
[INFO] [stderr]    Compiling void v1.0.2
[INFO] [stderr]    Compiling base64 v0.12.1
[INFO] [stderr]    Compiling paw-raw v1.0.0
[INFO] [stderr]    Compiling pin-project v0.4.17
[INFO] [stderr]    Compiling semver-parser v0.7.0
[INFO] [stderr]    Compiling futures-util v0.3.5
[INFO] [stderr]    Compiling paw v1.0.0
[INFO] [stderr]    Compiling semver v0.9.0
[INFO] [stderr]    Compiling tar v0.4.29
[INFO] [stderr]    Compiling structopt v0.3.14
[INFO] [stderr]    Compiling flate2 v1.0.14
[INFO] [stderr]    Compiling rand v0.7.3
[INFO] [stderr]    Compiling h2 v0.2.5
[INFO] [stderr]    Compiling hyper v0.13.5
[INFO] [stderr]    Compiling serde_json v1.0.53
[INFO] [stderr]    Compiling serde_yaml v0.8.12
[INFO] [stderr]    Compiling serde_urlencoded v0.6.1
[INFO] [stderr]    Compiling mod_logger v0.7.0
[INFO] [stderr]    Compiling tokio-tls v0.3.1
[INFO] [stderr]    Compiling hyper-tls v0.4.1
[INFO] [stderr]    Compiling reqwest v0.10.5
[INFO] [stderr]    Compiling takeover v0.1.0 (/opt/rustwide/workdir)
[INFO] [stdout] warning: variant `CmdIo` is never constructed
[INFO] [stdout]   --> src/common/error.rs:17:5
[INFO] [stdout]    |
[INFO] [stdout] 7  | pub enum ErrorKind {
[INFO] [stdout]    |          --------- variant in this enum
[INFO] [stdout] ...
[INFO] [stdout] 17 |     CmdIo,
[INFO] [stdout]    |     ^^^^^
[INFO] [stdout]    |
[INFO] [stdout]    = note: `ErrorKind` has derived impls for the traits `Clone` and `Debug`, but these are intentionally ignored during dead code analysis
[INFO] [stdout]    = note: `#[warn(dead_code)]` on by default
[INFO] [stdout] 
[INFO] [stdout] 
[INFO] [stdout] warning: field `ptype` is never read
[INFO] [stdout]    --> src/common/disk_util.rs:122:9
[INFO] [stdout]     |
[INFO] [stdout] 120 | pub(crate) struct PartInfo {
[INFO] [stdout]     |                   -------- field in this struct
[INFO] [stdout] 121 |     pub index: usize,
[INFO] [stdout] 122 |     pub ptype: u8,
[INFO] [stdout]     |         ^^^^^
[INFO] [stdout]     |
[INFO] [stdout]     = note: `PartInfo` has derived impls for the traits `Clone` and `Debug`, but these are intentionally ignored during dead code analysis
[INFO] [stdout] 
[INFO] [stdout] 
[INFO] [stdout] warning: field `os_name` is never read
[INFO] [stdout]   --> src/stage1/migrate_info.rs:35:5
[INFO] [stdout]    |
[INFO] [stdout] 34 | pub(crate) struct MigrateInfo {
[INFO] [stdout]    |                   ----------- field in this struct
[INFO] [stdout] 35 |     os_name: String,
[INFO] [stdout]    |     ^^^^^^^
[INFO] [stdout]    |
[INFO] [stdout]    = note: `MigrateInfo` has a derived impl for the trait `Debug`, but this is intentionally ignored during dead code analysis
[INFO] [stdout] 
[INFO] [stdout] 
[INFO] [stdout] warning: fields `uuid`, `block_size`, `label`, and `part_uuid` are never read
[INFO] [stdout]   --> src/stage1/block_device_info/partition.rs:20:5
[INFO] [stdout]    |
[INFO] [stdout] 19 | pub(crate) struct PartitionInfo {
[INFO] [stdout]    |                   ------------- fields in this struct
[INFO] [stdout] 20 |     uuid: Option<String>,
[INFO] [stdout]    |     ^^^^
[INFO] [stdout] 21 |     block_size: Option<u32>,
[INFO] [stdout]    |     ^^^^^^^^^^
[INFO] [stdout] 22 |     fs_type: Option<String>,
[INFO] [stdout] 23 |     label: Option<String>,
[INFO] [stdout]    |     ^^^^^
[INFO] [stdout] 24 |     part_uuid: Option<String>,
[INFO] [stdout]    |     ^^^^^^^^^
[INFO] [stdout]    |
[INFO] [stdout]    = note: `PartitionInfo` has derived impls for the traits `Debug` and `Clone`, but these are intentionally ignored during dead code analysis
[INFO] [stdout] 
[INFO] [stdout] 
[INFO] [stdout] warning: 4 warnings emitted
[INFO] [stdout] 
[INFO] [stdout] 
[INFO] [stderr]     Finished dev [unoptimized + debuginfo] target(s) in 1m 52s
[INFO] running `Command { std: "docker" "inspect" "16d7dfac31b594cc1f8fb813bfd5f752f1d4e1f60cfc06bf894073a80f7022b0", kill_on_drop: false }`
[INFO] running `Command { std: "docker" "rm" "-f" "16d7dfac31b594cc1f8fb813bfd5f752f1d4e1f60cfc06bf894073a80f7022b0", kill_on_drop: false }`
[INFO] [stdout] 16d7dfac31b594cc1f8fb813bfd5f752f1d4e1f60cfc06bf894073a80f7022b0
[INFO] running `Command { std: "docker" "create" "-v" "/var/lib/crater-agent-workspace/builds/worker-4-tc2/target:/opt/rustwide/target:rw,Z" "-v" "/var/lib/crater-agent-workspace/builds/worker-4-tc2/source:/opt/rustwide/workdir:ro,Z" "-v" "/var/lib/crater-agent-workspace/cargo-home:/opt/rustwide/cargo-home:ro,Z" "-v" "/var/lib/crater-agent-workspace/rustup-home:/opt/rustwide/rustup-home:ro,Z" "-e" "SOURCE_DIR=/opt/rustwide/workdir" "-e" "CARGO_TARGET_DIR=/opt/rustwide/target" "-e" "CARGO_INCREMENTAL=0" "-e" "RUST_BACKTRACE=full" "-e" "RUSTFLAGS=--cap-lints=warn" "-e" "RUSTDOCFLAGS=--cap-lints=warn" "-e" "CARGO_HOME=/opt/rustwide/cargo-home" "-e" "RUSTUP_HOME=/opt/rustwide/rustup-home" "-w" "/opt/rustwide/workdir" "-m" "1610612736" "--user" "0:0" "--network" "none" "ghcr.io/rust-lang/crates-build-env/linux@sha256:5ff2268d62e97bff2cde7d5815dd6ed5b47097566f13b8d0ca110b04b60e07ed" "/opt/rustwide/cargo-home/bin/cargo" "+beta-2023-04-20" "test" "--frozen" "--no-run" "--message-format=json", kill_on_drop: false }`
[INFO] [stdout] fb8e062987844aefe64b99d8d18cd2cccce11a46585054f2d030adc15b5c6b21
[INFO] running `Command { std: "docker" "start" "-a" "fb8e062987844aefe64b99d8d18cd2cccce11a46585054f2d030adc15b5c6b21", kill_on_drop: false }`
[INFO] [stderr]    Compiling takeover v0.1.0 (/opt/rustwide/workdir)
[INFO] [stdout] warning: variant `CmdIo` is never constructed
[INFO] [stdout]   --> src/common/error.rs:17:5
[INFO] [stdout]    |
[INFO] [stdout] 7  | pub enum ErrorKind {
[INFO] [stdout]    |          --------- variant in this enum
[INFO] [stdout] ...
[INFO] [stdout] 17 |     CmdIo,
[INFO] [stdout]    |     ^^^^^
[INFO] [stdout]    |
[INFO] [stdout]    = note: `ErrorKind` has derived impls for the traits `Clone` and `Debug`, but these are intentionally ignored during dead code analysis
[INFO] [stdout]    = note: `#[warn(dead_code)]` on by default
[INFO] [stdout] 
[INFO] [stdout] 
[INFO] [stdout] warning: field `os_name` is never read
[INFO] [stdout]   --> src/stage1/migrate_info.rs:35:5
[INFO] [stdout]    |
[INFO] [stdout] 34 | pub(crate) struct MigrateInfo {
[INFO] [stdout]    |                   ----------- field in this struct
[INFO] [stdout] 35 |     os_name: String,
[INFO] [stdout]    |     ^^^^^^^
[INFO] [stdout]    |
[INFO] [stdout]    = note: `MigrateInfo` has a derived impl for the trait `Debug`, but this is intentionally ignored during dead code analysis
[INFO] [stdout] 
[INFO] [stdout] 
[INFO] [stdout] warning: fields `uuid`, `block_size`, `label`, and `part_uuid` are never read
[INFO] [stdout]   --> src/stage1/block_device_info/partition.rs:20:5
[INFO] [stdout]    |
[INFO] [stdout] 19 | pub(crate) struct PartitionInfo {
[INFO] [stdout]    |                   ------------- fields in this struct
[INFO] [stdout] 20 |     uuid: Option<String>,
[INFO] [stdout]    |     ^^^^
[INFO] [stdout] 21 |     block_size: Option<u32>,
[INFO] [stdout]    |     ^^^^^^^^^^
[INFO] [stdout] 22 |     fs_type: Option<String>,
[INFO] [stdout] 23 |     label: Option<String>,
[INFO] [stdout]    |     ^^^^^
[INFO] [stdout] 24 |     part_uuid: Option<String>,
[INFO] [stdout]    |     ^^^^^^^^^
[INFO] [stdout]    |
[INFO] [stdout]    = note: `PartitionInfo` has derived impls for the traits `Debug` and `Clone`, but these are intentionally ignored during dead code analysis
[INFO] [stdout] 
[INFO] [stdout] 
[INFO] [stdout] warning: 3 warnings emitted
[INFO] [stdout] 
[INFO] [stdout] 
[INFO] [stderr]     Finished test [unoptimized + debuginfo] target(s) in 4.67s
[INFO] running `Command { std: "docker" "inspect" "fb8e062987844aefe64b99d8d18cd2cccce11a46585054f2d030adc15b5c6b21", kill_on_drop: false }`
[INFO] running `Command { std: "docker" "rm" "-f" "fb8e062987844aefe64b99d8d18cd2cccce11a46585054f2d030adc15b5c6b21", kill_on_drop: false }`
[INFO] [stdout] fb8e062987844aefe64b99d8d18cd2cccce11a46585054f2d030adc15b5c6b21
[INFO] running `Command { std: "docker" "create" "-v" "/var/lib/crater-agent-workspace/builds/worker-4-tc2/target:/opt/rustwide/target:rw,Z" "-v" "/var/lib/crater-agent-workspace/builds/worker-4-tc2/source:/opt/rustwide/workdir:ro,Z" "-v" "/var/lib/crater-agent-workspace/cargo-home:/opt/rustwide/cargo-home:ro,Z" "-v" "/var/lib/crater-agent-workspace/rustup-home:/opt/rustwide/rustup-home:ro,Z" "-e" "SOURCE_DIR=/opt/rustwide/workdir" "-e" "CARGO_TARGET_DIR=/opt/rustwide/target" "-e" "CARGO_INCREMENTAL=0" "-e" "RUST_BACKTRACE=full" "-e" "RUSTFLAGS=--cap-lints=warn" "-e" "RUSTDOCFLAGS=--cap-lints=warn" "-e" "CARGO_HOME=/opt/rustwide/cargo-home" "-e" "RUSTUP_HOME=/opt/rustwide/rustup-home" "-w" "/opt/rustwide/workdir" "-m" "1610612736" "--user" "0:0" "--network" "none" "ghcr.io/rust-lang/crates-build-env/linux@sha256:5ff2268d62e97bff2cde7d5815dd6ed5b47097566f13b8d0ca110b04b60e07ed" "/opt/rustwide/cargo-home/bin/cargo" "+beta-2023-04-20" "test" "--frozen", kill_on_drop: false }`
[INFO] [stdout] 543e2f616fc26ab7d65dbbd96d0a200ef134302cabb04de558fa321990a3ffa7
[INFO] running `Command { std: "docker" "start" "-a" "543e2f616fc26ab7d65dbbd96d0a200ef134302cabb04de558fa321990a3ffa7", kill_on_drop: false }`
[INFO] [stderr] warning: variant `CmdIo` is never constructed
[INFO] [stderr]   --> src/common/error.rs:17:5
[INFO] [stderr]    |
[INFO] [stderr] 7  | pub enum ErrorKind {
[INFO] [stderr]    |          --------- variant in this enum
[INFO] [stderr] ...
[INFO] [stderr] 17 |     CmdIo,
[INFO] [stderr]    |     ^^^^^
[INFO] [stderr]    |
[INFO] [stderr]    = note: `ErrorKind` has derived impls for the traits `Clone` and `Debug`, but these are intentionally ignored during dead code analysis
[INFO] [stderr]    = note: `#[warn(dead_code)]` on by default
[INFO] [stderr] 
[INFO] [stderr] warning: field `os_name` is never read
[INFO] [stderr]   --> src/stage1/migrate_info.rs:35:5
[INFO] [stderr]    |
[INFO] [stderr] 34 | pub(crate) struct MigrateInfo {
[INFO] [stderr]    |                   ----------- field in this struct
[INFO] [stderr] 35 |     os_name: String,
[INFO] [stderr]    |     ^^^^^^^
[INFO] [stderr]    |
[INFO] [stderr]    = note: `MigrateInfo` has a derived impl for the trait `Debug`, but this is intentionally ignored during dead code analysis
[INFO] [stderr] 
[INFO] [stderr] warning: fields `uuid`, `block_size`, `label`, and `part_uuid` are never read
[INFO] [stderr]   --> src/stage1/block_device_info/partition.rs:20:5
[INFO] [stderr]    |
[INFO] [stderr] 19 | pub(crate) struct PartitionInfo {
[INFO] [stderr]    |                   ------------- fields in this struct
[INFO] [stderr] 20 |     uuid: Option<String>,
[INFO] [stderr]    |     ^^^^
[INFO] [stderr] 21 |     block_size: Option<u32>,
[INFO] [stderr]    |     ^^^^^^^^^^
[INFO] [stderr] 22 |     fs_type: Option<String>,
[INFO] [stderr] 23 |     label: Option<String>,
[INFO] [stderr]    |     ^^^^^
[INFO] [stderr] 24 |     part_uuid: Option<String>,
[INFO] [stderr]    |     ^^^^^^^^^
[INFO] [stderr]    |
[INFO] [stderr]    = note: `PartitionInfo` has derived impls for the traits `Debug` and `Clone`, but these are intentionally ignored during dead code analysis
[INFO] [stderr] 
[INFO] [stderr] warning: `takeover` (bin "takeover" test) generated 3 warnings
[INFO] [stderr]     Finished test [unoptimized + debuginfo] target(s) in 0.09s
[INFO] [stderr]      Running unittests src/main.rs (/opt/rustwide/target/debug/deps/takeover-0bd4c184a166f951)
[INFO] [stdout] 
[INFO] [stdout] running 3 tests
[INFO] [stdout] test common::tests::test_path_to_cstring ... ok
[INFO] [stdout] test stage1::utils::tests::test_read_buffer ... ok
[INFO] [stderr] error: test failed, to rerun pass `--bin takeover`
[INFO] [stdout] test common::disk_util::test::read_gzipped_part ... FAILED
[INFO] [stdout] 
[INFO] [stdout] failures:
[INFO] [stdout] 
[INFO] [stdout] ---- common::disk_util::test::read_gzipped_part stdout ----
[INFO] [stdout] thread 'common::disk_util::test::read_gzipped_part' panicked at 'called `Option::unwrap()` on a `None` value', src/common/disk_util.rs:489:40
[INFO] [stdout] stack backtrace:
[INFO] [stdout]    0:     0x555ec72b1d9a - std::backtrace_rs::backtrace::libunwind::trace::h2f05d0192276a8f6
[INFO] [stdout]                                at /rustc/1b7dd2252b99671ce5d1cb9664c5f8636329436d/library/std/src/../../backtrace/src/backtrace/libunwind.rs:93:5
[INFO] [stdout]    1:     0x555ec72b1d9a - std::backtrace_rs::backtrace::trace_unsynchronized::hedc23dff7a1af150
[INFO] [stdout]                                at /rustc/1b7dd2252b99671ce5d1cb9664c5f8636329436d/library/std/src/../../backtrace/src/backtrace/mod.rs:66:5
[INFO] [stdout]    2:     0x555ec72b1d9a - std::sys_common::backtrace::_print_fmt::h17541ef7592f3ce2
[INFO] [stdout]                                at /rustc/1b7dd2252b99671ce5d1cb9664c5f8636329436d/library/std/src/sys_common/backtrace.rs:65:5
[INFO] [stdout]    3:     0x555ec72b1d9a - <std::sys_common::backtrace::_print::DisplayBacktrace as core::fmt::Display>::fmt::h20f75df5ab0c0792
[INFO] [stdout]                                at /rustc/1b7dd2252b99671ce5d1cb9664c5f8636329436d/library/std/src/sys_common/backtrace.rs:44:22
[INFO] [stdout]    4:     0x555ec72d5a9f - core::fmt::write::h78109e6f466b3af6
[INFO] [stdout]                                at /rustc/1b7dd2252b99671ce5d1cb9664c5f8636329436d/library/core/src/fmt/mod.rs:1254:17
[INFO] [stdout]    5:     0x555ec72aedf5 - std::io::Write::write_fmt::hd24bfb68a1b35a25
[INFO] [stdout]                                at /rustc/1b7dd2252b99671ce5d1cb9664c5f8636329436d/library/std/src/io/mod.rs:1698:15
[INFO] [stdout]    6:     0x555ec72b1b65 - std::sys_common::backtrace::_print::h8dac57a9f8fbf9a5
[INFO] [stdout]                                at /rustc/1b7dd2252b99671ce5d1cb9664c5f8636329436d/library/std/src/sys_common/backtrace.rs:47:5
[INFO] [stdout]    7:     0x555ec72b1b65 - std::sys_common::backtrace::print::hf9ecbf41d1aa712f
[INFO] [stdout]                                at /rustc/1b7dd2252b99671ce5d1cb9664c5f8636329436d/library/std/src/sys_common/backtrace.rs:34:9
[INFO] [stdout]    8:     0x555ec72b381e - std::panicking::default_hook::{{closure}}::h04c07acfc84ca028
[INFO] [stdout]                                at /rustc/1b7dd2252b99671ce5d1cb9664c5f8636329436d/library/std/src/panicking.rs:269:22
[INFO] [stdout]    9:     0x555ec72b3551 - std::panicking::default_hook::h01f6bb23e1eceb2c
[INFO] [stdout]                                at /rustc/1b7dd2252b99671ce5d1cb9664c5f8636329436d/library/std/src/panicking.rs:285:9
[INFO] [stdout]   10:     0x555ec725de2b - <alloc::boxed::Box<F,A> as core::ops::function::Fn<Args>>::call::h87fe9f7b2fd49e4c
[INFO] [stdout]                                at /rustc/1b7dd2252b99671ce5d1cb9664c5f8636329436d/library/alloc/src/boxed.rs:1987:9
[INFO] [stdout]   11:     0x555ec725de2b - test::test_main::{{closure}}::he94d679243a7531b
[INFO] [stdout]                                at /rustc/1b7dd2252b99671ce5d1cb9664c5f8636329436d/library/test/src/lib.rs:134:21
[INFO] [stdout]   12:     0x555ec72b3f04 - <alloc::boxed::Box<F,A> as core::ops::function::Fn<Args>>::call::h3f2d6d8b14c4769f
[INFO] [stdout]                                at /rustc/1b7dd2252b99671ce5d1cb9664c5f8636329436d/library/alloc/src/boxed.rs:1987:9
[INFO] [stdout]   13:     0x555ec72b3f04 - std::panicking::rust_panic_with_hook::h2bb3722bbaf2f6df
[INFO] [stdout]                                at /rustc/1b7dd2252b99671ce5d1cb9664c5f8636329436d/library/std/src/panicking.rs:695:13
[INFO] [stdout]   14:     0x555ec72b3c32 - std::panicking::begin_panic_handler::{{closure}}::h91bc7f36a4be011b
[INFO] [stdout]                                at /rustc/1b7dd2252b99671ce5d1cb9664c5f8636329436d/library/std/src/panicking.rs:580:13
[INFO] [stdout]   15:     0x555ec72b2206 - std::sys_common::backtrace::__rust_end_short_backtrace::h8b3d3717114f9e59
[INFO] [stdout]                                at /rustc/1b7dd2252b99671ce5d1cb9664c5f8636329436d/library/std/src/sys_common/backtrace.rs:150:18
[INFO] [stdout]   16:     0x555ec72b39d2 - rust_begin_unwind
[INFO] [stdout]                                at /rustc/1b7dd2252b99671ce5d1cb9664c5f8636329436d/library/std/src/panicking.rs:578:5
[INFO] [stdout]   17:     0x555ec7219fe3 - core::panicking::panic_fmt::hfd368e3fbdabea26
[INFO] [stdout]                                at /rustc/1b7dd2252b99671ce5d1cb9664c5f8636329436d/library/core/src/panicking.rs:67:14
[INFO] [stdout]   18:     0x555ec721a07d - core::panicking::panic::h3f9042d09bd0bf2e
[INFO] [stdout]                                at /rustc/1b7dd2252b99671ce5d1cb9664c5f8636329436d/library/core/src/panicking.rs:117:5
[INFO] [stdout]   19:     0x555ec722a325 - core::option::Option<T>::unwrap::h9bbaf5588792f7f9
[INFO] [stdout]                                at /rustc/1b7dd2252b99671ce5d1cb9664c5f8636329436d/library/core/src/option.rs:950:21
[INFO] [stdout]   20:     0x555ec7220429 - takeover::common::disk_util::test::get_test_file::h01beb3a2b016fbac
[INFO] [stdout]                                at /opt/rustwide/workdir/src/common/disk_util.rs:489:21
[INFO] [stdout]   21:     0x555ec7221329 - takeover::common::disk_util::test::read_gzipped_part::haeb245a0fb4d0f71
[INFO] [stdout]                                at /opt/rustwide/workdir/src/common/disk_util.rs:497:44
[INFO] [stdout]   22:     0x555ec72212f7 - takeover::common::disk_util::test::read_gzipped_part::{{closure}}::had3d8466e7450b49
[INFO] [stdout]                                at /opt/rustwide/workdir/src/common/disk_util.rs:496:28
[INFO] [stdout]   23:     0x555ec7228415 - core::ops::function::FnOnce::call_once::h17c64f980304fe82
[INFO] [stdout]                                at /rustc/1b7dd2252b99671ce5d1cb9664c5f8636329436d/library/core/src/ops/function.rs:250:5
[INFO] [stdout]   24:     0x555ec7262cff - core::ops::function::FnOnce::call_once::ha6a70e79f7481a7e
[INFO] [stdout]                                at /rustc/1b7dd2252b99671ce5d1cb9664c5f8636329436d/library/core/src/ops/function.rs:250:5
[INFO] [stdout]   25:     0x555ec7262cff - test::__rust_begin_short_backtrace::hce33033019b61e69
[INFO] [stdout]                                at /rustc/1b7dd2252b99671ce5d1cb9664c5f8636329436d/library/test/src/lib.rs:655:18
[INFO] [stdout]   26:     0x555ec72304ec - test::run_test::{{closure}}::h858d3528838ae3e5
[INFO] [stdout]                                at /rustc/1b7dd2252b99671ce5d1cb9664c5f8636329436d/library/test/src/lib.rs:646:30
[INFO] [stdout]   27:     0x555ec72304ec - core::ops::function::FnOnce::call_once{{vtable.shim}}::he8ac2b00f01ae79e
[INFO] [stdout]                                at /rustc/1b7dd2252b99671ce5d1cb9664c5f8636329436d/library/core/src/ops/function.rs:250:5
[INFO] [stdout]   28:     0x555ec7261dd6 - <alloc::boxed::Box<F,A> as core::ops::function::FnOnce<Args>>::call_once::h8093d25b522725ef
[INFO] [stdout]                                at /rustc/1b7dd2252b99671ce5d1cb9664c5f8636329436d/library/alloc/src/boxed.rs:1973:9
[INFO] [stdout]   29:     0x555ec7261dd6 - <core::panic::unwind_safe::AssertUnwindSafe<F> as core::ops::function::FnOnce<()>>::call_once::h5c334c204e4a3913
[INFO] [stdout]                                at /rustc/1b7dd2252b99671ce5d1cb9664c5f8636329436d/library/core/src/panic/unwind_safe.rs:271:9
[INFO] [stdout]   30:     0x555ec7261dd6 - std::panicking::try::do_call::ha8b740c7b9478074
[INFO] [stdout]                                at /rustc/1b7dd2252b99671ce5d1cb9664c5f8636329436d/library/std/src/panicking.rs:485:40
[INFO] [stdout]   31:     0x555ec7261dd6 - std::panicking::try::h5d34f63d0e41b64e
[INFO] [stdout]                                at /rustc/1b7dd2252b99671ce5d1cb9664c5f8636329436d/library/std/src/panicking.rs:449:19
[INFO] [stdout]   32:     0x555ec7261dd6 - std::panic::catch_unwind::hcfbb511e1aa7fc67
[INFO] [stdout]                                at /rustc/1b7dd2252b99671ce5d1cb9664c5f8636329436d/library/std/src/panic.rs:140:14
[INFO] [stdout]   33:     0x555ec7261dd6 - test::run_test_in_process::h9abda90f802eaf21
[INFO] [stdout]                                at /rustc/1b7dd2252b99671ce5d1cb9664c5f8636329436d/library/test/src/lib.rs:678:27
[INFO] [stdout]   34:     0x555ec7261dd6 - test::run_test::run_test_inner::{{closure}}::h0f058de91f6c6edf
[INFO] [stdout]                                at /rustc/1b7dd2252b99671ce5d1cb9664c5f8636329436d/library/test/src/lib.rs:572:39
[INFO] [stdout]   35:     0x555ec722acf5 - test::run_test::run_test_inner::{{closure}}::h5ca48a4c59c6c1fb
[INFO] [stdout]                                at /rustc/1b7dd2252b99671ce5d1cb9664c5f8636329436d/library/test/src/lib.rs:599:37
[INFO] [stdout]   36:     0x555ec722acf5 - std::sys_common::backtrace::__rust_begin_short_backtrace::h32bd51e1495d4a33
[INFO] [stdout]                                at /rustc/1b7dd2252b99671ce5d1cb9664c5f8636329436d/library/std/src/sys_common/backtrace.rs:134:18
[INFO] [stdout]   37:     0x555ec7230231 - std::thread::Builder::spawn_unchecked_::{{closure}}::{{closure}}::hc086fae9b128b2db
[INFO] [stdout]                                at /rustc/1b7dd2252b99671ce5d1cb9664c5f8636329436d/library/std/src/thread/mod.rs:526:17
[INFO] [stdout]   38:     0x555ec7230231 - <core::panic::unwind_safe::AssertUnwindSafe<F> as core::ops::function::FnOnce<()>>::call_once::hb66571888d270d43
[INFO] [stdout]                                at /rustc/1b7dd2252b99671ce5d1cb9664c5f8636329436d/library/core/src/panic/unwind_safe.rs:271:9
[INFO] [stdout]   39:     0x555ec7230231 - std::panicking::try::do_call::h4fa2ef4f6e51fecf
[INFO] [stdout]                                at /rustc/1b7dd2252b99671ce5d1cb9664c5f8636329436d/library/std/src/panicking.rs:485:40
[INFO] [stdout]   40:     0x555ec7230231 - std::panicking::try::h1e9e22b8584489b5
[INFO] [stdout]                                at /rustc/1b7dd2252b99671ce5d1cb9664c5f8636329436d/library/std/src/panicking.rs:449:19
[INFO] [stdout]   41:     0x555ec7230231 - std::panic::catch_unwind::h44698a3de0e0769e
[INFO] [stdout]                                at /rustc/1b7dd2252b99671ce5d1cb9664c5f8636329436d/library/std/src/panic.rs:140:14
[INFO] [stdout]   42:     0x555ec7230231 - std::thread::Builder::spawn_unchecked_::{{closure}}::h50153abde3fe239e
[INFO] [stdout]                                at /rustc/1b7dd2252b99671ce5d1cb9664c5f8636329436d/library/std/src/thread/mod.rs:525:30
[INFO] [stdout]   43:     0x555ec7230231 - core::ops::function::FnOnce::call_once{{vtable.shim}}::hbe5bbf6f38394364
[INFO] [stdout]                                at /rustc/1b7dd2252b99671ce5d1cb9664c5f8636329436d/library/core/src/ops/function.rs:250:5
[INFO] [stdout]   44:     0x555ec72b83e5 - <alloc::boxed::Box<F,A> as core::ops::function::FnOnce<Args>>::call_once::h0d83cb2920a49046
[INFO] [stdout]                                at /rustc/1b7dd2252b99671ce5d1cb9664c5f8636329436d/library/alloc/src/boxed.rs:1973:9
[INFO] [stdout]   45:     0x555ec72b83e5 - <alloc::boxed::Box<F,A> as core::ops::function::FnOnce<Args>>::call_once::hbe0a008aa7d9ef59
[INFO] [stdout]                                at /rustc/1b7dd2252b99671ce5d1cb9664c5f8636329436d/library/alloc/src/boxed.rs:1973:9
[INFO] [stdout]   46:     0x555ec72b83e5 - std::sys::unix::thread::Thread::new::thread_start::h3a466996bdf6b1f9
[INFO] [stdout]                                at /rustc/1b7dd2252b99671ce5d1cb9664c5f8636329436d/library/std/src/sys/unix/thread.rs:108:17
[INFO] [stdout]   47:     0x7f997c814b43 - <unknown>
[INFO] [stdout]   48:     0x7f997c8a5bb4 - __clone
[INFO] [stdout]   49:                0x0 - <unknown>
[INFO] [stdout] 
[INFO] [stdout] 
[INFO] [stdout] failures:
[INFO] [stdout]     common::disk_util::test::read_gzipped_part
[INFO] [stdout] 
[INFO] [stdout] test result: FAILED. 2 passed; 1 failed; 0 ignored; 0 measured; 0 filtered out; finished in 0.03s
[INFO] [stdout] 
[INFO] running `Command { std: "docker" "inspect" "543e2f616fc26ab7d65dbbd96d0a200ef134302cabb04de558fa321990a3ffa7", kill_on_drop: false }`
[INFO] running `Command { std: "docker" "rm" "-f" "543e2f616fc26ab7d65dbbd96d0a200ef134302cabb04de558fa321990a3ffa7", kill_on_drop: false }`
[INFO] [stdout] 543e2f616fc26ab7d65dbbd96d0a200ef134302cabb04de558fa321990a3ffa7
