[INFO] cloning repository https://github.com/awd123/lsdjtool
[INFO] running `Command { std: "git" "-c" "credential.helper=" "-c" "credential.helper=/workspace/cargo-home/bin/git-credential-null" "clone" "--bare" "https://github.com/awd123/lsdjtool" "/workspace/cache/git-repos/https%3A%2F%2Fgithub.com%2Fawd123%2Flsdjtool", kill_on_drop: false }`
[INFO] [stderr] Cloning into bare repository '/workspace/cache/git-repos/https%3A%2F%2Fgithub.com%2Fawd123%2Flsdjtool'...
[INFO] running `Command { std: "git" "rev-parse" "HEAD", kill_on_drop: false }`
[INFO] [stdout] 75f6e8af6ddebbed630644fa5601d8b116cb4817
[INFO] testing awd123/lsdjtool against 1.69.0 for beta-1.70-1
[INFO] running `Command { std: "git" "clone" "/workspace/cache/git-repos/https%3A%2F%2Fgithub.com%2Fawd123%2Flsdjtool" "/workspace/builds/worker-3-tc1/source", kill_on_drop: false }`
[INFO] [stderr] Cloning into '/workspace/builds/worker-3-tc1/source'...
[INFO] [stderr] done.
[INFO] validating manifest of git repo https://github.com/awd123/lsdjtool on toolchain 1.69.0
[INFO] running `Command { std: CARGO_HOME="/workspace/cargo-home" RUSTUP_HOME="/workspace/rustup-home" "/workspace/cargo-home/bin/cargo" "+1.69.0" "metadata" "--manifest-path" "Cargo.toml" "--no-deps", kill_on_drop: false }`
[INFO] started tweaking git repo https://github.com/awd123/lsdjtool
[INFO] finished tweaking git repo https://github.com/awd123/lsdjtool
[INFO] tweaked toml for git repo https://github.com/awd123/lsdjtool written to /workspace/builds/worker-3-tc1/source/Cargo.toml
[INFO] crate git repo https://github.com/awd123/lsdjtool already has a lockfile, it will not be regenerated
[INFO] running `Command { std: CARGO_HOME="/workspace/cargo-home" RUSTUP_HOME="/workspace/rustup-home" "/workspace/cargo-home/bin/cargo" "+1.69.0" "fetch" "--manifest-path" "Cargo.toml", kill_on_drop: false }`
[INFO] running `Command { std: "docker" "create" "-v" "/var/lib/crater-agent-workspace/builds/worker-3-tc1/target:/opt/rustwide/target:rw,Z" "-v" "/var/lib/crater-agent-workspace/builds/worker-3-tc1/source:/opt/rustwide/workdir:ro,Z" "-v" "/var/lib/crater-agent-workspace/cargo-home:/opt/rustwide/cargo-home:ro,Z" "-v" "/var/lib/crater-agent-workspace/rustup-home:/opt/rustwide/rustup-home:ro,Z" "-e" "SOURCE_DIR=/opt/rustwide/workdir" "-e" "CARGO_TARGET_DIR=/opt/rustwide/target" "-e" "CARGO_HOME=/opt/rustwide/cargo-home" "-e" "RUSTUP_HOME=/opt/rustwide/rustup-home" "-w" "/opt/rustwide/workdir" "-m" "1610612736" "--user" "0:0" "--network" "none" "ghcr.io/rust-lang/crates-build-env/linux@sha256:5ff2268d62e97bff2cde7d5815dd6ed5b47097566f13b8d0ca110b04b60e07ed" "/opt/rustwide/cargo-home/bin/cargo" "+1.69.0" "metadata" "--no-deps" "--format-version=1", kill_on_drop: false }`
[INFO] [stdout] f3929f18ede8382afc3113b0d5a7e48624455b5aab0686046c62a6e441482121
[INFO] running `Command { std: "docker" "start" "-a" "f3929f18ede8382afc3113b0d5a7e48624455b5aab0686046c62a6e441482121", kill_on_drop: false }`
[INFO] running `Command { std: "docker" "inspect" "f3929f18ede8382afc3113b0d5a7e48624455b5aab0686046c62a6e441482121", kill_on_drop: false }`
[INFO] running `Command { std: "docker" "rm" "-f" "f3929f18ede8382afc3113b0d5a7e48624455b5aab0686046c62a6e441482121", kill_on_drop: false }`
[INFO] [stdout] f3929f18ede8382afc3113b0d5a7e48624455b5aab0686046c62a6e441482121
[INFO] running `Command { std: "docker" "create" "-v" "/var/lib/crater-agent-workspace/builds/worker-3-tc1/target:/opt/rustwide/target:rw,Z" "-v" "/var/lib/crater-agent-workspace/builds/worker-3-tc1/source:/opt/rustwide/workdir:ro,Z" "-v" "/var/lib/crater-agent-workspace/cargo-home:/opt/rustwide/cargo-home:ro,Z" "-v" "/var/lib/crater-agent-workspace/rustup-home:/opt/rustwide/rustup-home:ro,Z" "-e" "SOURCE_DIR=/opt/rustwide/workdir" "-e" "CARGO_TARGET_DIR=/opt/rustwide/target" "-e" "CARGO_INCREMENTAL=0" "-e" "RUST_BACKTRACE=full" "-e" "RUSTFLAGS=--cap-lints=warn" "-e" "RUSTDOCFLAGS=--cap-lints=warn" "-e" "CARGO_HOME=/opt/rustwide/cargo-home" "-e" "RUSTUP_HOME=/opt/rustwide/rustup-home" "-w" "/opt/rustwide/workdir" "-m" "1610612736" "--user" "0:0" "--network" "none" "ghcr.io/rust-lang/crates-build-env/linux@sha256:5ff2268d62e97bff2cde7d5815dd6ed5b47097566f13b8d0ca110b04b60e07ed" "/opt/rustwide/cargo-home/bin/cargo" "+1.69.0" "build" "--frozen" "--message-format=json", kill_on_drop: false }`
[INFO] [stdout] 46f3d3c8a418a38ed975d3667f8b653525933d1348dff4b95c547bc8444ef16f
[INFO] running `Command { std: "docker" "start" "-a" "46f3d3c8a418a38ed975d3667f8b653525933d1348dff4b95c547bc8444ef16f", kill_on_drop: false }`
[INFO] [stderr]    Compiling proc-macro2 v1.0.24
[INFO] [stderr]    Compiling version_check v0.9.2
[INFO] [stderr]    Compiling unicode-xid v0.2.1
[INFO] [stderr]    Compiling syn v1.0.58
[INFO] [stderr]    Compiling libc v0.2.82
[INFO] [stderr]    Compiling bitflags v1.2.1
[INFO] [stderr]    Compiling unicode-segmentation v1.7.1
[INFO] [stderr]    Compiling unicode-width v0.1.8
[INFO] [stderr]    Compiling textwrap v0.11.0
[INFO] [stderr]    Compiling strsim v0.8.0
[INFO] [stderr]    Compiling heck v0.3.2
[INFO] [stderr]    Compiling proc-macro-error-attr v1.0.4
[INFO] [stderr]    Compiling proc-macro-error v1.0.4
[INFO] [stderr]    Compiling vec_map v0.8.2
[INFO] [stderr]    Compiling ansi_term v0.11.0
[INFO] [stderr]    Compiling lazy_static v1.4.0
[INFO] [stderr]    Compiling quote v1.0.8
[INFO] [stderr]    Compiling atty v0.2.14
[INFO] [stderr]    Compiling clap v2.33.3
[INFO] [stderr]    Compiling structopt-derive v0.4.14
[INFO] [stderr]    Compiling structopt v0.3.21
[INFO] [stderr]    Compiling lsdjtool v0.1.1 (/opt/rustwide/workdir)
[INFO] [stderr]     Finished dev [unoptimized + debuginfo] target(s) in 13.69s
[INFO] running `Command { std: "docker" "inspect" "46f3d3c8a418a38ed975d3667f8b653525933d1348dff4b95c547bc8444ef16f", kill_on_drop: false }`
[INFO] running `Command { std: "docker" "rm" "-f" "46f3d3c8a418a38ed975d3667f8b653525933d1348dff4b95c547bc8444ef16f", kill_on_drop: false }`
[INFO] [stdout] 46f3d3c8a418a38ed975d3667f8b653525933d1348dff4b95c547bc8444ef16f
[INFO] running `Command { std: "docker" "create" "-v" "/var/lib/crater-agent-workspace/builds/worker-3-tc1/target:/opt/rustwide/target:rw,Z" "-v" "/var/lib/crater-agent-workspace/builds/worker-3-tc1/source:/opt/rustwide/workdir:ro,Z" "-v" "/var/lib/crater-agent-workspace/cargo-home:/opt/rustwide/cargo-home:ro,Z" "-v" "/var/lib/crater-agent-workspace/rustup-home:/opt/rustwide/rustup-home:ro,Z" "-e" "SOURCE_DIR=/opt/rustwide/workdir" "-e" "CARGO_TARGET_DIR=/opt/rustwide/target" "-e" "CARGO_INCREMENTAL=0" "-e" "RUST_BACKTRACE=full" "-e" "RUSTFLAGS=--cap-lints=warn" "-e" "RUSTDOCFLAGS=--cap-lints=warn" "-e" "CARGO_HOME=/opt/rustwide/cargo-home" "-e" "RUSTUP_HOME=/opt/rustwide/rustup-home" "-w" "/opt/rustwide/workdir" "-m" "1610612736" "--user" "0:0" "--network" "none" "ghcr.io/rust-lang/crates-build-env/linux@sha256:5ff2268d62e97bff2cde7d5815dd6ed5b47097566f13b8d0ca110b04b60e07ed" "/opt/rustwide/cargo-home/bin/cargo" "+1.69.0" "test" "--frozen" "--no-run" "--message-format=json", kill_on_drop: false }`
[INFO] [stdout] 0f319cb46844c0ad7bf48a4d0049faab3d8486a8a785f42d60ff27c49a8be47d
[INFO] running `Command { std: "docker" "start" "-a" "0f319cb46844c0ad7bf48a4d0049faab3d8486a8a785f42d60ff27c49a8be47d", kill_on_drop: false }`
[INFO] [stderr]    Compiling lsdjtool v0.1.1 (/opt/rustwide/workdir)
[INFO] [stderr]     Finished test [unoptimized + debuginfo] target(s) in 1.11s
[INFO] running `Command { std: "docker" "inspect" "0f319cb46844c0ad7bf48a4d0049faab3d8486a8a785f42d60ff27c49a8be47d", kill_on_drop: false }`
[INFO] running `Command { std: "docker" "rm" "-f" "0f319cb46844c0ad7bf48a4d0049faab3d8486a8a785f42d60ff27c49a8be47d", kill_on_drop: false }`
[INFO] [stdout] 0f319cb46844c0ad7bf48a4d0049faab3d8486a8a785f42d60ff27c49a8be47d
[INFO] running `Command { std: "docker" "create" "-v" "/var/lib/crater-agent-workspace/builds/worker-3-tc1/target:/opt/rustwide/target:rw,Z" "-v" "/var/lib/crater-agent-workspace/builds/worker-3-tc1/source:/opt/rustwide/workdir:ro,Z" "-v" "/var/lib/crater-agent-workspace/cargo-home:/opt/rustwide/cargo-home:ro,Z" "-v" "/var/lib/crater-agent-workspace/rustup-home:/opt/rustwide/rustup-home:ro,Z" "-e" "SOURCE_DIR=/opt/rustwide/workdir" "-e" "CARGO_TARGET_DIR=/opt/rustwide/target" "-e" "CARGO_INCREMENTAL=0" "-e" "RUST_BACKTRACE=full" "-e" "RUSTFLAGS=--cap-lints=warn" "-e" "RUSTDOCFLAGS=--cap-lints=warn" "-e" "CARGO_HOME=/opt/rustwide/cargo-home" "-e" "RUSTUP_HOME=/opt/rustwide/rustup-home" "-w" "/opt/rustwide/workdir" "-m" "1610612736" "--user" "0:0" "--network" "none" "ghcr.io/rust-lang/crates-build-env/linux@sha256:5ff2268d62e97bff2cde7d5815dd6ed5b47097566f13b8d0ca110b04b60e07ed" "/opt/rustwide/cargo-home/bin/cargo" "+1.69.0" "test" "--frozen", kill_on_drop: false }`
[INFO] [stdout] 53bcbda97fa9f6de3681e71308df9843a9f196777b0fa9ab060a1505cc58e2cc
[INFO] running `Command { std: "docker" "start" "-a" "53bcbda97fa9f6de3681e71308df9843a9f196777b0fa9ab060a1505cc58e2cc", kill_on_drop: false }`
[INFO] [stderr]     Finished test [unoptimized + debuginfo] target(s) in 0.03s
[INFO] [stderr]      Running unittests src/main.rs (/opt/rustwide/target/debug/deps/lsdjtool-f735c2927fb4bdb5)
[INFO] [stdout] 
[INFO] [stdout] running 21 tests
[INFO] [stdout] test lsdj::compression::tests::test_rle_decompression ... ok
[INFO] [stdout] test lsdj::metadata::tests::test_is_allocated ... ok
[INFO] [stdout] test lsdj::compression::tests::test_rle_compression ... ok
[INFO] [stdout] test lsdj::compression::tests::test_skip_to_block ... ok
[INFO] [stdout] test lsdj::metadata::tests::test_blocks_used ... ok
[INFO] [stdout] test lsdj::metadata::tests::test_check_sram_init ... ok
[INFO] [stdout] test lsdj::metadata::tests::test_next_empty_block ... ok
[INFO] [stdout] test lsdj::metadata::tests::test_next_block_for ... ok
[INFO] [stdout] test lsdj::compression::tests::test_is_def_inst ... ok
[INFO] [stdout] test lsdj::metadata::tests::test_strip_title ... ok
[INFO] [stdout] test lsdj::metadata::tests::test_reserve ... ok
[INFO] [stdout] test lsdj::tests::print_export_song ... FAILED
[INFO] [stdout] test lsdj::compression::tests::check_sram_compression ... FAILED
[INFO] [stdout] test lsdj::metadata::tests::test_next_available_song ... ok
[INFO] [stdout] test lsdj::compression::tests::test_is_def_wave ... ok
[INFO] [stdout] test lsdj::metadata::tests::test_lsdjtitle_from ... ok
[INFO] [stdout] test lsdj::metadata::tests::test_size_of ... ok
[INFO] [stdout] test lsdj::tests::test_export_song ... ok
[INFO] [stdout] test lsdj::tests::test_lsdjsram_partialeq ... ok
[INFO] [stdout] test lsdj::tests::test_lsdjsave_load ... FAILED
[INFO] [stdout] test lsdj::tests::test_import_song ... ok
[INFO] [stdout] 
[INFO] [stdout] failures:
[INFO] [stdout] 
[INFO] [stdout] ---- lsdj::tests::print_export_song stdout ----
[INFO] [stdout] Error: Os { code: 2, kind: NotFound, message: "No such file or directory" }
[INFO] [stdout] 
[INFO] [stdout] ---- lsdj::compression::tests::check_sram_compression stdout ----
[INFO] [stdout] Error: Os { code: 2, kind: NotFound, message: "No such file or directory" }
[INFO] [stdout] 
[INFO] [stdout] ---- lsdj::tests::test_lsdjsave_load stdout ----
[INFO] [stdout] Error: Os { code: 2, kind: NotFound, message: "No such file or directory" }
[INFO] [stdout] 
[INFO] [stdout] 
[INFO] [stdout] failures:
[INFO] [stdout]     lsdj::compression::tests::check_sram_compression
[INFO] [stdout]     lsdj::tests::print_export_song
[INFO] [stdout]     lsdj::tests::test_lsdjsave_load
[INFO] [stdout] 
[INFO] [stdout] test result: FAILED. 18 passed; 3 failed; 0 ignored; 0 measured; 0 filtered out; finished in 0.04s
[INFO] [stdout] 
[INFO] [stderr] error: test failed, to rerun pass `--bin lsdjtool`
[INFO] running `Command { std: "docker" "inspect" "53bcbda97fa9f6de3681e71308df9843a9f196777b0fa9ab060a1505cc58e2cc", kill_on_drop: false }`
[INFO] running `Command { std: "docker" "rm" "-f" "53bcbda97fa9f6de3681e71308df9843a9f196777b0fa9ab060a1505cc58e2cc", kill_on_drop: false }`
[INFO] [stdout] 53bcbda97fa9f6de3681e71308df9843a9f196777b0fa9ab060a1505cc58e2cc
