[INFO] cloning repository https://github.com/arnau/aquarium
[INFO] running `Command { std: "git" "-c" "credential.helper=" "-c" "credential.helper=/workspace/cargo-home/bin/git-credential-null" "clone" "--bare" "https://github.com/arnau/aquarium" "/workspace/cache/git-repos/https%3A%2F%2Fgithub.com%2Farnau%2Faquarium", kill_on_drop: false }`
[INFO] [stderr] Cloning into bare repository '/workspace/cache/git-repos/https%3A%2F%2Fgithub.com%2Farnau%2Faquarium'...
[INFO] running `Command { std: "git" "rev-parse" "HEAD", kill_on_drop: false }`
[INFO] [stdout] a6f0dd264461ab48c7d34d3cfe8ac619985d653a
[INFO] testing arnau/aquarium against beta-2023-04-20 for beta-1.70-1
[INFO] running `Command { std: "git" "clone" "/workspace/cache/git-repos/https%3A%2F%2Fgithub.com%2Farnau%2Faquarium" "/workspace/builds/worker-4-tc2/source", kill_on_drop: false }`
[INFO] [stderr] Cloning into '/workspace/builds/worker-4-tc2/source'...
[INFO] [stderr] done.
[INFO] validating manifest of git repo https://github.com/arnau/aquarium on toolchain beta-2023-04-20
[INFO] running `Command { std: CARGO_HOME="/workspace/cargo-home" RUSTUP_HOME="/workspace/rustup-home" "/workspace/cargo-home/bin/cargo" "+beta-2023-04-20" "metadata" "--manifest-path" "Cargo.toml" "--no-deps", kill_on_drop: false }`
[INFO] started tweaking git repo https://github.com/arnau/aquarium
[INFO] finished tweaking git repo https://github.com/arnau/aquarium
[INFO] tweaked toml for git repo https://github.com/arnau/aquarium written to /workspace/builds/worker-4-tc2/source/Cargo.toml
[INFO] crate git repo https://github.com/arnau/aquarium already has a lockfile, it will not be regenerated
[INFO] running `Command { std: CARGO_HOME="/workspace/cargo-home" RUSTUP_HOME="/workspace/rustup-home" "/workspace/cargo-home/bin/cargo" "+beta-2023-04-20" "fetch" "--manifest-path" "Cargo.toml", kill_on_drop: false }`
[INFO] [stderr]     Updating crates.io index
[INFO] [stderr]  Downloading crates ...
[INFO] [stderr]   Downloaded atom_syndication v0.9.1
[INFO] [stderr]   Downloaded temp_testdir v0.2.3
[INFO] [stderr]   Downloaded rss v1.10.0
[INFO] [stderr]   Downloaded anyhow v1.0.60
[INFO] [stderr]   Downloaded rusqlite v0.25.4
[INFO] [stderr]   Downloaded chrono v0.4.20
[INFO] running `Command { std: "docker" "create" "-v" "/var/lib/crater-agent-workspace/builds/worker-4-tc2/target:/opt/rustwide/target:rw,Z" "-v" "/var/lib/crater-agent-workspace/builds/worker-4-tc2/source:/opt/rustwide/workdir:ro,Z" "-v" "/var/lib/crater-agent-workspace/cargo-home:/opt/rustwide/cargo-home:ro,Z" "-v" "/var/lib/crater-agent-workspace/rustup-home:/opt/rustwide/rustup-home:ro,Z" "-e" "SOURCE_DIR=/opt/rustwide/workdir" "-e" "CARGO_TARGET_DIR=/opt/rustwide/target" "-e" "CARGO_HOME=/opt/rustwide/cargo-home" "-e" "RUSTUP_HOME=/opt/rustwide/rustup-home" "-w" "/opt/rustwide/workdir" "-m" "1610612736" "--user" "0:0" "--network" "none" "ghcr.io/rust-lang/crates-build-env/linux@sha256:5ff2268d62e97bff2cde7d5815dd6ed5b47097566f13b8d0ca110b04b60e07ed" "/opt/rustwide/cargo-home/bin/cargo" "+beta-2023-04-20" "metadata" "--no-deps" "--format-version=1", kill_on_drop: false }`
[INFO] [stdout] 3bfaab724cc9bf94ffe8d81bb4d947e59122d0edbdf719116858839c73847a66
[INFO] running `Command { std: "docker" "start" "-a" "3bfaab724cc9bf94ffe8d81bb4d947e59122d0edbdf719116858839c73847a66", kill_on_drop: false }`
[INFO] running `Command { std: "docker" "inspect" "3bfaab724cc9bf94ffe8d81bb4d947e59122d0edbdf719116858839c73847a66", kill_on_drop: false }`
[INFO] running `Command { std: "docker" "rm" "-f" "3bfaab724cc9bf94ffe8d81bb4d947e59122d0edbdf719116858839c73847a66", kill_on_drop: false }`
[INFO] [stdout] 3bfaab724cc9bf94ffe8d81bb4d947e59122d0edbdf719116858839c73847a66
[INFO] running `Command { std: "docker" "create" "-v" "/var/lib/crater-agent-workspace/builds/worker-4-tc2/target:/opt/rustwide/target:rw,Z" "-v" "/var/lib/crater-agent-workspace/builds/worker-4-tc2/source:/opt/rustwide/workdir:ro,Z" "-v" "/var/lib/crater-agent-workspace/cargo-home:/opt/rustwide/cargo-home:ro,Z" "-v" "/var/lib/crater-agent-workspace/rustup-home:/opt/rustwide/rustup-home:ro,Z" "-e" "SOURCE_DIR=/opt/rustwide/workdir" "-e" "CARGO_TARGET_DIR=/opt/rustwide/target" "-e" "CARGO_INCREMENTAL=0" "-e" "RUST_BACKTRACE=full" "-e" "RUSTFLAGS=--cap-lints=warn" "-e" "RUSTDOCFLAGS=--cap-lints=warn" "-e" "CARGO_HOME=/opt/rustwide/cargo-home" "-e" "RUSTUP_HOME=/opt/rustwide/rustup-home" "-w" "/opt/rustwide/workdir" "-m" "1610612736" "--user" "0:0" "--network" "none" "ghcr.io/rust-lang/crates-build-env/linux@sha256:5ff2268d62e97bff2cde7d5815dd6ed5b47097566f13b8d0ca110b04b60e07ed" "/opt/rustwide/cargo-home/bin/cargo" "+beta-2023-04-20" "build" "--frozen" "--message-format=json", kill_on_drop: false }`
[INFO] [stdout] eed3dcbdf9c81876907ddec982baf6f00632240e8ec9b33e391fd62f3a82cff1
[INFO] running `Command { std: "docker" "start" "-a" "eed3dcbdf9c81876907ddec982baf6f00632240e8ec9b33e391fd62f3a82cff1", kill_on_drop: false }`
[INFO] [stderr]    Compiling proc-macro2 v1.0.43
[INFO] [stderr]    Compiling quote v1.0.21
[INFO] [stderr]    Compiling unicode-ident v1.0.3
[INFO] [stderr]    Compiling version_check v0.9.4
[INFO] [stderr]    Compiling syn v1.0.99
[INFO] [stderr]    Compiling autocfg v1.1.0
[INFO] [stderr]    Compiling libc v0.2.127
[INFO] [stderr]    Compiling memchr v2.5.0
[INFO] [stderr]    Compiling serde_derive v1.0.142
[INFO] [stderr]    Compiling serde v1.0.142
[INFO] [stderr]    Compiling strsim v0.9.3
[INFO] [stderr]    Compiling cc v1.0.73
[INFO] [stderr]    Compiling fnv v1.0.7
[INFO] [stderr]    Compiling ident_case v1.0.1
[INFO] [stderr]    Compiling typenum v1.15.0
[INFO] [stderr]    Compiling encoding_rs v0.8.31
[INFO] [stderr]    Compiling once_cell v1.13.0
[INFO] [stderr]    Compiling pkg-config v0.3.25
[INFO] [stderr]    Compiling derive_builder v0.9.0
[INFO] [stderr]    Compiling generic-array v0.14.6
[INFO] [stderr]    Compiling num-traits v0.2.15
[INFO] [stderr]    Compiling num-integer v0.1.45
[INFO] [stderr]    Compiling proc-macro-error-attr v1.0.4
[INFO] [stderr]    Compiling ahash v0.7.6
[INFO] [stderr]    Compiling indexmap v1.9.1
[INFO] [stderr]    Compiling proc-macro-error v1.0.4
[INFO] [stderr]    Compiling unicase v2.6.0
[INFO] [stderr]    Compiling hashbrown v0.12.3
[INFO] [stderr]    Compiling log v0.4.17
[INFO] [stderr]    Compiling ryu v1.0.11
[INFO] [stderr]    Compiling bitflags v1.3.2
[INFO] [stderr]    Compiling anyhow v1.0.60
[INFO] [stderr]    Compiling pulldown-cmark v0.8.0
[INFO] [stderr]    Compiling linked-hash-map v0.5.6
[INFO] [stderr]    Compiling aho-corasick v0.7.18
[INFO] [stderr]    Compiling subtle v2.4.1
[INFO] [stderr]    Compiling serde_json v1.0.83
[INFO] [stderr]    Compiling getrandom v0.2.7
[INFO] [stderr]    Compiling time v0.1.44
[INFO] [stderr]    Compiling atty v0.2.14
[INFO] [stderr]    Compiling heck v0.4.0
[INFO] [stderr]    Compiling os_str_bytes v6.2.0
[INFO] [stderr]    Compiling libsqlite3-sys v0.22.2
[INFO] [stderr]    Compiling blake3 v0.3.8
[INFO] [stderr]    Compiling termcolor v1.1.3
[INFO] [stderr]    Compiling regex-automata v0.1.10
[INFO] [stderr]    Compiling regex-syntax v0.6.27
[INFO] [stderr]    Compiling unicode-width v0.1.9
[INFO] [stderr]    Compiling quick-xml v0.20.0
[INFO] [stderr]    Compiling hashbrown v0.11.2
[INFO] [stderr]    Compiling getopts v0.2.21
[INFO] [stderr]    Compiling crypto-mac v0.8.0
[INFO] [stderr]    Compiling digest v0.9.0
[INFO] [stderr]    Compiling clap_lex v0.2.4
[INFO] [stderr]    Compiling yaml-rust v0.4.5
[INFO] [stderr]    Compiling csv-core v0.1.10
[INFO] [stderr]    Compiling smallvec v1.9.0
[INFO] [stderr]    Compiling hashlink v0.7.0
[INFO] [stderr]    Compiling itoa v0.4.8
[INFO] [stderr]    Compiling strsim v0.10.0
[INFO] [stderr]    Compiling textwrap v0.15.0
[INFO] [stderr]    Compiling fallible-streaming-iterator v0.1.9
[INFO] [stderr]    Compiling itoa v1.0.3
[INFO] [stderr]    Compiling deunicode v0.4.3
[INFO] [stderr]    Compiling fallible-iterator v0.2.0
[INFO] [stderr]    Compiling same-file v1.0.6
[INFO] [stderr]    Compiling slug v0.1.4
[INFO] [stderr]    Compiling walkdir v2.3.2
[INFO] [stderr]    Compiling regex v1.6.0
[INFO] [stderr]    Compiling darling_core v0.10.2
[INFO] [stderr]    Compiling env_logger v0.8.4
[INFO] [stderr]    Compiling thiserror-impl v1.0.32
[INFO] [stderr]    Compiling clap_derive v3.2.15
[INFO] [stderr]    Compiling darling_macro v0.10.2
[INFO] [stderr]    Compiling thiserror v1.0.32
[INFO] [stderr]    Compiling darling v0.10.2
[INFO] [stderr]    Compiling derive_builder_core v0.9.0
[INFO] [stderr]    Compiling clap v3.2.16
[INFO] [stderr]    Compiling rusqlite v0.25.4
[INFO] [stderr]    Compiling chrono v0.4.20
[INFO] [stderr]    Compiling bstr v0.2.17
[INFO] [stderr]    Compiling serde_yaml v0.8.26
[INFO] [stderr]    Compiling toml v0.5.9
[INFO] [stderr]    Compiling csv v1.1.6
[INFO] [stderr]    Compiling diligent-date-parser v0.1.3
[INFO] [stderr]    Compiling atom_syndication v0.9.1
[INFO] [stderr]    Compiling rss v1.10.0
[INFO] [stderr]    Compiling aquarium v0.1.2 (/opt/rustwide/workdir)
[INFO] [stderr]     Finished dev [unoptimized + debuginfo] target(s) in 25.02s
[INFO] [stderr] warning: the following packages contain code that will be rejected by a future version of Rust: quick-xml v0.20.0
[INFO] [stderr] note: to see what the problems were, use the option `--future-incompat-report`, or run `cargo report future-incompatibilities --id 2`
[INFO] running `Command { std: "docker" "inspect" "eed3dcbdf9c81876907ddec982baf6f00632240e8ec9b33e391fd62f3a82cff1", kill_on_drop: false }`
[INFO] running `Command { std: "docker" "rm" "-f" "eed3dcbdf9c81876907ddec982baf6f00632240e8ec9b33e391fd62f3a82cff1", kill_on_drop: false }`
[INFO] [stdout] eed3dcbdf9c81876907ddec982baf6f00632240e8ec9b33e391fd62f3a82cff1
[INFO] running `Command { std: "docker" "create" "-v" "/var/lib/crater-agent-workspace/builds/worker-4-tc2/target:/opt/rustwide/target:rw,Z" "-v" "/var/lib/crater-agent-workspace/builds/worker-4-tc2/source:/opt/rustwide/workdir:ro,Z" "-v" "/var/lib/crater-agent-workspace/cargo-home:/opt/rustwide/cargo-home:ro,Z" "-v" "/var/lib/crater-agent-workspace/rustup-home:/opt/rustwide/rustup-home:ro,Z" "-e" "SOURCE_DIR=/opt/rustwide/workdir" "-e" "CARGO_TARGET_DIR=/opt/rustwide/target" "-e" "CARGO_INCREMENTAL=0" "-e" "RUST_BACKTRACE=full" "-e" "RUSTFLAGS=--cap-lints=warn" "-e" "RUSTDOCFLAGS=--cap-lints=warn" "-e" "CARGO_HOME=/opt/rustwide/cargo-home" "-e" "RUSTUP_HOME=/opt/rustwide/rustup-home" "-w" "/opt/rustwide/workdir" "-m" "1610612736" "--user" "0:0" "--network" "none" "ghcr.io/rust-lang/crates-build-env/linux@sha256:5ff2268d62e97bff2cde7d5815dd6ed5b47097566f13b8d0ca110b04b60e07ed" "/opt/rustwide/cargo-home/bin/cargo" "+beta-2023-04-20" "test" "--frozen" "--no-run" "--message-format=json", kill_on_drop: false }`
[INFO] [stdout] b53d0d5b8788cbf177a72447e26cf43bef806b7bcb0bb6ac7cadb34eab2046ce
[INFO] running `Command { std: "docker" "start" "-a" "b53d0d5b8788cbf177a72447e26cf43bef806b7bcb0bb6ac7cadb34eab2046ce", kill_on_drop: false }`
[INFO] [stderr]    Compiling temp_testdir v0.2.3
[INFO] [stderr]    Compiling aquarium v0.1.2 (/opt/rustwide/workdir)
[INFO] [stdout] warning: unused variable: `text`
[INFO] [stdout]    --> src/markdown/processor.rs:709:13
[INFO] [stdout]     |
[INFO] [stdout] 709 |         let text = r#"```csv target=table
[INFO] [stdout]     |             ^^^^ help: if this is intentional, prefix it with an underscore: `_text`
[INFO] [stdout]     |
[INFO] [stdout]     = note: `#[warn(unused_variables)]` on by default
[INFO] [stdout] 
[INFO] [stdout] 
[INFO] [stdout] warning: unused variable: `expected`
[INFO] [stdout]    --> src/markdown/processor.rs:713:13
[INFO] [stdout]     |
[INFO] [stdout] 713 |         let expected = r#"<div class="table-wrapper from-csv">
[INFO] [stdout]     |             ^^^^^^^^ help: if this is intentional, prefix it with an underscore: `_expected`
[INFO] [stdout] 
[INFO] [stdout] 
[INFO] [stdout] warning: 2 warnings emitted
[INFO] [stdout] 
[INFO] [stdout] 
[INFO] [stderr]     Finished test [unoptimized + debuginfo] target(s) in 4.30s
[INFO] [stderr] warning: the following packages contain code that will be rejected by a future version of Rust: quick-xml v0.20.0
[INFO] [stderr] note: to see what the problems were, use the option `--future-incompat-report`, or run `cargo report future-incompatibilities --id 2`
[INFO] running `Command { std: "docker" "inspect" "b53d0d5b8788cbf177a72447e26cf43bef806b7bcb0bb6ac7cadb34eab2046ce", kill_on_drop: false }`
[INFO] running `Command { std: "docker" "rm" "-f" "b53d0d5b8788cbf177a72447e26cf43bef806b7bcb0bb6ac7cadb34eab2046ce", kill_on_drop: false }`
[INFO] [stdout] b53d0d5b8788cbf177a72447e26cf43bef806b7bcb0bb6ac7cadb34eab2046ce
[INFO] running `Command { std: "docker" "create" "-v" "/var/lib/crater-agent-workspace/builds/worker-4-tc2/target:/opt/rustwide/target:rw,Z" "-v" "/var/lib/crater-agent-workspace/builds/worker-4-tc2/source:/opt/rustwide/workdir:ro,Z" "-v" "/var/lib/crater-agent-workspace/cargo-home:/opt/rustwide/cargo-home:ro,Z" "-v" "/var/lib/crater-agent-workspace/rustup-home:/opt/rustwide/rustup-home:ro,Z" "-e" "SOURCE_DIR=/opt/rustwide/workdir" "-e" "CARGO_TARGET_DIR=/opt/rustwide/target" "-e" "CARGO_INCREMENTAL=0" "-e" "RUST_BACKTRACE=full" "-e" "RUSTFLAGS=--cap-lints=warn" "-e" "RUSTDOCFLAGS=--cap-lints=warn" "-e" "CARGO_HOME=/opt/rustwide/cargo-home" "-e" "RUSTUP_HOME=/opt/rustwide/rustup-home" "-w" "/opt/rustwide/workdir" "-m" "1610612736" "--user" "0:0" "--network" "none" "ghcr.io/rust-lang/crates-build-env/linux@sha256:5ff2268d62e97bff2cde7d5815dd6ed5b47097566f13b8d0ca110b04b60e07ed" "/opt/rustwide/cargo-home/bin/cargo" "+beta-2023-04-20" "test" "--frozen", kill_on_drop: false }`
[INFO] [stdout] 75192bd7ce5cd8754798c59136907b6db33cb806a3725f6ffdfb9b6affff571e
[INFO] running `Command { std: "docker" "start" "-a" "75192bd7ce5cd8754798c59136907b6db33cb806a3725f6ffdfb9b6affff571e", kill_on_drop: false }`
[INFO] [stderr]     Blocking waiting for file lock on package cache
[INFO] [stderr] warning: unused variable: `text`
[INFO] [stderr]    --> src/markdown/processor.rs:709:13
[INFO] [stderr]     |
[INFO] [stderr] 709 |         let text = r#"```csv target=table
[INFO] [stderr]     |             ^^^^ help: if this is intentional, prefix it with an underscore: `_text`
[INFO] [stderr]     |
[INFO] [stderr]     = note: `#[warn(unused_variables)]` on by default
[INFO] [stderr] 
[INFO] [stderr] warning: unused variable: `expected`
[INFO] [stderr]    --> src/markdown/processor.rs:713:13
[INFO] [stderr]     |
[INFO] [stderr] 713 |         let expected = r#"<div class="table-wrapper from-csv">
[INFO] [stderr]     |             ^^^^^^^^ help: if this is intentional, prefix it with an underscore: `_expected`
[INFO] [stderr] 
[INFO] [stderr] warning: `aquarium` (lib test) generated 2 warnings (run `cargo fix --lib -p aquarium --tests` to apply 2 suggestions)
[INFO] [stderr]     Finished test [unoptimized + debuginfo] target(s) in 0.15s
[INFO] [stderr] warning: the following packages contain code that will be rejected by a future version of Rust: quick-xml v0.20.0
[INFO] [stderr] note: to see what the problems were, use the option `--future-incompat-report`, or run `cargo report future-incompatibilities --id 2`
[INFO] [stderr]      Running unittests src/lib.rs (/opt/rustwide/target/debug/deps/aquarium-96315c14ea975cef)
[INFO] [stdout] 
[INFO] [stdout] running 75 tests
[INFO] [stdout] test cache::records::note::tests::full_cycle ... ok
[INFO] [stdout] test cache::records::bulletin_entry::tests::full_cycle ... ok
[INFO] [stdout] test cache::records::project::tests::set_full_cycle ... ok
[INFO] [stdout] test cache::records::person::tests::full_cycle ... ok
[INFO] [stdout] test cache::records::bulletin_entry::tests::set_full_cycle ... ok
[INFO] [stdout] test cache::records::bulletin_issue::tests::full_cycle ... ok
[INFO] [stdout] test cache::records::project::tests::full_cycle ... ok
[INFO] [stdout] test cache::records::section::tests::full_cycle ... ok
[INFO] [stdout] test checksum::tests::unicode_byte ... ok
[INFO] [stdout] test markdown::extract::tests::extract_plain_title ... ok
[INFO] [stdout] test cache::records::service_account::tests::set_full_cycle ... ok
[INFO] [stdout] test cache::records::section::tests::set_full_cycle ... ok
[INFO] [stdout] test markdown::extract::tests::no_title ... ok
[INFO] [stdout] test cache::records::person::tests::set_full_cycle ... ok
[INFO] [stdout] test markdown::processor::tests::preserve_basic_table ... ok
[INFO] [stdout] test markdown::extract::tests::extract_rich_title ... ok
[INFO] [stdout] test markdown::processor::tests::preserve_heading ... ok
[INFO] [stdout] test markdown::processor::tests::preserve_images ... ok
[INFO] [stdout] test markdown::processor::tests::preserve_links_in_sentences ... ok
[INFO] [stdout] test markdown::processor::tests::preserve_links_with_inline ... ok
[INFO] [stdout] test markdown::processor::tests::preserve_links_with_square_parens ... ok
[INFO] [stdout] test markdown::processor::tests::preserve_list_with_paragraph ... ok
[INFO] [stdout] test cache::records::bulletin_mention::tests::set_full_cycle ... ok
[INFO] [stdout] test markdown::processor::tests::preserve_multiline_paragraphs ... ok
[INFO] [stdout] test markdown::processor::tests::preserve_paragraph_with_marks ... ok
[INFO] [stdout] test markdown::processor::tests::preserve_plain_links ... ok
[INFO] [stdout] test markdown::processor::tests::preserve_referenced_links ... ok
[INFO] [stdout] test markdown::processor::tests::preserve_blockquote_paragraphs ... ok
[INFO] [stdout] test markdown::processor::tests::preserve_referenced_links_with_square_parens ... ok
[INFO] [stdout] test markdown::processor::tests::preserve_rich_heading ... ok
[INFO] [stdout] test markdown::processor::tests::preserve_rich_ordered_sublist ... ok
[INFO] [stdout] test cache::records::asset::tests::full_cycle ... ok
[INFO] [stdout] test cache::records::note::tests::set_full_cycle ... ok
[INFO] [stdout] test markdown::processor::tests::preserve_rich_paragraphs ... ok
[INFO] [stdout] test markdown::processor::tests::preserve_surrounded_codeblock ... ok
[INFO] [stdout] test markdown::processor::tests::preserve_table_alignments ... ok
[INFO] [stdout] test markdown::processor::tests::preserve_typed_unknown_codeblock ... ok
[INFO] [stdout] test markdown::processor::tests::preserve_unordered_list ... ok
[INFO] [stdout] test markdown::processor::tests::preserve_unordered_sublist ... ok
[INFO] [stdout] test markdown::processor::tests::preserve_untyped_codeblock ... ok
[INFO] [stdout] test markdown::processor::tests::process_csv_table ... ok
[INFO] [stdout] test markdown::strip::tests::strip_deep_html ... ok
[INFO] [stdout] test markdown::processor::tests::process_digraph ... FAILED
[INFO] [stdout] test markdown::strip::tests::strip_html_with_markdown ... ok
[INFO] [stdout] test markdown::strip::tests::strip_html ... ok
[INFO] [stdout] test cache::records::bulletin_issue::tests::set_full_cycle ... ok
[INFO] [stdout] test markdown::strip::tests::strip_mark ... ok
[INFO] [stdout] test markdown::strip::tests::strip_inline ... ok
[INFO] [stdout] test resource_type::tests::hint_not_found ... ok
[INFO] [stdout] test resource_type::tests::person_hint ... ok
[INFO] [stdout] test resource_type::tests::note_hint ... ok
[INFO] [stdout] test resource_type::tests::unknown_hint ... ok
[INFO] [stdout] test markdown::tests::basic ... ok
[INFO] [stdout] test cache::records::sketch::tests::full_cycle ... ok
[INFO] [stdout] test cache::records::tool::tests::set_full_cycle ... ok
[INFO] [stdout] test cache::records::asset::tests::set_full_cycle ... ok
[INFO] [stdout] test cache::records::settings::tests::set_full_cycle ... ok
[INFO] [stdout] test stamp::tests::des_json ... ok
[INFO] [stdout] test stamp::tests::des_toml ... ok
[INFO] [stdout] test stamp::tests::ser_toml ... ok
[INFO] [stdout] test cache::records::sketch::tests::set_full_cycle ... ok
[INFO] [stdout] test source::note::tests::full_cycle ... ok
[INFO] [stdout] test source::project::tests::full_cycle ... ok
[INFO] [stdout] test cache::records::settings::tests::full_cycle ... ok
[INFO] [stdout] test cache::records::sketch_tool::tests::set_full_cycle ... ok
[INFO] [stdout] test source::person::tests::full_cycle ... ok
[INFO] [stdout] test markdown::processor::tests::parse_graphviz ... FAILED
[INFO] [stdout] test source::tool::tests::full_cycle ... ok
[INFO] [stdout] test source::bulletin_stash::tests::full_cycle ... ok
[INFO] [stdout] test source::asset::tests::full_cycle ... ok
[INFO] [stdout] test source::settings::tests::full_cycle ... ok
[INFO] [stdout] test source::sketch::tests::full_cycle ... ok
[INFO] [stdout] test cache::records::tool::tests::full_cycle ... ok
[INFO] [stdout] test source::bulletin_issue::tests::full_cycle ... ok
[INFO] [stdout] test source::section::tests::full_cycle ... ok
[INFO] [stdout] 
[INFO] [stdout] failures:
[INFO] [stdout] 
[INFO] [stdout] ---- markdown::processor::tests::process_digraph stdout ----
[INFO] [stdout] Error: No such file or directory (os error 2)
[INFO] [stdout] 
[INFO] [stdout] ---- markdown::processor::tests::parse_graphviz stdout ----
[INFO] [stdout] thread 'markdown::processor::tests::parse_graphviz' panicked at 'assertion failed: actual.is_ok()', src/markdown/processor.rs:503:9
[INFO] [stdout] stack backtrace:
[INFO] [stdout]    0:     0x55e39868f4da - std::backtrace_rs::backtrace::libunwind::trace::h2f05d0192276a8f6
[INFO] [stdout]                                at /rustc/1b7dd2252b99671ce5d1cb9664c5f8636329436d/library/std/src/../../backtrace/src/backtrace/libunwind.rs:93:5
[INFO] [stdout]    1:     0x55e39868f4da - std::backtrace_rs::backtrace::trace_unsynchronized::hedc23dff7a1af150
[INFO] [stdout]                                at /rustc/1b7dd2252b99671ce5d1cb9664c5f8636329436d/library/std/src/../../backtrace/src/backtrace/mod.rs:66:5
[INFO] [stdout]    2:     0x55e39868f4da - std::sys_common::backtrace::_print_fmt::h17541ef7592f3ce2
[INFO] [stdout]                                at /rustc/1b7dd2252b99671ce5d1cb9664c5f8636329436d/library/std/src/sys_common/backtrace.rs:65:5
[INFO] [stdout]    3:     0x55e39868f4da - <std::sys_common::backtrace::_print::DisplayBacktrace as core::fmt::Display>::fmt::h20f75df5ab0c0792
[INFO] [stdout]                                at /rustc/1b7dd2252b99671ce5d1cb9664c5f8636329436d/library/std/src/sys_common/backtrace.rs:44:22
[INFO] [stdout]    4:     0x55e3986b577f - core::fmt::write::h78109e6f466b3af6
[INFO] [stdout]                                at /rustc/1b7dd2252b99671ce5d1cb9664c5f8636329436d/library/core/src/fmt/mod.rs:1254:17
[INFO] [stdout]    5:     0x55e39868c085 - std::io::Write::write_fmt::hd24bfb68a1b35a25
[INFO] [stdout]                                at /rustc/1b7dd2252b99671ce5d1cb9664c5f8636329436d/library/std/src/io/mod.rs:1698:15
[INFO] [stdout]    6:     0x55e39868f2a5 - std::sys_common::backtrace::_print::h8dac57a9f8fbf9a5
[INFO] [stdout]                                at /rustc/1b7dd2252b99671ce5d1cb9664c5f8636329436d/library/std/src/sys_common/backtrace.rs:47:5
[INFO] [stdout]    7:     0x55e39868f2a5 - std::sys_common::backtrace::print::hf9ecbf41d1aa712f
[INFO] [stdout]                                at /rustc/1b7dd2252b99671ce5d1cb9664c5f8636329436d/library/std/src/sys_common/backtrace.rs:34:9
[INFO] [stdout]    8:     0x55e398690f5e - std::panicking::default_hook::{{closure}}::h04c07acfc84ca028
[INFO] [stdout]                                at /rustc/1b7dd2252b99671ce5d1cb9664c5f8636329436d/library/std/src/panicking.rs:269:22
[INFO] [stdout]    9:     0x55e398690c91 - std::panicking::default_hook::h01f6bb23e1eceb2c
[INFO] [stdout]                                at /rustc/1b7dd2252b99671ce5d1cb9664c5f8636329436d/library/std/src/panicking.rs:285:9
[INFO] [stdout]   10:     0x55e3982d897b - <alloc::boxed::Box<F,A> as core::ops::function::Fn<Args>>::call::h87fe9f7b2fd49e4c
[INFO] [stdout]                                at /rustc/1b7dd2252b99671ce5d1cb9664c5f8636329436d/library/alloc/src/boxed.rs:1987:9
[INFO] [stdout]   11:     0x55e3982d897b - test::test_main::{{closure}}::he94d679243a7531b
[INFO] [stdout]                                at /rustc/1b7dd2252b99671ce5d1cb9664c5f8636329436d/library/test/src/lib.rs:134:21
[INFO] [stdout]   12:     0x55e398691644 - <alloc::boxed::Box<F,A> as core::ops::function::Fn<Args>>::call::h3f2d6d8b14c4769f
[INFO] [stdout]                                at /rustc/1b7dd2252b99671ce5d1cb9664c5f8636329436d/library/alloc/src/boxed.rs:1987:9
[INFO] [stdout]   13:     0x55e398691644 - std::panicking::rust_panic_with_hook::h2bb3722bbaf2f6df
[INFO] [stdout]                                at /rustc/1b7dd2252b99671ce5d1cb9664c5f8636329436d/library/std/src/panicking.rs:695:13
[INFO] [stdout]   14:     0x55e398691372 - std::panicking::begin_panic_handler::{{closure}}::h91bc7f36a4be011b
[INFO] [stdout]                                at /rustc/1b7dd2252b99671ce5d1cb9664c5f8636329436d/library/std/src/panicking.rs:580:13
[INFO] [stdout]   15:     0x55e39868f946 - std::sys_common::backtrace::__rust_end_short_backtrace::h8b3d3717114f9e59
[INFO] [stdout]                                at /rustc/1b7dd2252b99671ce5d1cb9664c5f8636329436d/library/std/src/sys_common/backtrace.rs:150:18
[INFO] [stdout]   16:     0x55e398691112 - rust_begin_unwind
[INFO] [stdout]                                at /rustc/1b7dd2252b99671ce5d1cb9664c5f8636329436d/library/std/src/panicking.rs:578:5
[INFO] [stdout]   17:     0x55e3980f4273 - core::panicking::panic_fmt::hfd368e3fbdabea26
[INFO] [stdout]                                at /rustc/1b7dd2252b99671ce5d1cb9664c5f8636329436d/library/core/src/panicking.rs:67:14
[INFO] [stdout]   18:     0x55e3980f430d - core::panicking::panic::h3f9042d09bd0bf2e
[INFO] [stdout]                                at /rustc/1b7dd2252b99671ce5d1cb9664c5f8636329436d/library/core/src/panicking.rs:117:5
[INFO] [stdout]   19:     0x55e3981a3e4c - aquarium::markdown::processor::tests::parse_graphviz::h36986bc1ff4d3993
[INFO] [stdout]                                at /opt/rustwide/workdir/src/markdown/processor.rs:503:9
[INFO] [stdout]   20:     0x55e3981a3d97 - aquarium::markdown::processor::tests::parse_graphviz::{{closure}}::h4562c474f37d1777
[INFO] [stdout]                                at /opt/rustwide/workdir/src/markdown/processor.rs:492:28
[INFO] [stdout]   21:     0x55e39818f6a5 - core::ops::function::FnOnce::call_once::h360ad973a8fad3be
[INFO] [stdout]                                at /rustc/1b7dd2252b99671ce5d1cb9664c5f8636329436d/library/core/src/ops/function.rs:250:5
[INFO] [stdout]   22:     0x55e3982dd84f - core::ops::function::FnOnce::call_once::ha6a70e79f7481a7e
[INFO] [stdout]                                at /rustc/1b7dd2252b99671ce5d1cb9664c5f8636329436d/library/core/src/ops/function.rs:250:5
[INFO] [stdout]   23:     0x55e3982dd84f - test::__rust_begin_short_backtrace::hce33033019b61e69
[INFO] [stdout]                                at /rustc/1b7dd2252b99671ce5d1cb9664c5f8636329436d/library/test/src/lib.rs:655:18
[INFO] [stdout]   24:     0x55e3982ab03c - test::run_test::{{closure}}::h858d3528838ae3e5
[INFO] [stdout]                                at /rustc/1b7dd2252b99671ce5d1cb9664c5f8636329436d/library/test/src/lib.rs:646:30
[INFO] [stdout]   25:     0x55e3982ab03c - core::ops::function::FnOnce::call_once{{vtable.shim}}::he8ac2b00f01ae79e
[INFO] [stdout]                                at /rustc/1b7dd2252b99671ce5d1cb9664c5f8636329436d/library/core/src/ops/function.rs:250:5
[INFO] [stdout]   26:     0x55e3982dc926 - <alloc::boxed::Box<F,A> as core::ops::function::FnOnce<Args>>::call_once::h8093d25b522725ef
[INFO] [stdout]                                at /rustc/1b7dd2252b99671ce5d1cb9664c5f8636329436d/library/alloc/src/boxed.rs:1973:9
[INFO] [stdout]   27:     0x55e3982dc926 - <core::panic::unwind_safe::AssertUnwindSafe<F> as core::ops::function::FnOnce<()>>::call_once::h5c334c204e4a3913
[INFO] [stdout]                                at /rustc/1b7dd2252b99671ce5d1cb9664c5f8636329436d/library/core/src/panic/unwind_safe.rs:271:9
[INFO] [stdout]   28:     0x55e3982dc926 - std::panicking::try::do_call::ha8b740c7b9478074
[INFO] [stdout]                                at /rustc/1b7dd2252b99671ce5d1cb9664c5f8636329436d/library/std/src/panicking.rs:485:40
[INFO] [stdout]   29:     0x55e3982dc926 - std::panicking::try::h5d34f63d0e41b64e
[INFO] [stdout]                                at /rustc/1b7dd2252b99671ce5d1cb9664c5f8636329436d/library/std/src/panicking.rs:449:19
[INFO] [stdout]   30:     0x55e3982dc926 - std::panic::catch_unwind::hcfbb511e1aa7fc67
[INFO] [stdout]                                at /rustc/1b7dd2252b99671ce5d1cb9664c5f8636329436d/library/std/src/panic.rs:140:14
[INFO] [stdout]   31:     0x55e3982dc926 - test::run_test_in_process::h9abda90f802eaf21
[INFO] [stdout]                                at /rustc/1b7dd2252b99671ce5d1cb9664c5f8636329436d/library/test/src/lib.rs:678:27
[INFO] [stdout]   32:     0x55e3982dc926 - test::run_test::run_test_inner::{{closure}}::h0f058de91f6c6edf
[INFO] [stdout]                                at /rustc/1b7dd2252b99671ce5d1cb9664c5f8636329436d/library/test/src/lib.rs:572:39
[INFO] [stdout]   33:     0x55e3982a5845 - test::run_test::run_test_inner::{{closure}}::h5ca48a4c59c6c1fb
[INFO] [stdout]                                at /rustc/1b7dd2252b99671ce5d1cb9664c5f8636329436d/library/test/src/lib.rs:599:37
[INFO] [stdout]   34:     0x55e3982a5845 - std::sys_common::backtrace::__rust_begin_short_backtrace::h32bd51e1495d4a33
[INFO] [stdout]                                at /rustc/1b7dd2252b99671ce5d1cb9664c5f8636329436d/library/std/src/sys_common/backtrace.rs:134:18
[INFO] [stdout]   35:     0x55e3982aad81 - std::thread::Builder::spawn_unchecked_::{{closure}}::{{closure}}::hc086fae9b128b2db
[INFO] [stdout]                                at /rustc/1b7dd2252b99671ce5d1cb9664c5f8636329436d/library/std/src/thread/mod.rs:526:17
[INFO] [stdout]   36:     0x55e3982aad81 - <core::panic::unwind_safe::AssertUnwindSafe<F> as core::ops::function::FnOnce<()>>::call_once::hb66571888d270d43
[INFO] [stdout]                                at /rustc/1b7dd2252b99671ce5d1cb9664c5f8636329436d/library/core/src/panic/unwind_safe.rs:271:9
[INFO] [stdout]   37:     0x55e3982aad81 - std::panicking::try::do_call::h4fa2ef4f6e51fecf
[INFO] [stdout]                                at /rustc/1b7dd2252b99671ce5d1cb9664c5f8636329436d/library/std/src/panicking.rs:485:40
[INFO] [stdout]   38:     0x55e3982aad81 - std::panicking::try::h1e9e22b8584489b5
[INFO] [stdout]                                at /rustc/1b7dd2252b99671ce5d1cb9664c5f8636329436d/library/std/src/panicking.rs:449:19
[INFO] [stdout]   39:     0x55e3982aad81 - std::panic::catch_unwind::h44698a3de0e0769e
[INFO] [stdout]                                at /rustc/1b7dd2252b99671ce5d1cb9664c5f8636329436d/library/std/src/panic.rs:140:14
[INFO] [stdout]   40:     0x55e3982aad81 - std::thread::Builder::spawn_unchecked_::{{closure}}::h50153abde3fe239e
[INFO] [stdout]                                at /rustc/1b7dd2252b99671ce5d1cb9664c5f8636329436d/library/std/src/thread/mod.rs:525:30
[INFO] [stdout]   41:     0x55e3982aad81 - core::ops::function::FnOnce::call_once{{vtable.shim}}::hbe5bbf6f38394364
[INFO] [stdout]                                at /rustc/1b7dd2252b99671ce5d1cb9664c5f8636329436d/library/core/src/ops/function.rs:250:5
[INFO] [stdout]   42:     0x55e398695c65 - <alloc::boxed::Box<F,A> as core::ops::function::FnOnce<Args>>::call_once::h0d83cb2920a49046
[INFO] [stdout]                                at /rustc/1b7dd2252b99671ce5d1cb9664c5f8636329436d/library/alloc/src/boxed.rs:1973:9
[INFO] [stdout]   43:     0x55e398695c65 - <alloc::boxed::Box<F,A> as core::ops::function::FnOnce<Args>>::call_once::hbe0a008aa7d9ef59
[INFO] [stdout]                                at /rustc/1b7dd2252b99671ce5d1cb9664c5f8636329436d/library/alloc/src/boxed.rs:1973:9
[INFO] [stdout]   44:     0x55e398695c65 - std::sys::unix::thread::Thread::new::thread_start::h3a466996bdf6b1f9
[INFO] [stdout]                                at /rustc/1b7dd2252b99671ce5d1cb9664c5f8636329436d/library/std/src/sys/unix/thread.rs:108:17
[INFO] [stdout]   45:     0x7f64740ffb43 - <unknown>
[INFO] [stdout]   46:     0x7f6474190bb4 - __clone
[INFO] [stdout]   47:                0x0 - <unknown>
[INFO] [stdout] 
[INFO] [stdout] 
[INFO] [stdout] failures:
[INFO] [stdout]     markdown::processor::tests::parse_graphviz
[INFO] [stdout]     markdown::processor::tests::process_digraph
[INFO] [stdout] 
[INFO] [stdout] test result: FAILED. 73 passed; 2 failed; 0 ignored; 0 measured; 0 filtered out; finished in 0.09s
[INFO] [stdout] 
[INFO] [stderr] error: test failed, to rerun pass `--lib`
[INFO] running `Command { std: "docker" "inspect" "75192bd7ce5cd8754798c59136907b6db33cb806a3725f6ffdfb9b6affff571e", kill_on_drop: false }`
[INFO] running `Command { std: "docker" "rm" "-f" "75192bd7ce5cd8754798c59136907b6db33cb806a3725f6ffdfb9b6affff571e", kill_on_drop: false }`
[INFO] [stdout] 75192bd7ce5cd8754798c59136907b6db33cb806a3725f6ffdfb9b6affff571e
