[INFO] cloning repository https://github.com/apskhem/c-webassembly
[INFO] running `Command { std: "git" "-c" "credential.helper=" "-c" "credential.helper=/workspace/cargo-home/bin/git-credential-null" "clone" "--bare" "https://github.com/apskhem/c-webassembly" "/workspace/cache/git-repos/https%3A%2F%2Fgithub.com%2Fapskhem%2Fc-webassembly", kill_on_drop: false }`
[INFO] [stderr] Cloning into bare repository '/workspace/cache/git-repos/https%3A%2F%2Fgithub.com%2Fapskhem%2Fc-webassembly'...
[INFO] running `Command { std: "git" "rev-parse" "HEAD", kill_on_drop: false }`
[INFO] [stdout] 8c18e9c1bca70d8e3a8cc545e1943cecf94c23da
[INFO] testing apskhem/c-webassembly against 1.69.0 for beta-1.70-1
[INFO] running `Command { std: "git" "clone" "/workspace/cache/git-repos/https%3A%2F%2Fgithub.com%2Fapskhem%2Fc-webassembly" "/workspace/builds/worker-4-tc1/source", kill_on_drop: false }`
[INFO] [stderr] Cloning into '/workspace/builds/worker-4-tc1/source'...
[INFO] [stderr] done.
[INFO] validating manifest of git repo https://github.com/apskhem/c-webassembly on toolchain 1.69.0
[INFO] running `Command { std: CARGO_HOME="/workspace/cargo-home" RUSTUP_HOME="/workspace/rustup-home" "/workspace/cargo-home/bin/cargo" "+1.69.0" "metadata" "--manifest-path" "Cargo.toml" "--no-deps", kill_on_drop: false }`
[INFO] started tweaking git repo https://github.com/apskhem/c-webassembly
[INFO] removed 0 missing tests
[INFO] finished tweaking git repo https://github.com/apskhem/c-webassembly
[INFO] tweaked toml for git repo https://github.com/apskhem/c-webassembly written to /workspace/builds/worker-4-tc1/source/Cargo.toml
[INFO] crate git repo https://github.com/apskhem/c-webassembly already has a lockfile, it will not be regenerated
[INFO] running `Command { std: CARGO_HOME="/workspace/cargo-home" RUSTUP_HOME="/workspace/rustup-home" "/workspace/cargo-home/bin/cargo" "+1.69.0" "fetch" "--manifest-path" "Cargo.toml", kill_on_drop: false }`
[INFO] [stderr] warning: only one of `license` or `license-file` is necessary
[INFO] [stderr] `license` should be used if the package license can be expressed with a standard SPDX expression.
[INFO] [stderr] `license-file` should be used if the package uses a non-standard license.
[INFO] [stderr] See https://doc.rust-lang.org/cargo/reference/manifest.html#the-license-and-license-file-fields for more information.
[INFO] [stderr]  Downloading crates ...
[INFO] [stderr]   Downloaded assert_cmd v2.0.1
[INFO] [stderr]   Downloaded predicates v2.0.2
[INFO] running `Command { std: "docker" "create" "-v" "/var/lib/crater-agent-workspace/builds/worker-4-tc1/target:/opt/rustwide/target:rw,Z" "-v" "/var/lib/crater-agent-workspace/builds/worker-4-tc1/source:/opt/rustwide/workdir:ro,Z" "-v" "/var/lib/crater-agent-workspace/cargo-home:/opt/rustwide/cargo-home:ro,Z" "-v" "/var/lib/crater-agent-workspace/rustup-home:/opt/rustwide/rustup-home:ro,Z" "-e" "SOURCE_DIR=/opt/rustwide/workdir" "-e" "CARGO_TARGET_DIR=/opt/rustwide/target" "-e" "CARGO_HOME=/opt/rustwide/cargo-home" "-e" "RUSTUP_HOME=/opt/rustwide/rustup-home" "-w" "/opt/rustwide/workdir" "-m" "1610612736" "--user" "0:0" "--network" "none" "ghcr.io/rust-lang/crates-build-env/linux@sha256:5ff2268d62e97bff2cde7d5815dd6ed5b47097566f13b8d0ca110b04b60e07ed" "/opt/rustwide/cargo-home/bin/cargo" "+1.69.0" "metadata" "--no-deps" "--format-version=1", kill_on_drop: false }`
[INFO] [stdout] 6c919e82e64bd478e04b689af35d7ccd76faaa07d3464012e0c8629fe1fab5d9
[INFO] running `Command { std: "docker" "start" "-a" "6c919e82e64bd478e04b689af35d7ccd76faaa07d3464012e0c8629fe1fab5d9", kill_on_drop: false }`
[INFO] running `Command { std: "docker" "inspect" "6c919e82e64bd478e04b689af35d7ccd76faaa07d3464012e0c8629fe1fab5d9", kill_on_drop: false }`
[INFO] running `Command { std: "docker" "rm" "-f" "6c919e82e64bd478e04b689af35d7ccd76faaa07d3464012e0c8629fe1fab5d9", kill_on_drop: false }`
[INFO] [stdout] 6c919e82e64bd478e04b689af35d7ccd76faaa07d3464012e0c8629fe1fab5d9
[INFO] running `Command { std: "docker" "create" "-v" "/var/lib/crater-agent-workspace/builds/worker-4-tc1/target:/opt/rustwide/target:rw,Z" "-v" "/var/lib/crater-agent-workspace/builds/worker-4-tc1/source:/opt/rustwide/workdir:ro,Z" "-v" "/var/lib/crater-agent-workspace/cargo-home:/opt/rustwide/cargo-home:ro,Z" "-v" "/var/lib/crater-agent-workspace/rustup-home:/opt/rustwide/rustup-home:ro,Z" "-e" "SOURCE_DIR=/opt/rustwide/workdir" "-e" "CARGO_TARGET_DIR=/opt/rustwide/target" "-e" "CARGO_INCREMENTAL=0" "-e" "RUST_BACKTRACE=full" "-e" "RUSTFLAGS=--cap-lints=warn" "-e" "RUSTDOCFLAGS=--cap-lints=warn" "-e" "CARGO_HOME=/opt/rustwide/cargo-home" "-e" "RUSTUP_HOME=/opt/rustwide/rustup-home" "-w" "/opt/rustwide/workdir" "-m" "1610612736" "--user" "0:0" "--network" "none" "ghcr.io/rust-lang/crates-build-env/linux@sha256:5ff2268d62e97bff2cde7d5815dd6ed5b47097566f13b8d0ca110b04b60e07ed" "/opt/rustwide/cargo-home/bin/cargo" "+1.69.0" "build" "--frozen" "--message-format=json", kill_on_drop: false }`
[INFO] [stdout] 8aa2c65f94350783568f3798249b5e4052cd558994b7720e6da232152dce88f5
[INFO] running `Command { std: "docker" "start" "-a" "8aa2c65f94350783568f3798249b5e4052cd558994b7720e6da232152dce88f5", kill_on_drop: false }`
[INFO] [stderr] warning: only one of `license` or `license-file` is necessary
[INFO] [stderr] `license` should be used if the package license can be expressed with a standard SPDX expression.
[INFO] [stderr] `license-file` should be used if the package uses a non-standard license.
[INFO] [stderr] See https://doc.rust-lang.org/cargo/reference/manifest.html#the-license-and-license-file-fields for more information.
[INFO] [stderr]    Compiling version_check v0.9.3
[INFO] [stderr]    Compiling proc-macro2 v1.0.29
[INFO] [stderr]    Compiling unicode-xid v0.2.2
[INFO] [stderr]    Compiling libc v0.2.102
[INFO] [stderr]    Compiling syn v1.0.78
[INFO] [stderr]    Compiling memchr v2.4.1
[INFO] [stderr]    Compiling unicode-segmentation v1.8.0
[INFO] [stderr]    Compiling unicode-width v0.1.9
[INFO] [stderr]    Compiling strsim v0.8.0
[INFO] [stderr]    Compiling bitflags v1.3.2
[INFO] [stderr]    Compiling vec_map v0.8.2
[INFO] [stderr]    Compiling ansi_term v0.11.0
[INFO] [stderr]    Compiling regex-syntax v0.6.25
[INFO] [stderr]    Compiling lazy_static v1.4.0
[INFO] [stderr]    Compiling owo-colors v2.1.0
[INFO] [stderr]    Compiling textwrap v0.11.0
[INFO] [stderr]    Compiling proc-macro-error-attr v1.0.4
[INFO] [stderr]    Compiling proc-macro-error v1.0.4
[INFO] [stderr]    Compiling heck v0.3.3
[INFO] [stderr]    Compiling aho-corasick v0.7.18
[INFO] [stderr]    Compiling quote v1.0.10
[INFO] [stderr]    Compiling atty v0.2.14
[INFO] [stderr]    Compiling clap v2.33.3
[INFO] [stderr]    Compiling regex v1.5.4
[INFO] [stderr]    Compiling structopt-derive v0.4.16
[INFO] [stderr]    Compiling structopt v0.3.23
[INFO] [stderr]    Compiling c-webassembly v0.1.0 (/opt/rustwide/workdir)
[INFO] [stdout] warning: unused variable: `range`
[INFO] [stdout]    --> src/token.rs:163:31
[INFO] [stdout]     |
[INFO] [stdout] 163 |         let RawToken { value, range } = value;
[INFO] [stdout]     |                               ^^^^^ help: try ignoring the field: `range: _`
[INFO] [stdout]     |
[INFO] [stdout]     = note: `#[warn(unused_variables)]` on by default
[INFO] [stdout] 
[INFO] [stdout] 
[INFO] [stdout] warning: unused variable: `ast`
[INFO] [stdout]   --> src/main.rs:48:9
[INFO] [stdout]    |
[INFO] [stdout] 48 |     let ast = parser::parse_syntax(&tokens)?;
[INFO] [stdout]    |         ^^^ help: if this is intentional, prefix it with an underscore: `_ast`
[INFO] [stdout] 
[INFO] [stdout] 
[INFO] [stdout] warning: private type `token_grammar::Comment` in public interface (error E0446)
[INFO] [stdout]  --> src/token_grammar.rs:9:13
[INFO] [stdout]   |
[INFO] [stdout] 9 |     Comment(Comment),
[INFO] [stdout]   |             ^^^^^^^
[INFO] [stdout]   |
[INFO] [stdout]   = warning: this was previously accepted by the compiler but is being phased out; it will become a hard error in a future release!
[INFO] [stdout]   = note: for more information, see issue #34537 <https://github.com/rust-lang/rust/issues/34537>
[INFO] [stdout]   = note: `#[warn(private_in_public)]` on by default
[INFO] [stdout] 
[INFO] [stdout] 
[INFO] [stdout] warning: private type `token_grammar::Keyword` in public interface (error E0446)
[INFO] [stdout]   --> src/token_grammar.rs:10:13
[INFO] [stdout]    |
[INFO] [stdout] 10 |     Keyword(Keyword),
[INFO] [stdout]    |             ^^^^^^^
[INFO] [stdout]    |
[INFO] [stdout]    = warning: this was previously accepted by the compiler but is being phased out; it will become a hard error in a future release!
[INFO] [stdout]    = note: for more information, see issue #34537 <https://github.com/rust-lang/rust/issues/34537>
[INFO] [stdout] 
[INFO] [stdout] 
[INFO] [stdout] warning: private type `token_grammar::Type` in public interface (error E0446)
[INFO] [stdout]   --> src/token_grammar.rs:11:10
[INFO] [stdout]    |
[INFO] [stdout] 11 |     Type(Type),
[INFO] [stdout]    |          ^^^^
[INFO] [stdout]    |
[INFO] [stdout]    = warning: this was previously accepted by the compiler but is being phased out; it will become a hard error in a future release!
[INFO] [stdout]    = note: for more information, see issue #34537 <https://github.com/rust-lang/rust/issues/34537>
[INFO] [stdout] 
[INFO] [stdout] 
[INFO] [stdout] warning: private type `token_grammar::Identifier` in public interface (error E0446)
[INFO] [stdout]   --> src/token_grammar.rs:12:16
[INFO] [stdout]    |
[INFO] [stdout] 12 |     Identifier(Identifier),
[INFO] [stdout]    |                ^^^^^^^^^^
[INFO] [stdout]    |
[INFO] [stdout]    = warning: this was previously accepted by the compiler but is being phased out; it will become a hard error in a future release!
[INFO] [stdout]    = note: for more information, see issue #34537 <https://github.com/rust-lang/rust/issues/34537>
[INFO] [stdout] 
[INFO] [stdout] 
[INFO] [stdout] warning: private type `token_grammar::Literal` in public interface (error E0446)
[INFO] [stdout]   --> src/token_grammar.rs:13:13
[INFO] [stdout]    |
[INFO] [stdout] 13 |     Literal(Literal),
[INFO] [stdout]    |             ^^^^^^^
[INFO] [stdout]    |
[INFO] [stdout]    = warning: this was previously accepted by the compiler but is being phased out; it will become a hard error in a future release!
[INFO] [stdout]    = note: for more information, see issue #34537 <https://github.com/rust-lang/rust/issues/34537>
[INFO] [stdout] 
[INFO] [stdout] 
[INFO] [stdout] warning: private type `token_grammar::Symbol` in public interface (error E0446)
[INFO] [stdout]   --> src/token_grammar.rs:14:12
[INFO] [stdout]    |
[INFO] [stdout] 14 |     Symbol(Symbol)
[INFO] [stdout]    |            ^^^^^^
[INFO] [stdout]    |
[INFO] [stdout]    = warning: this was previously accepted by the compiler but is being phased out; it will become a hard error in a future release!
[INFO] [stdout]    = note: for more information, see issue #34537 <https://github.com/rust-lang/rust/issues/34537>
[INFO] [stdout] 
[INFO] [stdout] 
[INFO] [stdout] warning: function `write_file` is never used
[INFO] [stdout]  --> src/io.rs:9:8
[INFO] [stdout]   |
[INFO] [stdout] 9 | pub fn write_file(path: &str, buf: &[u8]) -> std::io::Result<()> {
[INFO] [stdout]   |        ^^^^^^^^^^
[INFO] [stdout]   |
[INFO] [stdout]   = note: `#[warn(dead_code)]` on by default
[INFO] [stdout] 
[INFO] [stdout] 
[INFO] [stdout] warning: enum `GrammarError` is never used
[INFO] [stdout]   --> src/grammar.rs:25:10
[INFO] [stdout]    |
[INFO] [stdout] 25 | pub enum GrammarError {
[INFO] [stdout]    |          ^^^^^^^^^^^^
[INFO] [stdout] 
[INFO] [stdout] 
[INFO] [stdout] warning: method `value` is never used
[INFO] [stdout]    --> src/token.rs:150:12
[INFO] [stdout]     |
[INFO] [stdout] 150 |     pub fn value(&self) -> &str {
[INFO] [stdout]     |            ^^^^^
[INFO] [stdout] 
[INFO] [stdout] 
[INFO] [stdout] warning: method `range` is never used
[INFO] [stdout]    --> src/token.rs:154:18
[INFO] [stdout]     |
[INFO] [stdout] 154 |     pub const fn range(&self) -> &Range<usize> {
[INFO] [stdout]     |                  ^^^^^
[INFO] [stdout] 
[INFO] [stdout] 
[INFO] [stdout] warning: variant `Comment` is never constructed
[INFO] [stdout]  --> src/token_grammar.rs:9:5
[INFO] [stdout]   |
[INFO] [stdout] 8 | pub enum TokenGrammar {
[INFO] [stdout]   |          ------------ variant in this enum
[INFO] [stdout] 9 |     Comment(Comment),
[INFO] [stdout]   |     ^^^^^^^
[INFO] [stdout]   |
[INFO] [stdout]   = note: `TokenGrammar` has derived impls for the traits `Clone` and `Debug`, but these are intentionally ignored during dead code analysis
[INFO] [stdout] 
[INFO] [stdout] 
[INFO] [stdout] warning: variant `Any` is never constructed
[INFO] [stdout]   --> src/token_grammar.rs:19:5
[INFO] [stdout]    |
[INFO] [stdout] 18 | enum Comment {
[INFO] [stdout]    |      ------- variant in this enum
[INFO] [stdout] 19 |     Any
[INFO] [stdout]    |     ^^^
[INFO] [stdout]    |
[INFO] [stdout]    = note: `Comment` has derived impls for the traits `Clone` and `Debug`, but these are intentionally ignored during dead code analysis
[INFO] [stdout] 
[INFO] [stdout] 
[INFO] [stdout] warning: variant `Any` is never constructed
[INFO] [stdout]   --> src/token_grammar.rs:25:5
[INFO] [stdout]    |
[INFO] [stdout] 23 | enum Keyword {
[INFO] [stdout]    |      ------- variant in this enum
[INFO] [stdout] 24 |     ByOriginal(token::Keyword),
[INFO] [stdout] 25 |     Any
[INFO] [stdout]    |     ^^^
[INFO] [stdout]    |
[INFO] [stdout]    = note: `Keyword` has derived impls for the traits `Clone` and `Debug`, but these are intentionally ignored during dead code analysis
[INFO] [stdout] 
[INFO] [stdout] 
[INFO] [stdout] warning: variant `ByOriginal` is never constructed
[INFO] [stdout]   --> src/token_grammar.rs:30:5
[INFO] [stdout]    |
[INFO] [stdout] 29 | enum Type {
[INFO] [stdout]    |      ---- variant in this enum
[INFO] [stdout] 30 |     ByOriginal(token::Type),
[INFO] [stdout]    |     ^^^^^^^^^^
[INFO] [stdout]    |
[INFO] [stdout]    = note: `Type` has derived impls for the traits `Clone` and `Debug`, but these are intentionally ignored during dead code analysis
[INFO] [stdout] 
[INFO] [stdout] 
[INFO] [stdout] warning: variant `Any` is never constructed
[INFO] [stdout]   --> src/token_grammar.rs:43:5
[INFO] [stdout]    |
[INFO] [stdout] 40 | enum Literal {
[INFO] [stdout]    |      ------- variant in this enum
[INFO] [stdout] ...
[INFO] [stdout] 43 |     Any
[INFO] [stdout]    |     ^^^
[INFO] [stdout]    |
[INFO] [stdout]    = note: `Literal` has derived impls for the traits `Clone` and `Debug`, but these are intentionally ignored during dead code analysis
[INFO] [stdout] 
[INFO] [stdout] 
[INFO] [stdout] warning: variant `Any` is never constructed
[INFO] [stdout]   --> src/token_grammar.rs:51:5
[INFO] [stdout]    |
[INFO] [stdout] 47 | enum Symbol {
[INFO] [stdout]    |      ------ variant in this enum
[INFO] [stdout] ...
[INFO] [stdout] 51 |     Any
[INFO] [stdout]    |     ^^^
[INFO] [stdout]    |
[INFO] [stdout]    = note: `Symbol` has derived impls for the traits `Clone` and `Debug`, but these are intentionally ignored during dead code analysis
[INFO] [stdout] 
[INFO] [stdout] 
[INFO] [stdout] warning: associated function `any_comment` is never used
[INFO] [stdout]    --> src/token_grammar.rs:129:18
[INFO] [stdout]     |
[INFO] [stdout] 129 |     pub const fn any_comment() -> Self {
[INFO] [stdout]     |                  ^^^^^^^^^^^
[INFO] [stdout] 
[INFO] [stdout] 
[INFO] [stdout] warning: associated function `any_keyword` is never used
[INFO] [stdout]    --> src/token_grammar.rs:137:18
[INFO] [stdout]     |
[INFO] [stdout] 137 |     pub const fn any_keyword() -> Self {
[INFO] [stdout]     |                  ^^^^^^^^^^^
[INFO] [stdout] 
[INFO] [stdout] 
[INFO] [stdout] warning: associated function `from_type` is never used
[INFO] [stdout]    --> src/token_grammar.rs:141:18
[INFO] [stdout]     |
[INFO] [stdout] 141 |     pub const fn from_type(o: token::Type) -> Self {
[INFO] [stdout]     |                  ^^^^^^^^^
[INFO] [stdout] 
[INFO] [stdout] 
[INFO] [stdout] warning: associated function `any_literal` is never used
[INFO] [stdout]    --> src/token_grammar.rs:161:18
[INFO] [stdout]     |
[INFO] [stdout] 161 |     pub const fn any_literal() -> Self {
[INFO] [stdout]     |                  ^^^^^^^^^^^
[INFO] [stdout] 
[INFO] [stdout] 
[INFO] [stdout] warning: associated function `any_symbol` is never used
[INFO] [stdout]    --> src/token_grammar.rs:177:18
[INFO] [stdout]     |
[INFO] [stdout] 177 |     pub const fn any_symbol() -> Self {
[INFO] [stdout]     |                  ^^^^^^^^^^
[INFO] [stdout] 
[INFO] [stdout] 
[INFO] [stdout] warning: method `ln` is never used
[INFO] [stdout]   --> src/tokenizer.rs:42:14
[INFO] [stdout]    |
[INFO] [stdout] 42 |     const fn ln(&self) -> usize {
[INFO] [stdout]    |              ^^
[INFO] [stdout] 
[INFO] [stdout] 
[INFO] [stdout] warning: method `col` is never used
[INFO] [stdout]   --> src/tokenizer.rs:46:14
[INFO] [stdout]    |
[INFO] [stdout] 46 |     const fn col(&self) -> usize {
[INFO] [stdout]    |              ^^^
[INFO] [stdout] 
[INFO] [stdout] 
[INFO] [stdout] warning: fields `outfile` and `opt_level` are never read
[INFO] [stdout]   --> src/cli.rs:11:5
[INFO] [stdout]    |
[INFO] [stdout] 6  | pub struct Opt {
[INFO] [stdout]    |            --- fields in this struct
[INFO] [stdout] ...
[INFO] [stdout] 11 |     outfile: Option<String>,
[INFO] [stdout]    |     ^^^^^^^
[INFO] [stdout] ...
[INFO] [stdout] 14 |     opt_level: Option<OptLevel>,
[INFO] [stdout]    |     ^^^^^^^^^
[INFO] [stdout]    |
[INFO] [stdout]    = note: `Opt` has a derived impl for the trait `Debug`, but this is intentionally ignored during dead code analysis
[INFO] [stdout] 
[INFO] [stdout] 
[INFO] [stdout] warning: method `opt_level` is never used
[INFO] [stdout]   --> src/cli.rs:22:12
[INFO] [stdout]    |
[INFO] [stdout] 22 |     pub fn opt_level(&self) -> OptLevel {
[INFO] [stdout]    |            ^^^^^^^^^
[INFO] [stdout] 
[INFO] [stdout] 
[INFO] [stdout] warning: 27 warnings emitted
[INFO] [stdout] 
[INFO] [stdout] 
[INFO] [stderr]     Finished dev [unoptimized + debuginfo] target(s) in 7.43s
[INFO] running `Command { std: "docker" "inspect" "8aa2c65f94350783568f3798249b5e4052cd558994b7720e6da232152dce88f5", kill_on_drop: false }`
[INFO] running `Command { std: "docker" "rm" "-f" "8aa2c65f94350783568f3798249b5e4052cd558994b7720e6da232152dce88f5", kill_on_drop: false }`
[INFO] [stdout] 8aa2c65f94350783568f3798249b5e4052cd558994b7720e6da232152dce88f5
[INFO] running `Command { std: "docker" "create" "-v" "/var/lib/crater-agent-workspace/builds/worker-4-tc1/target:/opt/rustwide/target:rw,Z" "-v" "/var/lib/crater-agent-workspace/builds/worker-4-tc1/source:/opt/rustwide/workdir:ro,Z" "-v" "/var/lib/crater-agent-workspace/cargo-home:/opt/rustwide/cargo-home:ro,Z" "-v" "/var/lib/crater-agent-workspace/rustup-home:/opt/rustwide/rustup-home:ro,Z" "-e" "SOURCE_DIR=/opt/rustwide/workdir" "-e" "CARGO_TARGET_DIR=/opt/rustwide/target" "-e" "CARGO_INCREMENTAL=0" "-e" "RUST_BACKTRACE=full" "-e" "RUSTFLAGS=--cap-lints=warn" "-e" "RUSTDOCFLAGS=--cap-lints=warn" "-e" "CARGO_HOME=/opt/rustwide/cargo-home" "-e" "RUSTUP_HOME=/opt/rustwide/rustup-home" "-w" "/opt/rustwide/workdir" "-m" "1610612736" "--user" "0:0" "--network" "none" "ghcr.io/rust-lang/crates-build-env/linux@sha256:5ff2268d62e97bff2cde7d5815dd6ed5b47097566f13b8d0ca110b04b60e07ed" "/opt/rustwide/cargo-home/bin/cargo" "+1.69.0" "test" "--frozen" "--no-run" "--message-format=json", kill_on_drop: false }`
[INFO] [stdout] e6e6910f654e8a452c75730ddae5f7dcc050087a0be5873b938e574ddcba2899
[INFO] running `Command { std: "docker" "start" "-a" "e6e6910f654e8a452c75730ddae5f7dcc050087a0be5873b938e574ddcba2899", kill_on_drop: false }`
[INFO] [stderr] warning: only one of `license` or `license-file` is necessary
[INFO] [stderr] `license` should be used if the package license can be expressed with a standard SPDX expression.
[INFO] [stderr] `license-file` should be used if the package uses a non-standard license.
[INFO] [stderr] See https://doc.rust-lang.org/cargo/reference/manifest.html#the-license-and-license-file-fields for more information.
[INFO] [stderr]    Compiling either v1.6.1
[INFO] [stderr]    Compiling predicates-core v1.0.2
[INFO] [stderr]    Compiling doc-comment v0.3.3
[INFO] [stderr]    Compiling treeline v0.1.0
[INFO] [stderr]    Compiling regex-automata v0.1.10
[INFO] [stderr]    Compiling difflib v0.4.0
[INFO] [stderr]    Compiling wait-timeout v0.2.0
[INFO] [stderr]    Compiling c-webassembly v0.1.0 (/opt/rustwide/workdir)
[INFO] [stderr]    Compiling predicates-tree v1.0.3
[INFO] [stderr]    Compiling itertools v0.10.1
[INFO] [stderr]    Compiling bstr v0.2.17
[INFO] [stdout] warning: unused variable: `range`
[INFO] [stdout]    --> src/token.rs:163:31
[INFO] [stdout]     |
[INFO] [stdout] 163 |         let RawToken { value, range } = value;
[INFO] [stdout]     |                               ^^^^^ help: try ignoring the field: `range: _`
[INFO] [stdout]     |
[INFO] [stdout]     = note: `#[warn(unused_variables)]` on by default
[INFO] [stdout] 
[INFO] [stdout] 
[INFO] [stdout] warning: unused variable: `ast`
[INFO] [stdout]   --> src/main.rs:48:9
[INFO] [stdout]    |
[INFO] [stdout] 48 |     let ast = parser::parse_syntax(&tokens)?;
[INFO] [stdout]    |         ^^^ help: if this is intentional, prefix it with an underscore: `_ast`
[INFO] [stdout] 
[INFO] [stdout] 
[INFO] [stdout] warning: private type `token_grammar::Comment` in public interface (error E0446)
[INFO] [stdout]  --> src/token_grammar.rs:9:13
[INFO] [stdout]   |
[INFO] [stdout] 9 |     Comment(Comment),
[INFO] [stdout]   |             ^^^^^^^
[INFO] [stdout]   |
[INFO] [stdout]   = warning: this was previously accepted by the compiler but is being phased out; it will become a hard error in a future release!
[INFO] [stdout]   = note: for more information, see issue #34537 <https://github.com/rust-lang/rust/issues/34537>
[INFO] [stdout]   = note: `#[warn(private_in_public)]` on by default
[INFO] [stdout] 
[INFO] [stdout] 
[INFO] [stdout] warning: private type `token_grammar::Keyword` in public interface (error E0446)
[INFO] [stdout]   --> src/token_grammar.rs:10:13
[INFO] [stdout]    |
[INFO] [stdout] 10 |     Keyword(Keyword),
[INFO] [stdout]    |             ^^^^^^^
[INFO] [stdout]    |
[INFO] [stdout]    = warning: this was previously accepted by the compiler but is being phased out; it will become a hard error in a future release!
[INFO] [stdout]    = note: for more information, see issue #34537 <https://github.com/rust-lang/rust/issues/34537>
[INFO] [stdout] 
[INFO] [stdout] 
[INFO] [stdout] warning: private type `token_grammar::Type` in public interface (error E0446)
[INFO] [stdout]   --> src/token_grammar.rs:11:10
[INFO] [stdout]    |
[INFO] [stdout] 11 |     Type(Type),
[INFO] [stdout]    |          ^^^^
[INFO] [stdout]    |
[INFO] [stdout]    = warning: this was previously accepted by the compiler but is being phased out; it will become a hard error in a future release!
[INFO] [stdout]    = note: for more information, see issue #34537 <https://github.com/rust-lang/rust/issues/34537>
[INFO] [stdout] 
[INFO] [stdout] 
[INFO] [stdout] warning: private type `token_grammar::Identifier` in public interface (error E0446)
[INFO] [stdout]   --> src/token_grammar.rs:12:16
[INFO] [stdout]    |
[INFO] [stdout] 12 |     Identifier(Identifier),
[INFO] [stdout]    |                ^^^^^^^^^^
[INFO] [stdout]    |
[INFO] [stdout]    = warning: this was previously accepted by the compiler but is being phased out; it will become a hard error in a future release!
[INFO] [stdout]    = note: for more information, see issue #34537 <https://github.com/rust-lang/rust/issues/34537>
[INFO] [stdout] 
[INFO] [stdout] 
[INFO] [stdout] warning: private type `token_grammar::Literal` in public interface (error E0446)
[INFO] [stdout]   --> src/token_grammar.rs:13:13
[INFO] [stdout]    |
[INFO] [stdout] 13 |     Literal(Literal),
[INFO] [stdout]    |             ^^^^^^^
[INFO] [stdout]    |
[INFO] [stdout]    = warning: this was previously accepted by the compiler but is being phased out; it will become a hard error in a future release!
[INFO] [stdout]    = note: for more information, see issue #34537 <https://github.com/rust-lang/rust/issues/34537>
[INFO] [stdout] 
[INFO] [stdout] 
[INFO] [stdout] warning: private type `token_grammar::Symbol` in public interface (error E0446)
[INFO] [stdout]   --> src/token_grammar.rs:14:12
[INFO] [stdout]    |
[INFO] [stdout] 14 |     Symbol(Symbol)
[INFO] [stdout]    |            ^^^^^^
[INFO] [stdout]    |
[INFO] [stdout]    = warning: this was previously accepted by the compiler but is being phased out; it will become a hard error in a future release!
[INFO] [stdout]    = note: for more information, see issue #34537 <https://github.com/rust-lang/rust/issues/34537>
[INFO] [stdout] 
[INFO] [stdout] 
[INFO] [stdout] warning: function `write_file` is never used
[INFO] [stdout]  --> src/io.rs:9:8
[INFO] [stdout]   |
[INFO] [stdout] 9 | pub fn write_file(path: &str, buf: &[u8]) -> std::io::Result<()> {
[INFO] [stdout]   |        ^^^^^^^^^^
[INFO] [stdout]   |
[INFO] [stdout]   = note: `#[warn(dead_code)]` on by default
[INFO] [stdout] 
[INFO] [stdout] 
[INFO] [stdout] warning: enum `GrammarError` is never used
[INFO] [stdout]   --> src/grammar.rs:25:10
[INFO] [stdout]    |
[INFO] [stdout] 25 | pub enum GrammarError {
[INFO] [stdout]    |          ^^^^^^^^^^^^
[INFO] [stdout] 
[INFO] [stdout] 
[INFO] [stdout] warning: method `value` is never used
[INFO] [stdout]    --> src/token.rs:150:12
[INFO] [stdout]     |
[INFO] [stdout] 150 |     pub fn value(&self) -> &str {
[INFO] [stdout]     |            ^^^^^
[INFO] [stdout] 
[INFO] [stdout] 
[INFO] [stdout] warning: method `range` is never used
[INFO] [stdout]    --> src/token.rs:154:18
[INFO] [stdout]     |
[INFO] [stdout] 154 |     pub const fn range(&self) -> &Range<usize> {
[INFO] [stdout]     |                  ^^^^^
[INFO] [stdout] 
[INFO] [stdout] 
[INFO] [stdout] warning: variant `Comment` is never constructed
[INFO] [stdout]  --> src/token_grammar.rs:9:5
[INFO] [stdout]   |
[INFO] [stdout] 8 | pub enum TokenGrammar {
[INFO] [stdout]   |          ------------ variant in this enum
[INFO] [stdout] 9 |     Comment(Comment),
[INFO] [stdout]   |     ^^^^^^^
[INFO] [stdout]   |
[INFO] [stdout]   = note: `TokenGrammar` has derived impls for the traits `Clone` and `Debug`, but these are intentionally ignored during dead code analysis
[INFO] [stdout] 
[INFO] [stdout] 
[INFO] [stdout] warning: variant `Any` is never constructed
[INFO] [stdout]   --> src/token_grammar.rs:19:5
[INFO] [stdout]    |
[INFO] [stdout] 18 | enum Comment {
[INFO] [stdout]    |      ------- variant in this enum
[INFO] [stdout] 19 |     Any
[INFO] [stdout]    |     ^^^
[INFO] [stdout]    |
[INFO] [stdout]    = note: `Comment` has derived impls for the traits `Clone` and `Debug`, but these are intentionally ignored during dead code analysis
[INFO] [stdout] 
[INFO] [stdout] 
[INFO] [stdout] warning: variant `Any` is never constructed
[INFO] [stdout]   --> src/token_grammar.rs:25:5
[INFO] [stdout]    |
[INFO] [stdout] 23 | enum Keyword {
[INFO] [stdout]    |      ------- variant in this enum
[INFO] [stdout] 24 |     ByOriginal(token::Keyword),
[INFO] [stdout] 25 |     Any
[INFO] [stdout]    |     ^^^
[INFO] [stdout]    |
[INFO] [stdout]    = note: `Keyword` has derived impls for the traits `Clone` and `Debug`, but these are intentionally ignored during dead code analysis
[INFO] [stdout] 
[INFO] [stdout] 
[INFO] [stdout] warning: variant `ByOriginal` is never constructed
[INFO] [stdout]   --> src/token_grammar.rs:30:5
[INFO] [stdout]    |
[INFO] [stdout] 29 | enum Type {
[INFO] [stdout]    |      ---- variant in this enum
[INFO] [stdout] 30 |     ByOriginal(token::Type),
[INFO] [stdout]    |     ^^^^^^^^^^
[INFO] [stdout]    |
[INFO] [stdout]    = note: `Type` has derived impls for the traits `Clone` and `Debug`, but these are intentionally ignored during dead code analysis
[INFO] [stdout] 
[INFO] [stdout] 
[INFO] [stdout] warning: variant `Any` is never constructed
[INFO] [stdout]   --> src/token_grammar.rs:43:5
[INFO] [stdout]    |
[INFO] [stdout] 40 | enum Literal {
[INFO] [stdout]    |      ------- variant in this enum
[INFO] [stdout] ...
[INFO] [stdout] 43 |     Any
[INFO] [stdout]    |     ^^^
[INFO] [stdout]    |
[INFO] [stdout]    = note: `Literal` has derived impls for the traits `Clone` and `Debug`, but these are intentionally ignored during dead code analysis
[INFO] [stdout] 
[INFO] [stdout] 
[INFO] [stdout] warning: variant `Any` is never constructed
[INFO] [stdout]   --> src/token_grammar.rs:51:5
[INFO] [stdout]    |
[INFO] [stdout] 47 | enum Symbol {
[INFO] [stdout]    |      ------ variant in this enum
[INFO] [stdout] ...
[INFO] [stdout] 51 |     Any
[INFO] [stdout]    |     ^^^
[INFO] [stdout]    |
[INFO] [stdout]    = note: `Symbol` has derived impls for the traits `Clone` and `Debug`, but these are intentionally ignored during dead code analysis
[INFO] [stdout] 
[INFO] [stdout] 
[INFO] [stdout] warning: associated function `any_comment` is never used
[INFO] [stdout]    --> src/token_grammar.rs:129:18
[INFO] [stdout]     |
[INFO] [stdout] 129 |     pub const fn any_comment() -> Self {
[INFO] [stdout]     |                  ^^^^^^^^^^^
[INFO] [stdout] 
[INFO] [stdout] 
[INFO] [stdout] warning: associated function `any_keyword` is never used
[INFO] [stdout]    --> src/token_grammar.rs:137:18
[INFO] [stdout]     |
[INFO] [stdout] 137 |     pub const fn any_keyword() -> Self {
[INFO] [stdout]     |                  ^^^^^^^^^^^
[INFO] [stdout] 
[INFO] [stdout] 
[INFO] [stdout] warning: associated function `from_type` is never used
[INFO] [stdout]    --> src/token_grammar.rs:141:18
[INFO] [stdout]     |
[INFO] [stdout] 141 |     pub const fn from_type(o: token::Type) -> Self {
[INFO] [stdout]     |                  ^^^^^^^^^
[INFO] [stdout] 
[INFO] [stdout] 
[INFO] [stdout] warning: associated function `any_literal` is never used
[INFO] [stdout]    --> src/token_grammar.rs:161:18
[INFO] [stdout]     |
[INFO] [stdout] 161 |     pub const fn any_literal() -> Self {
[INFO] [stdout]     |                  ^^^^^^^^^^^
[INFO] [stdout] 
[INFO] [stdout] 
[INFO] [stdout] warning: associated function `any_symbol` is never used
[INFO] [stdout]    --> src/token_grammar.rs:177:18
[INFO] [stdout]     |
[INFO] [stdout] 177 |     pub const fn any_symbol() -> Self {
[INFO] [stdout]     |                  ^^^^^^^^^^
[INFO] [stdout] 
[INFO] [stdout] 
[INFO] [stdout] warning: method `ln` is never used
[INFO] [stdout]   --> src/tokenizer.rs:42:14
[INFO] [stdout]    |
[INFO] [stdout] 42 |     const fn ln(&self) -> usize {
[INFO] [stdout]    |              ^^
[INFO] [stdout] 
[INFO] [stdout] 
[INFO] [stdout] warning: method `col` is never used
[INFO] [stdout]   --> src/tokenizer.rs:46:14
[INFO] [stdout]    |
[INFO] [stdout] 46 |     const fn col(&self) -> usize {
[INFO] [stdout]    |              ^^^
[INFO] [stdout] 
[INFO] [stdout] 
[INFO] [stdout] warning: fields `outfile` and `opt_level` are never read
[INFO] [stdout]   --> src/cli.rs:11:5
[INFO] [stdout]    |
[INFO] [stdout] 6  | pub struct Opt {
[INFO] [stdout]    |            --- fields in this struct
[INFO] [stdout] ...
[INFO] [stdout] 11 |     outfile: Option<String>,
[INFO] [stdout]    |     ^^^^^^^
[INFO] [stdout] ...
[INFO] [stdout] 14 |     opt_level: Option<OptLevel>,
[INFO] [stdout]    |     ^^^^^^^^^
[INFO] [stdout]    |
[INFO] [stdout]    = note: `Opt` has a derived impl for the trait `Debug`, but this is intentionally ignored during dead code analysis
[INFO] [stdout] 
[INFO] [stdout] 
[INFO] [stdout] warning: method `opt_level` is never used
[INFO] [stdout]   --> src/cli.rs:22:12
[INFO] [stdout]    |
[INFO] [stdout] 22 |     pub fn opt_level(&self) -> OptLevel {
[INFO] [stdout]    |            ^^^^^^^^^
[INFO] [stdout] 
[INFO] [stdout] 
[INFO] [stderr]    Compiling predicates v2.0.2
[INFO] [stderr]    Compiling assert_cmd v2.0.1
[INFO] [stdout] warning: 27 warnings emitted
[INFO] [stdout] 
[INFO] [stdout] 
[INFO] [stdout] warning: unused variable: `range`
[INFO] [stdout]    --> src/token.rs:163:31
[INFO] [stdout]     |
[INFO] [stdout] 163 |         let RawToken { value, range } = value;
[INFO] [stdout]     |                               ^^^^^ help: try ignoring the field: `range: _`
[INFO] [stdout]     |
[INFO] [stdout]     = note: `#[warn(unused_variables)]` on by default
[INFO] [stdout] 
[INFO] [stdout] 
[INFO] [stdout] warning: unused variable: `ast`
[INFO] [stdout]   --> src/main.rs:48:9
[INFO] [stdout]    |
[INFO] [stdout] 48 |     let ast = parser::parse_syntax(&tokens)?;
[INFO] [stdout]    |         ^^^ help: if this is intentional, prefix it with an underscore: `_ast`
[INFO] [stdout] 
[INFO] [stdout] 
[INFO] [stdout] warning: private type `token_grammar::Comment` in public interface (error E0446)
[INFO] [stdout]  --> src/token_grammar.rs:9:13
[INFO] [stdout]   |
[INFO] [stdout] 9 |     Comment(Comment),
[INFO] [stdout]   |             ^^^^^^^
[INFO] [stdout]   |
[INFO] [stdout]   = warning: this was previously accepted by the compiler but is being phased out; it will become a hard error in a future release!
[INFO] [stdout]   = note: for more information, see issue #34537 <https://github.com/rust-lang/rust/issues/34537>
[INFO] [stdout]   = note: `#[warn(private_in_public)]` on by default
[INFO] [stdout] 
[INFO] [stdout] 
[INFO] [stdout] warning: private type `token_grammar::Keyword` in public interface (error E0446)
[INFO] [stdout]   --> src/token_grammar.rs:10:13
[INFO] [stdout]    |
[INFO] [stdout] 10 |     Keyword(Keyword),
[INFO] [stdout]    |             ^^^^^^^
[INFO] [stdout]    |
[INFO] [stdout]    = warning: this was previously accepted by the compiler but is being phased out; it will become a hard error in a future release!
[INFO] [stdout]    = note: for more information, see issue #34537 <https://github.com/rust-lang/rust/issues/34537>
[INFO] [stdout] 
[INFO] [stdout] 
[INFO] [stdout] warning: private type `token_grammar::Type` in public interface (error E0446)
[INFO] [stdout]   --> src/token_grammar.rs:11:10
[INFO] [stdout]    |
[INFO] [stdout] 11 |     Type(Type),
[INFO] [stdout]    |          ^^^^
[INFO] [stdout]    |
[INFO] [stdout]    = warning: this was previously accepted by the compiler but is being phased out; it will become a hard error in a future release!
[INFO] [stdout]    = note: for more information, see issue #34537 <https://github.com/rust-lang/rust/issues/34537>
[INFO] [stdout] 
[INFO] [stdout] 
[INFO] [stdout] warning: private type `token_grammar::Identifier` in public interface (error E0446)
[INFO] [stdout]   --> src/token_grammar.rs:12:16
[INFO] [stdout]    |
[INFO] [stdout] 12 |     Identifier(Identifier),
[INFO] [stdout]    |                ^^^^^^^^^^
[INFO] [stdout]    |
[INFO] [stdout]    = warning: this was previously accepted by the compiler but is being phased out; it will become a hard error in a future release!
[INFO] [stdout]    = note: for more information, see issue #34537 <https://github.com/rust-lang/rust/issues/34537>
[INFO] [stdout] 
[INFO] [stdout] 
[INFO] [stdout] warning: private type `token_grammar::Literal` in public interface (error E0446)
[INFO] [stdout]   --> src/token_grammar.rs:13:13
[INFO] [stdout]    |
[INFO] [stdout] 13 |     Literal(Literal),
[INFO] [stdout]    |             ^^^^^^^
[INFO] [stdout]    |
[INFO] [stdout]    = warning: this was previously accepted by the compiler but is being phased out; it will become a hard error in a future release!
[INFO] [stdout]    = note: for more information, see issue #34537 <https://github.com/rust-lang/rust/issues/34537>
[INFO] [stdout] 
[INFO] [stdout] 
[INFO] [stdout] warning: private type `token_grammar::Symbol` in public interface (error E0446)
[INFO] [stdout]   --> src/token_grammar.rs:14:12
[INFO] [stdout]    |
[INFO] [stdout] 14 |     Symbol(Symbol)
[INFO] [stdout]    |            ^^^^^^
[INFO] [stdout]    |
[INFO] [stdout]    = warning: this was previously accepted by the compiler but is being phased out; it will become a hard error in a future release!
[INFO] [stdout]    = note: for more information, see issue #34537 <https://github.com/rust-lang/rust/issues/34537>
[INFO] [stdout] 
[INFO] [stdout] 
[INFO] [stdout] warning: function `write_file` is never used
[INFO] [stdout]  --> src/io.rs:9:8
[INFO] [stdout]   |
[INFO] [stdout] 9 | pub fn write_file(path: &str, buf: &[u8]) -> std::io::Result<()> {
[INFO] [stdout]   |        ^^^^^^^^^^
[INFO] [stdout]   |
[INFO] [stdout]   = note: `#[warn(dead_code)]` on by default
[INFO] [stdout] 
[INFO] [stdout] 
[INFO] [stdout] warning: enum `GrammarError` is never used
[INFO] [stdout]   --> src/grammar.rs:25:10
[INFO] [stdout]    |
[INFO] [stdout] 25 | pub enum GrammarError {
[INFO] [stdout]    |          ^^^^^^^^^^^^
[INFO] [stdout] 
[INFO] [stdout] 
[INFO] [stdout] warning: method `value` is never used
[INFO] [stdout]    --> src/token.rs:150:12
[INFO] [stdout]     |
[INFO] [stdout] 150 |     pub fn value(&self) -> &str {
[INFO] [stdout]     |            ^^^^^
[INFO] [stdout] 
[INFO] [stdout] 
[INFO] [stdout] warning: method `range` is never used
[INFO] [stdout]    --> src/token.rs:154:18
[INFO] [stdout]     |
[INFO] [stdout] 154 |     pub const fn range(&self) -> &Range<usize> {
[INFO] [stdout]     |                  ^^^^^
[INFO] [stdout] 
[INFO] [stdout] 
[INFO] [stdout] warning: variant `Comment` is never constructed
[INFO] [stdout]  --> src/token_grammar.rs:9:5
[INFO] [stdout]   |
[INFO] [stdout] 8 | pub enum TokenGrammar {
[INFO] [stdout]   |          ------------ variant in this enum
[INFO] [stdout] 9 |     Comment(Comment),
[INFO] [stdout]   |     ^^^^^^^
[INFO] [stdout]   |
[INFO] [stdout]   = note: `TokenGrammar` has derived impls for the traits `Clone` and `Debug`, but these are intentionally ignored during dead code analysis
[INFO] [stdout] 
[INFO] [stdout] 
[INFO] [stdout] warning: variant `Any` is never constructed
[INFO] [stdout]   --> src/token_grammar.rs:19:5
[INFO] [stdout]    |
[INFO] [stdout] 18 | enum Comment {
[INFO] [stdout]    |      ------- variant in this enum
[INFO] [stdout] 19 |     Any
[INFO] [stdout]    |     ^^^
[INFO] [stdout]    |
[INFO] [stdout]    = note: `Comment` has derived impls for the traits `Clone` and `Debug`, but these are intentionally ignored during dead code analysis
[INFO] [stdout] 
[INFO] [stdout] 
[INFO] [stdout] warning: variant `Any` is never constructed
[INFO] [stdout]   --> src/token_grammar.rs:25:5
[INFO] [stdout]    |
[INFO] [stdout] 23 | enum Keyword {
[INFO] [stdout]    |      ------- variant in this enum
[INFO] [stdout] 24 |     ByOriginal(token::Keyword),
[INFO] [stdout] 25 |     Any
[INFO] [stdout]    |     ^^^
[INFO] [stdout]    |
[INFO] [stdout]    = note: `Keyword` has derived impls for the traits `Clone` and `Debug`, but these are intentionally ignored during dead code analysis
[INFO] [stdout] 
[INFO] [stdout] 
[INFO] [stdout] warning: variant `ByOriginal` is never constructed
[INFO] [stdout]   --> src/token_grammar.rs:30:5
[INFO] [stdout]    |
[INFO] [stdout] 29 | enum Type {
[INFO] [stdout]    |      ---- variant in this enum
[INFO] [stdout] 30 |     ByOriginal(token::Type),
[INFO] [stdout]    |     ^^^^^^^^^^
[INFO] [stdout]    |
[INFO] [stdout]    = note: `Type` has derived impls for the traits `Clone` and `Debug`, but these are intentionally ignored during dead code analysis
[INFO] [stdout] 
[INFO] [stdout] 
[INFO] [stdout] warning: variant `Any` is never constructed
[INFO] [stdout]   --> src/token_grammar.rs:43:5
[INFO] [stdout]    |
[INFO] [stdout] 40 | enum Literal {
[INFO] [stdout]    |      ------- variant in this enum
[INFO] [stdout] ...
[INFO] [stdout] 43 |     Any
[INFO] [stdout]    |     ^^^
[INFO] [stdout]    |
[INFO] [stdout]    = note: `Literal` has derived impls for the traits `Clone` and `Debug`, but these are intentionally ignored during dead code analysis
[INFO] [stdout] 
[INFO] [stdout] 
[INFO] [stdout] warning: variant `Any` is never constructed
[INFO] [stdout]   --> src/token_grammar.rs:51:5
[INFO] [stdout]    |
[INFO] [stdout] 47 | enum Symbol {
[INFO] [stdout]    |      ------ variant in this enum
[INFO] [stdout] ...
[INFO] [stdout] 51 |     Any
[INFO] [stdout]    |     ^^^
[INFO] [stdout]    |
[INFO] [stdout]    = note: `Symbol` has derived impls for the traits `Clone` and `Debug`, but these are intentionally ignored during dead code analysis
[INFO] [stdout] 
[INFO] [stdout] 
[INFO] [stdout] warning: associated function `any_comment` is never used
[INFO] [stdout]    --> src/token_grammar.rs:129:18
[INFO] [stdout]     |
[INFO] [stdout] 129 |     pub const fn any_comment() -> Self {
[INFO] [stdout]     |                  ^^^^^^^^^^^
[INFO] [stdout] 
[INFO] [stdout] 
[INFO] [stdout] warning: associated function `any_keyword` is never used
[INFO] [stdout]    --> src/token_grammar.rs:137:18
[INFO] [stdout]     |
[INFO] [stdout] 137 |     pub const fn any_keyword() -> Self {
[INFO] [stdout]     |                  ^^^^^^^^^^^
[INFO] [stdout] 
[INFO] [stdout] 
[INFO] [stdout] warning: associated function `from_type` is never used
[INFO] [stdout]    --> src/token_grammar.rs:141:18
[INFO] [stdout]     |
[INFO] [stdout] 141 |     pub const fn from_type(o: token::Type) -> Self {
[INFO] [stdout]     |                  ^^^^^^^^^
[INFO] [stdout] 
[INFO] [stdout] 
[INFO] [stdout] warning: associated function `any_literal` is never used
[INFO] [stdout]    --> src/token_grammar.rs:161:18
[INFO] [stdout]     |
[INFO] [stdout] 161 |     pub const fn any_literal() -> Self {
[INFO] [stdout]     |                  ^^^^^^^^^^^
[INFO] [stdout] 
[INFO] [stdout] 
[INFO] [stdout] warning: associated function `any_symbol` is never used
[INFO] [stdout]    --> src/token_grammar.rs:177:18
[INFO] [stdout]     |
[INFO] [stdout] 177 |     pub const fn any_symbol() -> Self {
[INFO] [stdout]     |                  ^^^^^^^^^^
[INFO] [stdout] 
[INFO] [stdout] 
[INFO] [stdout] warning: method `ln` is never used
[INFO] [stdout]   --> src/tokenizer.rs:42:14
[INFO] [stdout]    |
[INFO] [stdout] 42 |     const fn ln(&self) -> usize {
[INFO] [stdout]    |              ^^
[INFO] [stdout] 
[INFO] [stdout] 
[INFO] [stdout] warning: method `col` is never used
[INFO] [stdout]   --> src/tokenizer.rs:46:14
[INFO] [stdout]    |
[INFO] [stdout] 46 |     const fn col(&self) -> usize {
[INFO] [stdout]    |              ^^^
[INFO] [stdout] 
[INFO] [stdout] 
[INFO] [stdout] warning: fields `outfile` and `opt_level` are never read
[INFO] [stdout]   --> src/cli.rs:11:5
[INFO] [stdout]    |
[INFO] [stdout] 6  | pub struct Opt {
[INFO] [stdout]    |            --- fields in this struct
[INFO] [stdout] ...
[INFO] [stdout] 11 |     outfile: Option<String>,
[INFO] [stdout]    |     ^^^^^^^
[INFO] [stdout] ...
[INFO] [stdout] 14 |     opt_level: Option<OptLevel>,
[INFO] [stdout]    |     ^^^^^^^^^
[INFO] [stdout]    |
[INFO] [stdout]    = note: `Opt` has a derived impl for the trait `Debug`, but this is intentionally ignored during dead code analysis
[INFO] [stdout] 
[INFO] [stdout] 
[INFO] [stdout] warning: method `opt_level` is never used
[INFO] [stdout]   --> src/cli.rs:22:12
[INFO] [stdout]    |
[INFO] [stdout] 22 |     pub fn opt_level(&self) -> OptLevel {
[INFO] [stdout]    |            ^^^^^^^^^
[INFO] [stdout] 
[INFO] [stdout] 
[INFO] [stdout] warning: 27 warnings emitted
[INFO] [stdout] 
[INFO] [stdout] 
[INFO] [stderr]     Finished test [unoptimized + debuginfo] target(s) in 2.86s
[INFO] running `Command { std: "docker" "inspect" "e6e6910f654e8a452c75730ddae5f7dcc050087a0be5873b938e574ddcba2899", kill_on_drop: false }`
[INFO] running `Command { std: "docker" "rm" "-f" "e6e6910f654e8a452c75730ddae5f7dcc050087a0be5873b938e574ddcba2899", kill_on_drop: false }`
[INFO] [stdout] e6e6910f654e8a452c75730ddae5f7dcc050087a0be5873b938e574ddcba2899
[INFO] running `Command { std: "docker" "create" "-v" "/var/lib/crater-agent-workspace/builds/worker-4-tc1/target:/opt/rustwide/target:rw,Z" "-v" "/var/lib/crater-agent-workspace/builds/worker-4-tc1/source:/opt/rustwide/workdir:ro,Z" "-v" "/var/lib/crater-agent-workspace/cargo-home:/opt/rustwide/cargo-home:ro,Z" "-v" "/var/lib/crater-agent-workspace/rustup-home:/opt/rustwide/rustup-home:ro,Z" "-e" "SOURCE_DIR=/opt/rustwide/workdir" "-e" "CARGO_TARGET_DIR=/opt/rustwide/target" "-e" "CARGO_INCREMENTAL=0" "-e" "RUST_BACKTRACE=full" "-e" "RUSTFLAGS=--cap-lints=warn" "-e" "RUSTDOCFLAGS=--cap-lints=warn" "-e" "CARGO_HOME=/opt/rustwide/cargo-home" "-e" "RUSTUP_HOME=/opt/rustwide/rustup-home" "-w" "/opt/rustwide/workdir" "-m" "1610612736" "--user" "0:0" "--network" "none" "ghcr.io/rust-lang/crates-build-env/linux@sha256:5ff2268d62e97bff2cde7d5815dd6ed5b47097566f13b8d0ca110b04b60e07ed" "/opt/rustwide/cargo-home/bin/cargo" "+1.69.0" "test" "--frozen", kill_on_drop: false }`
[INFO] [stdout] c3ea1e16fac9ecfdaf0b03f06ca1080ac0e52daebb560a1f63de2e17a9a2c56a
[INFO] running `Command { std: "docker" "start" "-a" "c3ea1e16fac9ecfdaf0b03f06ca1080ac0e52daebb560a1f63de2e17a9a2c56a", kill_on_drop: false }`
[INFO] [stderr] warning: only one of `license` or `license-file` is necessary
[INFO] [stderr] `license` should be used if the package license can be expressed with a standard SPDX expression.
[INFO] [stderr] `license-file` should be used if the package uses a non-standard license.
[INFO] [stderr] See https://doc.rust-lang.org/cargo/reference/manifest.html#the-license-and-license-file-fields for more information.
[INFO] [stderr] warning: unused variable: `range`
[INFO] [stderr]    --> src/token.rs:163:31
[INFO] [stderr]     |
[INFO] [stderr] 163 |         let RawToken { value, range } = value;
[INFO] [stderr]     |                               ^^^^^ help: try ignoring the field: `range: _`
[INFO] [stderr]     |
[INFO] [stderr]     = note: `#[warn(unused_variables)]` on by default
[INFO] [stderr] 
[INFO] [stderr] warning: unused variable: `ast`
[INFO] [stderr]   --> src/main.rs:48:9
[INFO] [stderr]    |
[INFO] [stderr] 48 |     let ast = parser::parse_syntax(&tokens)?;
[INFO] [stderr]    |         ^^^ help: if this is intentional, prefix it with an underscore: `_ast`
[INFO] [stderr] 
[INFO] [stderr] warning: private type `token_grammar::Comment` in public interface (error E0446)
[INFO] [stderr]  --> src/token_grammar.rs:9:13
[INFO] [stderr]   |
[INFO] [stderr] 9 |     Comment(Comment),
[INFO] [stderr]   |             ^^^^^^^
[INFO] [stderr]   |
[INFO] [stderr]   = warning: this was previously accepted by the compiler but is being phased out; it will become a hard error in a future release!
[INFO] [stderr]   = note: for more information, see issue #34537 <https://github.com/rust-lang/rust/issues/34537>
[INFO] [stderr]   = note: `#[warn(private_in_public)]` on by default
[INFO] [stderr] 
[INFO] [stderr] warning: private type `token_grammar::Keyword` in public interface (error E0446)
[INFO] [stderr]   --> src/token_grammar.rs:10:13
[INFO] [stderr]    |
[INFO] [stderr] 10 |     Keyword(Keyword),
[INFO] [stderr]    |             ^^^^^^^
[INFO] [stderr]    |
[INFO] [stderr]    = warning: this was previously accepted by the compiler but is being phased out; it will become a hard error in a future release!
[INFO] [stderr]    = note: for more information, see issue #34537 <https://github.com/rust-lang/rust/issues/34537>
[INFO] [stderr] 
[INFO] [stderr] warning: private type `token_grammar::Type` in public interface (error E0446)
[INFO] [stderr]   --> src/token_grammar.rs:11:10
[INFO] [stderr]    |
[INFO] [stderr] 11 |     Type(Type),
[INFO] [stderr]    |          ^^^^
[INFO] [stderr]    |
[INFO] [stderr]    = warning: this was previously accepted by the compiler but is being phased out; it will become a hard error in a future release!
[INFO] [stderr]    = note: for more information, see issue #34537 <https://github.com/rust-lang/rust/issues/34537>
[INFO] [stderr] 
[INFO] [stderr] warning: private type `token_grammar::Identifier` in public interface (error E0446)
[INFO] [stderr]   --> src/token_grammar.rs:12:16
[INFO] [stderr]    |
[INFO] [stderr] 12 |     Identifier(Identifier),
[INFO] [stderr]    |                ^^^^^^^^^^
[INFO] [stderr]    |
[INFO] [stderr]    = warning: this was previously accepted by the compiler but is being phased out; it will become a hard error in a future release!
[INFO] [stderr]    = note: for more information, see issue #34537 <https://github.com/rust-lang/rust/issues/34537>
[INFO] [stderr] 
[INFO] [stderr] warning: private type `token_grammar::Literal` in public interface (error E0446)
[INFO] [stderr]   --> src/token_grammar.rs:13:13
[INFO] [stderr]    |
[INFO] [stderr] 13 |     Literal(Literal),
[INFO] [stderr]    |             ^^^^^^^
[INFO] [stderr]    |
[INFO] [stderr]    = warning: this was previously accepted by the compiler but is being phased out; it will become a hard error in a future release!
[INFO] [stderr]    = note: for more information, see issue #34537 <https://github.com/rust-lang/rust/issues/34537>
[INFO] [stderr] 
[INFO] [stderr] warning: private type `token_grammar::Symbol` in public interface (error E0446)
[INFO] [stderr]   --> src/token_grammar.rs:14:12
[INFO] [stderr]    |
[INFO] [stderr] 14 |     Symbol(Symbol)
[INFO] [stderr]    |            ^^^^^^
[INFO] [stderr]    |
[INFO] [stderr]    = warning: this was previously accepted by the compiler but is being phased out; it will become a hard error in a future release!
[INFO] [stderr]    = note: for more information, see issue #34537 <https://github.com/rust-lang/rust/issues/34537>
[INFO] [stderr] 
[INFO] [stderr] warning: function `write_file` is never used
[INFO] [stderr]  --> src/io.rs:9:8
[INFO] [stderr]   |
[INFO] [stderr] 9 | pub fn write_file(path: &str, buf: &[u8]) -> std::io::Result<()> {
[INFO] [stderr]   |        ^^^^^^^^^^
[INFO] [stderr]   |
[INFO] [stderr]   = note: `#[warn(dead_code)]` on by default
[INFO] [stderr] 
[INFO] [stderr] warning: enum `GrammarError` is never used
[INFO] [stderr]   --> src/grammar.rs:25:10
[INFO] [stderr]    |
[INFO] [stderr] 25 | pub enum GrammarError {
[INFO] [stderr]    |          ^^^^^^^^^^^^
[INFO] [stderr] 
[INFO] [stderr] warning: method `value` is never used
[INFO] [stderr]    --> src/token.rs:150:12
[INFO] [stderr]     |
[INFO] [stderr] 150 |     pub fn value(&self) -> &str {
[INFO] [stderr]     |            ^^^^^
[INFO] [stderr] 
[INFO] [stderr] warning: method `range` is never used
[INFO] [stderr]    --> src/token.rs:154:18
[INFO] [stderr]     |
[INFO] [stderr] 154 |     pub const fn range(&self) -> &Range<usize> {
[INFO] [stderr]     |                  ^^^^^
[INFO] [stderr] 
[INFO] [stderr] warning: variant `Comment` is never constructed
[INFO] [stderr]  --> src/token_grammar.rs:9:5
[INFO] [stderr]   |
[INFO] [stderr] 8 | pub enum TokenGrammar {
[INFO] [stderr]   |          ------------ variant in this enum
[INFO] [stderr] 9 |     Comment(Comment),
[INFO] [stderr]   |     ^^^^^^^
[INFO] [stderr]   |
[INFO] [stderr]   = note: `TokenGrammar` has derived impls for the traits `Clone` and `Debug`, but these are intentionally ignored during dead code analysis
[INFO] [stderr] 
[INFO] [stderr] warning: variant `Any` is never constructed
[INFO] [stderr]   --> src/token_grammar.rs:19:5
[INFO] [stderr]    |
[INFO] [stderr] 18 | enum Comment {
[INFO] [stderr]    |      ------- variant in this enum
[INFO] [stderr] 19 |     Any
[INFO] [stderr]    |     ^^^
[INFO] [stderr]    |
[INFO] [stderr]    = note: `Comment` has derived impls for the traits `Clone` and `Debug`, but these are intentionally ignored during dead code analysis
[INFO] [stderr] 
[INFO] [stderr] warning: variant `Any` is never constructed
[INFO] [stderr]   --> src/token_grammar.rs:25:5
[INFO] [stderr]    |
[INFO] [stderr] 23 | enum Keyword {
[INFO] [stderr]    |      ------- variant in this enum
[INFO] [stderr] 24 |     ByOriginal(token::Keyword),
[INFO] [stderr] 25 |     Any
[INFO] [stderr]    |     ^^^
[INFO] [stderr]    |
[INFO] [stderr]    = note: `Keyword` has derived impls for the traits `Clone` and `Debug`, but these are intentionally ignored during dead code analysis
[INFO] [stderr] 
[INFO] [stderr] warning: variant `ByOriginal` is never constructed
[INFO] [stderr]   --> src/token_grammar.rs:30:5
[INFO] [stderr]    |
[INFO] [stderr] 29 | enum Type {
[INFO] [stderr]    |      ---- variant in this enum
[INFO] [stderr] 30 |     ByOriginal(token::Type),
[INFO] [stderr]    |     ^^^^^^^^^^
[INFO] [stderr]    |
[INFO] [stderr]    = note: `Type` has derived impls for the traits `Clone` and `Debug`, but these are intentionally ignored during dead code analysis
[INFO] [stderr] 
[INFO] [stderr] warning: variant `Any` is never constructed
[INFO] [stderr]   --> src/token_grammar.rs:43:5
[INFO] [stderr]    |
[INFO] [stderr] 40 | enum Literal {
[INFO] [stderr]    |      ------- variant in this enum
[INFO] [stderr] ...
[INFO] [stderr] 43 |     Any
[INFO] [stderr]    |     ^^^
[INFO] [stderr]    |
[INFO] [stderr]    = note: `Literal` has derived impls for the traits `Clone` and `Debug`, but these are intentionally ignored during dead code analysis
[INFO] [stderr] 
[INFO] [stderr] warning: variant `Any` is never constructed
[INFO] [stderr]   --> src/token_grammar.rs:51:5
[INFO] [stderr]    |
[INFO] [stderr] 47 | enum Symbol {
[INFO] [stderr]    |      ------ variant in this enum
[INFO] [stderr] ...
[INFO] [stderr] 51 |     Any
[INFO] [stderr]    |     ^^^
[INFO] [stderr]    |
[INFO] [stderr]    = note: `Symbol` has derived impls for the traits `Clone` and `Debug`, but these are intentionally ignored during dead code analysis
[INFO] [stderr] 
[INFO] [stderr] warning: associated function `any_comment` is never used
[INFO] [stderr]    --> src/token_grammar.rs:129:18
[INFO] [stderr]     |
[INFO] [stderr] 129 |     pub const fn any_comment() -> Self {
[INFO] [stderr]     |                  ^^^^^^^^^^^
[INFO] [stderr] 
[INFO] [stderr] warning: associated function `any_keyword` is never used
[INFO] [stderr]    --> src/token_grammar.rs:137:18
[INFO] [stderr]     |
[INFO] [stderr] 137 |     pub const fn any_keyword() -> Self {
[INFO] [stderr]     |                  ^^^^^^^^^^^
[INFO] [stderr] 
[INFO] [stderr] warning: associated function `from_type` is never used
[INFO] [stderr]    --> src/token_grammar.rs:141:18
[INFO] [stderr]     |
[INFO] [stderr] 141 |     pub const fn from_type(o: token::Type) -> Self {
[INFO] [stderr]     |                  ^^^^^^^^^
[INFO] [stderr] 
[INFO] [stderr] warning: associated function `any_literal` is never used
[INFO] [stderr]    --> src/token_grammar.rs:161:18
[INFO] [stderr]     |
[INFO] [stderr] 161 |     pub const fn any_literal() -> Self {
[INFO] [stderr]     |                  ^^^^^^^^^^^
[INFO] [stderr] 
[INFO] [stderr] warning: associated function `any_symbol` is never used
[INFO] [stderr]    --> src/token_grammar.rs:177:18
[INFO] [stderr]     |
[INFO] [stderr] 177 |     pub const fn any_symbol() -> Self {
[INFO] [stderr]     |                  ^^^^^^^^^^
[INFO] [stderr] 
[INFO] [stderr] warning: method `ln` is never used
[INFO] [stderr]   --> src/tokenizer.rs:42:14
[INFO] [stderr]    |
[INFO] [stderr] 42 |     const fn ln(&self) -> usize {
[INFO] [stderr]    |              ^^
[INFO] [stderr] 
[INFO] [stderr] warning: method `col` is never used
[INFO] [stderr]   --> src/tokenizer.rs:46:14
[INFO] [stderr]    |
[INFO] [stderr] 46 |     const fn col(&self) -> usize {
[INFO] [stderr]    |              ^^^
[INFO] [stderr] 
[INFO] [stderr] warning: fields `outfile` and `opt_level` are never read
[INFO] [stderr]   --> src/cli.rs:11:5
[INFO] [stderr]    |
[INFO] [stderr] 6  | pub struct Opt {
[INFO] [stderr]    |            --- fields in this struct
[INFO] [stderr] ...
[INFO] [stderr] 11 |     outfile: Option<String>,
[INFO] [stderr]    |     ^^^^^^^
[INFO] [stderr] ...
[INFO] [stderr] 14 |     opt_level: Option<OptLevel>,
[INFO] [stderr]    |     ^^^^^^^^^
[INFO] [stderr]    |
[INFO] [stderr]    = note: `Opt` has a derived impl for the trait `Debug`, but this is intentionally ignored during dead code analysis
[INFO] [stderr] 
[INFO] [stderr] warning: method `opt_level` is never used
[INFO] [stderr]   --> src/cli.rs:22:12
[INFO] [stderr]    |
[INFO] [stderr] 22 |     pub fn opt_level(&self) -> OptLevel {
[INFO] [stderr]    |            ^^^^^^^^^
[INFO] [stderr] 
[INFO] [stderr] warning: `c-webassembly` (bin "c-webassembly" test) generated 27 warnings (run `cargo fix --bin "c-webassembly" --tests` to apply 2 suggestions)
[INFO] [stderr] warning: `c-webassembly` (bin "c-webassembly") generated 27 warnings (27 duplicates)
[INFO] [stderr]     Finished test [unoptimized + debuginfo] target(s) in 0.03s
[INFO] [stderr]      Running unittests src/lib.rs (/opt/rustwide/target/debug/deps/c_webassembly-ed68cb9342284a76)
[INFO] [stdout] 
[INFO] [stdout] running 1 test
[INFO] [stdout] test tests::name ... FAILED
[INFO] [stdout] 
[INFO] [stdout] failures:
[INFO] [stdout] 
[INFO] [stdout] ---- tests::name stdout ----
[INFO] [stdout] thread 'tests::name' panicked at 'not implemented', src/lib.rs:28:9
[INFO] [stdout] stack backtrace:
[INFO] [stdout]    0:     0x7f5b4f4b931a - std::backtrace_rs::backtrace::libunwind::trace::ha9053a9a07ca49cb
[INFO] [stdout]                                at /rustc/84c898d65adf2f39a5a98507f1fe0ce10a2b8dbc/library/std/src/../../backtrace/src/backtrace/libunwind.rs:93:5
[INFO] [stdout]    1:     0x7f5b4f4b931a - std::backtrace_rs::backtrace::trace_unsynchronized::h9c2852a457ad564e
[INFO] [stdout]                                at /rustc/84c898d65adf2f39a5a98507f1fe0ce10a2b8dbc/library/std/src/../../backtrace/src/backtrace/mod.rs:66:5
[INFO] [stdout]    2:     0x7f5b4f4b931a - std::sys_common::backtrace::_print_fmt::h457936fbfaa0070f
[INFO] [stdout]                                at /rustc/84c898d65adf2f39a5a98507f1fe0ce10a2b8dbc/library/std/src/sys_common/backtrace.rs:65:5
[INFO] [stdout]    3:     0x7f5b4f4b931a - <std::sys_common::backtrace::_print::DisplayBacktrace as core::fmt::Display>::fmt::h5779d7bf7f70cb0c
[INFO] [stdout]                                at /rustc/84c898d65adf2f39a5a98507f1fe0ce10a2b8dbc/library/std/src/sys_common/backtrace.rs:44:22
[INFO] [stdout]    4:     0x7f5b4f51cb6e - core::fmt::write::h5a4baaff1bcd3eb5
[INFO] [stdout]                                at /rustc/84c898d65adf2f39a5a98507f1fe0ce10a2b8dbc/library/core/src/fmt/mod.rs:1232:17
[INFO] [stdout]    5:     0x7f5b4f4ac1c5 - std::io::Write::write_fmt::h478f79c628ef31d1
[INFO] [stdout]                                at /rustc/84c898d65adf2f39a5a98507f1fe0ce10a2b8dbc/library/std/src/io/mod.rs:1684:15
[INFO] [stdout]    6:     0x7f5b4f4b90e5 - std::sys_common::backtrace::_print::h5fcdc36060f177e8
[INFO] [stdout]                                at /rustc/84c898d65adf2f39a5a98507f1fe0ce10a2b8dbc/library/std/src/sys_common/backtrace.rs:47:5
[INFO] [stdout]    7:     0x7f5b4f4b90e5 - std::sys_common::backtrace::print::h54ca9458b876c8bf
[INFO] [stdout]                                at /rustc/84c898d65adf2f39a5a98507f1fe0ce10a2b8dbc/library/std/src/sys_common/backtrace.rs:34:9
[INFO] [stdout]    8:     0x7f5b4f4bbe5f - std::panicking::default_hook::{{closure}}::hbe471161c7664ed6
[INFO] [stdout]                                at /rustc/84c898d65adf2f39a5a98507f1fe0ce10a2b8dbc/library/std/src/panicking.rs:271:22
[INFO] [stdout]    9:     0x7f5b4f4bbb1f - std::panicking::default_hook::ha3500da57aa4ac4f
[INFO] [stdout]                                at /rustc/84c898d65adf2f39a5a98507f1fe0ce10a2b8dbc/library/std/src/panicking.rs:287:9
[INFO] [stdout]   10:     0x7f5b4f5ace27 - <alloc::boxed::Box<F,A> as core::ops::function::Fn<Args>>::call::hdf1b89dd137ece34
[INFO] [stdout]                                at /rustc/84c898d65adf2f39a5a98507f1fe0ce10a2b8dbc/library/alloc/src/boxed.rs:2001:9
[INFO] [stdout]   11:     0x7f5b4f5ace27 - test::test_main::{{closure}}::h9081a79f20e75698
[INFO] [stdout]                                at /rustc/84c898d65adf2f39a5a98507f1fe0ce10a2b8dbc/library/test/src/lib.rs:135:21
[INFO] [stdout]   12:     0x7f5b4f4bc69d - <alloc::boxed::Box<F,A> as core::ops::function::Fn<Args>>::call::h6507bddc3eebb4a5
[INFO] [stdout]                                at /rustc/84c898d65adf2f39a5a98507f1fe0ce10a2b8dbc/library/alloc/src/boxed.rs:2001:9
[INFO] [stdout]   13:     0x7f5b4f4bc69d - std::panicking::rust_panic_with_hook::h50c09d000dc561d2
[INFO] [stdout]                                at /rustc/84c898d65adf2f39a5a98507f1fe0ce10a2b8dbc/library/std/src/panicking.rs:696:13
[INFO] [stdout]   14:     0x7f5b4f4bc3d2 - std::panicking::begin_panic_handler::{{closure}}::h9e2b2176e00e0d9c
[INFO] [stdout]                                at /rustc/84c898d65adf2f39a5a98507f1fe0ce10a2b8dbc/library/std/src/panicking.rs:581:13
[INFO] [stdout]   15:     0x7f5b4f4b9786 - std::sys_common::backtrace::__rust_end_short_backtrace::h5739b8e512c09d02
[INFO] [stdout]                                at /rustc/84c898d65adf2f39a5a98507f1fe0ce10a2b8dbc/library/std/src/sys_common/backtrace.rs:150:18
[INFO] [stdout]   16:     0x7f5b4f4bc122 - rust_begin_unwind
[INFO] [stdout]                                at /rustc/84c898d65adf2f39a5a98507f1fe0ce10a2b8dbc/library/std/src/panicking.rs:579:5
[INFO] [stdout]   17:     0x7f5b4f518ec3 - core::panicking::panic_fmt::hf33a1475b4dc5c3e
[INFO] [stdout]                                at /rustc/84c898d65adf2f39a5a98507f1fe0ce10a2b8dbc/library/core/src/panicking.rs:64:14
[INFO] [stdout]   18:     0x7f5b4f518f5d - core::panicking::panic::h9533b2fee90b999e
[INFO] [stdout]                                at /rustc/84c898d65adf2f39a5a98507f1fe0ce10a2b8dbc/library/core/src/panicking.rs:114:5
[INFO] [stdout]   19:     0x5620cc22a1ed - c_webassembly::tests::name::h1b9dbf1cb28227ab
[INFO] [stdout]                                at /opt/rustwide/workdir/src/lib.rs:28:9
[INFO] [stdout]   20:     0x5620cc22a1b7 - c_webassembly::tests::name::{{closure}}::hf1963dd4583127f8
[INFO] [stdout]                                at /opt/rustwide/workdir/src/lib.rs:27:15
[INFO] [stdout]   21:     0x5620cc22a295 - core::ops::function::FnOnce::call_once::hb33367704a6defd9
[INFO] [stdout]                                at /rustc/84c898d65adf2f39a5a98507f1fe0ce10a2b8dbc/library/core/src/ops/function.rs:250:5
[INFO] [stdout]   22:     0x7f5b4f5b2e2f - core::ops::function::FnOnce::call_once::h7d969581be7d0075
[INFO] [stdout]                                at /rustc/84c898d65adf2f39a5a98507f1fe0ce10a2b8dbc/library/core/src/ops/function.rs:250:5
[INFO] [stdout]   23:     0x7f5b4f5b2e2f - test::__rust_begin_short_backtrace::hca25a52684e56655
[INFO] [stdout]                                at /rustc/84c898d65adf2f39a5a98507f1fe0ce10a2b8dbc/library/test/src/lib.rs:656:18
[INFO] [stdout]   24:     0x7f5b4f5808dc - test::run_test::{{closure}}::ha8ac744c4af1a4bb
[INFO] [stdout]                                at /rustc/84c898d65adf2f39a5a98507f1fe0ce10a2b8dbc/library/test/src/lib.rs:647:30
[INFO] [stdout]   25:     0x7f5b4f5808dc - core::ops::function::FnOnce::call_once{{vtable.shim}}::h7b411a9ed45bdecf
[INFO] [stdout]                                at /rustc/84c898d65adf2f39a5a98507f1fe0ce10a2b8dbc/library/core/src/ops/function.rs:250:5
[INFO] [stdout]   26:     0x7f5b4f5b1df6 - <alloc::boxed::Box<F,A> as core::ops::function::FnOnce<Args>>::call_once::hd05328869a8ed200
[INFO] [stdout]                                at /rustc/84c898d65adf2f39a5a98507f1fe0ce10a2b8dbc/library/alloc/src/boxed.rs:1987:9
[INFO] [stdout]   27:     0x7f5b4f5b1df6 - <core::panic::unwind_safe::AssertUnwindSafe<F> as core::ops::function::FnOnce<()>>::call_once::h0c601ce20bd5b2be
[INFO] [stdout]                                at /rustc/84c898d65adf2f39a5a98507f1fe0ce10a2b8dbc/library/core/src/panic/unwind_safe.rs:271:9
[INFO] [stdout]   28:     0x7f5b4f5b1df6 - std::panicking::try::do_call::ha4be5c164fe30854
[INFO] [stdout]                                at /rustc/84c898d65adf2f39a5a98507f1fe0ce10a2b8dbc/library/std/src/panicking.rs:487:40
[INFO] [stdout]   29:     0x7f5b4f5b1df6 - std::panicking::try::h604546f3609af05f
[INFO] [stdout]                                at /rustc/84c898d65adf2f39a5a98507f1fe0ce10a2b8dbc/library/std/src/panicking.rs:451:19
[INFO] [stdout]   30:     0x7f5b4f5b1df6 - std::panic::catch_unwind::h5bfa8afe44c9c2f9
[INFO] [stdout]                                at /rustc/84c898d65adf2f39a5a98507f1fe0ce10a2b8dbc/library/std/src/panic.rs:140:14
[INFO] [stdout]   31:     0x7f5b4f5b1df6 - test::run_test_in_process::hd50dee55dd63e6aa
[INFO] [stdout]                                at /rustc/84c898d65adf2f39a5a98507f1fe0ce10a2b8dbc/library/test/src/lib.rs:679:27
[INFO] [stdout]   32:     0x7f5b4f5b1df6 - test::run_test::run_test_inner::{{closure}}::h4aa0f433aa85cea8
[INFO] [stdout]                                at /rustc/84c898d65adf2f39a5a98507f1fe0ce10a2b8dbc/library/test/src/lib.rs:573:39
[INFO] [stdout]   33:     0x7f5b4f57a591 - test::run_test::run_test_inner::{{closure}}::had56431adf24b4d6
[INFO] [stdout]                                at /rustc/84c898d65adf2f39a5a98507f1fe0ce10a2b8dbc/library/test/src/lib.rs:600:37
[INFO] [stdout]   34:     0x7f5b4f57a591 - std::sys_common::backtrace::__rust_begin_short_backtrace::ha8d9890e0c73bf13
[INFO] [stdout]                                at /rustc/84c898d65adf2f39a5a98507f1fe0ce10a2b8dbc/library/std/src/sys_common/backtrace.rs:134:18
[INFO] [stdout]   35:     0x7f5b4f58096b - std::thread::Builder::spawn_unchecked_::{{closure}}::{{closure}}::h251832bcb4a95327
[INFO] [stdout]                                at /rustc/84c898d65adf2f39a5a98507f1fe0ce10a2b8dbc/library/std/src/thread/mod.rs:560:17
[INFO] [stdout]   36:     0x7f5b4f58096b - <core::panic::unwind_safe::AssertUnwindSafe<F> as core::ops::function::FnOnce<()>>::call_once::h8fdff598fa414831
[INFO] [stdout]                                at /rustc/84c898d65adf2f39a5a98507f1fe0ce10a2b8dbc/library/core/src/panic/unwind_safe.rs:271:9
[INFO] [stdout]   37:     0x7f5b4f58096b - std::panicking::try::do_call::h455dd2f7764a950f
[INFO] [stdout]                                at /rustc/84c898d65adf2f39a5a98507f1fe0ce10a2b8dbc/library/std/src/panicking.rs:487:40
[INFO] [stdout]   38:     0x7f5b4f58096b - std::panicking::try::had6f23b7b73ae72a
[INFO] [stdout]                                at /rustc/84c898d65adf2f39a5a98507f1fe0ce10a2b8dbc/library/std/src/panicking.rs:451:19
[INFO] [stdout]   39:     0x7f5b4f58096b - std::panic::catch_unwind::ha6a5ca3915b4dad0
[INFO] [stdout]                                at /rustc/84c898d65adf2f39a5a98507f1fe0ce10a2b8dbc/library/std/src/panic.rs:140:14
[INFO] [stdout]   40:     0x7f5b4f58096b - std::thread::Builder::spawn_unchecked_::{{closure}}::h883b72ef75da6231
[INFO] [stdout]                                at /rustc/84c898d65adf2f39a5a98507f1fe0ce10a2b8dbc/library/std/src/thread/mod.rs:559:30
[INFO] [stdout]   41:     0x7f5b4f58096b - core::ops::function::FnOnce::call_once{{vtable.shim}}::hb7dff73dc8bd2ccb
[INFO] [stdout]                                at /rustc/84c898d65adf2f39a5a98507f1fe0ce10a2b8dbc/library/core/src/ops/function.rs:250:5
[INFO] [stdout]   42:     0x7f5b4f4c6593 - <alloc::boxed::Box<F,A> as core::ops::function::FnOnce<Args>>::call_once::h39990b24eedef2ab
[INFO] [stdout]                                at /rustc/84c898d65adf2f39a5a98507f1fe0ce10a2b8dbc/library/alloc/src/boxed.rs:1987:9
[INFO] [stdout]   43:     0x7f5b4f4c6593 - <alloc::boxed::Box<F,A> as core::ops::function::FnOnce<Args>>::call_once::h01a027258444143b
[INFO] [stdout]                                at /rustc/84c898d65adf2f39a5a98507f1fe0ce10a2b8dbc/library/alloc/src/boxed.rs:1987:9
[INFO] [stdout]   44:     0x7f5b4f4c6593 - std::sys::unix::thread::Thread::new::thread_start::ha4f1cdd9c25884ba
[INFO] [stdout]                                at /rustc/84c898d65adf2f39a5a98507f1fe0ce10a2b8dbc/library/std/src/sys/unix/thread.rs:108:17
[INFO] [stdout]   45:     0x7f5b4f1e5b43 - <unknown>
[INFO] [stdout]   46:     0x7f5b4f276bb4 - __clone
[INFO] [stdout]   47:                0x0 - <unknown>
[INFO] [stdout] 
[INFO] [stdout] 
[INFO] [stdout] failures:
[INFO] [stdout]     tests::name
[INFO] [stdout] 
[INFO] [stdout] test result: FAILED. 0 passed; 1 failed; 0 ignored; 0 measured; 0 filtered out; finished in 0.05s
[INFO] [stdout] 
[INFO] [stderr] error: test failed, to rerun pass `--lib`
[INFO] running `Command { std: "docker" "inspect" "c3ea1e16fac9ecfdaf0b03f06ca1080ac0e52daebb560a1f63de2e17a9a2c56a", kill_on_drop: false }`
[INFO] running `Command { std: "docker" "rm" "-f" "c3ea1e16fac9ecfdaf0b03f06ca1080ac0e52daebb560a1f63de2e17a9a2c56a", kill_on_drop: false }`
[INFO] [stdout] c3ea1e16fac9ecfdaf0b03f06ca1080ac0e52daebb560a1f63de2e17a9a2c56a
