[INFO] cloning repository https://github.com/aphorisme/facio
[INFO] running `Command { std: "git" "-c" "credential.helper=" "-c" "credential.helper=/workspace/cargo-home/bin/git-credential-null" "clone" "--bare" "https://github.com/aphorisme/facio" "/workspace/cache/git-repos/https%3A%2F%2Fgithub.com%2Faphorisme%2Ffacio", kill_on_drop: false }`
[INFO] [stderr] Cloning into bare repository '/workspace/cache/git-repos/https%3A%2F%2Fgithub.com%2Faphorisme%2Ffacio'...
[INFO] running `Command { std: "git" "rev-parse" "HEAD", kill_on_drop: false }`
[INFO] [stdout] feaf598e934b712b0666ccbe6996e975d811738e
[INFO] testing aphorisme/facio against 1.69.0 for beta-1.70-1
[INFO] running `Command { std: "git" "clone" "/workspace/cache/git-repos/https%3A%2F%2Fgithub.com%2Faphorisme%2Ffacio" "/workspace/builds/worker-6-tc1/source", kill_on_drop: false }`
[INFO] [stderr] Cloning into '/workspace/builds/worker-6-tc1/source'...
[INFO] [stderr] done.
[INFO] validating manifest of git repo https://github.com/aphorisme/facio on toolchain 1.69.0
[INFO] running `Command { std: CARGO_HOME="/workspace/cargo-home" RUSTUP_HOME="/workspace/rustup-home" "/workspace/cargo-home/bin/cargo" "+1.69.0" "metadata" "--manifest-path" "Cargo.toml" "--no-deps", kill_on_drop: false }`
[INFO] started tweaking git repo https://github.com/aphorisme/facio
[INFO] finished tweaking git repo https://github.com/aphorisme/facio
[INFO] tweaked toml for git repo https://github.com/aphorisme/facio written to /workspace/builds/worker-6-tc1/source/Cargo.toml
[INFO] crate git repo https://github.com/aphorisme/facio already has a lockfile, it will not be regenerated
[INFO] running `Command { std: CARGO_HOME="/workspace/cargo-home" RUSTUP_HOME="/workspace/rustup-home" "/workspace/cargo-home/bin/cargo" "+1.69.0" "fetch" "--manifest-path" "Cargo.toml", kill_on_drop: false }`
[INFO] running `Command { std: "docker" "create" "-v" "/var/lib/crater-agent-workspace/builds/worker-6-tc1/target:/opt/rustwide/target:rw,Z" "-v" "/var/lib/crater-agent-workspace/builds/worker-6-tc1/source:/opt/rustwide/workdir:ro,Z" "-v" "/var/lib/crater-agent-workspace/cargo-home:/opt/rustwide/cargo-home:ro,Z" "-v" "/var/lib/crater-agent-workspace/rustup-home:/opt/rustwide/rustup-home:ro,Z" "-e" "SOURCE_DIR=/opt/rustwide/workdir" "-e" "CARGO_TARGET_DIR=/opt/rustwide/target" "-e" "CARGO_HOME=/opt/rustwide/cargo-home" "-e" "RUSTUP_HOME=/opt/rustwide/rustup-home" "-w" "/opt/rustwide/workdir" "-m" "1610612736" "--user" "0:0" "--network" "none" "ghcr.io/rust-lang/crates-build-env/linux@sha256:5ff2268d62e97bff2cde7d5815dd6ed5b47097566f13b8d0ca110b04b60e07ed" "/opt/rustwide/cargo-home/bin/cargo" "+1.69.0" "metadata" "--no-deps" "--format-version=1", kill_on_drop: false }`
[INFO] [stdout] f3c74f9edac5908c88c1955646494ce8b028ddb31f623a63c6bb5a57d8b81187
[INFO] running `Command { std: "docker" "start" "-a" "f3c74f9edac5908c88c1955646494ce8b028ddb31f623a63c6bb5a57d8b81187", kill_on_drop: false }`
[INFO] running `Command { std: "docker" "inspect" "f3c74f9edac5908c88c1955646494ce8b028ddb31f623a63c6bb5a57d8b81187", kill_on_drop: false }`
[INFO] running `Command { std: "docker" "rm" "-f" "f3c74f9edac5908c88c1955646494ce8b028ddb31f623a63c6bb5a57d8b81187", kill_on_drop: false }`
[INFO] [stdout] f3c74f9edac5908c88c1955646494ce8b028ddb31f623a63c6bb5a57d8b81187
[INFO] running `Command { std: "docker" "create" "-v" "/var/lib/crater-agent-workspace/builds/worker-6-tc1/target:/opt/rustwide/target:rw,Z" "-v" "/var/lib/crater-agent-workspace/builds/worker-6-tc1/source:/opt/rustwide/workdir:ro,Z" "-v" "/var/lib/crater-agent-workspace/cargo-home:/opt/rustwide/cargo-home:ro,Z" "-v" "/var/lib/crater-agent-workspace/rustup-home:/opt/rustwide/rustup-home:ro,Z" "-e" "SOURCE_DIR=/opt/rustwide/workdir" "-e" "CARGO_TARGET_DIR=/opt/rustwide/target" "-e" "CARGO_INCREMENTAL=0" "-e" "RUST_BACKTRACE=full" "-e" "RUSTFLAGS=--cap-lints=warn" "-e" "RUSTDOCFLAGS=--cap-lints=warn" "-e" "CARGO_HOME=/opt/rustwide/cargo-home" "-e" "RUSTUP_HOME=/opt/rustwide/rustup-home" "-w" "/opt/rustwide/workdir" "-m" "1610612736" "--user" "0:0" "--network" "none" "ghcr.io/rust-lang/crates-build-env/linux@sha256:5ff2268d62e97bff2cde7d5815dd6ed5b47097566f13b8d0ca110b04b60e07ed" "/opt/rustwide/cargo-home/bin/cargo" "+1.69.0" "build" "--frozen" "--message-format=json", kill_on_drop: false }`
[INFO] [stdout] 47f4976570ae3635915e45d17ce3a2cd13a79c045dcc35c795865fad50f35ba1
[INFO] running `Command { std: "docker" "start" "-a" "47f4976570ae3635915e45d17ce3a2cd13a79c045dcc35c795865fad50f35ba1", kill_on_drop: false }`
[INFO] [stderr]    Compiling byteorder v1.3.1
[INFO] [stderr]    Compiling facio v0.1.0 (/opt/rustwide/workdir)
[INFO] [stderr]     Finished dev [unoptimized + debuginfo] target(s) in 0.55s
[INFO] running `Command { std: "docker" "inspect" "47f4976570ae3635915e45d17ce3a2cd13a79c045dcc35c795865fad50f35ba1", kill_on_drop: false }`
[INFO] running `Command { std: "docker" "rm" "-f" "47f4976570ae3635915e45d17ce3a2cd13a79c045dcc35c795865fad50f35ba1", kill_on_drop: false }`
[INFO] [stdout] 47f4976570ae3635915e45d17ce3a2cd13a79c045dcc35c795865fad50f35ba1
[INFO] running `Command { std: "docker" "create" "-v" "/var/lib/crater-agent-workspace/builds/worker-6-tc1/target:/opt/rustwide/target:rw,Z" "-v" "/var/lib/crater-agent-workspace/builds/worker-6-tc1/source:/opt/rustwide/workdir:ro,Z" "-v" "/var/lib/crater-agent-workspace/cargo-home:/opt/rustwide/cargo-home:ro,Z" "-v" "/var/lib/crater-agent-workspace/rustup-home:/opt/rustwide/rustup-home:ro,Z" "-e" "SOURCE_DIR=/opt/rustwide/workdir" "-e" "CARGO_TARGET_DIR=/opt/rustwide/target" "-e" "CARGO_INCREMENTAL=0" "-e" "RUST_BACKTRACE=full" "-e" "RUSTFLAGS=--cap-lints=warn" "-e" "RUSTDOCFLAGS=--cap-lints=warn" "-e" "CARGO_HOME=/opt/rustwide/cargo-home" "-e" "RUSTUP_HOME=/opt/rustwide/rustup-home" "-w" "/opt/rustwide/workdir" "-m" "1610612736" "--user" "0:0" "--network" "none" "ghcr.io/rust-lang/crates-build-env/linux@sha256:5ff2268d62e97bff2cde7d5815dd6ed5b47097566f13b8d0ca110b04b60e07ed" "/opt/rustwide/cargo-home/bin/cargo" "+1.69.0" "test" "--frozen" "--no-run" "--message-format=json", kill_on_drop: false }`
[INFO] [stdout] d2981a75bb5afa1dbcfe575f1b333235e30ae024fe799c9171cdd6e2a7ed8c7e
[INFO] running `Command { std: "docker" "start" "-a" "d2981a75bb5afa1dbcfe575f1b333235e30ae024fe799c9171cdd6e2a7ed8c7e", kill_on_drop: false }`
[INFO] [stderr]    Compiling facio v0.1.0 (/opt/rustwide/workdir)
[INFO] [stderr]     Finished test [unoptimized + debuginfo] target(s) in 0.21s
[INFO] running `Command { std: "docker" "inspect" "d2981a75bb5afa1dbcfe575f1b333235e30ae024fe799c9171cdd6e2a7ed8c7e", kill_on_drop: false }`
[INFO] running `Command { std: "docker" "rm" "-f" "d2981a75bb5afa1dbcfe575f1b333235e30ae024fe799c9171cdd6e2a7ed8c7e", kill_on_drop: false }`
[INFO] [stdout] d2981a75bb5afa1dbcfe575f1b333235e30ae024fe799c9171cdd6e2a7ed8c7e
[INFO] running `Command { std: "docker" "create" "-v" "/var/lib/crater-agent-workspace/builds/worker-6-tc1/target:/opt/rustwide/target:rw,Z" "-v" "/var/lib/crater-agent-workspace/builds/worker-6-tc1/source:/opt/rustwide/workdir:ro,Z" "-v" "/var/lib/crater-agent-workspace/cargo-home:/opt/rustwide/cargo-home:ro,Z" "-v" "/var/lib/crater-agent-workspace/rustup-home:/opt/rustwide/rustup-home:ro,Z" "-e" "SOURCE_DIR=/opt/rustwide/workdir" "-e" "CARGO_TARGET_DIR=/opt/rustwide/target" "-e" "CARGO_INCREMENTAL=0" "-e" "RUST_BACKTRACE=full" "-e" "RUSTFLAGS=--cap-lints=warn" "-e" "RUSTDOCFLAGS=--cap-lints=warn" "-e" "CARGO_HOME=/opt/rustwide/cargo-home" "-e" "RUSTUP_HOME=/opt/rustwide/rustup-home" "-w" "/opt/rustwide/workdir" "-m" "1610612736" "--user" "0:0" "--network" "none" "ghcr.io/rust-lang/crates-build-env/linux@sha256:5ff2268d62e97bff2cde7d5815dd6ed5b47097566f13b8d0ca110b04b60e07ed" "/opt/rustwide/cargo-home/bin/cargo" "+1.69.0" "test" "--frozen", kill_on_drop: false }`
[INFO] [stdout] db8c21d83c42ff7b0d305c0d747fa2e18a8d190d732cd025fbf91d7dd1a5e729
[INFO] running `Command { std: "docker" "start" "-a" "db8c21d83c42ff7b0d305c0d747fa2e18a8d190d732cd025fbf91d7dd1a5e729", kill_on_drop: false }`
[INFO] [stderr]     Finished test [unoptimized + debuginfo] target(s) in 0.00s
[INFO] [stderr]      Running unittests src/lib.rs (/opt/rustwide/target/debug/deps/facio-b96c1503b453bf3a)
[INFO] [stderr]    Doc-tests facio
[INFO] [stdout] 
[INFO] [stdout] running 0 tests
[INFO] [stdout] 
[INFO] [stdout] test result: ok. 0 passed; 0 failed; 0 ignored; 0 measured; 0 filtered out; finished in 0.00s
[INFO] [stdout] 
[INFO] [stdout] 
[INFO] [stdout] running 3 tests
[INFO] [stdout] test src/lib.rs - client (line 32) ... FAILED
[INFO] [stdout] test src/raw_packet.rs - raw_packet::RawPacket::new_from_type (line 177) ... ok
[INFO] [stdout] test src/raw_packet.rs - raw_packet::RawPacket (line 21) ... ok
[INFO] [stdout] 
[INFO] [stdout] failures:
[INFO] [stdout] 
[INFO] [stdout] ---- src/lib.rs - client (line 32) stdout ----
[INFO] [stdout] error[E0308]: mismatched types
[INFO] [stdout]   --> src/lib.rs:46:45
[INFO] [stdout]    |
[INFO] [stdout] 16 |      if let Some(s) = rcon.exec("/help").ok() {
[INFO] [stdout]    |  _____________________________________________^
[INFO] [stdout] 17 | |        println!("/help from server:\n{}", s);
[INFO] [stdout] 18 | |    } else {
[INFO] [stdout]    | |____^ expected `Result<(), Error>`, found `()`
[INFO] [stdout]    |
[INFO] [stdout]    = note:   expected enum `Result<(), std::io::Error>`
[INFO] [stdout]            found unit type `()`
[INFO] [stdout] 
[INFO] [stdout] error[E0308]: mismatched types
[INFO] [stdout]   --> src/lib.rs:48:11
[INFO] [stdout]    |
[INFO] [stdout] 18 |      } else {
[INFO] [stdout]    |  ___________^
[INFO] [stdout] 19 | |        println!("Error?");
[INFO] [stdout] 20 | |    }
[INFO] [stdout]    | |____^ expected `Result<(), Error>`, found `()`
[INFO] [stdout]    |
[INFO] [stdout]    = note:   expected enum `Result<(), std::io::Error>`
[INFO] [stdout]            found unit type `()`
[INFO] [stdout] 
[INFO] [stdout] error: aborting due to 2 previous errors
[INFO] [stdout] 
[INFO] [stdout] For more information about this error, try `rustc --explain E0308`.
[INFO] [stdout] Couldn't compile the test.
[INFO] [stdout] 
[INFO] [stdout] failures:
[INFO] [stdout]     src/lib.rs - client (line 32)
[INFO] [stdout] 
[INFO] [stdout] test result: FAILED. 2 passed; 1 failed; 0 ignored; 0 measured; 0 filtered out; finished in 0.14s
[INFO] [stdout] 
[INFO] [stderr] error: doctest failed, to rerun pass `--doc`
[INFO] running `Command { std: "docker" "inspect" "db8c21d83c42ff7b0d305c0d747fa2e18a8d190d732cd025fbf91d7dd1a5e729", kill_on_drop: false }`
[INFO] running `Command { std: "docker" "rm" "-f" "db8c21d83c42ff7b0d305c0d747fa2e18a8d190d732cd025fbf91d7dd1a5e729", kill_on_drop: false }`
[INFO] [stdout] db8c21d83c42ff7b0d305c0d747fa2e18a8d190d732cd025fbf91d7dd1a5e729
