[INFO] cloning repository https://github.com/andir/npins
[INFO] running `Command { std: "git" "-c" "credential.helper=" "-c" "credential.helper=/workspace/cargo-home/bin/git-credential-null" "clone" "--bare" "https://github.com/andir/npins" "/workspace/cache/git-repos/https%3A%2F%2Fgithub.com%2Fandir%2Fnpins", kill_on_drop: false }`
[INFO] [stderr] Cloning into bare repository '/workspace/cache/git-repos/https%3A%2F%2Fgithub.com%2Fandir%2Fnpins'...
[INFO] running `Command { std: "git" "rev-parse" "HEAD", kill_on_drop: false }`
[INFO] [stdout] dd27bfb4fa8ae2c909b32686fe720104a207d39d
[INFO] testing andir/npins against beta-2023-04-20 for beta-1.70-1
[INFO] running `Command { std: "git" "clone" "/workspace/cache/git-repos/https%3A%2F%2Fgithub.com%2Fandir%2Fnpins" "/workspace/builds/worker-3-tc2/source", kill_on_drop: false }`
[INFO] [stderr] Cloning into '/workspace/builds/worker-3-tc2/source'...
[INFO] [stderr] done.
[INFO] validating manifest of git repo https://github.com/andir/npins on toolchain beta-2023-04-20
[INFO] running `Command { std: CARGO_HOME="/workspace/cargo-home" RUSTUP_HOME="/workspace/rustup-home" "/workspace/cargo-home/bin/cargo" "+beta-2023-04-20" "metadata" "--manifest-path" "Cargo.toml" "--no-deps", kill_on_drop: false }`
[INFO] started tweaking git repo https://github.com/andir/npins
[INFO] finished tweaking git repo https://github.com/andir/npins
[INFO] tweaked toml for git repo https://github.com/andir/npins written to /workspace/builds/worker-3-tc2/source/Cargo.toml
[INFO] crate git repo https://github.com/andir/npins already has a lockfile, it will not be regenerated
[INFO] running `Command { std: CARGO_HOME="/workspace/cargo-home" RUSTUP_HOME="/workspace/rustup-home" "/workspace/cargo-home/bin/cargo" "+beta-2023-04-20" "fetch" "--manifest-path" "Cargo.toml", kill_on_drop: false }`
[INFO] [stderr]     Updating crates.io index
[INFO] [stderr]  Downloading crates ...
[INFO] [stderr]   Downloaded lenient_semver_version_builder v0.4.2
[INFO] [stderr]   Downloaded lenient_semver_parser v0.4.2
[INFO] [stderr]   Downloaded envtestkit v1.1.2
[INFO] [stderr]   Downloaded lenient_version v0.4.2
[INFO] running `Command { std: "docker" "create" "-v" "/var/lib/crater-agent-workspace/builds/worker-3-tc2/target:/opt/rustwide/target:rw,Z" "-v" "/var/lib/crater-agent-workspace/builds/worker-3-tc2/source:/opt/rustwide/workdir:ro,Z" "-v" "/var/lib/crater-agent-workspace/cargo-home:/opt/rustwide/cargo-home:ro,Z" "-v" "/var/lib/crater-agent-workspace/rustup-home:/opt/rustwide/rustup-home:ro,Z" "-e" "SOURCE_DIR=/opt/rustwide/workdir" "-e" "CARGO_TARGET_DIR=/opt/rustwide/target" "-e" "CARGO_HOME=/opt/rustwide/cargo-home" "-e" "RUSTUP_HOME=/opt/rustwide/rustup-home" "-w" "/opt/rustwide/workdir" "-m" "1610612736" "--user" "0:0" "--network" "none" "ghcr.io/rust-lang/crates-build-env/linux@sha256:5ff2268d62e97bff2cde7d5815dd6ed5b47097566f13b8d0ca110b04b60e07ed" "/opt/rustwide/cargo-home/bin/cargo" "+beta-2023-04-20" "metadata" "--no-deps" "--format-version=1", kill_on_drop: false }`
[INFO] [stdout] a9d169f7a6f3bec2264744b962680bb8b40dfc3f405c92909eb6039392e1c0bd
[INFO] running `Command { std: "docker" "start" "-a" "a9d169f7a6f3bec2264744b962680bb8b40dfc3f405c92909eb6039392e1c0bd", kill_on_drop: false }`
[INFO] running `Command { std: "docker" "inspect" "a9d169f7a6f3bec2264744b962680bb8b40dfc3f405c92909eb6039392e1c0bd", kill_on_drop: false }`
[INFO] running `Command { std: "docker" "rm" "-f" "a9d169f7a6f3bec2264744b962680bb8b40dfc3f405c92909eb6039392e1c0bd", kill_on_drop: false }`
[INFO] [stdout] a9d169f7a6f3bec2264744b962680bb8b40dfc3f405c92909eb6039392e1c0bd
[INFO] running `Command { std: "docker" "create" "-v" "/var/lib/crater-agent-workspace/builds/worker-3-tc2/target:/opt/rustwide/target:rw,Z" "-v" "/var/lib/crater-agent-workspace/builds/worker-3-tc2/source:/opt/rustwide/workdir:ro,Z" "-v" "/var/lib/crater-agent-workspace/cargo-home:/opt/rustwide/cargo-home:ro,Z" "-v" "/var/lib/crater-agent-workspace/rustup-home:/opt/rustwide/rustup-home:ro,Z" "-e" "SOURCE_DIR=/opt/rustwide/workdir" "-e" "CARGO_TARGET_DIR=/opt/rustwide/target" "-e" "CARGO_INCREMENTAL=0" "-e" "RUST_BACKTRACE=full" "-e" "RUSTFLAGS=--cap-lints=warn" "-e" "RUSTDOCFLAGS=--cap-lints=warn" "-e" "CARGO_HOME=/opt/rustwide/cargo-home" "-e" "RUSTUP_HOME=/opt/rustwide/rustup-home" "-w" "/opt/rustwide/workdir" "-m" "1610612736" "--user" "0:0" "--network" "none" "ghcr.io/rust-lang/crates-build-env/linux@sha256:5ff2268d62e97bff2cde7d5815dd6ed5b47097566f13b8d0ca110b04b60e07ed" "/opt/rustwide/cargo-home/bin/cargo" "+beta-2023-04-20" "build" "--frozen" "--message-format=json", kill_on_drop: false }`
[INFO] [stdout] 82c279e6ad77adaa62a968bee4dd868c9a173a1b75a9f00d78b6bf24333d0412
[INFO] running `Command { std: "docker" "start" "-a" "82c279e6ad77adaa62a968bee4dd868c9a173a1b75a9f00d78b6bf24333d0412", kill_on_drop: false }`
[INFO] [stderr]    Compiling libc v0.2.135
[INFO] [stderr]    Compiling proc-macro2 v1.0.47
[INFO] [stderr]    Compiling quote v1.0.21
[INFO] [stderr]    Compiling unicode-ident v1.0.5
[INFO] [stderr]    Compiling syn v1.0.103
[INFO] [stderr]    Compiling once_cell v1.15.0
[INFO] [stderr]    Compiling cc v1.0.73
[INFO] [stderr]    Compiling pin-project-lite v0.2.9
[INFO] [stderr]    Compiling futures-core v0.3.25
[INFO] [stderr]    Compiling bytes v1.2.1
[INFO] [stderr]    Compiling untrusted v0.7.1
[INFO] [stderr]    Compiling itoa v1.0.4
[INFO] [stderr]    Compiling tokio v1.21.2
[INFO] [stderr]    Compiling version_check v0.9.4
[INFO] [stderr]    Compiling spin v0.5.2
[INFO] [stderr]    Compiling indexmap v1.9.1
[INFO] [stderr]    Compiling futures-task v0.3.25
[INFO] [stderr]    Compiling serde_derive v1.0.147
[INFO] [stderr]    Compiling slab v0.4.7
[INFO] [stderr]    Compiling serde v1.0.147
[INFO] [stderr]    Compiling futures-util v0.3.25
[INFO] [stderr]    Compiling tracing-core v0.1.30
[INFO] [stderr]    Compiling hashbrown v0.12.3
[INFO] [stderr]    Compiling fnv v1.0.7
[INFO] [stderr]    Compiling futures-sink v0.3.25
[INFO] [stderr]    Compiling futures-channel v0.3.25
[INFO] [stderr]    Compiling tinyvec_macros v0.1.0
[INFO] [stderr]    Compiling proc-macro-error-attr v1.0.4
[INFO] [stderr]    Compiling pin-utils v0.1.0
[INFO] [stderr]    Compiling http v0.2.8
[INFO] [stderr]    Compiling httparse v1.8.0
[INFO] [stderr]    Compiling rustls v0.20.7
[INFO] [stderr]    Compiling tinyvec v1.6.0
[INFO] [stderr]    Compiling proc-macro-error v1.0.4
[INFO] [stderr]    Compiling percent-encoding v2.2.0
[INFO] [stderr]    Compiling tracing v0.1.37
[INFO] [stderr]    Compiling try-lock v0.2.3
[INFO] [stderr]    Compiling form_urlencoded v1.1.0
[INFO] [stderr]    Compiling ryu v1.0.11
[INFO] [stderr]    Compiling want v0.3.0
[INFO] [stderr]    Compiling encoding_rs v0.8.31
[INFO] [stderr]    Compiling httpdate v1.0.2
[INFO] [stderr]    Compiling tower-service v0.3.2
[INFO] [stderr]    Compiling unicode-segmentation v1.10.0
[INFO] [stderr]    Compiling unicode-bidi v0.3.8
[INFO] [stderr]    Compiling unicode-width v0.1.10
[INFO] [stderr]    Compiling aho-corasick v0.7.19
[INFO] [stderr]    Compiling ansi_term v0.12.1
[INFO] [stderr]    Compiling mio v0.8.4
[INFO] [stderr]    Compiling socket2 v0.4.7
[INFO] [stderr]    Compiling ring v0.16.20
[INFO] [stderr]    Compiling signal-hook-registry v1.4.0
[INFO] [stderr]    Compiling num_cpus v1.13.1
[INFO] [stderr]    Compiling http-body v0.4.5
[INFO] [stderr]    Compiling unicode-normalization v0.1.22
[INFO] [stderr]    Compiling atty v0.2.14
[INFO] [stderr]    Compiling heck v0.3.3
[INFO] [stderr]    Compiling textwrap v0.11.0
[INFO] [stderr]    Compiling lenient_semver_version_builder v0.4.2
[INFO] [stderr]    Compiling base64 v0.13.1
[INFO] [stderr]    Compiling async-trait v0.1.58
[INFO] [stderr]    Compiling bitflags v1.3.2
[INFO] [stderr]    Compiling vec_map v0.8.2
[INFO] [stderr]    Compiling anyhow v1.0.66
[INFO] [stderr]    Compiling strsim v0.8.0
[INFO] [stderr]    Compiling regex-syntax v0.6.27
[INFO] [stderr]    Compiling serde_json v1.0.87
[INFO] [stderr]    Compiling rustls-pemfile v1.0.1
[INFO] [stderr]    Compiling lenient_semver_parser v0.4.2
[INFO] [stderr]    Compiling idna v0.3.0
[INFO] [stderr]    Compiling clap v2.34.0
[INFO] [stderr]    Compiling termcolor v1.1.3
[INFO] [stderr]    Compiling mime v0.3.16
[INFO] [stderr]    Compiling ipnet v2.5.0
[INFO] [stderr]    Compiling lenient_version v0.4.2
[INFO] [stderr]    Compiling regex v1.6.0
[INFO] [stderr]    Compiling env_logger v0.9.1
[INFO] [stderr]    Compiling webpki v0.22.0
[INFO] [stderr]    Compiling sct v0.7.0
[INFO] [stderr]    Compiling tokio-macros v1.8.0
[INFO] [stderr]    Compiling structopt-derive v0.4.18
[INFO] [stderr]    Compiling webpki-roots v0.22.5
[INFO] [stderr]    Compiling structopt v0.3.26
[INFO] [stderr]    Compiling tokio-util v0.7.4
[INFO] [stderr]    Compiling tokio-rustls v0.23.4
[INFO] [stderr]    Compiling h2 v0.3.14
[INFO] [stderr]    Compiling url v2.3.1
[INFO] [stderr]    Compiling serde_urlencoded v0.7.1
[INFO] [stderr]    Compiling hyper v0.14.20
[INFO] [stderr]    Compiling hyper-rustls v0.23.0
[INFO] [stderr]    Compiling reqwest v0.11.12
[INFO] [stderr]    Compiling npins v0.2.0 (/opt/rustwide/workdir)
[INFO] [stderr]     Finished dev [unoptimized + debuginfo] target(s) in 21.82s
[INFO] running `Command { std: "docker" "inspect" "82c279e6ad77adaa62a968bee4dd868c9a173a1b75a9f00d78b6bf24333d0412", kill_on_drop: false }`
[INFO] running `Command { std: "docker" "rm" "-f" "82c279e6ad77adaa62a968bee4dd868c9a173a1b75a9f00d78b6bf24333d0412", kill_on_drop: false }`
[INFO] [stdout] 82c279e6ad77adaa62a968bee4dd868c9a173a1b75a9f00d78b6bf24333d0412
[INFO] running `Command { std: "docker" "create" "-v" "/var/lib/crater-agent-workspace/builds/worker-3-tc2/target:/opt/rustwide/target:rw,Z" "-v" "/var/lib/crater-agent-workspace/builds/worker-3-tc2/source:/opt/rustwide/workdir:ro,Z" "-v" "/var/lib/crater-agent-workspace/cargo-home:/opt/rustwide/cargo-home:ro,Z" "-v" "/var/lib/crater-agent-workspace/rustup-home:/opt/rustwide/rustup-home:ro,Z" "-e" "SOURCE_DIR=/opt/rustwide/workdir" "-e" "CARGO_TARGET_DIR=/opt/rustwide/target" "-e" "CARGO_INCREMENTAL=0" "-e" "RUST_BACKTRACE=full" "-e" "RUSTFLAGS=--cap-lints=warn" "-e" "RUSTDOCFLAGS=--cap-lints=warn" "-e" "CARGO_HOME=/opt/rustwide/cargo-home" "-e" "RUSTUP_HOME=/opt/rustwide/rustup-home" "-w" "/opt/rustwide/workdir" "-m" "1610612736" "--user" "0:0" "--network" "none" "ghcr.io/rust-lang/crates-build-env/linux@sha256:5ff2268d62e97bff2cde7d5815dd6ed5b47097566f13b8d0ca110b04b60e07ed" "/opt/rustwide/cargo-home/bin/cargo" "+beta-2023-04-20" "test" "--frozen" "--no-run" "--message-format=json", kill_on_drop: false }`
[INFO] [stdout] 378ebfa7b5a487ced802025ef455541b1797dc72b272dd34d46c033b412ed539
[INFO] running `Command { std: "docker" "start" "-a" "378ebfa7b5a487ced802025ef455541b1797dc72b272dd34d46c033b412ed539", kill_on_drop: false }`
[INFO] [stderr]    Compiling lock_api v0.4.9
[INFO] [stderr]    Compiling parking_lot_core v0.8.5
[INFO] [stderr]    Compiling instant v0.1.12
[INFO] [stderr]    Compiling smallvec v1.10.0
[INFO] [stderr]    Compiling parking_lot v0.11.2
[INFO] [stderr]    Compiling envtestkit v1.1.2
[INFO] [stderr]    Compiling npins v0.2.0 (/opt/rustwide/workdir)
[INFO] [stderr]     Finished test [unoptimized + debuginfo] target(s) in 6.11s
[INFO] running `Command { std: "docker" "inspect" "378ebfa7b5a487ced802025ef455541b1797dc72b272dd34d46c033b412ed539", kill_on_drop: false }`
[INFO] running `Command { std: "docker" "rm" "-f" "378ebfa7b5a487ced802025ef455541b1797dc72b272dd34d46c033b412ed539", kill_on_drop: false }`
[INFO] [stdout] 378ebfa7b5a487ced802025ef455541b1797dc72b272dd34d46c033b412ed539
[INFO] running `Command { std: "docker" "create" "-v" "/var/lib/crater-agent-workspace/builds/worker-3-tc2/target:/opt/rustwide/target:rw,Z" "-v" "/var/lib/crater-agent-workspace/builds/worker-3-tc2/source:/opt/rustwide/workdir:ro,Z" "-v" "/var/lib/crater-agent-workspace/cargo-home:/opt/rustwide/cargo-home:ro,Z" "-v" "/var/lib/crater-agent-workspace/rustup-home:/opt/rustwide/rustup-home:ro,Z" "-e" "SOURCE_DIR=/opt/rustwide/workdir" "-e" "CARGO_TARGET_DIR=/opt/rustwide/target" "-e" "CARGO_INCREMENTAL=0" "-e" "RUST_BACKTRACE=full" "-e" "RUSTFLAGS=--cap-lints=warn" "-e" "RUSTDOCFLAGS=--cap-lints=warn" "-e" "CARGO_HOME=/opt/rustwide/cargo-home" "-e" "RUSTUP_HOME=/opt/rustwide/rustup-home" "-w" "/opt/rustwide/workdir" "-m" "1610612736" "--user" "0:0" "--network" "none" "ghcr.io/rust-lang/crates-build-env/linux@sha256:5ff2268d62e97bff2cde7d5815dd6ed5b47097566f13b8d0ca110b04b60e07ed" "/opt/rustwide/cargo-home/bin/cargo" "+beta-2023-04-20" "test" "--frozen", kill_on_drop: false }`
[INFO] [stdout] ed3f143cd7a2c5310e74ae51791b7bb7700aac6540a2caa9fb158039256c16f3
[INFO] running `Command { std: "docker" "start" "-a" "ed3f143cd7a2c5310e74ae51791b7bb7700aac6540a2caa9fb158039256c16f3", kill_on_drop: false }`
[INFO] [stderr]     Finished test [unoptimized + debuginfo] target(s) in 0.07s
[INFO] [stderr]      Running unittests src/main.rs (/opt/rustwide/target/debug/deps/npins-e12254095cbdfa24)
[INFO] [stdout] 
[INFO] [stdout] running 21 tests
[INFO] [stdout] test diff::test::test_diff ... ok
[INFO] [stdout] test diff::test::test_option_diff ... ok
[INFO] [stdout] test git::test::test_fetch_branch ... FAILED
[INFO] [stdout] test git::test::test_github_release_update ... FAILED
[INFO] [stdout] test git::test::test_github_update ... FAILED
[INFO] [stdout] test git::test::test_fetch_tags ... FAILED
[INFO] [stderr] [DEBUG] Updating nixos-mailserver to v1
[INFO] [stderr] [DEBUG] Updating nixpkgs to v1
[INFO] [stderr] [DEBUG] Updating streamlit to v1
[INFO] [stderr] [DEBUG] Updating youtube-dl to v1
[INFO] [stderr] [WARN ] Upgrading pin youtube-dl might induce small semantic changes. Please check the diff afterwards and run `update`!
[INFO] [stderr] [DEBUG] starting new connection: https://pypi.org/
[INFO] [stderr] [DEBUG] starting new connection: https://pypi.org/
[INFO] [stdout] test versions::test::test_v0 ... ok
[INFO] [stdout] test pypi::test::test_pypi_max_version ... FAILED
[INFO] [stdout] test pypi::test::test_pypi_update ... FAILED
[INFO] [stdout] test git::test::test_latest_release ... ok
[INFO] [stderr] [ERROR] git ls-remote failed. stderr output:
[INFO] [stderr] [ERROR] git ls-remote failed. stderr output:
[INFO] [stderr] [ERROR] git ls-remote failed. stderr output:
[INFO] [stderr] [ERROR] > fatal: unable to access 'https://github.com/oliverwatkins/swing_library.git/': Could not resolve host: github.com
[INFO] [stderr] [ERROR] git ls-remote failed. stderr output:
[INFO] [stderr] [ERROR] > 
[INFO] [stderr] [ERROR] > fatal: unable to access 'https://gitlab.gnome.org/Archive/gnome-games.git/': Could not resolve host: gitlab.gnome.org
[INFO] [stderr] [ERROR] > 
[INFO] [stderr] [ERROR] > fatal: unable to access 'https://gitlab.com/maxigaz/gitlab-dark.git/': Could not resolve host: gitlab.com
[INFO] [stderr] [ERROR] > fatal: unable to access 'https://gitlab.com/maxigaz/gitlab-dark.git/': Could not resolve host: gitlab.com
[INFO] [stderr] [ERROR] > 
[INFO] [stderr] [ERROR] > 
[INFO] [stderr] [ERROR] git ls-remote failed. stderr output:
[INFO] [stdout] test git::test::test_git_update ... FAILED
[INFO] [stderr] [ERROR] > fatal: unable to access 'https://github.com/jstutters/MidiOSC.git/': Could not resolve host: github.com
[INFO] [stdout] test git::test::test_gitlab_release_update ... FAILED
[INFO] [stderr] [ERROR] > 
[INFO] [stdout] test git::test::test_gitlab_update ... FAILED
[INFO] [stdout] test git::test::test_gitlab_selfhosted_release_update ... FAILED
[INFO] [stdout] test git::test::test_git_release_update ... FAILED
[INFO] [stderr] [ERROR] git ls-remote failed. stderr output:
[INFO] [stderr] [ERROR] > fatal: unable to access 'https://gitlab.com/npins-test/npins-private-test.git/': Could not resolve host: gitlab.com
[INFO] [stderr] [ERROR] > 
[INFO] [stdout] test git::test::test_gitlab_private_update ... FAILED
[INFO] [stderr] [ERROR] git ls-remote failed. stderr output:
[INFO] [stderr] [ERROR] > fatal: unable to access 'https://gitlab.gnome.org/Archive/gnome-games.git/': Could not resolve host: gitlab.gnome.org
[INFO] [stderr] [ERROR] > 
[INFO] [stdout] test git::test::test_gitlab_selfhosted_update ... FAILED
[INFO] [stderr] [ERROR] git ls-remote failed. stderr output:
[INFO] [stderr] [ERROR] > fatal: unable to access 'https://gitlab.com/npins-test/npins-private-test.git/': Could not resolve host: gitlab.com
[INFO] [stderr] [ERROR] > 
[INFO] [stdout] test git::test::test_gitlab_private_release_update ... FAILED
[INFO] [stderr] [ERROR] git ls-remote failed. stderr output:
[INFO] [stderr] [ERROR] > fatal: unable to access 'https://git.helsinki.tools/npins-test/npins-private-test.git/': Could not resolve host: git.helsinki.tools
[INFO] [stderr] [ERROR] > 
[INFO] [stdout] test git::test::test_gitlab_selfhosted_private_release_update ... FAILED
[INFO] [stderr] [ERROR] git ls-remote failed. stderr output:
[INFO] [stdout] test git::test::test_gitlab_selfhosted_private_update ... FAILED
[INFO] [stderr] [ERROR] > fatal: unable to access 'https://git.helsinki.tools/npins-test/npins-private-test.git/': Could not resolve host: git.helsinki.tools
[INFO] [stderr] [ERROR] > 
[INFO] [stderr] [ERROR] git ls-remote failed. stderr output:
[INFO] [stderr] [ERROR] > fatal: unable to access 'https://gitlab.com/npins-test/npins-private-test.git/': Could not resolve host: gitlab.com
[INFO] [stderr] [ERROR] > 
[INFO] [stdout] test git::test::test_gitlab_private_update_from_env ... FAILED
[INFO] [stdout] 
[INFO] [stdout] failures:
[INFO] [stdout] 
[INFO] [stdout] ---- git::test::test_fetch_branch stdout ----
[INFO] [stdout] Error: Failed to get revision from remote for https://github.com/oliverwatkins/swing_library.git refs/heads/master
[INFO] [stdout] 
[INFO] [stdout] Caused by:
[INFO] [stdout]     git ls-remote failed with exit code 128
[INFO] [stdout] 
[INFO] [stdout] ---- git::test::test_github_release_update stdout ----
[INFO] [stdout] Error: Couldn't fetch the release tags
[INFO] [stdout] 
[INFO] [stdout] Caused by:
[INFO] [stdout]     0: Failed to list tags for https://github.com/jstutters/MidiOSC.git
[INFO] [stdout]     1: git ls-remote failed with exit code 128
[INFO] [stdout] 
[INFO] [stdout] ---- git::test::test_github_update stdout ----
[INFO] [stdout] Error: Couldn't fetch the latest commit
[INFO] [stdout] 
[INFO] [stdout] Caused by:
[INFO] [stdout]     0: Failed to get revision from remote for https://github.com/oliverwatkins/swing_library.git refs/heads/master
[INFO] [stdout]     1: git ls-remote failed with exit code 128
[INFO] [stdout] 
[INFO] [stdout] ---- git::test::test_fetch_tags stdout ----
[INFO] [stdout] Error: Failed to list tags for https://gitlab.com/maxigaz/gitlab-dark.git
[INFO] [stdout] 
[INFO] [stdout] Caused by:
[INFO] [stdout]     git ls-remote failed with exit code 128
[INFO] [stdout] 
[INFO] [stdout] ---- pypi::test::test_pypi_max_version stdout ----
[INFO] [stdout] Error: Could not fetch Pypi metadata
[INFO] [stdout] 
[INFO] [stdout] Caused by:
[INFO] [stdout]     0: error sending request for url (https://pypi.org/pypi/streamlit/json): error trying to connect: dns error: failed to lookup address information: Temporary failure in name resolution
[INFO] [stdout]     1: error trying to connect: dns error: failed to lookup address information: Temporary failure in name resolution
[INFO] [stdout]     2: dns error: failed to lookup address information: Temporary failure in name resolution
[INFO] [stdout]     3: failed to lookup address information: Temporary failure in name resolution
[INFO] [stdout] 
[INFO] [stdout] ---- pypi::test::test_pypi_update stdout ----
[INFO] [stdout] Error: Could not fetch Pypi metadata
[INFO] [stdout] 
[INFO] [stdout] Caused by:
[INFO] [stdout]     0: error sending request for url (https://pypi.org/pypi/gaiatest/json): error trying to connect: dns error: failed to lookup address information: Temporary failure in name resolution
[INFO] [stdout]     1: error trying to connect: dns error: failed to lookup address information: Temporary failure in name resolution
[INFO] [stdout]     2: dns error: failed to lookup address information: Temporary failure in name resolution
[INFO] [stdout]     3: failed to lookup address information: Temporary failure in name resolution
[INFO] [stdout] 
[INFO] [stdout] ---- git::test::test_git_update stdout ----
[INFO] [stdout] Error: Couldn't fetch the latest commit
[INFO] [stdout] 
[INFO] [stdout] Caused by:
[INFO] [stdout]     0: Failed to get revision from remote for https://github.com/oliverwatkins/swing_library.git refs/heads/master
[INFO] [stdout]     1: git ls-remote failed with exit code 128
[INFO] [stdout] 
[INFO] [stdout] ---- git::test::test_gitlab_release_update stdout ----
[INFO] [stdout] Error: Couldn't fetch the release tags
[INFO] [stdout] 
[INFO] [stdout] Caused by:
[INFO] [stdout]     0: Failed to list tags for https://oauth2:some-invalid-value@gitlab.com/maxigaz/gitlab-dark.git
[INFO] [stdout]     1: git ls-remote failed with exit code 128
[INFO] [stdout] 
[INFO] [stdout] ---- git::test::test_gitlab_update stdout ----
[INFO] [stdout] Error: Couldn't fetch the latest commit
[INFO] [stdout] 
[INFO] [stdout] Caused by:
[INFO] [stdout]     0: Failed to get revision from remote for https://oauth2:some-invalid-value@gitlab.com/maxigaz/gitlab-dark.git refs/heads/master
[INFO] [stdout]     1: git ls-remote failed with exit code 128
[INFO] [stdout] 
[INFO] [stdout] ---- git::test::test_gitlab_selfhosted_release_update stdout ----
[INFO] [stdout] Error: Couldn't fetch the release tags
[INFO] [stdout] 
[INFO] [stdout] Caused by:
[INFO] [stdout]     0: Failed to list tags for https://oauth2:some-invalid-value@gitlab.gnome.org/Archive/gnome-games.git
[INFO] [stdout]     1: git ls-remote failed with exit code 128
[INFO] [stdout] 
[INFO] [stdout] ---- git::test::test_git_release_update stdout ----
[INFO] [stdout] Error: Couldn't fetch the release tags
[INFO] [stdout] 
[INFO] [stdout] Caused by:
[INFO] [stdout]     0: Failed to list tags for https://github.com/jstutters/MidiOSC.git
[INFO] [stdout]     1: git ls-remote failed with exit code 128
[INFO] [stdout] 
[INFO] [stdout] ---- git::test::test_gitlab_private_update stdout ----
[INFO] [stdout] Error: Couldn't fetch the latest commit
[INFO] [stdout] 
[INFO] [stdout] Caused by:
[INFO] [stdout]     0: Failed to get revision from remote for https://oauth2:glpat-MSsRZG1SNdJU1MzBNosV@gitlab.com/npins-test/npins-private-test.git refs/heads/main
[INFO] [stdout]     1: git ls-remote failed with exit code 128
[INFO] [stdout] 
[INFO] [stdout] ---- git::test::test_gitlab_selfhosted_update stdout ----
[INFO] [stdout] Error: Couldn't fetch the latest commit
[INFO] [stdout] 
[INFO] [stdout] Caused by:
[INFO] [stdout]     0: Failed to get revision from remote for https://oauth2:some-invalid-value@gitlab.gnome.org/Archive/gnome-games.git refs/heads/master
[INFO] [stdout]     1: git ls-remote failed with exit code 128
[INFO] [stdout] 
[INFO] [stdout] ---- git::test::test_gitlab_private_release_update stdout ----
[INFO] [stdout] Error: Couldn't fetch the release tags
[INFO] [stdout] 
[INFO] [stdout] Caused by:
[INFO] [stdout]     0: Failed to list tags for https://oauth2:glpat-MSsRZG1SNdJU1MzBNosV@gitlab.com/npins-test/npins-private-test.git
[INFO] [stdout]     1: git ls-remote failed with exit code 128
[INFO] [stdout] 
[INFO] [stdout] ---- git::test::test_gitlab_selfhosted_private_release_update stdout ----
[INFO] [stdout] Error: Couldn't fetch the release tags
[INFO] [stdout] 
[INFO] [stdout] Caused by:
[INFO] [stdout]     0: Failed to list tags for https://oauth2:xqgHNxVNdzvMy6cDvreJ@git.helsinki.tools/npins-test/npins-private-test.git
[INFO] [stdout]     1: git ls-remote failed with exit code 128
[INFO] [stdout] 
[INFO] [stdout] ---- git::test::test_gitlab_selfhosted_private_update stdout ----
[INFO] [stdout] Error: Couldn't fetch the latest commit
[INFO] [stdout] 
[INFO] [stdout] Caused by:
[INFO] [stdout]     0: Failed to get revision from remote for https://oauth2:xqgHNxVNdzvMy6cDvreJ@git.helsinki.tools/npins-test/npins-private-test.git refs/heads/main
[INFO] [stdout]     1: git ls-remote failed with exit code 128
[INFO] [stdout] 
[INFO] [stdout] ---- git::test::test_gitlab_private_update_from_env stdout ----
[INFO] [stdout] Error: Couldn't fetch the latest commit
[INFO] [stdout] 
[INFO] [stdout] Caused by:
[INFO] [stdout]     0: Failed to get revision from remote for https://oauth2:glpat-MSsRZG1SNdJU1MzBNosV@gitlab.com/npins-test/npins-private-test.git refs/heads/main
[INFO] [stdout]     1: git ls-remote failed with exit code 128
[INFO] [stdout] 
[INFO] [stdout] 
[INFO] [stdout] failures:
[INFO] [stdout]     git::test::test_fetch_branch
[INFO] [stdout]     git::test::test_fetch_tags
[INFO] [stdout]     git::test::test_git_release_update
[INFO] [stdout]     git::test::test_git_update
[INFO] [stdout]     git::test::test_github_release_update
[INFO] [stdout]     git::test::test_github_update
[INFO] [stdout]     git::test::test_gitlab_private_release_update
[INFO] [stdout]     git::test::test_gitlab_private_update
[INFO] [stdout]     git::test::test_gitlab_private_update_from_env
[INFO] [stdout]     git::test::test_gitlab_release_update
[INFO] [stdout]     git::test::test_gitlab_selfhosted_private_release_update
[INFO] [stdout]     git::test::test_gitlab_selfhosted_private_update
[INFO] [stdout]     git::test::test_gitlab_selfhosted_release_update
[INFO] [stdout]     git::test::test_gitlab_selfhosted_update
[INFO] [stdout]     git::test::test_gitlab_update
[INFO] [stdout]     pypi::test::test_pypi_max_version
[INFO] [stdout]     pypi::test::test_pypi_update
[INFO] [stdout] 
[INFO] [stdout] test result: FAILED. 4 passed; 17 failed; 0 ignored; 0 measured; 0 filtered out; finished in 0.07s
[INFO] [stdout] 
[INFO] [stderr] error: test failed, to rerun pass `--bin npins`
[INFO] running `Command { std: "docker" "inspect" "ed3f143cd7a2c5310e74ae51791b7bb7700aac6540a2caa9fb158039256c16f3", kill_on_drop: false }`
[INFO] running `Command { std: "docker" "rm" "-f" "ed3f143cd7a2c5310e74ae51791b7bb7700aac6540a2caa9fb158039256c16f3", kill_on_drop: false }`
[INFO] [stdout] ed3f143cd7a2c5310e74ae51791b7bb7700aac6540a2caa9fb158039256c16f3
