[INFO] cloning repository https://github.com/alightgoesout/advent2020
[INFO] running `Command { std: "git" "-c" "credential.helper=" "-c" "credential.helper=/workspace/cargo-home/bin/git-credential-null" "clone" "--bare" "https://github.com/alightgoesout/advent2020" "/workspace/cache/git-repos/https%3A%2F%2Fgithub.com%2Falightgoesout%2Fadvent2020", kill_on_drop: false }`
[INFO] [stderr] Cloning into bare repository '/workspace/cache/git-repos/https%3A%2F%2Fgithub.com%2Falightgoesout%2Fadvent2020'...
[INFO] running `Command { std: "git" "rev-parse" "HEAD", kill_on_drop: false }`
[INFO] [stdout] 9e8b8f5c5282045262e8bc77fa29e05adb1b8574
[INFO] testing alightgoesout/advent2020 against beta-2023-04-20 for beta-1.70-1
[INFO] running `Command { std: "git" "clone" "/workspace/cache/git-repos/https%3A%2F%2Fgithub.com%2Falightgoesout%2Fadvent2020" "/workspace/builds/worker-5-tc2/source", kill_on_drop: false }`
[INFO] [stderr] Cloning into '/workspace/builds/worker-5-tc2/source'...
[INFO] [stderr] done.
[INFO] validating manifest of git repo https://github.com/alightgoesout/advent2020 on toolchain beta-2023-04-20
[INFO] running `Command { std: CARGO_HOME="/workspace/cargo-home" RUSTUP_HOME="/workspace/rustup-home" "/workspace/cargo-home/bin/cargo" "+beta-2023-04-20" "metadata" "--manifest-path" "Cargo.toml" "--no-deps", kill_on_drop: false }`
[INFO] started tweaking git repo https://github.com/alightgoesout/advent2020
[INFO] finished tweaking git repo https://github.com/alightgoesout/advent2020
[INFO] tweaked toml for git repo https://github.com/alightgoesout/advent2020 written to /workspace/builds/worker-5-tc2/source/Cargo.toml
[INFO] crate git repo https://github.com/alightgoesout/advent2020 already has a lockfile, it will not be regenerated
[INFO] running `Command { std: CARGO_HOME="/workspace/cargo-home" RUSTUP_HOME="/workspace/rustup-home" "/workspace/cargo-home/bin/cargo" "+beta-2023-04-20" "fetch" "--manifest-path" "Cargo.toml", kill_on_drop: false }`
[INFO] [stderr]     Updating crates.io index
[INFO] [stderr]  Downloading crates ...
[INFO] [stderr]   Downloaded modinverse v0.1.1
[INFO] running `Command { std: "docker" "create" "-v" "/var/lib/crater-agent-workspace/builds/worker-5-tc2/target:/opt/rustwide/target:rw,Z" "-v" "/var/lib/crater-agent-workspace/builds/worker-5-tc2/source:/opt/rustwide/workdir:ro,Z" "-v" "/var/lib/crater-agent-workspace/cargo-home:/opt/rustwide/cargo-home:ro,Z" "-v" "/var/lib/crater-agent-workspace/rustup-home:/opt/rustwide/rustup-home:ro,Z" "-e" "SOURCE_DIR=/opt/rustwide/workdir" "-e" "CARGO_TARGET_DIR=/opt/rustwide/target" "-e" "CARGO_HOME=/opt/rustwide/cargo-home" "-e" "RUSTUP_HOME=/opt/rustwide/rustup-home" "-w" "/opt/rustwide/workdir" "-m" "1610612736" "--user" "0:0" "--network" "none" "ghcr.io/rust-lang/crates-build-env/linux@sha256:5ff2268d62e97bff2cde7d5815dd6ed5b47097566f13b8d0ca110b04b60e07ed" "/opt/rustwide/cargo-home/bin/cargo" "+beta-2023-04-20" "metadata" "--no-deps" "--format-version=1", kill_on_drop: false }`
[INFO] [stdout] c343b6478eafae4c1b3a12ee9cb64ee7b314aa16ab6037f352cc6165c968302f
[INFO] running `Command { std: "docker" "start" "-a" "c343b6478eafae4c1b3a12ee9cb64ee7b314aa16ab6037f352cc6165c968302f", kill_on_drop: false }`
[INFO] running `Command { std: "docker" "inspect" "c343b6478eafae4c1b3a12ee9cb64ee7b314aa16ab6037f352cc6165c968302f", kill_on_drop: false }`
[INFO] running `Command { std: "docker" "rm" "-f" "c343b6478eafae4c1b3a12ee9cb64ee7b314aa16ab6037f352cc6165c968302f", kill_on_drop: false }`
[INFO] [stdout] c343b6478eafae4c1b3a12ee9cb64ee7b314aa16ab6037f352cc6165c968302f
[INFO] running `Command { std: "docker" "create" "-v" "/var/lib/crater-agent-workspace/builds/worker-5-tc2/target:/opt/rustwide/target:rw,Z" "-v" "/var/lib/crater-agent-workspace/builds/worker-5-tc2/source:/opt/rustwide/workdir:ro,Z" "-v" "/var/lib/crater-agent-workspace/cargo-home:/opt/rustwide/cargo-home:ro,Z" "-v" "/var/lib/crater-agent-workspace/rustup-home:/opt/rustwide/rustup-home:ro,Z" "-e" "SOURCE_DIR=/opt/rustwide/workdir" "-e" "CARGO_TARGET_DIR=/opt/rustwide/target" "-e" "CARGO_INCREMENTAL=0" "-e" "RUST_BACKTRACE=full" "-e" "RUSTFLAGS=--cap-lints=warn" "-e" "RUSTDOCFLAGS=--cap-lints=warn" "-e" "CARGO_HOME=/opt/rustwide/cargo-home" "-e" "RUSTUP_HOME=/opt/rustwide/rustup-home" "-w" "/opt/rustwide/workdir" "-m" "1610612736" "--user" "0:0" "--network" "none" "ghcr.io/rust-lang/crates-build-env/linux@sha256:5ff2268d62e97bff2cde7d5815dd6ed5b47097566f13b8d0ca110b04b60e07ed" "/opt/rustwide/cargo-home/bin/cargo" "+beta-2023-04-20" "build" "--frozen" "--message-format=json", kill_on_drop: false }`
[INFO] [stdout] 8b177dccae7f2ab557ab60b057bf9c2cd70461bee13b415c799f1786a8974cfa
[INFO] running `Command { std: "docker" "start" "-a" "8b177dccae7f2ab557ab60b057bf9c2cd70461bee13b415c799f1786a8974cfa", kill_on_drop: false }`
[INFO] [stderr]    Compiling num-traits v0.2.14
[INFO] [stderr]    Compiling memchr v2.3.4
[INFO] [stderr]    Compiling num-integer v0.1.44
[INFO] [stderr]    Compiling regex-syntax v0.6.21
[INFO] [stderr]    Compiling thread_local v1.0.1
[INFO] [stderr]    Compiling itertools v0.9.0
[INFO] [stderr]    Compiling aho-corasick v0.7.15
[INFO] [stderr]    Compiling modinverse v0.1.1
[INFO] [stderr]    Compiling regex v1.4.2
[INFO] [stderr]    Compiling advent2020 v17.2.0 (/opt/rustwide/workdir)
[INFO] [stderr]     Finished dev [unoptimized + debuginfo] target(s) in 4.56s
[INFO] running `Command { std: "docker" "inspect" "8b177dccae7f2ab557ab60b057bf9c2cd70461bee13b415c799f1786a8974cfa", kill_on_drop: false }`
[INFO] running `Command { std: "docker" "rm" "-f" "8b177dccae7f2ab557ab60b057bf9c2cd70461bee13b415c799f1786a8974cfa", kill_on_drop: false }`
[INFO] [stdout] 8b177dccae7f2ab557ab60b057bf9c2cd70461bee13b415c799f1786a8974cfa
[INFO] running `Command { std: "docker" "create" "-v" "/var/lib/crater-agent-workspace/builds/worker-5-tc2/target:/opt/rustwide/target:rw,Z" "-v" "/var/lib/crater-agent-workspace/builds/worker-5-tc2/source:/opt/rustwide/workdir:ro,Z" "-v" "/var/lib/crater-agent-workspace/cargo-home:/opt/rustwide/cargo-home:ro,Z" "-v" "/var/lib/crater-agent-workspace/rustup-home:/opt/rustwide/rustup-home:ro,Z" "-e" "SOURCE_DIR=/opt/rustwide/workdir" "-e" "CARGO_TARGET_DIR=/opt/rustwide/target" "-e" "CARGO_INCREMENTAL=0" "-e" "RUST_BACKTRACE=full" "-e" "RUSTFLAGS=--cap-lints=warn" "-e" "RUSTDOCFLAGS=--cap-lints=warn" "-e" "CARGO_HOME=/opt/rustwide/cargo-home" "-e" "RUSTUP_HOME=/opt/rustwide/rustup-home" "-w" "/opt/rustwide/workdir" "-m" "1610612736" "--user" "0:0" "--network" "none" "ghcr.io/rust-lang/crates-build-env/linux@sha256:5ff2268d62e97bff2cde7d5815dd6ed5b47097566f13b8d0ca110b04b60e07ed" "/opt/rustwide/cargo-home/bin/cargo" "+beta-2023-04-20" "test" "--frozen" "--no-run" "--message-format=json", kill_on_drop: false }`
[INFO] [stdout] 2f7869f12e2e316ac16e502313fa740d3c83ae4cb7a7a86212346bb25a1a1b23
[INFO] running `Command { std: "docker" "start" "-a" "2f7869f12e2e316ac16e502313fa740d3c83ae4cb7a7a86212346bb25a1a1b23", kill_on_drop: false }`
[INFO] [stderr]    Compiling advent2020 v17.2.0 (/opt/rustwide/workdir)
[INFO] [stderr]     Finished test [unoptimized + debuginfo] target(s) in 1.71s
[INFO] running `Command { std: "docker" "inspect" "2f7869f12e2e316ac16e502313fa740d3c83ae4cb7a7a86212346bb25a1a1b23", kill_on_drop: false }`
[INFO] running `Command { std: "docker" "rm" "-f" "2f7869f12e2e316ac16e502313fa740d3c83ae4cb7a7a86212346bb25a1a1b23", kill_on_drop: false }`
[INFO] [stdout] 2f7869f12e2e316ac16e502313fa740d3c83ae4cb7a7a86212346bb25a1a1b23
[INFO] running `Command { std: "docker" "create" "-v" "/var/lib/crater-agent-workspace/builds/worker-5-tc2/target:/opt/rustwide/target:rw,Z" "-v" "/var/lib/crater-agent-workspace/builds/worker-5-tc2/source:/opt/rustwide/workdir:ro,Z" "-v" "/var/lib/crater-agent-workspace/cargo-home:/opt/rustwide/cargo-home:ro,Z" "-v" "/var/lib/crater-agent-workspace/rustup-home:/opt/rustwide/rustup-home:ro,Z" "-e" "SOURCE_DIR=/opt/rustwide/workdir" "-e" "CARGO_TARGET_DIR=/opt/rustwide/target" "-e" "CARGO_INCREMENTAL=0" "-e" "RUST_BACKTRACE=full" "-e" "RUSTFLAGS=--cap-lints=warn" "-e" "RUSTDOCFLAGS=--cap-lints=warn" "-e" "CARGO_HOME=/opt/rustwide/cargo-home" "-e" "RUSTUP_HOME=/opt/rustwide/rustup-home" "-w" "/opt/rustwide/workdir" "-m" "1610612736" "--user" "0:0" "--network" "none" "ghcr.io/rust-lang/crates-build-env/linux@sha256:5ff2268d62e97bff2cde7d5815dd6ed5b47097566f13b8d0ca110b04b60e07ed" "/opt/rustwide/cargo-home/bin/cargo" "+beta-2023-04-20" "test" "--frozen", kill_on_drop: false }`
[INFO] [stdout] 8d6c062614e3015ec091b9e480a6c6c4dceb53a214b2a70adaa893e1be983901
[INFO] running `Command { std: "docker" "start" "-a" "8d6c062614e3015ec091b9e480a6c6c4dceb53a214b2a70adaa893e1be983901", kill_on_drop: false }`
[INFO] [stderr]     Finished test [unoptimized + debuginfo] target(s) in 0.01s
[INFO] [stderr]      Running unittests src/main.rs (/opt/rustwide/target/debug/deps/advent2020-e0c08ccfa2fb080d)
[INFO] [stdout] 
[INFO] [stdout] running 162 tests
[INFO] [stdout] test puzzle::day10::nb_combinations_should::return_1_for_1 ... ok
[INFO] [stdout] test puzzle::day10::nb_combinations_should::return_1_for_2 ... ok
[INFO] [stdout] test puzzle::day10::nb_combinations_should::return_2_for_3 ... ok
[INFO] [stdout] test puzzle::day10::nb_combinations_should::return_4_for_4 ... ok
[INFO] [stdout] test puzzle::day10::nb_combinations_should::return_7_for_5 ... ok
[INFO] [stdout] test puzzle::day11::nb_occupied_adjacent_seats_should::return_0_when_there_are_no_adjacent_occupied_seats_and_current_seat_is_occupied ... ok
[INFO] [stdout] test puzzle::day11::nb_occupied_adjacent_seats_should::return_1_when_left_seat_is_occupied ... ok
[INFO] [stdout] test puzzle::day11::nb_occupied_adjacent_seats_should::return_1_when_lower_left_seat_is_occupied ... ok
[INFO] [stdout] test puzzle::day11::nb_occupied_adjacent_seats_should::return_1_when_lower_right_seat_is_occupied ... ok
[INFO] [stdout] test puzzle::day11::nb_occupied_adjacent_seats_should::return_1_when_lower_seat_is_occupied ... ok
[INFO] [stdout] test puzzle::day11::nb_occupied_adjacent_seats_should::return_1_when_upper_left_seat_is_occupied ... ok
[INFO] [stdout] test puzzle::day11::nb_occupied_adjacent_seats_should::return_1_when_right_seat_is_occupied ... ok
[INFO] [stdout] test puzzle::day11::nb_occupied_adjacent_seats_should::return_1_when_upper_right_seat_is_occupied ... ok
[INFO] [stdout] test puzzle::day11::nb_occupied_adjacent_seats_should::return_1_when_upper_seat_is_occupied ... ok
[INFO] [stdout] test puzzle::day11::nb_occupied_adjacent_seats_should::return_3_when_current_space_is_in_upper_left_corner_and_all_seats_are_occupied ... ok
[INFO] [stdout] test puzzle::day11::nb_occupied_adjacent_seats_should::return_3_when_current_space_is_in_lower_right_corner_and_all_seats_are_occupied ... ok
[INFO] [stdout] test puzzle::day11::nb_visible_occupied_seats_should::return_0_in_third_example ... ok
[INFO] [stdout] test puzzle::day11::nb_occupied_adjacent_seats_should::return_3_when_current_space_is_in_upper_right_corner_and_all_seats_are_occupied ... ok
[INFO] [stdout] test puzzle::day11::nb_visible_occupied_seats_should::return_8_in_first_example ... ok
[INFO] [stdout] test puzzle::day11::nb_occupied_adjacent_seats_should::return_3_when_current_space_is_in_lower_left_corner_and_all_seats_are_occupied ... ok
[INFO] [stdout] test puzzle::day11::nb_occupied_adjacent_seats_should::return_7_when_there_are_seven_adjacent_spaces ... ok
[INFO] [stdout] test puzzle::day11::waiting_area_is_occupied_should::return_false_when_space_is_available ... ok
[INFO] [stdout] test puzzle::day11::waiting_area_is_occupied_should::return_false_when_space_is_out_of_bounds ... ok
[INFO] [stdout] test puzzle::day11::waiting_area_is_occupied_should::return_true_when_space_is_occupied ... ok
[INFO] [stdout] test puzzle::day12::ship_execute_should::move_the_ship_10_towards_east_when_action_is_east_10 ... ok
[INFO] [stdout] test puzzle::day11::waiting_area_is_occupied_should::return_false_when_space_is_a_floor ... ok
[INFO] [stdout] test puzzle::day11::nb_visible_occupied_seats_should::return_0_in_second_example ... ok
[INFO] [stdout] test puzzle::day11::compute_stable_area_test::example ... ok
[INFO] [stdout] test puzzle::day11::next_round_test::first_round_of_example ... ok
[INFO] [stdout] test puzzle::day12::ship_execute_should::move_the_ship_10_towards_north_when_action_is_north_10 ... ok
[INFO] [stdout] test puzzle::day12::ship_execute_should::move_the_ship_10_towards_south_when_it_is_facing_south_and_action_is_forward_10 ... ok
[INFO] [stdout] test puzzle::day12::ship_execute_should::move_the_ship_10_towards_east_when_it_is_facing_east_and_action_is_forward_10 ... ok
[INFO] [stdout] test puzzle::day12::ship_execute_should::move_the_ship_10_towards_west_when_action_is_west_10 ... ok
[INFO] [stdout] test puzzle::day12::ship_execute_should::move_the_ship_10_towards_west_when_it_is_facing_west_and_action_is_forward_10 ... ok
[INFO] [stdout] test puzzle::day12::ship_execute_should::turn_the_ship_towards_north_when_it_is_facing_east_and_action_is_left_90 ... ok
[INFO] [stdout] test puzzle::day11::next_round_test::third_round_of_example ... ok
[INFO] [stdout] test puzzle::day11::next_round_test::second_round_of_example ... ok
[INFO] [stdout] test puzzle::day12::ship_execute_should::turn_the_ship_towards_north_when_it_is_facing_east_and_action_is_right_270 ... ok
[INFO] [stdout] test puzzle::day12::ship_execute_should::move_the_ship_10_towards_north_when_it_is_facing_north_and_action_is_forward_10 ... ok
[INFO] [stdout] test puzzle::day12::ship_execute_should::turn_the_ship_towards_south_when_it_is_facing_east_and_action_is_right_90 ... ok
[INFO] [stdout] test puzzle::day12::ship_execute_should::move_the_ship_10_towards_south_when_action_is_south_10 ... ok
[INFO] [stdout] test puzzle::day13::compute_earliest_timestamp_with_departure_aligned_by_position_should::return_1261476_on_the_second_sample ... ok
[INFO] [stdout] test puzzle::day13::compute_earliest_timestamp_with_departure_aligned_by_position_should::return_3417_on_the_first_sample ... ok
[INFO] [stdout] test puzzle::day12::ship_execute_should::turn_the_ship_towards_south_when_it_is_facing_east_and_action_is_left_270 ... ok
[INFO] [stdout] test puzzle::day13::compute_earliest_timestamp_with_departure_aligned_by_position_should::return_754018_on_the_second_sample ... ok
[INFO] [stdout] test puzzle::day13::compute_earliest_timestamp_with_departure_aligned_by_position_should::return_1202161486_on_the_second_sample ... ok
[INFO] [stdout] test puzzle::day13::compute_earliest_timestamp_with_departure_aligned_by_position_should::return_779210_on_the_second_sample ... ok
[INFO] [stdout] test puzzle::day15::memory_game_play_until_round_should::return_0_for_round_4_when_input_is_0_3_6 ... ok
[INFO] [stdout] test puzzle::day15::memory_game_play_until_round_should::should_return_3_for_the_6th_round_when_input_is_0_3_6 ... ok
[INFO] [stdout] test puzzle::day15::memory_game_play_until_round_should::return_3_for_round_5_when_input_is_0_3_6 ... ok
[INFO] [stdout] test puzzle::day15::memory_game_play_until_round_should::should_return_10_for_the_2020th_round_when_input_is_2_1_3 ... ok
[INFO] [stdout] test puzzle::day15::memory_game_play_until_round_should::should_return_1836_for_the_2020th_round_when_input_is_3_1_2 ... ok
[INFO] [stdout] test puzzle::day15::memory_game_play_until_round_should::should_return_1_for_the_2020th_round_when_input_is_1_3_2 ... ok
[INFO] [stdout] test puzzle::day15::memory_game_play_until_round_should::should_return_27_for_the_2020th_round_when_input_is_1_2_3 ... ok
[INFO] [stdout] test puzzle::day15::memory_game_play_until_round_should::should_return_438_for_the_2020th_round_when_input_is_3_2_1 ... ok
[INFO] [stdout] test puzzle::day15::memory_game_play_until_round_should::should_return_78_for_the_2020th_round_when_input_is_2_3_1 ... ok
[INFO] [stdout] test puzzle::day15::memory_game_play_until_round_should::should_return_436_for_the_2020th_round_when_input_is_0_3_6 ... ok
[INFO] [stdout] test puzzle::day16::get_invalid_values_should::return_an_empty_vector_when_all_fields_are_valid_for_at_least_a_rule ... ok
[INFO] [stdout] test puzzle::day17::conway_cubes_count_adjacent_cubes_should::return_1_for_0_0_in_the_example ... ok
[INFO] [stdout] test puzzle::day17::conway_cubes_count_adjacent_cubes_should::return_1_for_1_0_in_the_example ... ok
[INFO] [stdout] test puzzle::day16::column_rule_is_valid_should::return_true_when_value_is_5_and_rule_is_1_to_3_and_5_to_7 ... ok
[INFO] [stdout] test puzzle::day16::column_rule_is_valid_should::return_false_when_value_is_4_and_rule_is_1_to_3_and_5_to_7 ... ok
[INFO] [stdout] test puzzle::day16::find_rule_should::return_class_row_for_second_column_of_example ... ok
[INFO] [stdout] test puzzle::day17::conway_cubes_count_adjacent_cubes_should::return_5_for_1_1_in_the_example ... ok
[INFO] [stdout] test puzzle::day16::allocate_columns_test::example ... ok
[INFO] [stdout] test puzzle::day16::match_columns_to_names_test::example ... ok
[INFO] [stdout] test puzzle::day16::find_rule_should::return_row_for_first_column_of_example ... ok
[INFO] [stdout] test puzzle::day17::conway_cubes_from_should::parse_example ... ok
[INFO] [stdout] test puzzle::day16::column_rule_is_valid_should::return_true_when_value_is_3_and_rule_is_1_to_3_and_5_to_7 ... ok
[INFO] [stdout] test puzzle::day16::get_invalid_values_should::return_a_vector_of_one_value_when_one_field_is_invalid_for_all_rules ... ok
[INFO] [stdout] test puzzle::day16::get_invalid_values_should::return_a_vector_of_two_values_when_two_fields_are_invalid_for_all_rules ... ok
[INFO] [stdout] test puzzle::day16::find_rule_should::return_class_row_seat_for_third_column_of_example ... ok
[INFO] [stdout] test puzzle::day2::sled_password_policy_is_valid_should::return_false_when_policy_is_one_to_three_as_and_there_are_four_as ... ok
[INFO] [stdout] test puzzle::day2::sled_password_policy_is_valid_should::return_false_when_policy_is_one_to_three_as_and_there_are_no_as ... ok
[INFO] [stdout] test puzzle::day2::sled_password_policy_is_valid_should::return_true_when_policy_is_one_to_three_as_and_there_are_three_as ... ok
[INFO] [stdout] test puzzle::day2::sled_password_policy_is_valid_should::return_true_when_policy_is_one_to_three_as_and_there_are_two_as ... ok
[INFO] [stdout] test puzzle::day2::sled_password_policy_is_valid_should::return_false_when_policy_is_one_to_three_bs_and_there_are_no_bs ... ok
[INFO] [stdout] test puzzle::day2::sled_password_policy_is_valid_should::return_true_when_policy_is_one_to_three_as_and_there_is_one_a ... ok
[INFO] [stdout] test puzzle::day2::toboggan_password_policy_is_valid_should::return_false_when_letter_is_at_both_positions ... ok
[INFO] [stdout] test puzzle::day2::toboggan_password_policy_is_valid_should::return_false_when_letter_is_not_at_any_position ... ok
[INFO] [stdout] test puzzle::day2::toboggan_password_policy_is_valid_should::return_true_when_letter_is_exactly_at_one_position ... ok
[INFO] [stdout] test puzzle::day3::count_trees_on_slope_should::return_0_when_first_position_and_second_position_have_no_trees_and_there_are_two_lines ... ok
[INFO] [stdout] test puzzle::day2::sled_password_policy_is_valid_should::return_true_when_policy_is_two_to_nine_cs_and_there_are_nine_cs ... ok
[INFO] [stdout] test puzzle::day3::count_trees_on_slope_should::return_1_when_there_is_a_tree_on_2_2_slope_is_4_2_and_width_is_8 ... ok
[INFO] [stdout] test puzzle::day14::docking_program_execute_all::return_a_memory_with_sum_165_for_example ... ok
[INFO] [stdout] test puzzle::day3::count_trees_on_slope_should::return_2_when_first_position_and_second_position_have_trees_and_there_are_two_lines ... ok
[INFO] [stdout] test puzzle::day3::count_trees_on_slope_should::return_1_when_first_line_has_a_tree_in_first_position_and_there_is_one_line ... ok
[INFO] [stdout] test puzzle::day3::count_trees_on_slope_should::return_7_for_the_example ... ok
[INFO] [stdout] test puzzle::day3::count_trees_on_slope_should::return_1_when_first_position_has_tree_and_second_position_has_no_tree_and_there_are_two_lines ... ok
[INFO] [stdout] test puzzle::day4::group_by_passport_should::ignore_a_last_empty_line ... ok
[INFO] [stdout] test puzzle::day4::group_by_passport_should::return_a_vec_of_size_one_when_there_is_one_passport_on_two_lines ... ok
[INFO] [stdout] test puzzle::day3::count_trees_on_slope_should::return_0_when_first_line_has_no_trees_and_there_is_one_line ... ok
[INFO] [stdout] test puzzle::day4::group_by_passport_should::return_a_vec_of_size_two_when_there_is_only_two_one_line_passports ... ok
[INFO] [stdout] test puzzle::day4::group_by_passport_should::return_a_vec_of_size_two_when_there_is_only_two_multiline_passports ... ok
[INFO] [stdout] test puzzle::day4::is_valid_should::return_false_when_ecl_is_missing ... ok
[INFO] [stdout] test puzzle::day4::is_valid_should::return_false_when_byr_is_missing ... ok
[INFO] [stdout] test puzzle::day4::is_valid_should::return_false_when_eyr_is_missing ... ok
[INFO] [stdout] test puzzle::day4::group_by_passport_should::return_a_vec_of_size_one_when_there_is_only_one_line ... ok
[INFO] [stdout] test puzzle::day14::part2::docking_program_execute_all::return_a_memory_with_sum_208_for_example ... ok
[INFO] [stdout] test puzzle::day4::is_valid_should::return_false_when_hcl_is_missing ... ok
[INFO] [stdout] test puzzle::day4::is_valid_should::return_false_when_pid_is_missing ... ok
[INFO] [stdout] test puzzle::day4::is_valid_should::return_false_when_there_are_five_fields ... ok
[INFO] [stdout] test puzzle::day4::is_valid_should::return_false_when_there_are_six_fields ... ok
[INFO] [stdout] test puzzle::day4::is_valid_should::return_false_when_hgt_is_missing ... ok
[INFO] [stdout] test puzzle::day4::is_valid_should::return_false_when_there_are_two_fields ... ok
[INFO] [stdout] test puzzle::day2::parse_password_line_to_sled_policy::parse_third_example ... ok
[INFO] [stdout] test puzzle::day4::is_valid_should::return_false_when_there_is_one_field ... ok
[INFO] [stdout] test puzzle::day4::is_valid_should::return_false_when_iyr_is_missing ... ok
[INFO] [stdout] test puzzle::day4::is_valid_should::return_false_when_there_are_four_fields ... ok
[INFO] [stdout] test puzzle::day2::parse_password_line_to_sled_policy::parse_first_example ... ok
[INFO] [stdout] test puzzle::day4::is_valid_should::return_false_when_there_are_three_fields ... ok
[INFO] [stdout] test puzzle::day4::is_valid_should::return_true_when_cid_is_missing ... ok
[INFO] [stdout] test puzzle::day4::is_valid_should::return_true_when_there_are_eight_fields ... ok
[INFO] [stdout] test puzzle::day4::parse_passport_should::return_a_passport_with_one_field_when_there_is_one_line_with_one_field ... ok
[INFO] [stdout] test puzzle::day4::parse_passport_should::return_a_passport_with_8_fields_when_there_is_two_lines_with_four_field_each ... ok
[INFO] [stdout] test puzzle::day5::partition_binary_space_should::return_5_when_input_is_rlr_and_range_0_to_8 ... ok
[INFO] [stdout] test puzzle::day4::parse_passport_should::return_a_passport_with_two_fields_when_there_is_two_lines_with_one_field_each ... ok
[INFO] [stdout] test puzzle::day5::partition_binary_space_should::return_44_when_input_is_fbfbbff_and_range_0_to_127 ... ok
[INFO] [stdout] test puzzle::day5::partition_should::return_4_to_5_when_char_is_l_and_range_4_to_7 ... ok
[INFO] [stdout] test puzzle::day5::partition_should::return_44_to_47_when_char_is_b_and_range_40_to_47 ... ok
[INFO] [stdout] test puzzle::day2::parse_password_line_to_sled_policy::parse_second_example ... ok
[INFO] [stdout] test puzzle::day4::parse_passport_should::return_a_passport_with_two_fields_when_there_is_one_line_with_two_fields ... ok
[INFO] [stdout] test puzzle::day5::partition_should::return_44_to_45_when_char_is_f_and_range_44_to_47 ... ok
[INFO] [stdout] test puzzle::day5::partition_should::return_4_to_7_when_char_is_r_and_range_0_to_7 ... ok
[INFO] [stdout] test puzzle::day5::partition_should::return_a_range_including_just_44_when_char_is_f_and_range_44_to_45 ... ok
[INFO] [stdout] test puzzle::day6::unique_yes_answers_in_group_should::return_0_when_group_is_empty ... ok
[INFO] [stdout] test puzzle::day6::unique_yes_answers_in_group_should::return_1_when_group_contains_one_letter ... ok
[INFO] [stdout] test puzzle::day6::unique_yes_answers_in_group_should::return_1_when_group_contains_the_same_two_letters ... ok
[INFO] [stdout] test puzzle::day6::nb_yes_answers_by_all_group_members_should::return_3_when_group_has_one_member_with_three_yes_answers ... ok
[INFO] [stdout] test puzzle::day6::unique_yes_answers_in_group_should::return_20_for_first_group_in_input ... ok
[INFO] [stdout] test puzzle::day6::nb_yes_answers_by_all_group_members_should::return_0_when_group_has_two_members_with_different_yes_answers ... ok
[INFO] [stdout] test puzzle::day6::nb_yes_answers_by_all_group_members_should::return_1_when_group_has_two_members_with_one_common_yes_answer ... ok
[INFO] [stdout] test puzzle::day6::nb_yes_answers_by_all_group_members_should::return_1_when_group_has_four_members_with_a_as_yes_answer ... ok
[INFO] [stdout] test puzzle::day6::nb_yes_answers_by_all_group_members_should::return_1_for_last_group_in_input ... ok
[INFO] [stdout] test puzzle::day6::nb_yes_answers_by_all_group_members_should::return_18_for_first_group_in_input ... ok
[INFO] [stdout] test puzzle::day6::unique_yes_answers_in_group_should::return_2_when_group_contains_two_different_letters ... ok
[INFO] [stdout] test puzzle::day6::unique_yes_answers_in_group_should::return_2_when_group_contains_two_different_letters_separated_by_a_new_line ... ok
[INFO] [stdout] test puzzle::day8::program_execution_execute_should::return_3_when_instructions_are_acc_3_and_noop ... ok
[INFO] [stdout] test puzzle::day8::program_execution_execute_should::return_0_when_current_instruction_is_noop_and_accumulator_is_0 ... ok
[INFO] [stdout] test puzzle::day8::program_execution_execute_should::return_0_when_instructions_are_acc_3_and_acc_minus_3 ... ok
[INFO] [stdout] test puzzle::day6::sum_of_yes_answers_by_all_members_in_each_group_should::return_6_for_the_example ... ok
[INFO] [stdout] test puzzle::day8::program_execution_execute_should::return_1_when_current_instruction_is_acc_1_and_accumulator_is_0 ... ok
[INFO] [stdout] test puzzle::day6::sum_of_unique_yes_answers_in_each_group_should::return_11_for_the_example ... ok
[INFO] [stdout] test puzzle::day8::program_execution_execute_should::return_3_when_instructions_are_noop_and_acc_3 ... ok
[INFO] [stdout] test puzzle::day8::program_execution_execute_should::return_7_when_instructions_are_jmp_2_acc_3_acc_7 ... ok
[INFO] [stdout] test puzzle::day8::program_execution_execute_should::return_infinite_loop_when_current_instruction_has_already_been_executed ... ok
[INFO] [stdout] test puzzle::day8::program_execution_execute_should::return_2_when_current_instruction_is_acc_2_and_accumulator_is_0 ... ok
[INFO] [stdout] test puzzle::day8::program_execution_last_should::return_5_for_example_program ... ok
[INFO] [stdout] test puzzle::day9::validate_should::return_1_when_preamble_is_one_to_five_and_next_is_1 ... ok
[INFO] [stdout] test puzzle::day9::validate_should::return_2_when_preamble_is_one_to_five_and_next_is_2 ... ok
[INFO] [stdout] test puzzle::day9::validate_should::return_none_when_preamble_is_one_to_five_and_next_are_all_valid ... ok
[INFO] [stdout] test puzzle::day9::validate_should::return_none_when_preamble_is_one_to_five_and_there_are_no_more_numbers ... ok
[INFO] [stdout] test puzzle::day9::validate_should::return_127_for_the_example_numbers ... ok
[INFO] [stdout] test puzzle::day4::is_fully_valid_should::return_false_for_invalid_passwords ... ok
[INFO] [stdout] test puzzle::day4::is_fully_valid_should::return_true_for_valid_passwords ... ok
[INFO] [stdout] test puzzle::day10::count_jolt_differences_should::return_7_and_5_for_the_first_sample ... FAILED
[INFO] [stdout] test puzzle::day10::compute_adapter_chain_should::return_a_chain_of_13_for_the_first_sample ... FAILED
[INFO] [stdout] test puzzle::day7::bags_count_bags_contained_by_should::return_126_for_the_second_example ... ok
[INFO] [stdout] test puzzle::day7::bags_count_bags_contained_by_should::return_32_for_the_first_example ... ok
[INFO] [stdout] test puzzle::day7::count_bags_able_to_contain_a_shiny_gold_bag_should::return_4_for_the_example_data ... ok
[INFO] [stdout] test puzzle::day17::text::example_3_dimensions ... ok
[INFO] [stdout] test puzzle::day17::text::example_4_dimensions ... ok
[INFO] [stdout] 
[INFO] [stdout] failures:
[INFO] [stdout] 
[INFO] [stdout] ---- puzzle::day10::count_jolt_differences_should::return_7_and_5_for_the_first_sample stdout ----
[INFO] [stdout] thread 'puzzle::day10::count_jolt_differences_should::return_7_and_5_for_the_first_sample' panicked at 'assertion failed: `(left == right)`
[INFO] [stdout]   left: `(7, 4)`,
[INFO] [stdout]  right: `(7, 5)`', src/puzzle/day10.rs:153:9
[INFO] [stdout] stack backtrace:
[INFO] [stdout]    0:     0x56276badc4da - std::backtrace_rs::backtrace::libunwind::trace::h2f05d0192276a8f6
[INFO] [stdout]                                at /rustc/1b7dd2252b99671ce5d1cb9664c5f8636329436d/library/std/src/../../backtrace/src/backtrace/libunwind.rs:93:5
[INFO] [stdout]    1:     0x56276badc4da - std::backtrace_rs::backtrace::trace_unsynchronized::hedc23dff7a1af150
[INFO] [stdout]                                at /rustc/1b7dd2252b99671ce5d1cb9664c5f8636329436d/library/std/src/../../backtrace/src/backtrace/mod.rs:66:5
[INFO] [stdout]    2:     0x56276badc4da - std::sys_common::backtrace::_print_fmt::h17541ef7592f3ce2
[INFO] [stdout]                                at /rustc/1b7dd2252b99671ce5d1cb9664c5f8636329436d/library/std/src/sys_common/backtrace.rs:65:5
[INFO] [stdout]    3:     0x56276badc4da - <std::sys_common::backtrace::_print::DisplayBacktrace as core::fmt::Display>::fmt::h20f75df5ab0c0792
[INFO] [stdout]                                at /rustc/1b7dd2252b99671ce5d1cb9664c5f8636329436d/library/std/src/sys_common/backtrace.rs:44:22
[INFO] [stdout]    4:     0x56276bb0094f - core::fmt::write::h78109e6f466b3af6
[INFO] [stdout]                                at /rustc/1b7dd2252b99671ce5d1cb9664c5f8636329436d/library/core/src/fmt/mod.rs:1254:17
[INFO] [stdout]    5:     0x56276bad9825 - std::io::Write::write_fmt::hd24bfb68a1b35a25
[INFO] [stdout]                                at /rustc/1b7dd2252b99671ce5d1cb9664c5f8636329436d/library/std/src/io/mod.rs:1698:15
[INFO] [stdout]    6:     0x56276badc2a5 - std::sys_common::backtrace::_print::h8dac57a9f8fbf9a5
[INFO] [stdout]                                at /rustc/1b7dd2252b99671ce5d1cb9664c5f8636329436d/library/std/src/sys_common/backtrace.rs:47:5
[INFO] [stdout]    7:     0x56276badc2a5 - std::sys_common::backtrace::print::hf9ecbf41d1aa712f
[INFO] [stdout]                                at /rustc/1b7dd2252b99671ce5d1cb9664c5f8636329436d/library/std/src/sys_common/backtrace.rs:34:9
[INFO] [stdout]    8:     0x56276baddf5e - std::panicking::default_hook::{{closure}}::h04c07acfc84ca028
[INFO] [stdout]                                at /rustc/1b7dd2252b99671ce5d1cb9664c5f8636329436d/library/std/src/panicking.rs:269:22
[INFO] [stdout]    9:     0x56276baddc91 - std::panicking::default_hook::h01f6bb23e1eceb2c
[INFO] [stdout]                                at /rustc/1b7dd2252b99671ce5d1cb9664c5f8636329436d/library/std/src/panicking.rs:285:9
[INFO] [stdout]   10:     0x56276b91d7bb - <alloc::boxed::Box<F,A> as core::ops::function::Fn<Args>>::call::h87fe9f7b2fd49e4c
[INFO] [stdout]                                at /rustc/1b7dd2252b99671ce5d1cb9664c5f8636329436d/library/alloc/src/boxed.rs:1987:9
[INFO] [stdout]   11:     0x56276b91d7bb - test::test_main::{{closure}}::he94d679243a7531b
[INFO] [stdout]                                at /rustc/1b7dd2252b99671ce5d1cb9664c5f8636329436d/library/test/src/lib.rs:134:21
[INFO] [stdout]   12:     0x56276bade644 - <alloc::boxed::Box<F,A> as core::ops::function::Fn<Args>>::call::h3f2d6d8b14c4769f
[INFO] [stdout]                                at /rustc/1b7dd2252b99671ce5d1cb9664c5f8636329436d/library/alloc/src/boxed.rs:1987:9
[INFO] [stdout]   13:     0x56276bade644 - std::panicking::rust_panic_with_hook::h2bb3722bbaf2f6df
[INFO] [stdout]                                at /rustc/1b7dd2252b99671ce5d1cb9664c5f8636329436d/library/std/src/panicking.rs:695:13
[INFO] [stdout]   14:     0x56276bade3b9 - std::panicking::begin_panic_handler::{{closure}}::h91bc7f36a4be011b
[INFO] [stdout]                                at /rustc/1b7dd2252b99671ce5d1cb9664c5f8636329436d/library/std/src/panicking.rs:582:13
[INFO] [stdout]   15:     0x56276badc946 - std::sys_common::backtrace::__rust_end_short_backtrace::h8b3d3717114f9e59
[INFO] [stdout]                                at /rustc/1b7dd2252b99671ce5d1cb9664c5f8636329436d/library/std/src/sys_common/backtrace.rs:150:18
[INFO] [stdout]   16:     0x56276bade112 - rust_begin_unwind
[INFO] [stdout]                                at /rustc/1b7dd2252b99671ce5d1cb9664c5f8636329436d/library/std/src/panicking.rs:578:5
[INFO] [stdout]   17:     0x56276b85a063 - core::panicking::panic_fmt::hfd368e3fbdabea26
[INFO] [stdout]                                at /rustc/1b7dd2252b99671ce5d1cb9664c5f8636329436d/library/core/src/panicking.rs:67:14
[INFO] [stdout]   18:     0x56276b85a48f - core::panicking::assert_failed_inner::haef49168e1798a91
[INFO] [stdout]   19:     0x56276b8d6f0a - core::panicking::assert_failed::hce1688142f0a4705
[INFO] [stdout]                                at /rustc/1b7dd2252b99671ce5d1cb9664c5f8636329436d/library/core/src/panicking.rs:228:5
[INFO] [stdout]   20:     0x56276b8e7363 - advent2020::puzzle::day10::count_jolt_differences_should::return_7_and_5_for_the_first_sample::hc2ed0697a36aa3d7
[INFO] [stdout]                                at /opt/rustwide/workdir/src/puzzle/day10.rs:153:9
[INFO] [stdout]   21:     0x56276b8e71a7 - advent2020::puzzle::day10::count_jolt_differences_should::return_7_and_5_for_the_first_sample::{{closure}}::ha8f4806db540a958
[INFO] [stdout]                                at /opt/rustwide/workdir/src/puzzle/day10.rs:145:46
[INFO] [stdout]   22:     0x56276b8d2e85 - core::ops::function::FnOnce::call_once::hed1b710b118f3655
[INFO] [stdout]                                at /rustc/1b7dd2252b99671ce5d1cb9664c5f8636329436d/library/core/src/ops/function.rs:250:5
[INFO] [stdout]   23:     0x56276b92268f - core::ops::function::FnOnce::call_once::ha6a70e79f7481a7e
[INFO] [stdout]                                at /rustc/1b7dd2252b99671ce5d1cb9664c5f8636329436d/library/core/src/ops/function.rs:250:5
[INFO] [stdout]   24:     0x56276b92268f - test::__rust_begin_short_backtrace::hce33033019b61e69
[INFO] [stdout]                                at /rustc/1b7dd2252b99671ce5d1cb9664c5f8636329436d/library/test/src/lib.rs:655:18
[INFO] [stdout]   25:     0x56276b8efe7c - test::run_test::{{closure}}::h858d3528838ae3e5
[INFO] [stdout]                                at /rustc/1b7dd2252b99671ce5d1cb9664c5f8636329436d/library/test/src/lib.rs:646:30
[INFO] [stdout]   26:     0x56276b8efe7c - core::ops::function::FnOnce::call_once{{vtable.shim}}::he8ac2b00f01ae79e
[INFO] [stdout]                                at /rustc/1b7dd2252b99671ce5d1cb9664c5f8636329436d/library/core/src/ops/function.rs:250:5
[INFO] [stdout]   27:     0x56276b921766 - <alloc::boxed::Box<F,A> as core::ops::function::FnOnce<Args>>::call_once::h8093d25b522725ef
[INFO] [stdout]                                at /rustc/1b7dd2252b99671ce5d1cb9664c5f8636329436d/library/alloc/src/boxed.rs:1973:9
[INFO] [stdout]   28:     0x56276b921766 - <core::panic::unwind_safe::AssertUnwindSafe<F> as core::ops::function::FnOnce<()>>::call_once::h5c334c204e4a3913
[INFO] [stdout]                                at /rustc/1b7dd2252b99671ce5d1cb9664c5f8636329436d/library/core/src/panic/unwind_safe.rs:271:9
[INFO] [stdout]   29:     0x56276b921766 - std::panicking::try::do_call::ha8b740c7b9478074
[INFO] [stdout]                                at /rustc/1b7dd2252b99671ce5d1cb9664c5f8636329436d/library/std/src/panicking.rs:485:40
[INFO] [stdout]   30:     0x56276b921766 - std::panicking::try::h5d34f63d0e41b64e
[INFO] [stdout]                                at /rustc/1b7dd2252b99671ce5d1cb9664c5f8636329436d/library/std/src/panicking.rs:449:19
[INFO] [stdout]   31:     0x56276b921766 - std::panic::catch_unwind::hcfbb511e1aa7fc67
[INFO] [stdout]                                at /rustc/1b7dd2252b99671ce5d1cb9664c5f8636329436d/library/std/src/panic.rs:140:14
[INFO] [stdout]   32:     0x56276b921766 - test::run_test_in_process::h9abda90f802eaf21
[INFO] [stdout]                                at /rustc/1b7dd2252b99671ce5d1cb9664c5f8636329436d/library/test/src/lib.rs:678:27
[INFO] [stdout]   33:     0x56276b921766 - test::run_test::run_test_inner::{{closure}}::h0f058de91f6c6edf
[INFO] [stdout]                                at /rustc/1b7dd2252b99671ce5d1cb9664c5f8636329436d/library/test/src/lib.rs:572:39
[INFO] [stdout]   34:     0x56276b8ea685 - test::run_test::run_test_inner::{{closure}}::h5ca48a4c59c6c1fb
[INFO] [stdout]                                at /rustc/1b7dd2252b99671ce5d1cb9664c5f8636329436d/library/test/src/lib.rs:599:37
[INFO] [stdout]   35:     0x56276b8ea685 - std::sys_common::backtrace::__rust_begin_short_backtrace::h32bd51e1495d4a33
[INFO] [stdout]                                at /rustc/1b7dd2252b99671ce5d1cb9664c5f8636329436d/library/std/src/sys_common/backtrace.rs:134:18
[INFO] [stdout]   36:     0x56276b8efbc1 - std::thread::Builder::spawn_unchecked_::{{closure}}::{{closure}}::hc086fae9b128b2db
[INFO] [stdout]                                at /rustc/1b7dd2252b99671ce5d1cb9664c5f8636329436d/library/std/src/thread/mod.rs:526:17
[INFO] [stdout]   37:     0x56276b8efbc1 - <core::panic::unwind_safe::AssertUnwindSafe<F> as core::ops::function::FnOnce<()>>::call_once::hb66571888d270d43
[INFO] [stdout]                                at /rustc/1b7dd2252b99671ce5d1cb9664c5f8636329436d/library/core/src/panic/unwind_safe.rs:271:9
[INFO] [stdout]   38:     0x56276b8efbc1 - std::panicking::try::do_call::h4fa2ef4f6e51fecf
[INFO] [stdout]                                at /rustc/1b7dd2252b99671ce5d1cb9664c5f8636329436d/library/std/src/panicking.rs:485:40
[INFO] [stdout]   39:     0x56276b8efbc1 - std::panicking::try::h1e9e22b8584489b5
[INFO] [stdout]                                at /rustc/1b7dd2252b99671ce5d1cb9664c5f8636329436d/library/std/src/panicking.rs:449:19
[INFO] [stdout]   40:     0x56276b8efbc1 - std::panic::catch_unwind::h44698a3de0e0769e
[INFO] [stdout]                                at /rustc/1b7dd2252b99671ce5d1cb9664c5f8636329436d/library/std/src/panic.rs:140:14
[INFO] [stdout]   41:     0x56276b8efbc1 - std::thread::Builder::spawn_unchecked_::{{closure}}::h50153abde3fe239e
[INFO] [stdout]                                at /rustc/1b7dd2252b99671ce5d1cb9664c5f8636329436d/library/std/src/thread/mod.rs:525:30
[INFO] [stdout]   42:     0x56276b8efbc1 - core::ops::function::FnOnce::call_once{{vtable.shim}}::hbe5bbf6f38394364
[INFO] [stdout]                                at /rustc/1b7dd2252b99671ce5d1cb9664c5f8636329436d/library/core/src/ops/function.rs:250:5
[INFO] [stdout]   43:     0x56276bae2b15 - <alloc::boxed::Box<F,A> as core::ops::function::FnOnce<Args>>::call_once::h0d83cb2920a49046
[INFO] [stdout]                                at /rustc/1b7dd2252b99671ce5d1cb9664c5f8636329436d/library/alloc/src/boxed.rs:1973:9
[INFO] [stdout]   44:     0x56276bae2b15 - <alloc::boxed::Box<F,A> as core::ops::function::FnOnce<Args>>::call_once::hbe0a008aa7d9ef59
[INFO] [stdout]                                at /rustc/1b7dd2252b99671ce5d1cb9664c5f8636329436d/library/alloc/src/boxed.rs:1973:9
[INFO] [stdout]   45:     0x56276bae2b15 - std::sys::unix::thread::Thread::new::thread_start::h3a466996bdf6b1f9
[INFO] [stdout]                                at /rustc/1b7dd2252b99671ce5d1cb9664c5f8636329436d/library/std/src/sys/unix/thread.rs:108:17
[INFO] [stdout]   46:     0x7f3373f08b43 - <unknown>
[INFO] [stdout]   47:     0x7f3373f99bb4 - __clone
[INFO] [stdout]   48:                0x0 - <unknown>
[INFO] [stdout] 
[INFO] [stdout] ---- puzzle::day10::compute_adapter_chain_should::return_a_chain_of_13_for_the_first_sample stdout ----
[INFO] [stdout] thread 'puzzle::day10::compute_adapter_chain_should::return_a_chain_of_13_for_the_first_sample' panicked at 'assertion failed: `(left == right)`
[INFO] [stdout]   left: `[0, 1, 4, 5, 6, 7, 10, 11, 12, 15, 16, 19]`,
[INFO] [stdout]  right: `[0, 1, 4, 5, 6, 7, 10, 11, 12, 15, 16, 19, 22]`', src/puzzle/day10.rs:136:9
[INFO] [stdout] stack backtrace:
[INFO] [stdout]    0:     0x56276badc4da - std::backtrace_rs::backtrace::libunwind::trace::h2f05d0192276a8f6
[INFO] [stdout]                                at /rustc/1b7dd2252b99671ce5d1cb9664c5f8636329436d/library/std/src/../../backtrace/src/backtrace/libunwind.rs:93:5
[INFO] [stdout]    1:     0x56276badc4da - std::backtrace_rs::backtrace::trace_unsynchronized::hedc23dff7a1af150
[INFO] [stdout]                                at /rustc/1b7dd2252b99671ce5d1cb9664c5f8636329436d/library/std/src/../../backtrace/src/backtrace/mod.rs:66:5
[INFO] [stdout]    2:     0x56276badc4da - std::sys_common::backtrace::_print_fmt::h17541ef7592f3ce2
[INFO] [stdout]                                at /rustc/1b7dd2252b99671ce5d1cb9664c5f8636329436d/library/std/src/sys_common/backtrace.rs:65:5
[INFO] [stdout]    3:     0x56276badc4da - <std::sys_common::backtrace::_print::DisplayBacktrace as core::fmt::Display>::fmt::h20f75df5ab0c0792
[INFO] [stdout]                                at /rustc/1b7dd2252b99671ce5d1cb9664c5f8636329436d/library/std/src/sys_common/backtrace.rs:44:22
[INFO] [stdout]    4:     0x56276bb0094f - core::fmt::write::h78109e6f466b3af6
[INFO] [stdout]                                at /rustc/1b7dd2252b99671ce5d1cb9664c5f8636329436d/library/core/src/fmt/mod.rs:1254:17
[INFO] [stdout]    5:     0x56276bad9825 - std::io::Write::write_fmt::hd24bfb68a1b35a25
[INFO] [stdout]                                at /rustc/1b7dd2252b99671ce5d1cb9664c5f8636329436d/library/std/src/io/mod.rs:1698:15
[INFO] [stdout]    6:     0x56276badc2a5 - std::sys_common::backtrace::_print::h8dac57a9f8fbf9a5
[INFO] [stdout]                                at /rustc/1b7dd2252b99671ce5d1cb9664c5f8636329436d/library/std/src/sys_common/backtrace.rs:47:5
[INFO] [stdout]    7:     0x56276badc2a5 - std::sys_common::backtrace::print::hf9ecbf41d1aa712f
[INFO] [stdout]                                at /rustc/1b7dd2252b99671ce5d1cb9664c5f8636329436d/library/std/src/sys_common/backtrace.rs:34:9
[INFO] [stdout]    8:     0x56276baddf5e - std::panicking::default_hook::{{closure}}::h04c07acfc84ca028
[INFO] [stdout]                                at /rustc/1b7dd2252b99671ce5d1cb9664c5f8636329436d/library/std/src/panicking.rs:269:22
[INFO] [stdout]    9:     0x56276baddc91 - std::panicking::default_hook::h01f6bb23e1eceb2c
[INFO] [stdout]                                at /rustc/1b7dd2252b99671ce5d1cb9664c5f8636329436d/library/std/src/panicking.rs:285:9
[INFO] [stdout]   10:     0x56276b91d7bb - <alloc::boxed::Box<F,A> as core::ops::function::Fn<Args>>::call::h87fe9f7b2fd49e4c
[INFO] [stdout]                                at /rustc/1b7dd2252b99671ce5d1cb9664c5f8636329436d/library/alloc/src/boxed.rs:1987:9
[INFO] [stdout]   11:     0x56276b91d7bb - test::test_main::{{closure}}::he94d679243a7531b
[INFO] [stdout]                                at /rustc/1b7dd2252b99671ce5d1cb9664c5f8636329436d/library/test/src/lib.rs:134:21
[INFO] [stdout]   12:     0x56276bade644 - <alloc::boxed::Box<F,A> as core::ops::function::Fn<Args>>::call::h3f2d6d8b14c4769f
[INFO] [stdout]                                at /rustc/1b7dd2252b99671ce5d1cb9664c5f8636329436d/library/alloc/src/boxed.rs:1987:9
[INFO] [stdout]   13:     0x56276bade644 - std::panicking::rust_panic_with_hook::h2bb3722bbaf2f6df
[INFO] [stdout]                                at /rustc/1b7dd2252b99671ce5d1cb9664c5f8636329436d/library/std/src/panicking.rs:695:13
[INFO] [stdout]   14:     0x56276bade3b9 - std::panicking::begin_panic_handler::{{closure}}::h91bc7f36a4be011b
[INFO] [stdout]                                at /rustc/1b7dd2252b99671ce5d1cb9664c5f8636329436d/library/std/src/panicking.rs:582:13
[INFO] [stdout]   15:     0x56276badc946 - std::sys_common::backtrace::__rust_end_short_backtrace::h8b3d3717114f9e59
[INFO] [stdout]                                at /rustc/1b7dd2252b99671ce5d1cb9664c5f8636329436d/library/std/src/sys_common/backtrace.rs:150:18
[INFO] [stdout]   16:     0x56276bade112 - rust_begin_unwind
[INFO] [stdout]                                at /rustc/1b7dd2252b99671ce5d1cb9664c5f8636329436d/library/std/src/panicking.rs:578:5
[INFO] [stdout]   17:     0x56276b85a063 - core::panicking::panic_fmt::hfd368e3fbdabea26
[INFO] [stdout]                                at /rustc/1b7dd2252b99671ce5d1cb9664c5f8636329436d/library/core/src/panicking.rs:67:14
[INFO] [stdout]   18:     0x56276b85a48f - core::panicking::assert_failed_inner::haef49168e1798a91
[INFO] [stdout]   19:     0x56276b8d6d2a - core::panicking::assert_failed::h842bdb5bc53675d3
[INFO] [stdout]                                at /rustc/1b7dd2252b99671ce5d1cb9664c5f8636329436d/library/core/src/panicking.rs:228:5
[INFO] [stdout]   20:     0x56276b8b7a60 - advent2020::puzzle::day10::compute_adapter_chain_should::return_a_chain_of_13_for_the_first_sample::hddfab1bb552d86e9
[INFO] [stdout]                                at /opt/rustwide/workdir/src/puzzle/day10.rs:136:9
[INFO] [stdout]   21:     0x56276b8b7817 - advent2020::puzzle::day10::compute_adapter_chain_should::return_a_chain_of_13_for_the_first_sample::{{closure}}::h12285c94270a1978
[INFO] [stdout]                                at /opt/rustwide/workdir/src/puzzle/day10.rs:128:52
[INFO] [stdout]   22:     0x56276b8d13e5 - core::ops::function::FnOnce::call_once::h6d66a4e235c15762
[INFO] [stdout]                                at /rustc/1b7dd2252b99671ce5d1cb9664c5f8636329436d/library/core/src/ops/function.rs:250:5
[INFO] [stdout]   23:     0x56276b92268f - core::ops::function::FnOnce::call_once::ha6a70e79f7481a7e
[INFO] [stdout]                                at /rustc/1b7dd2252b99671ce5d1cb9664c5f8636329436d/library/core/src/ops/function.rs:250:5
[INFO] [stdout]   24:     0x56276b92268f - test::__rust_begin_short_backtrace::hce33033019b61e69
[INFO] [stdout]                                at /rustc/1b7dd2252b99671ce5d1cb9664c5f8636329436d/library/test/src/lib.rs:655:18
[INFO] [stdout]   25:     0x56276b8efe7c - test::run_test::{{closure}}::h858d3528838ae3e5
[INFO] [stdout]                                at /rustc/1b7dd2252b99671ce5d1cb9664c5f8636329436d/library/test/src/lib.rs:646:30
[INFO] [stdout]   26:     0x56276b8efe7c - core::ops::function::FnOnce::call_once{{vtable.shim}}::he8ac2b00f01ae79e
[INFO] [stdout]                                at /rustc/1b7dd2252b99671ce5d1cb9664c5f8636329436d/library/core/src/ops/function.rs:250:5
[INFO] [stdout]   27:     0x56276b921766 - <alloc::boxed::Box<F,A> as core::ops::function::FnOnce<Args>>::call_once::h8093d25b522725ef
[INFO] [stdout]                                at /rustc/1b7dd2252b99671ce5d1cb9664c5f8636329436d/library/alloc/src/boxed.rs:1973:9
[INFO] [stdout]   28:     0x56276b921766 - <core::panic::unwind_safe::AssertUnwindSafe<F> as core::ops::function::FnOnce<()>>::call_once::h5c334c204e4a3913
[INFO] [stdout]                                at /rustc/1b7dd2252b99671ce5d1cb9664c5f8636329436d/library/core/src/panic/unwind_safe.rs:271:9
[INFO] [stdout]   29:     0x56276b921766 - std::panicking::try::do_call::ha8b740c7b9478074
[INFO] [stdout]                                at /rustc/1b7dd2252b99671ce5d1cb9664c5f8636329436d/library/std/src/panicking.rs:485:40
[INFO] [stdout]   30:     0x56276b921766 - std::panicking::try::h5d34f63d0e41b64e
[INFO] [stdout]                                at /rustc/1b7dd2252b99671ce5d1cb9664c5f8636329436d/library/std/src/panicking.rs:449:19
[INFO] [stdout]   31:     0x56276b921766 - std::panic::catch_unwind::hcfbb511e1aa7fc67
[INFO] [stdout]                                at /rustc/1b7dd2252b99671ce5d1cb9664c5f8636329436d/library/std/src/panic.rs:140:14
[INFO] [stdout]   32:     0x56276b921766 - test::run_test_in_process::h9abda90f802eaf21
[INFO] [stdout]                                at /rustc/1b7dd2252b99671ce5d1cb9664c5f8636329436d/library/test/src/lib.rs:678:27
[INFO] [stdout]   33:     0x56276b921766 - test::run_test::run_test_inner::{{closure}}::h0f058de91f6c6edf
[INFO] [stdout]                                at /rustc/1b7dd2252b99671ce5d1cb9664c5f8636329436d/library/test/src/lib.rs:572:39
[INFO] [stdout]   34:     0x56276b8ea685 - test::run_test::run_test_inner::{{closure}}::h5ca48a4c59c6c1fb
[INFO] [stdout]                                at /rustc/1b7dd2252b99671ce5d1cb9664c5f8636329436d/library/test/src/lib.rs:599:37
[INFO] [stdout]   35:     0x56276b8ea685 - std::sys_common::backtrace::__rust_begin_short_backtrace::h32bd51e1495d4a33
[INFO] [stdout]                                at /rustc/1b7dd2252b99671ce5d1cb9664c5f8636329436d/library/std/src/sys_common/backtrace.rs:134:18
[INFO] [stdout]   36:     0x56276b8efbc1 - std::thread::Builder::spawn_unchecked_::{{closure}}::{{closure}}::hc086fae9b128b2db
[INFO] [stdout]                                at /rustc/1b7dd2252b99671ce5d1cb9664c5f8636329436d/library/std/src/thread/mod.rs:526:17
[INFO] [stdout]   37:     0x56276b8efbc1 - <core::panic::unwind_safe::AssertUnwindSafe<F> as core::ops::function::FnOnce<()>>::call_once::hb66571888d270d43
[INFO] [stdout]                                at /rustc/1b7dd2252b99671ce5d1cb9664c5f8636329436d/library/core/src/panic/unwind_safe.rs:271:9
[INFO] [stdout]   38:     0x56276b8efbc1 - std::panicking::try::do_call::h4fa2ef4f6e51fecf
[INFO] [stdout]                                at /rustc/1b7dd2252b99671ce5d1cb9664c5f8636329436d/library/std/src/panicking.rs:485:40
[INFO] [stdout]   39:     0x56276b8efbc1 - std::panicking::try::h1e9e22b8584489b5
[INFO] [stdout]                                at /rustc/1b7dd2252b99671ce5d1cb9664c5f8636329436d/library/std/src/panicking.rs:449:19
[INFO] [stdout]   40:     0x56276b8efbc1 - std::panic::catch_unwind::h44698a3de0e0769e
[INFO] [stdout]                                at /rustc/1b7dd2252b99671ce5d1cb9664c5f8636329436d/library/std/src/panic.rs:140:14
[INFO] [stdout]   41:     0x56276b8efbc1 - std::thread::Builder::spawn_unchecked_::{{closure}}::h50153abde3fe239e
[INFO] [stdout]                                at /rustc/1b7dd2252b99671ce5d1cb9664c5f8636329436d/library/std/src/thread/mod.rs:525:30
[INFO] [stdout]   42:     0x56276b8efbc1 - core::ops::function::FnOnce::call_once{{vtable.shim}}::hbe5bbf6f38394364
[INFO] [stdout]                                at /rustc/1b7dd2252b99671ce5d1cb9664c5f8636329436d/library/core/src/ops/function.rs:250:5
[INFO] [stdout]   43:     0x56276bae2b15 - <alloc::boxed::Box<F,A> as core::ops::function::FnOnce<Args>>::call_once::h0d83cb2920a49046
[INFO] [stdout]                                at /rustc/1b7dd2252b99671ce5d1cb9664c5f8636329436d/library/alloc/src/boxed.rs:1973:9
[INFO] [stdout]   44:     0x56276bae2b15 - <alloc::boxed::Box<F,A> as core::ops::function::FnOnce<Args>>::call_once::hbe0a008aa7d9ef59
[INFO] [stdout]                                at /rustc/1b7dd2252b99671ce5d1cb9664c5f8636329436d/library/alloc/src/boxed.rs:1973:9
[INFO] [stdout]   45:     0x56276bae2b15 - std::sys::unix::thread::Thread::new::thread_start::h3a466996bdf6b1f9
[INFO] [stdout]                                at /rustc/1b7dd2252b99671ce5d1cb9664c5f8636329436d/library/std/src/sys/unix/thread.rs:108:17
[INFO] [stdout]   46:     0x7f3373f08b43 - <unknown>
[INFO] [stdout]   47:     0x7f3373f99bb4 - __clone
[INFO] [stdout]   48:                0x0 - <unknown>
[INFO] [stdout] 
[INFO] [stdout] 
[INFO] [stdout] failures:
[INFO] [stdout]     puzzle::day10::compute_adapter_chain_should::return_a_chain_of_13_for_the_first_sample
[INFO] [stdout]     puzzle::day10::count_jolt_differences_should::return_7_and_5_for_the_first_sample
[INFO] [stdout] 
[INFO] [stdout] test result: FAILED. 160 passed; 2 failed; 0 ignored; 0 measured; 0 filtered out; finished in 6.73s
[INFO] [stdout] 
[INFO] [stderr] error: test failed, to rerun pass `--bin advent2020`
[INFO] running `Command { std: "docker" "inspect" "8d6c062614e3015ec091b9e480a6c6c4dceb53a214b2a70adaa893e1be983901", kill_on_drop: false }`
[INFO] running `Command { std: "docker" "rm" "-f" "8d6c062614e3015ec091b9e480a6c6c4dceb53a214b2a70adaa893e1be983901", kill_on_drop: false }`
[INFO] [stdout] 8d6c062614e3015ec091b9e480a6c6c4dceb53a214b2a70adaa893e1be983901
