[INFO] cloning repository https://github.com/alberdingk-thijm/podesta
[INFO] running `Command { std: "git" "-c" "credential.helper=" "-c" "credential.helper=/workspace/cargo-home/bin/git-credential-null" "clone" "--bare" "https://github.com/alberdingk-thijm/podesta" "/workspace/cache/git-repos/https%3A%2F%2Fgithub.com%2Falberdingk-thijm%2Fpodesta", kill_on_drop: false }`
[INFO] [stderr] Cloning into bare repository '/workspace/cache/git-repos/https%3A%2F%2Fgithub.com%2Falberdingk-thijm%2Fpodesta'...
[INFO] running `Command { std: "git" "rev-parse" "HEAD", kill_on_drop: false }`
[INFO] [stdout] 2c546ca2fa4ae17505d61a78f547d57c5e1b68f7
[INFO] testing alberdingk-thijm/podesta against beta-2023-04-20 for beta-1.70-1
[INFO] running `Command { std: "git" "clone" "/workspace/cache/git-repos/https%3A%2F%2Fgithub.com%2Falberdingk-thijm%2Fpodesta" "/workspace/builds/worker-6-tc2/source", kill_on_drop: false }`
[INFO] [stderr] Cloning into '/workspace/builds/worker-6-tc2/source'...
[INFO] [stderr] done.
[INFO] validating manifest of git repo https://github.com/alberdingk-thijm/podesta on toolchain beta-2023-04-20
[INFO] running `Command { std: CARGO_HOME="/workspace/cargo-home" RUSTUP_HOME="/workspace/rustup-home" "/workspace/cargo-home/bin/cargo" "+beta-2023-04-20" "metadata" "--manifest-path" "Cargo.toml" "--no-deps", kill_on_drop: false }`
[INFO] started tweaking git repo https://github.com/alberdingk-thijm/podesta
[INFO] finished tweaking git repo https://github.com/alberdingk-thijm/podesta
[INFO] tweaked toml for git repo https://github.com/alberdingk-thijm/podesta written to /workspace/builds/worker-6-tc2/source/Cargo.toml
[INFO] crate git repo https://github.com/alberdingk-thijm/podesta already has a lockfile, it will not be regenerated
[INFO] running `Command { std: CARGO_HOME="/workspace/cargo-home" RUSTUP_HOME="/workspace/rustup-home" "/workspace/cargo-home/bin/cargo" "+beta-2023-04-20" "fetch" "--manifest-path" "Cargo.toml", kill_on_drop: false }`
[INFO] [stderr]     Updating crates.io index
[INFO] [stderr]  Downloading crates ...
[INFO] [stderr]   Downloaded redox_syscall v0.1.17
[INFO] [stderr]   Downloaded enum_derive v0.1.7
[INFO] [stderr]   Downloaded clap v2.24.2
[INFO] [stderr]   Downloaded bincode v0.7.0
[INFO] [stderr]   Downloaded rouler v0.1.3
[INFO] [stderr]   Downloaded time v0.1.37
[INFO] running `Command { std: "docker" "create" "-v" "/var/lib/crater-agent-workspace/builds/worker-6-tc2/target:/opt/rustwide/target:rw,Z" "-v" "/var/lib/crater-agent-workspace/builds/worker-6-tc2/source:/opt/rustwide/workdir:ro,Z" "-v" "/var/lib/crater-agent-workspace/cargo-home:/opt/rustwide/cargo-home:ro,Z" "-v" "/var/lib/crater-agent-workspace/rustup-home:/opt/rustwide/rustup-home:ro,Z" "-e" "SOURCE_DIR=/opt/rustwide/workdir" "-e" "CARGO_TARGET_DIR=/opt/rustwide/target" "-e" "CARGO_HOME=/opt/rustwide/cargo-home" "-e" "RUSTUP_HOME=/opt/rustwide/rustup-home" "-w" "/opt/rustwide/workdir" "-m" "1610612736" "--user" "0:0" "--network" "none" "ghcr.io/rust-lang/crates-build-env/linux@sha256:5ff2268d62e97bff2cde7d5815dd6ed5b47097566f13b8d0ca110b04b60e07ed" "/opt/rustwide/cargo-home/bin/cargo" "+beta-2023-04-20" "metadata" "--no-deps" "--format-version=1", kill_on_drop: false }`
[INFO] [stdout] 0ff74acd8c5348b1e8e5dfcc864d74a1294aafe56cce00913574e2417e2ae10e
[INFO] running `Command { std: "docker" "start" "-a" "0ff74acd8c5348b1e8e5dfcc864d74a1294aafe56cce00913574e2417e2ae10e", kill_on_drop: false }`
[INFO] running `Command { std: "docker" "inspect" "0ff74acd8c5348b1e8e5dfcc864d74a1294aafe56cce00913574e2417e2ae10e", kill_on_drop: false }`
[INFO] running `Command { std: "docker" "rm" "-f" "0ff74acd8c5348b1e8e5dfcc864d74a1294aafe56cce00913574e2417e2ae10e", kill_on_drop: false }`
[INFO] [stdout] 0ff74acd8c5348b1e8e5dfcc864d74a1294aafe56cce00913574e2417e2ae10e
[INFO] running `Command { std: "docker" "create" "-v" "/var/lib/crater-agent-workspace/builds/worker-6-tc2/target:/opt/rustwide/target:rw,Z" "-v" "/var/lib/crater-agent-workspace/builds/worker-6-tc2/source:/opt/rustwide/workdir:ro,Z" "-v" "/var/lib/crater-agent-workspace/cargo-home:/opt/rustwide/cargo-home:ro,Z" "-v" "/var/lib/crater-agent-workspace/rustup-home:/opt/rustwide/rustup-home:ro,Z" "-e" "SOURCE_DIR=/opt/rustwide/workdir" "-e" "CARGO_TARGET_DIR=/opt/rustwide/target" "-e" "CARGO_INCREMENTAL=0" "-e" "RUST_BACKTRACE=full" "-e" "RUSTFLAGS=--cap-lints=warn" "-e" "RUSTDOCFLAGS=--cap-lints=warn" "-e" "CARGO_HOME=/opt/rustwide/cargo-home" "-e" "RUSTUP_HOME=/opt/rustwide/rustup-home" "-w" "/opt/rustwide/workdir" "-m" "1610612736" "--user" "0:0" "--network" "none" "ghcr.io/rust-lang/crates-build-env/linux@sha256:5ff2268d62e97bff2cde7d5815dd6ed5b47097566f13b8d0ca110b04b60e07ed" "/opt/rustwide/cargo-home/bin/cargo" "+beta-2023-04-20" "build" "--frozen" "--message-format=json", kill_on_drop: false }`
[INFO] [stdout] 9ce738d4f455062b30db0e4b3cf3c7b62ef663454b43e0f79cb676fe7fcbe09f
[INFO] running `Command { std: "docker" "start" "-a" "9ce738d4f455062b30db0e4b3cf3c7b62ef663454b43e0f79cb676fe7fcbe09f", kill_on_drop: false }`
[INFO] [stderr]    Compiling libc v0.2.22
[INFO] [stderr]    Compiling unicode-xid v0.0.4
[INFO] [stderr]    Compiling quote v0.3.15
[INFO] [stderr]    Compiling serde v0.9.15
[INFO] [stderr]    Compiling names v0.11.0
[INFO] [stderr]    Compiling num-traits v0.1.37
[INFO] [stderr]    Compiling strsim v0.6.0
[INFO] [stderr]    Compiling unicode-segmentation v1.2.0
[INFO] [stderr]    Compiling synom v0.11.3
[INFO] [stderr]    Compiling syn v0.11.11
[INFO] [stderr]    Compiling rand v0.3.15
[INFO] [stderr]    Compiling atty v0.2.2
[INFO] [stderr]    Compiling term_size v0.3.0
[INFO] [stderr]    Compiling dtoa v0.4.1
[INFO] [stderr]    Compiling vec_map v0.8.0
[INFO] [stderr]    Compiling ansi_term v0.9.0
[INFO] [stderr]    Compiling bitflags v0.8.2
[INFO] [stderr]    Compiling itoa v0.3.1
[INFO] [stderr]    Compiling unicode-width v0.1.4
[INFO] [stderr]    Compiling byteorder v1.0.0
[INFO] [stderr]    Compiling pest v0.4.1
[INFO] [stderr]    Compiling clap v2.24.2
[INFO] [stderr]    Compiling time v0.1.37
[INFO] [stderr]    Compiling shlex v0.1.1
[INFO] [stderr]    Compiling macro-attr v0.2.0
[INFO] [stderr]    Compiling rouler v0.1.3
[INFO] [stderr]    Compiling enum_derive v0.1.7
[INFO] [stderr]    Compiling serde_codegen_internals v0.14.2
[INFO] [stderr]    Compiling serde_derive v0.9.15
[INFO] [stderr]    Compiling serde_json v0.9.10
[INFO] [stderr]    Compiling bincode v0.7.0
[INFO] [stderr]    Compiling podesta v0.1.0 (/opt/rustwide/workdir)
[INFO] [stdout] warning: unnecessary parentheses around block return value
[INFO] [stdout]    --> src/buildings.rs:207:9
[INFO] [stdout]     |
[INFO] [stdout] 207 |         (self.occupants.len() as f64 * 0.04f64
[INFO] [stdout]     |         ^
[INFO] [stdout] 208 |          + self.items.iter().fold(0.0, |acc, x| acc + x.borrow().collect_gold() * boost))
[INFO] [stdout]     |                                                                                         ^
[INFO] [stdout]     |
[INFO] [stdout]     = note: `#[warn(unused_parens)]` on by default
[INFO] [stdout] help: remove these parentheses
[INFO] [stdout]     |
[INFO] [stdout] 207 ~         self.occupants.len() as f64 * 0.04f64
[INFO] [stdout] 208 ~          + self.items.iter().fold(0.0, |acc, x| acc + x.borrow().collect_gold() * boost)
[INFO] [stdout]     |
[INFO] [stdout] 
[INFO] [stdout] 
[INFO] [stdout] warning: trait objects without an explicit `dyn` are deprecated
[INFO] [stdout]    --> src/libdata.rs:238:32
[INFO] [stdout]     |
[INFO] [stdout] 238 |     fn cause(&self) -> Option<&error::Error> {
[INFO] [stdout]     |                                ^^^^^^^^^^^^
[INFO] [stdout]     |
[INFO] [stdout]     = warning: this is accepted in the current edition (Rust 2015) but is a hard error in Rust 2021!
[INFO] [stdout]     = note: for more information, see <https://doc.rust-lang.org/nightly/edition-guide/rust-2021/warnings-promoted-to-error.html>
[INFO] [stdout]     = note: `#[warn(bare_trait_objects)]` on by default
[INFO] [stdout] help: use `dyn`
[INFO] [stdout]     |
[INFO] [stdout] 238 |     fn cause(&self) -> Option<&dyn error::Error> {
[INFO] [stdout]     |                                +++
[INFO] [stdout] 
[INFO] [stdout] 
[INFO] [stdout] warning: trait objects without an explicit `dyn` are deprecated
[INFO] [stdout]    --> src/quarters.rs:147:32
[INFO] [stdout]     |
[INFO] [stdout] 147 |     fn cause(&self) -> Option<&error::Error> { None }
[INFO] [stdout]     |                                ^^^^^^^^^^^^
[INFO] [stdout]     |
[INFO] [stdout]     = warning: this is accepted in the current edition (Rust 2015) but is a hard error in Rust 2021!
[INFO] [stdout]     = note: for more information, see <https://doc.rust-lang.org/nightly/edition-guide/rust-2021/warnings-promoted-to-error.html>
[INFO] [stdout] help: use `dyn`
[INFO] [stdout]     |
[INFO] [stdout] 147 |     fn cause(&self) -> Option<&dyn error::Error> { None }
[INFO] [stdout]     |                                +++
[INFO] [stdout] 
[INFO] [stdout] 
[INFO] [stdout] warning: trait objects without an explicit `dyn` are deprecated
[INFO] [stdout]   --> src/prompts.rs:48:32
[INFO] [stdout]    |
[INFO] [stdout] 48 |     fn cause(&self) -> Option<&error::Error> {
[INFO] [stdout]    |                                ^^^^^^^^^^^^
[INFO] [stdout]    |
[INFO] [stdout]    = warning: this is accepted in the current edition (Rust 2015) but is a hard error in Rust 2021!
[INFO] [stdout]    = note: for more information, see <https://doc.rust-lang.org/nightly/edition-guide/rust-2021/warnings-promoted-to-error.html>
[INFO] [stdout] help: use `dyn`
[INFO] [stdout]    |
[INFO] [stdout] 48 |     fn cause(&self) -> Option<&dyn error::Error> {
[INFO] [stdout]    |                                +++
[INFO] [stdout] 
[INFO] [stdout] 
[INFO] [stdout] warning: trait objects without an explicit `dyn` are deprecated
[INFO] [stdout]   --> src/manager.rs:98:32
[INFO] [stdout]    |
[INFO] [stdout] 98 |     fn cause(&self) -> Option<&error::Error> {
[INFO] [stdout]    |                                ^^^^^^^^^^^^
[INFO] [stdout]    |
[INFO] [stdout]    = warning: this is accepted in the current edition (Rust 2015) but is a hard error in Rust 2021!
[INFO] [stdout]    = note: for more information, see <https://doc.rust-lang.org/nightly/edition-guide/rust-2021/warnings-promoted-to-error.html>
[INFO] [stdout] help: use `dyn`
[INFO] [stdout]    |
[INFO] [stdout] 98 |     fn cause(&self) -> Option<&dyn error::Error> {
[INFO] [stdout]    |                                +++
[INFO] [stdout] 
[INFO] [stdout] 
[INFO] [stdout] warning: use of deprecated method `std::error::Error::description`: use the Display impl or to_string()
[INFO] [stdout]    --> src/libdata.rs:230:45
[INFO] [stdout]     |
[INFO] [stdout] 230 |             LibError::Serde(ref err) => err.description(),
[INFO] [stdout]     |                                             ^^^^^^^^^^^
[INFO] [stdout]     |
[INFO] [stdout]     = note: `#[warn(deprecated)]` on by default
[INFO] [stdout] 
[INFO] [stdout] 
[INFO] [stdout] warning: use of deprecated method `std::error::Error::description`: use the Display impl or to_string()
[INFO] [stdout]    --> src/libdata.rs:231:47
[INFO] [stdout]     |
[INFO] [stdout] 231 |             LibError::Bincode(ref err) => err.description(),
[INFO] [stdout]     |                                               ^^^^^^^^^^^
[INFO] [stdout] 
[INFO] [stdout] 
[INFO] [stdout] warning: use of deprecated method `std::error::Error::description`: use the Display impl or to_string()
[INFO] [stdout]    --> src/libdata.rs:232:42
[INFO] [stdout]     |
[INFO] [stdout] 232 |             LibError::Io(ref err) => err.description(),
[INFO] [stdout]     |                                          ^^^^^^^^^^^
[INFO] [stdout] 
[INFO] [stdout] 
[INFO] [stdout] warning: use of deprecated method `std::error::Error::description`: use the Display impl or to_string()
[INFO] [stdout]    --> src/libdata.rs:233:46
[INFO] [stdout]     |
[INFO] [stdout] 233 |             LibError::Prompt(ref err) => err.description(),
[INFO] [stdout]     |                                              ^^^^^^^^^^^
[INFO] [stdout] 
[INFO] [stdout] 
[INFO] [stdout] warning: use of deprecated method `std::error::Error::cause`: replaced by Error::source, which can support downcasting
[INFO] [stdout]    --> src/libdata.rs:240:45
[INFO] [stdout]     |
[INFO] [stdout] 240 |             LibError::Serde(ref err) => err.cause(),
[INFO] [stdout]     |                                             ^^^^^
[INFO] [stdout] 
[INFO] [stdout] 
[INFO] [stdout] warning: use of deprecated method `std::error::Error::cause`: replaced by Error::source, which can support downcasting
[INFO] [stdout]    --> src/libdata.rs:241:47
[INFO] [stdout]     |
[INFO] [stdout] 241 |             LibError::Bincode(ref err) => err.cause(),
[INFO] [stdout]     |                                               ^^^^^
[INFO] [stdout] 
[INFO] [stdout] 
[INFO] [stdout] warning: use of deprecated method `std::error::Error::cause`: replaced by Error::source, which can support downcasting
[INFO] [stdout]    --> src/libdata.rs:242:42
[INFO] [stdout]     |
[INFO] [stdout] 242 |             LibError::Io(ref err) => err.cause(),
[INFO] [stdout]     |                                          ^^^^^
[INFO] [stdout] 
[INFO] [stdout] 
[INFO] [stdout] warning: use of deprecated method `std::error::Error::cause`: replaced by Error::source, which can support downcasting
[INFO] [stdout]    --> src/libdata.rs:243:46
[INFO] [stdout]     |
[INFO] [stdout] 243 |             LibError::Prompt(ref err) => err.cause(),
[INFO] [stdout]     |                                              ^^^^^
[INFO] [stdout] 
[INFO] [stdout] 
[INFO] [stdout] warning: use of deprecated method `std::error::Error::description`: use the Display impl or to_string()
[INFO] [stdout]   --> src/prompts.rs:39:45
[INFO] [stdout]    |
[INFO] [stdout] 39 |             PromptError::Io(ref err) => err.description(),
[INFO] [stdout]    |                                             ^^^^^^^^^^^
[INFO] [stdout] 
[INFO] [stdout] 
[INFO] [stdout] warning: use of deprecated method `std::error::Error::description`: use the Display impl or to_string()
[INFO] [stdout]   --> src/prompts.rs:40:48
[INFO] [stdout]    |
[INFO] [stdout] 40 |             PromptError::Parse(ref err) => err.description(),
[INFO] [stdout]    |                                                ^^^^^^^^^^^
[INFO] [stdout] 
[INFO] [stdout] 
[INFO] [stdout] warning: use of deprecated method `std::error::Error::cause`: replaced by Error::source, which can support downcasting
[INFO] [stdout]   --> src/prompts.rs:50:45
[INFO] [stdout]    |
[INFO] [stdout] 50 |             PromptError::Io(ref err) => err.cause(),
[INFO] [stdout]    |                                             ^^^^^
[INFO] [stdout] 
[INFO] [stdout] 
[INFO] [stdout] warning: use of deprecated method `std::error::Error::cause`: replaced by Error::source, which can support downcasting
[INFO] [stdout]   --> src/prompts.rs:51:48
[INFO] [stdout]    |
[INFO] [stdout] 51 |             PromptError::Parse(ref err) => err.cause(),
[INFO] [stdout]    |                                                ^^^^^
[INFO] [stdout] 
[INFO] [stdout] 
[INFO] [stdout] warning: use of deprecated method `std::error::Error::description`: use the Display impl or to_string()
[INFO] [stdout]   --> src/manager.rs:91:40
[INFO] [stdout]    |
[INFO] [stdout] 91 |             Error::Lib(ref err) => err.description(),
[INFO] [stdout]    |                                        ^^^^^^^^^^^
[INFO] [stdout] 
[INFO] [stdout] 
[INFO] [stdout] warning: use of deprecated method `std::error::Error::description`: use the Display impl or to_string()
[INFO] [stdout]   --> src/manager.rs:92:42
[INFO] [stdout]    |
[INFO] [stdout] 92 |             Error::Build(ref err) => err.description(),
[INFO] [stdout]    |                                          ^^^^^^^^^^^
[INFO] [stdout] 
[INFO] [stdout] 
[INFO] [stdout] warning: method `find_hero` is never used
[INFO] [stdout]    --> src/sett.rs:214:12
[INFO] [stdout]     |
[INFO] [stdout] 31  | impl Sett {
[INFO] [stdout]     | --------- method in this implementation
[INFO] [stdout] ...
[INFO] [stdout] 214 |     pub fn find_hero(&self, bname: &str, qname: &str, hname: &str)
[INFO] [stdout]     |            ^^^^^^^^^
[INFO] [stdout]     |
[INFO] [stdout]     = note: `#[warn(dead_code)]` on by default
[INFO] [stdout] 
[INFO] [stdout] 
[INFO] [stdout] warning: variants `InvalidOccupant` and `InvalidItem` are never constructed
[INFO] [stdout]   --> src/buildings.rs:47:5
[INFO] [stdout]    |
[INFO] [stdout] 43 | pub enum OccupyError {
[INFO] [stdout]    |          ----------- variants in this enum
[INFO] [stdout] ...
[INFO] [stdout] 47 |     InvalidOccupant,
[INFO] [stdout]    |     ^^^^^^^^^^^^^^^
[INFO] [stdout] 48 |     /// Item not valid in building.
[INFO] [stdout] 49 |     InvalidItem,
[INFO] [stdout]    |     ^^^^^^^^^^^
[INFO] [stdout]    |
[INFO] [stdout]    = note: `OccupyError` has a derived impl for the trait `Debug`, but this is intentionally ignored during dead code analysis
[INFO] [stdout] 
[INFO] [stdout] 
[INFO] [stdout] warning: function `find_by_name` is never used
[INFO] [stdout]    --> src/prompts.rs:209:8
[INFO] [stdout]     |
[INFO] [stdout] 209 | pub fn find_by_name<'a, 'b, T: Described>(v: &'a [T], name: &'b str)
[INFO] [stdout]     |        ^^^^^^^^^^^^
[INFO] [stdout] 
[INFO] [stdout] 
[INFO] [stdout] warning: function `choose_by_name` is never used
[INFO] [stdout]    --> src/prompts.rs:214:8
[INFO] [stdout]     |
[INFO] [stdout] 214 | pub fn choose_by_name<T>(a: &[Rc<RefCell<T>>]) -> Result<Rc<RefCell<T>>, PromptError>
[INFO] [stdout]     |        ^^^^^^^^^^^^^^
[INFO] [stdout] 
[INFO] [stdout] 
[INFO] [stdout] warning: 23 warnings emitted
[INFO] [stdout] 
[INFO] [stdout] 
[INFO] [stdout] warning: unused label
[INFO] [stdout]   --> src/bin/pod.rs:40:9
[INFO] [stdout]    |
[INFO] [stdout] 40 |         'terms: for term in terms {
[INFO] [stdout]    |         ^^^^^^
[INFO] [stdout]    |
[INFO] [stdout]    = note: `#[warn(unused_labels)]` on by default
[INFO] [stdout] 
[INFO] [stdout] 
[INFO] [stdout] warning: 1 warning emitted
[INFO] [stdout] 
[INFO] [stdout] 
[INFO] [stderr]     Finished dev [unoptimized + debuginfo] target(s) in 8.80s
[INFO] running `Command { std: "docker" "inspect" "9ce738d4f455062b30db0e4b3cf3c7b62ef663454b43e0f79cb676fe7fcbe09f", kill_on_drop: false }`
[INFO] running `Command { std: "docker" "rm" "-f" "9ce738d4f455062b30db0e4b3cf3c7b62ef663454b43e0f79cb676fe7fcbe09f", kill_on_drop: false }`
[INFO] [stdout] 9ce738d4f455062b30db0e4b3cf3c7b62ef663454b43e0f79cb676fe7fcbe09f
[INFO] running `Command { std: "docker" "create" "-v" "/var/lib/crater-agent-workspace/builds/worker-6-tc2/target:/opt/rustwide/target:rw,Z" "-v" "/var/lib/crater-agent-workspace/builds/worker-6-tc2/source:/opt/rustwide/workdir:ro,Z" "-v" "/var/lib/crater-agent-workspace/cargo-home:/opt/rustwide/cargo-home:ro,Z" "-v" "/var/lib/crater-agent-workspace/rustup-home:/opt/rustwide/rustup-home:ro,Z" "-e" "SOURCE_DIR=/opt/rustwide/workdir" "-e" "CARGO_TARGET_DIR=/opt/rustwide/target" "-e" "CARGO_INCREMENTAL=0" "-e" "RUST_BACKTRACE=full" "-e" "RUSTFLAGS=--cap-lints=warn" "-e" "RUSTDOCFLAGS=--cap-lints=warn" "-e" "CARGO_HOME=/opt/rustwide/cargo-home" "-e" "RUSTUP_HOME=/opt/rustwide/rustup-home" "-w" "/opt/rustwide/workdir" "-m" "1610612736" "--user" "0:0" "--network" "none" "ghcr.io/rust-lang/crates-build-env/linux@sha256:5ff2268d62e97bff2cde7d5815dd6ed5b47097566f13b8d0ca110b04b60e07ed" "/opt/rustwide/cargo-home/bin/cargo" "+beta-2023-04-20" "test" "--frozen" "--no-run" "--message-format=json", kill_on_drop: false }`
[INFO] [stdout] 0fa6e2953d88aed6a1a8526db7ff181c63dd16929bf3e76b5938eb7eb2b39f7d
[INFO] running `Command { std: "docker" "start" "-a" "0fa6e2953d88aed6a1a8526db7ff181c63dd16929bf3e76b5938eb7eb2b39f7d", kill_on_drop: false }`
[INFO] [stderr]    Compiling podesta v0.1.0 (/opt/rustwide/workdir)
[INFO] [stdout] warning: unnecessary parentheses around block return value
[INFO] [stdout]    --> src/buildings.rs:207:9
[INFO] [stdout]     |
[INFO] [stdout] 207 |         (self.occupants.len() as f64 * 0.04f64
[INFO] [stdout]     |         ^
[INFO] [stdout] 208 |          + self.items.iter().fold(0.0, |acc, x| acc + x.borrow().collect_gold() * boost))
[INFO] [stdout]     |                                                                                         ^
[INFO] [stdout]     |
[INFO] [stdout]     = note: `#[warn(unused_parens)]` on by default
[INFO] [stdout] help: remove these parentheses
[INFO] [stdout]     |
[INFO] [stdout] 207 ~         self.occupants.len() as f64 * 0.04f64
[INFO] [stdout] 208 ~          + self.items.iter().fold(0.0, |acc, x| acc + x.borrow().collect_gold() * boost)
[INFO] [stdout]     |
[INFO] [stdout] 
[INFO] [stdout] 
[INFO] [stdout] warning: trait objects without an explicit `dyn` are deprecated
[INFO] [stdout]    --> src/libdata.rs:238:32
[INFO] [stdout]     |
[INFO] [stdout] 238 |     fn cause(&self) -> Option<&error::Error> {
[INFO] [stdout]     |                                ^^^^^^^^^^^^
[INFO] [stdout]     |
[INFO] [stdout]     = warning: this is accepted in the current edition (Rust 2015) but is a hard error in Rust 2021!
[INFO] [stdout]     = note: for more information, see <https://doc.rust-lang.org/nightly/edition-guide/rust-2021/warnings-promoted-to-error.html>
[INFO] [stdout]     = note: `#[warn(bare_trait_objects)]` on by default
[INFO] [stdout] help: use `dyn`
[INFO] [stdout]     |
[INFO] [stdout] 238 |     fn cause(&self) -> Option<&dyn error::Error> {
[INFO] [stdout]     |                                +++
[INFO] [stdout] 
[INFO] [stdout] 
[INFO] [stdout] warning: trait objects without an explicit `dyn` are deprecated
[INFO] [stdout]    --> src/quarters.rs:147:32
[INFO] [stdout]     |
[INFO] [stdout] 147 |     fn cause(&self) -> Option<&error::Error> { None }
[INFO] [stdout]     |                                ^^^^^^^^^^^^
[INFO] [stdout]     |
[INFO] [stdout]     = warning: this is accepted in the current edition (Rust 2015) but is a hard error in Rust 2021!
[INFO] [stdout]     = note: for more information, see <https://doc.rust-lang.org/nightly/edition-guide/rust-2021/warnings-promoted-to-error.html>
[INFO] [stdout] help: use `dyn`
[INFO] [stdout]     |
[INFO] [stdout] 147 |     fn cause(&self) -> Option<&dyn error::Error> { None }
[INFO] [stdout]     |                                +++
[INFO] [stdout] 
[INFO] [stdout] 
[INFO] [stdout] warning: trait objects without an explicit `dyn` are deprecated
[INFO] [stdout]   --> src/prompts.rs:48:32
[INFO] [stdout]    |
[INFO] [stdout] 48 |     fn cause(&self) -> Option<&error::Error> {
[INFO] [stdout]    |                                ^^^^^^^^^^^^
[INFO] [stdout]    |
[INFO] [stdout]    = warning: this is accepted in the current edition (Rust 2015) but is a hard error in Rust 2021!
[INFO] [stdout]    = note: for more information, see <https://doc.rust-lang.org/nightly/edition-guide/rust-2021/warnings-promoted-to-error.html>
[INFO] [stdout] help: use `dyn`
[INFO] [stdout]    |
[INFO] [stdout] 48 |     fn cause(&self) -> Option<&dyn error::Error> {
[INFO] [stdout]    |                                +++
[INFO] [stdout] 
[INFO] [stdout] 
[INFO] [stdout] warning: trait objects without an explicit `dyn` are deprecated
[INFO] [stdout]   --> src/manager.rs:98:32
[INFO] [stdout]    |
[INFO] [stdout] 98 |     fn cause(&self) -> Option<&error::Error> {
[INFO] [stdout]    |                                ^^^^^^^^^^^^
[INFO] [stdout]    |
[INFO] [stdout]    = warning: this is accepted in the current edition (Rust 2015) but is a hard error in Rust 2021!
[INFO] [stdout]    = note: for more information, see <https://doc.rust-lang.org/nightly/edition-guide/rust-2021/warnings-promoted-to-error.html>
[INFO] [stdout] help: use `dyn`
[INFO] [stdout]    |
[INFO] [stdout] 98 |     fn cause(&self) -> Option<&dyn error::Error> {
[INFO] [stdout]    |                                +++
[INFO] [stdout] 
[INFO] [stdout] 
[INFO] [stdout] warning: use of deprecated method `std::error::Error::description`: use the Display impl or to_string()
[INFO] [stdout]    --> src/libdata.rs:230:45
[INFO] [stdout]     |
[INFO] [stdout] 230 |             LibError::Serde(ref err) => err.description(),
[INFO] [stdout]     |                                             ^^^^^^^^^^^
[INFO] [stdout]     |
[INFO] [stdout]     = note: `#[warn(deprecated)]` on by default
[INFO] [stdout] 
[INFO] [stdout] 
[INFO] [stdout] warning: use of deprecated method `std::error::Error::description`: use the Display impl or to_string()
[INFO] [stdout]    --> src/libdata.rs:231:47
[INFO] [stdout]     |
[INFO] [stdout] 231 |             LibError::Bincode(ref err) => err.description(),
[INFO] [stdout]     |                                               ^^^^^^^^^^^
[INFO] [stdout] 
[INFO] [stdout] 
[INFO] [stdout] warning: use of deprecated method `std::error::Error::description`: use the Display impl or to_string()
[INFO] [stdout]    --> src/libdata.rs:232:42
[INFO] [stdout]     |
[INFO] [stdout] 232 |             LibError::Io(ref err) => err.description(),
[INFO] [stdout]     |                                          ^^^^^^^^^^^
[INFO] [stdout] 
[INFO] [stdout] 
[INFO] [stdout] warning: use of deprecated method `std::error::Error::description`: use the Display impl or to_string()
[INFO] [stdout]    --> src/libdata.rs:233:46
[INFO] [stdout]     |
[INFO] [stdout] 233 |             LibError::Prompt(ref err) => err.description(),
[INFO] [stdout]     |                                              ^^^^^^^^^^^
[INFO] [stdout] 
[INFO] [stdout] 
[INFO] [stdout] warning: use of deprecated method `std::error::Error::cause`: replaced by Error::source, which can support downcasting
[INFO] [stdout]    --> src/libdata.rs:240:45
[INFO] [stdout]     |
[INFO] [stdout] 240 |             LibError::Serde(ref err) => err.cause(),
[INFO] [stdout]     |                                             ^^^^^
[INFO] [stdout] 
[INFO] [stdout] 
[INFO] [stdout] warning: use of deprecated method `std::error::Error::cause`: replaced by Error::source, which can support downcasting
[INFO] [stdout]    --> src/libdata.rs:241:47
[INFO] [stdout]     |
[INFO] [stdout] 241 |             LibError::Bincode(ref err) => err.cause(),
[INFO] [stdout]     |                                               ^^^^^
[INFO] [stdout] 
[INFO] [stdout] 
[INFO] [stdout] warning: use of deprecated method `std::error::Error::cause`: replaced by Error::source, which can support downcasting
[INFO] [stdout]    --> src/libdata.rs:242:42
[INFO] [stdout]     |
[INFO] [stdout] 242 |             LibError::Io(ref err) => err.cause(),
[INFO] [stdout]     |                                          ^^^^^
[INFO] [stdout] 
[INFO] [stdout] 
[INFO] [stdout] warning: use of deprecated method `std::error::Error::cause`: replaced by Error::source, which can support downcasting
[INFO] [stdout]    --> src/libdata.rs:243:46
[INFO] [stdout]     |
[INFO] [stdout] 243 |             LibError::Prompt(ref err) => err.cause(),
[INFO] [stdout]     |                                              ^^^^^
[INFO] [stdout] 
[INFO] [stdout] 
[INFO] [stdout] warning: use of deprecated method `std::error::Error::description`: use the Display impl or to_string()
[INFO] [stdout]   --> src/prompts.rs:39:45
[INFO] [stdout]    |
[INFO] [stdout] 39 |             PromptError::Io(ref err) => err.description(),
[INFO] [stdout]    |                                             ^^^^^^^^^^^
[INFO] [stdout] 
[INFO] [stdout] 
[INFO] [stdout] warning: use of deprecated method `std::error::Error::description`: use the Display impl or to_string()
[INFO] [stdout]   --> src/prompts.rs:40:48
[INFO] [stdout]    |
[INFO] [stdout] 40 |             PromptError::Parse(ref err) => err.description(),
[INFO] [stdout]    |                                                ^^^^^^^^^^^
[INFO] [stdout] 
[INFO] [stdout] 
[INFO] [stdout] warning: use of deprecated method `std::error::Error::cause`: replaced by Error::source, which can support downcasting
[INFO] [stdout]   --> src/prompts.rs:50:45
[INFO] [stdout]    |
[INFO] [stdout] 50 |             PromptError::Io(ref err) => err.cause(),
[INFO] [stdout]    |                                             ^^^^^
[INFO] [stdout] 
[INFO] [stdout] 
[INFO] [stdout] warning: use of deprecated method `std::error::Error::cause`: replaced by Error::source, which can support downcasting
[INFO] [stdout]   --> src/prompts.rs:51:48
[INFO] [stdout]    |
[INFO] [stdout] 51 |             PromptError::Parse(ref err) => err.cause(),
[INFO] [stdout]    |                                                ^^^^^
[INFO] [stdout] 
[INFO] [stdout] 
[INFO] [stdout] warning: use of deprecated method `std::error::Error::description`: use the Display impl or to_string()
[INFO] [stdout]   --> src/manager.rs:91:40
[INFO] [stdout]    |
[INFO] [stdout] 91 |             Error::Lib(ref err) => err.description(),
[INFO] [stdout]    |                                        ^^^^^^^^^^^
[INFO] [stdout] 
[INFO] [stdout] 
[INFO] [stdout] warning: use of deprecated method `std::error::Error::description`: use the Display impl or to_string()
[INFO] [stdout]   --> src/manager.rs:92:42
[INFO] [stdout]    |
[INFO] [stdout] 92 |             Error::Build(ref err) => err.description(),
[INFO] [stdout]    |                                          ^^^^^^^^^^^
[INFO] [stdout] 
[INFO] [stdout] 
[INFO] [stdout] warning: method `find_hero` is never used
[INFO] [stdout]    --> src/sett.rs:214:12
[INFO] [stdout]     |
[INFO] [stdout] 31  | impl Sett {
[INFO] [stdout]     | --------- method in this implementation
[INFO] [stdout] ...
[INFO] [stdout] 214 |     pub fn find_hero(&self, bname: &str, qname: &str, hname: &str)
[INFO] [stdout]     |            ^^^^^^^^^
[INFO] [stdout]     |
[INFO] [stdout]     = note: `#[warn(dead_code)]` on by default
[INFO] [stdout] 
[INFO] [stdout] 
[INFO] [stdout] warning: variants `InvalidOccupant` and `InvalidItem` are never constructed
[INFO] [stdout]   --> src/buildings.rs:47:5
[INFO] [stdout]    |
[INFO] [stdout] 43 | pub enum OccupyError {
[INFO] [stdout]    |          ----------- variants in this enum
[INFO] [stdout] ...
[INFO] [stdout] 47 |     InvalidOccupant,
[INFO] [stdout]    |     ^^^^^^^^^^^^^^^
[INFO] [stdout] 48 |     /// Item not valid in building.
[INFO] [stdout] 49 |     InvalidItem,
[INFO] [stdout]    |     ^^^^^^^^^^^
[INFO] [stdout]    |
[INFO] [stdout]    = note: `OccupyError` has a derived impl for the trait `Debug`, but this is intentionally ignored during dead code analysis
[INFO] [stdout] 
[INFO] [stdout] 
[INFO] [stdout] warning: function `find_by_name` is never used
[INFO] [stdout]    --> src/prompts.rs:209:8
[INFO] [stdout]     |
[INFO] [stdout] 209 | pub fn find_by_name<'a, 'b, T: Described>(v: &'a [T], name: &'b str)
[INFO] [stdout]     |        ^^^^^^^^^^^^
[INFO] [stdout] 
[INFO] [stdout] 
[INFO] [stdout] warning: function `choose_by_name` is never used
[INFO] [stdout]    --> src/prompts.rs:214:8
[INFO] [stdout]     |
[INFO] [stdout] 214 | pub fn choose_by_name<T>(a: &[Rc<RefCell<T>>]) -> Result<Rc<RefCell<T>>, PromptError>
[INFO] [stdout]     |        ^^^^^^^^^^^^^^
[INFO] [stdout] 
[INFO] [stdout] 
[INFO] [stdout] warning: 23 warnings emitted
[INFO] [stdout] 
[INFO] [stdout] 
[INFO] [stdout] warning: unused label
[INFO] [stdout]   --> src/bin/pod.rs:40:9
[INFO] [stdout]    |
[INFO] [stdout] 40 |         'terms: for term in terms {
[INFO] [stdout]    |         ^^^^^^
[INFO] [stdout]    |
[INFO] [stdout]    = note: `#[warn(unused_labels)]` on by default
[INFO] [stdout] 
[INFO] [stdout] 
[INFO] [stdout] warning: 1 warning emitted
[INFO] [stdout] 
[INFO] [stdout] 
[INFO] [stdout] warning: unused label
[INFO] [stdout]   --> src/bin/pod.rs:40:9
[INFO] [stdout]    |
[INFO] [stdout] 40 |         'terms: for term in terms {
[INFO] [stdout]    |         ^^^^^^
[INFO] [stdout]    |
[INFO] [stdout]    = note: `#[warn(unused_labels)]` on by default
[INFO] [stdout] 
[INFO] [stdout] 
[INFO] [stdout] warning: unnecessary parentheses around block return value
[INFO] [stdout]    --> src/buildings.rs:207:9
[INFO] [stdout]     |
[INFO] [stdout] 207 |         (self.occupants.len() as f64 * 0.04f64
[INFO] [stdout]     |         ^
[INFO] [stdout] 208 |          + self.items.iter().fold(0.0, |acc, x| acc + x.borrow().collect_gold() * boost))
[INFO] [stdout]     |                                                                                         ^
[INFO] [stdout]     |
[INFO] [stdout]     = note: `#[warn(unused_parens)]` on by default
[INFO] [stdout] help: remove these parentheses
[INFO] [stdout]     |
[INFO] [stdout] 207 ~         self.occupants.len() as f64 * 0.04f64
[INFO] [stdout] 208 ~          + self.items.iter().fold(0.0, |acc, x| acc + x.borrow().collect_gold() * boost)
[INFO] [stdout]     |
[INFO] [stdout] 
[INFO] [stdout] 
[INFO] [stdout] warning: trait objects without an explicit `dyn` are deprecated
[INFO] [stdout]    --> src/libdata.rs:238:32
[INFO] [stdout]     |
[INFO] [stdout] 238 |     fn cause(&self) -> Option<&error::Error> {
[INFO] [stdout]     |                                ^^^^^^^^^^^^
[INFO] [stdout]     |
[INFO] [stdout]     = warning: this is accepted in the current edition (Rust 2015) but is a hard error in Rust 2021!
[INFO] [stdout]     = note: for more information, see <https://doc.rust-lang.org/nightly/edition-guide/rust-2021/warnings-promoted-to-error.html>
[INFO] [stdout]     = note: `#[warn(bare_trait_objects)]` on by default
[INFO] [stdout] help: use `dyn`
[INFO] [stdout]     |
[INFO] [stdout] 238 |     fn cause(&self) -> Option<&dyn error::Error> {
[INFO] [stdout]     |                                +++
[INFO] [stdout] 
[INFO] [stdout] 
[INFO] [stdout] warning: trait objects without an explicit `dyn` are deprecated
[INFO] [stdout]    --> src/quarters.rs:147:32
[INFO] [stdout]     |
[INFO] [stdout] 147 |     fn cause(&self) -> Option<&error::Error> { None }
[INFO] [stdout]     |                                ^^^^^^^^^^^^
[INFO] [stdout]     |
[INFO] [stdout]     = warning: this is accepted in the current edition (Rust 2015) but is a hard error in Rust 2021!
[INFO] [stdout]     = note: for more information, see <https://doc.rust-lang.org/nightly/edition-guide/rust-2021/warnings-promoted-to-error.html>
[INFO] [stdout] help: use `dyn`
[INFO] [stdout]     |
[INFO] [stdout] 147 |     fn cause(&self) -> Option<&dyn error::Error> { None }
[INFO] [stdout]     |                                +++
[INFO] [stdout] 
[INFO] [stdout] 
[INFO] [stdout] warning: trait objects without an explicit `dyn` are deprecated
[INFO] [stdout]   --> src/prompts.rs:48:32
[INFO] [stdout]    |
[INFO] [stdout] 48 |     fn cause(&self) -> Option<&error::Error> {
[INFO] [stdout]    |                                ^^^^^^^^^^^^
[INFO] [stdout]    |
[INFO] [stdout]    = warning: this is accepted in the current edition (Rust 2015) but is a hard error in Rust 2021!
[INFO] [stdout]    = note: for more information, see <https://doc.rust-lang.org/nightly/edition-guide/rust-2021/warnings-promoted-to-error.html>
[INFO] [stdout] help: use `dyn`
[INFO] [stdout]    |
[INFO] [stdout] 48 |     fn cause(&self) -> Option<&dyn error::Error> {
[INFO] [stdout]    |                                +++
[INFO] [stdout] 
[INFO] [stdout] 
[INFO] [stdout] warning: trait objects without an explicit `dyn` are deprecated
[INFO] [stdout]   --> src/manager.rs:98:32
[INFO] [stdout]    |
[INFO] [stdout] 98 |     fn cause(&self) -> Option<&error::Error> {
[INFO] [stdout]    |                                ^^^^^^^^^^^^
[INFO] [stdout]    |
[INFO] [stdout]    = warning: this is accepted in the current edition (Rust 2015) but is a hard error in Rust 2021!
[INFO] [stdout]    = note: for more information, see <https://doc.rust-lang.org/nightly/edition-guide/rust-2021/warnings-promoted-to-error.html>
[INFO] [stdout] help: use `dyn`
[INFO] [stdout]    |
[INFO] [stdout] 98 |     fn cause(&self) -> Option<&dyn error::Error> {
[INFO] [stdout]    |                                +++
[INFO] [stdout] 
[INFO] [stdout] 
[INFO] [stdout] warning: 1 warning emitted
[INFO] [stdout] 
[INFO] [stdout] 
[INFO] [stdout] warning: use of deprecated method `std::error::Error::description`: use the Display impl or to_string()
[INFO] [stdout]    --> src/libdata.rs:230:45
[INFO] [stdout]     |
[INFO] [stdout] 230 |             LibError::Serde(ref err) => err.description(),
[INFO] [stdout]     |                                             ^^^^^^^^^^^
[INFO] [stdout]     |
[INFO] [stdout]     = note: `#[warn(deprecated)]` on by default
[INFO] [stdout] 
[INFO] [stdout] 
[INFO] [stdout] warning: use of deprecated method `std::error::Error::description`: use the Display impl or to_string()
[INFO] [stdout]    --> src/libdata.rs:231:47
[INFO] [stdout]     |
[INFO] [stdout] 231 |             LibError::Bincode(ref err) => err.description(),
[INFO] [stdout]     |                                               ^^^^^^^^^^^
[INFO] [stdout] 
[INFO] [stdout] 
[INFO] [stdout] warning: use of deprecated method `std::error::Error::description`: use the Display impl or to_string()
[INFO] [stdout]    --> src/libdata.rs:232:42
[INFO] [stdout]     |
[INFO] [stdout] 232 |             LibError::Io(ref err) => err.description(),
[INFO] [stdout]     |                                          ^^^^^^^^^^^
[INFO] [stdout] 
[INFO] [stdout] 
[INFO] [stdout] warning: use of deprecated method `std::error::Error::description`: use the Display impl or to_string()
[INFO] [stdout]    --> src/libdata.rs:233:46
[INFO] [stdout]     |
[INFO] [stdout] 233 |             LibError::Prompt(ref err) => err.description(),
[INFO] [stdout]     |                                              ^^^^^^^^^^^
[INFO] [stdout] 
[INFO] [stdout] 
[INFO] [stdout] warning: use of deprecated method `std::error::Error::cause`: replaced by Error::source, which can support downcasting
[INFO] [stdout]    --> src/libdata.rs:240:45
[INFO] [stdout]     |
[INFO] [stdout] 240 |             LibError::Serde(ref err) => err.cause(),
[INFO] [stdout]     |                                             ^^^^^
[INFO] [stdout] 
[INFO] [stdout] 
[INFO] [stdout] warning: use of deprecated method `std::error::Error::cause`: replaced by Error::source, which can support downcasting
[INFO] [stdout]    --> src/libdata.rs:241:47
[INFO] [stdout]     |
[INFO] [stdout] 241 |             LibError::Bincode(ref err) => err.cause(),
[INFO] [stdout]     |                                               ^^^^^
[INFO] [stdout] 
[INFO] [stdout] 
[INFO] [stdout] warning: use of deprecated method `std::error::Error::cause`: replaced by Error::source, which can support downcasting
[INFO] [stdout]    --> src/libdata.rs:242:42
[INFO] [stdout]     |
[INFO] [stdout] 242 |             LibError::Io(ref err) => err.cause(),
[INFO] [stdout]     |                                          ^^^^^
[INFO] [stdout] 
[INFO] [stdout] 
[INFO] [stdout] warning: use of deprecated method `std::error::Error::cause`: replaced by Error::source, which can support downcasting
[INFO] [stdout]    --> src/libdata.rs:243:46
[INFO] [stdout]     |
[INFO] [stdout] 243 |             LibError::Prompt(ref err) => err.cause(),
[INFO] [stdout]     |                                              ^^^^^
[INFO] [stdout] 
[INFO] [stdout] 
[INFO] [stdout] warning: use of deprecated method `std::error::Error::description`: use the Display impl or to_string()
[INFO] [stdout]   --> src/prompts.rs:39:45
[INFO] [stdout]    |
[INFO] [stdout] 39 |             PromptError::Io(ref err) => err.description(),
[INFO] [stdout]    |                                             ^^^^^^^^^^^
[INFO] [stdout] 
[INFO] [stdout] 
[INFO] [stdout] warning: use of deprecated method `std::error::Error::description`: use the Display impl or to_string()
[INFO] [stdout]   --> src/prompts.rs:40:48
[INFO] [stdout]    |
[INFO] [stdout] 40 |             PromptError::Parse(ref err) => err.description(),
[INFO] [stdout]    |                                                ^^^^^^^^^^^
[INFO] [stdout] 
[INFO] [stdout] 
[INFO] [stdout] warning: use of deprecated method `std::error::Error::cause`: replaced by Error::source, which can support downcasting
[INFO] [stdout]   --> src/prompts.rs:50:45
[INFO] [stdout]    |
[INFO] [stdout] 50 |             PromptError::Io(ref err) => err.cause(),
[INFO] [stdout]    |                                             ^^^^^
[INFO] [stdout] 
[INFO] [stdout] 
[INFO] [stdout] warning: use of deprecated method `std::error::Error::cause`: replaced by Error::source, which can support downcasting
[INFO] [stdout]   --> src/prompts.rs:51:48
[INFO] [stdout]    |
[INFO] [stdout] 51 |             PromptError::Parse(ref err) => err.cause(),
[INFO] [stdout]    |                                                ^^^^^
[INFO] [stdout] 
[INFO] [stdout] 
[INFO] [stdout] warning: use of deprecated method `std::error::Error::description`: use the Display impl or to_string()
[INFO] [stdout]   --> src/manager.rs:91:40
[INFO] [stdout]    |
[INFO] [stdout] 91 |             Error::Lib(ref err) => err.description(),
[INFO] [stdout]    |                                        ^^^^^^^^^^^
[INFO] [stdout] 
[INFO] [stdout] 
[INFO] [stdout] warning: use of deprecated method `std::error::Error::description`: use the Display impl or to_string()
[INFO] [stdout]   --> src/manager.rs:92:42
[INFO] [stdout]    |
[INFO] [stdout] 92 |             Error::Build(ref err) => err.description(),
[INFO] [stdout]    |                                          ^^^^^^^^^^^
[INFO] [stdout] 
[INFO] [stdout] 
[INFO] [stdout] warning: method `find_hero` is never used
[INFO] [stdout]    --> src/sett.rs:214:12
[INFO] [stdout]     |
[INFO] [stdout] 31  | impl Sett {
[INFO] [stdout]     | --------- method in this implementation
[INFO] [stdout] ...
[INFO] [stdout] 214 |     pub fn find_hero(&self, bname: &str, qname: &str, hname: &str)
[INFO] [stdout]     |            ^^^^^^^^^
[INFO] [stdout]     |
[INFO] [stdout]     = note: `#[warn(dead_code)]` on by default
[INFO] [stdout] 
[INFO] [stdout] 
[INFO] [stdout] warning: variants `InvalidOccupant` and `InvalidItem` are never constructed
[INFO] [stdout]   --> src/buildings.rs:47:5
[INFO] [stdout]    |
[INFO] [stdout] 43 | pub enum OccupyError {
[INFO] [stdout]    |          ----------- variants in this enum
[INFO] [stdout] ...
[INFO] [stdout] 47 |     InvalidOccupant,
[INFO] [stdout]    |     ^^^^^^^^^^^^^^^
[INFO] [stdout] 48 |     /// Item not valid in building.
[INFO] [stdout] 49 |     InvalidItem,
[INFO] [stdout]    |     ^^^^^^^^^^^
[INFO] [stdout]    |
[INFO] [stdout]    = note: `OccupyError` has a derived impl for the trait `Debug`, but this is intentionally ignored during dead code analysis
[INFO] [stdout] 
[INFO] [stdout] 
[INFO] [stdout] warning: function `find_by_name` is never used
[INFO] [stdout]    --> src/prompts.rs:209:8
[INFO] [stdout]     |
[INFO] [stdout] 209 | pub fn find_by_name<'a, 'b, T: Described>(v: &'a [T], name: &'b str)
[INFO] [stdout]     |        ^^^^^^^^^^^^
[INFO] [stdout] 
[INFO] [stdout] 
[INFO] [stdout] warning: function `choose_by_name` is never used
[INFO] [stdout]    --> src/prompts.rs:214:8
[INFO] [stdout]     |
[INFO] [stdout] 214 | pub fn choose_by_name<T>(a: &[Rc<RefCell<T>>]) -> Result<Rc<RefCell<T>>, PromptError>
[INFO] [stdout]     |        ^^^^^^^^^^^^^^
[INFO] [stdout] 
[INFO] [stdout] 
[INFO] [stdout] warning: 23 warnings emitted
[INFO] [stdout] 
[INFO] [stdout] 
[INFO] [stderr]     Finished test [unoptimized + debuginfo] target(s) in 1.49s
[INFO] running `Command { std: "docker" "inspect" "0fa6e2953d88aed6a1a8526db7ff181c63dd16929bf3e76b5938eb7eb2b39f7d", kill_on_drop: false }`
[INFO] running `Command { std: "docker" "rm" "-f" "0fa6e2953d88aed6a1a8526db7ff181c63dd16929bf3e76b5938eb7eb2b39f7d", kill_on_drop: false }`
[INFO] [stdout] 0fa6e2953d88aed6a1a8526db7ff181c63dd16929bf3e76b5938eb7eb2b39f7d
[INFO] running `Command { std: "docker" "create" "-v" "/var/lib/crater-agent-workspace/builds/worker-6-tc2/target:/opt/rustwide/target:rw,Z" "-v" "/var/lib/crater-agent-workspace/builds/worker-6-tc2/source:/opt/rustwide/workdir:ro,Z" "-v" "/var/lib/crater-agent-workspace/cargo-home:/opt/rustwide/cargo-home:ro,Z" "-v" "/var/lib/crater-agent-workspace/rustup-home:/opt/rustwide/rustup-home:ro,Z" "-e" "SOURCE_DIR=/opt/rustwide/workdir" "-e" "CARGO_TARGET_DIR=/opt/rustwide/target" "-e" "CARGO_INCREMENTAL=0" "-e" "RUST_BACKTRACE=full" "-e" "RUSTFLAGS=--cap-lints=warn" "-e" "RUSTDOCFLAGS=--cap-lints=warn" "-e" "CARGO_HOME=/opt/rustwide/cargo-home" "-e" "RUSTUP_HOME=/opt/rustwide/rustup-home" "-w" "/opt/rustwide/workdir" "-m" "1610612736" "--user" "0:0" "--network" "none" "ghcr.io/rust-lang/crates-build-env/linux@sha256:5ff2268d62e97bff2cde7d5815dd6ed5b47097566f13b8d0ca110b04b60e07ed" "/opt/rustwide/cargo-home/bin/cargo" "+beta-2023-04-20" "test" "--frozen", kill_on_drop: false }`
[INFO] [stdout] e99c09cc26278eb97b4d134506d2430d299350d7c9da3f5007d4820994b01589
[INFO] running `Command { std: "docker" "start" "-a" "e99c09cc26278eb97b4d134506d2430d299350d7c9da3f5007d4820994b01589", kill_on_drop: false }`
[INFO] [stderr] warning: unnecessary parentheses around block return value
[INFO] [stderr]    --> src/buildings.rs:207:9
[INFO] [stderr]     |
[INFO] [stderr] 207 |         (self.occupants.len() as f64 * 0.04f64
[INFO] [stderr]     |         ^
[INFO] [stderr] 208 |          + self.items.iter().fold(0.0, |acc, x| acc + x.borrow().collect_gold() * boost))
[INFO] [stderr]     |                                                                                         ^
[INFO] [stderr]     |
[INFO] [stderr]     = note: `#[warn(unused_parens)]` on by default
[INFO] [stderr] help: remove these parentheses
[INFO] [stderr]     |
[INFO] [stderr] 207 ~         self.occupants.len() as f64 * 0.04f64
[INFO] [stderr] 208 ~          + self.items.iter().fold(0.0, |acc, x| acc + x.borrow().collect_gold() * boost)
[INFO] [stderr]     |
[INFO] [stderr] 
[INFO] [stderr] warning: trait objects without an explicit `dyn` are deprecated
[INFO] [stderr]    --> src/libdata.rs:238:32
[INFO] [stderr]     |
[INFO] [stderr] 238 |     fn cause(&self) -> Option<&error::Error> {
[INFO] [stderr]     |                                ^^^^^^^^^^^^
[INFO] [stderr]     |
[INFO] [stderr]     = warning: this is accepted in the current edition (Rust 2015) but is a hard error in Rust 2021!
[INFO] [stderr]     = note: for more information, see <https://doc.rust-lang.org/nightly/edition-guide/rust-2021/warnings-promoted-to-error.html>
[INFO] [stderr]     = note: `#[warn(bare_trait_objects)]` on by default
[INFO] [stderr] help: use `dyn`
[INFO] [stderr]     |
[INFO] [stderr] 238 |     fn cause(&self) -> Option<&dyn error::Error> {
[INFO] [stderr]     |                                +++
[INFO] [stderr] 
[INFO] [stderr] warning: trait objects without an explicit `dyn` are deprecated
[INFO] [stderr]    --> src/quarters.rs:147:32
[INFO] [stderr]     |
[INFO] [stderr] 147 |     fn cause(&self) -> Option<&error::Error> { None }
[INFO] [stderr]     |                                ^^^^^^^^^^^^
[INFO] [stderr]     |
[INFO] [stderr]     = warning: this is accepted in the current edition (Rust 2015) but is a hard error in Rust 2021!
[INFO] [stderr]     = note: for more information, see <https://doc.rust-lang.org/nightly/edition-guide/rust-2021/warnings-promoted-to-error.html>
[INFO] [stderr] help: use `dyn`
[INFO] [stderr]     |
[INFO] [stderr] 147 |     fn cause(&self) -> Option<&dyn error::Error> { None }
[INFO] [stderr]     |                                +++
[INFO] [stderr] 
[INFO] [stderr] warning: trait objects without an explicit `dyn` are deprecated
[INFO] [stderr]   --> src/prompts.rs:48:32
[INFO] [stderr]    |
[INFO] [stderr] 48 |     fn cause(&self) -> Option<&error::Error> {
[INFO] [stderr]    |                                ^^^^^^^^^^^^
[INFO] [stderr]    |
[INFO] [stderr]    = warning: this is accepted in the current edition (Rust 2015) but is a hard error in Rust 2021!
[INFO] [stderr]    = note: for more information, see <https://doc.rust-lang.org/nightly/edition-guide/rust-2021/warnings-promoted-to-error.html>
[INFO] [stderr] help: use `dyn`
[INFO] [stderr]    |
[INFO] [stderr] 48 |     fn cause(&self) -> Option<&dyn error::Error> {
[INFO] [stderr]    |                                +++
[INFO] [stderr] 
[INFO] [stderr] warning: trait objects without an explicit `dyn` are deprecated
[INFO] [stderr]   --> src/manager.rs:98:32
[INFO] [stderr]    |
[INFO] [stderr] 98 |     fn cause(&self) -> Option<&error::Error> {
[INFO] [stderr]    |                                ^^^^^^^^^^^^
[INFO] [stderr]    |
[INFO] [stderr]    = warning: this is accepted in the current edition (Rust 2015) but is a hard error in Rust 2021!
[INFO] [stderr]    = note: for more information, see <https://doc.rust-lang.org/nightly/edition-guide/rust-2021/warnings-promoted-to-error.html>
[INFO] [stderr] help: use `dyn`
[INFO] [stderr]    |
[INFO] [stderr] 98 |     fn cause(&self) -> Option<&dyn error::Error> {
[INFO] [stderr]    |                                +++
[INFO] [stderr] 
[INFO] [stderr] warning: use of deprecated method `std::error::Error::description`: use the Display impl or to_string()
[INFO] [stderr]    --> src/libdata.rs:230:45
[INFO] [stderr]     |
[INFO] [stderr] 230 |             LibError::Serde(ref err) => err.description(),
[INFO] [stderr]     |                                             ^^^^^^^^^^^
[INFO] [stderr]     |
[INFO] [stderr]     = note: `#[warn(deprecated)]` on by default
[INFO] [stderr] 
[INFO] [stderr] warning: use of deprecated method `std::error::Error::description`: use the Display impl or to_string()
[INFO] [stderr]    --> src/libdata.rs:231:47
[INFO] [stderr]     |
[INFO] [stderr] 231 |             LibError::Bincode(ref err) => err.description(),
[INFO] [stderr]     |                                               ^^^^^^^^^^^
[INFO] [stderr] 
[INFO] [stderr] warning: use of deprecated method `std::error::Error::description`: use the Display impl or to_string()
[INFO] [stderr]    --> src/libdata.rs:232:42
[INFO] [stderr]     |
[INFO] [stderr] 232 |             LibError::Io(ref err) => err.description(),
[INFO] [stderr]     |                                          ^^^^^^^^^^^
[INFO] [stderr] 
[INFO] [stderr] warning: use of deprecated method `std::error::Error::description`: use the Display impl or to_string()
[INFO] [stderr]    --> src/libdata.rs:233:46
[INFO] [stderr]     |
[INFO] [stderr] 233 |             LibError::Prompt(ref err) => err.description(),
[INFO] [stderr]     |                                              ^^^^^^^^^^^
[INFO] [stderr] 
[INFO] [stderr] warning: use of deprecated method `std::error::Error::cause`: replaced by Error::source, which can support downcasting
[INFO] [stderr]    --> src/libdata.rs:240:45
[INFO] [stderr]     |
[INFO] [stderr] 240 |             LibError::Serde(ref err) => err.cause(),
[INFO] [stderr]     |                                             ^^^^^
[INFO] [stderr] 
[INFO] [stderr] warning: use of deprecated method `std::error::Error::cause`: replaced by Error::source, which can support downcasting
[INFO] [stderr]    --> src/libdata.rs:241:47
[INFO] [stderr]     |
[INFO] [stderr] 241 |             LibError::Bincode(ref err) => err.cause(),
[INFO] [stderr]     |                                               ^^^^^
[INFO] [stderr] 
[INFO] [stderr] warning: use of deprecated method `std::error::Error::cause`: replaced by Error::source, which can support downcasting
[INFO] [stderr]    --> src/libdata.rs:242:42
[INFO] [stderr]     |
[INFO] [stderr] 242 |             LibError::Io(ref err) => err.cause(),
[INFO] [stderr]     |                                          ^^^^^
[INFO] [stderr] 
[INFO] [stderr] warning: use of deprecated method `std::error::Error::cause`: replaced by Error::source, which can support downcasting
[INFO] [stderr]    --> src/libdata.rs:243:46
[INFO] [stderr]     |
[INFO] [stderr] 243 |             LibError::Prompt(ref err) => err.cause(),
[INFO] [stderr]     |                                              ^^^^^
[INFO] [stderr] 
[INFO] [stderr] warning: use of deprecated method `std::error::Error::description`: use the Display impl or to_string()
[INFO] [stderr]   --> src/prompts.rs:39:45
[INFO] [stderr]    |
[INFO] [stderr] 39 |             PromptError::Io(ref err) => err.description(),
[INFO] [stderr]    |                                             ^^^^^^^^^^^
[INFO] [stderr] 
[INFO] [stderr] warning: use of deprecated method `std::error::Error::description`: use the Display impl or to_string()
[INFO] [stderr]   --> src/prompts.rs:40:48
[INFO] [stderr]    |
[INFO] [stderr] 40 |             PromptError::Parse(ref err) => err.description(),
[INFO] [stderr]    |                                                ^^^^^^^^^^^
[INFO] [stderr] 
[INFO] [stderr] warning: use of deprecated method `std::error::Error::cause`: replaced by Error::source, which can support downcasting
[INFO] [stderr]   --> src/prompts.rs:50:45
[INFO] [stderr]    |
[INFO] [stderr] 50 |             PromptError::Io(ref err) => err.cause(),
[INFO] [stderr]    |                                             ^^^^^
[INFO] [stderr] 
[INFO] [stderr] warning: use of deprecated method `std::error::Error::cause`: replaced by Error::source, which can support downcasting
[INFO] [stderr]   --> src/prompts.rs:51:48
[INFO] [stderr]    |
[INFO] [stderr] 51 |             PromptError::Parse(ref err) => err.cause(),
[INFO] [stderr]    |                                                ^^^^^
[INFO] [stderr] 
[INFO] [stderr] warning: use of deprecated method `std::error::Error::description`: use the Display impl or to_string()
[INFO] [stderr]   --> src/manager.rs:91:40
[INFO] [stderr]    |
[INFO] [stderr] 91 |             Error::Lib(ref err) => err.description(),
[INFO] [stderr]    |                                        ^^^^^^^^^^^
[INFO] [stderr] 
[INFO] [stderr] warning: use of deprecated method `std::error::Error::description`: use the Display impl or to_string()
[INFO] [stderr]   --> src/manager.rs:92:42
[INFO] [stderr]    |
[INFO] [stderr] 92 |             Error::Build(ref err) => err.description(),
[INFO] [stderr]    |                                          ^^^^^^^^^^^
[INFO] [stderr] 
[INFO] [stderr] warning: method `find_hero` is never used
[INFO] [stderr]    --> src/sett.rs:214:12
[INFO] [stderr]     |
[INFO] [stderr] 31  | impl Sett {
[INFO] [stderr]     | --------- method in this implementation
[INFO] [stderr] ...
[INFO] [stderr] 214 |     pub fn find_hero(&self, bname: &str, qname: &str, hname: &str)
[INFO] [stderr]     |            ^^^^^^^^^
[INFO] [stderr]     |
[INFO] [stderr]     = note: `#[warn(dead_code)]` on by default
[INFO] [stderr] 
[INFO] [stderr] warning: variants `InvalidOccupant` and `InvalidItem` are never constructed
[INFO] [stderr]   --> src/buildings.rs:47:5
[INFO] [stderr]    |
[INFO] [stderr] 43 | pub enum OccupyError {
[INFO] [stderr]    |          ----------- variants in this enum
[INFO] [stderr] ...
[INFO] [stderr] 47 |     InvalidOccupant,
[INFO] [stderr]    |     ^^^^^^^^^^^^^^^
[INFO] [stderr] 48 |     /// Item not valid in building.
[INFO] [stderr] 49 |     InvalidItem,
[INFO] [stderr]    |     ^^^^^^^^^^^
[INFO] [stderr]    |
[INFO] [stderr]    = note: `OccupyError` has a derived impl for the trait `Debug`, but this is intentionally ignored during dead code analysis
[INFO] [stderr] 
[INFO] [stderr] warning: function `find_by_name` is never used
[INFO] [stderr]    --> src/prompts.rs:209:8
[INFO] [stderr]     |
[INFO] [stderr] 209 | pub fn find_by_name<'a, 'b, T: Described>(v: &'a [T], name: &'b str)
[INFO] [stderr]     |        ^^^^^^^^^^^^
[INFO] [stderr] 
[INFO] [stderr] warning: function `choose_by_name` is never used
[INFO] [stderr]    --> src/prompts.rs:214:8
[INFO] [stderr]     |
[INFO] [stderr] 214 | pub fn choose_by_name<T>(a: &[Rc<RefCell<T>>]) -> Result<Rc<RefCell<T>>, PromptError>
[INFO] [stderr]     |        ^^^^^^^^^^^^^^
[INFO] [stderr] 
[INFO] [stderr] warning: `podesta` (lib) generated 23 warnings (run `cargo fix --lib -p podesta` to apply 5 suggestions)
[INFO] [stderr] warning: `podesta` (lib test) generated 23 warnings (23 duplicates)
[INFO] [stderr] warning: unused label
[INFO] [stderr]   --> src/bin/pod.rs:40:9
[INFO] [stderr]    |
[INFO] [stderr] 40 |         'terms: for term in terms {
[INFO] [stderr]    |         ^^^^^^
[INFO] [stderr]    |
[INFO] [stderr]    = note: `#[warn(unused_labels)]` on by default
[INFO] [stderr] 
[INFO] [stderr] warning: `podesta` (bin "pod" test) generated 1 warning
[INFO] [stderr] warning: `podesta` (bin "pod") generated 1 warning (1 duplicate)
[INFO] [stderr]     Finished test [unoptimized + debuginfo] target(s) in 0.02s
[INFO] [stdout] 
[INFO] [stderr]      Running unittests src/lib.rs (/opt/rustwide/target/debug/deps/podesta-7612d34131da9261)
[INFO] [stdout] running 0 tests
[INFO] [stdout] 
[INFO] [stdout] test result: ok. 0 passed; 0 failed; 0 ignored; 0 measured; 0 filtered out; finished in 0.00s
[INFO] [stdout] 
[INFO] [stderr]      Running unittests src/bin/pod.rs (/opt/rustwide/target/debug/deps/pod-3b88b111bab77fba)
[INFO] [stdout] 
[INFO] [stdout] running 0 tests
[INFO] [stdout] 
[INFO] [stdout] test result: ok. 0 passed; 0 failed; 0 ignored; 0 measured; 0 filtered out; finished in 0.00s
[INFO] [stdout] 
[INFO] [stderr]      Running tests/integration_test.rs (/opt/rustwide/target/debug/deps/integration_test-f609a5bcfa083b70)
[INFO] [stdout] 
[INFO] [stdout] running 1 test
[INFO] [stdout] test it_works ... ok
[INFO] [stdout] 
[INFO] [stdout] test result: ok. 1 passed; 0 failed; 0 ignored; 0 measured; 0 filtered out; finished in 0.00s
[INFO] [stdout] 
[INFO] [stderr]    Doc-tests podesta
[INFO] [stderr] warning: unnecessary parentheses around block return value
[INFO] [stderr]    --> /opt/rustwide/workdir/src/buildings.rs:207:9
[INFO] [stderr]     |
[INFO] [stderr] 207 |         (self.occupants.len() as f64 * 0.04f64
[INFO] [stderr]     |         ^
[INFO] [stderr] 208 |          + self.items.iter().fold(0.0, |acc, x| acc + x.borrow().collect_gold() * boost))
[INFO] [stderr]     |                                                                                         ^
[INFO] [stderr]     |
[INFO] [stderr]     = note: `#[warn(unused_parens)]` on by default
[INFO] [stderr] help: remove these parentheses
[INFO] [stderr]     |
[INFO] [stderr] 207 ~         self.occupants.len() as f64 * 0.04f64
[INFO] [stderr] 208 ~          + self.items.iter().fold(0.0, |acc, x| acc + x.borrow().collect_gold() * boost)
[INFO] [stderr]     |
[INFO] [stderr] 
[INFO] [stderr] warning: 1 warning emitted
[INFO] [stderr] 
[INFO] [stdout] 
[INFO] [stdout] running 9 tests
[INFO] [stdout] test src/effects.rs - effects::EffectStep (line 190) ... FAILED
[INFO] [stdout] test src/people.rs - people::Hero::make_governor (line 320) ... FAILED
[INFO] [stdout] test src/people.rs - people::Activity::autopsy (line 149) ... FAILED
[INFO] [stdout] test src/events.rs - events (line 6) ... FAILED
[INFO] [stdout] test src/libdata.rs - libdata (line 6) ... FAILED
[INFO] [stdout] test src/people.rs - people::Hero::step (line 215) ... FAILED
[INFO] [stdout] test src/prompts.rs - prompts::prechoose (line 181) ... FAILED
[INFO] [stdout] test src/libdata.rs - libdata::load_rbs (line 274) ... FAILED
[INFO] [stdout] test src/libdata.rs - libdata::save_rbs (line 253) ... FAILED
[INFO] [stdout] 
[INFO] [stdout] failures:
[INFO] [stdout] 
[INFO] [stdout] ---- src/effects.rs - effects::EffectStep (line 190) stdout ----
[INFO] [stdout] error[E0603]: module `effects` is private
[INFO] [stdout]   --> src/effects.rs:191:14
[INFO] [stdout]    |
[INFO] [stdout] 4  | use podesta::effects::EffectStep;
[INFO] [stdout]    |              ^^^^^^^ private module
[INFO] [stdout]    |
[INFO] [stdout] note: the module `effects` is defined here
[INFO] [stdout]   --> /opt/rustwide/workdir/src/lib.rs:23:1
[INFO] [stdout]    |
[INFO] [stdout] 23 | mod effects;
[INFO] [stdout]    | ^^^^^^^^^^^
[INFO] [stdout] 
[INFO] [stdout] error: aborting due to previous error
[INFO] [stdout] 
[INFO] [stdout] For more information about this error, try `rustc --explain E0603`.
[INFO] [stdout] Couldn't compile the test.
[INFO] [stdout] ---- src/people.rs - people::Hero::make_governor (line 320) stdout ----
[INFO] [stdout] error[E0603]: module `people` is private
[INFO] [stdout]   --> src/people.rs:321:14
[INFO] [stdout]    |
[INFO] [stdout] 4  | use podesta::people;
[INFO] [stdout]    |              ^^^^^^ private module
[INFO] [stdout]    |
[INFO] [stdout] note: the module `people` is defined here
[INFO] [stdout]   --> /opt/rustwide/workdir/src/lib.rs:19:1
[INFO] [stdout]    |
[INFO] [stdout] 19 | mod people;
[INFO] [stdout]    | ^^^^^^^^^^
[INFO] [stdout] 
[INFO] [stdout] error: aborting due to previous error
[INFO] [stdout] 
[INFO] [stdout] For more information about this error, try `rustc --explain E0603`.
[INFO] [stdout] Couldn't compile the test.
[INFO] [stdout] ---- src/people.rs - people::Activity::autopsy (line 149) stdout ----
[INFO] [stdout] error[E0603]: module `people` is private
[INFO] [stdout]   --> src/people.rs:150:14
[INFO] [stdout]    |
[INFO] [stdout] 4  | use podesta::people::Activity;
[INFO] [stdout]    |              ^^^^^^ private module
[INFO] [stdout]    |
[INFO] [stdout] note: the module `people` is defined here
[INFO] [stdout]   --> /opt/rustwide/workdir/src/lib.rs:19:1
[INFO] [stdout]    |
[INFO] [stdout] 19 | mod people;
[INFO] [stdout]    | ^^^^^^^^^^
[INFO] [stdout] 
[INFO] [stdout] error: aborting due to previous error
[INFO] [stdout] 
[INFO] [stdout] For more information about this error, try `rustc --explain E0603`.
[INFO] [stdout] Couldn't compile the test.
[INFO] [stdout] ---- src/events.rs - events (line 6) stdout ----
[INFO] [stdout] error[E0603]: module `events` is private
[INFO] [stdout]   --> src/events.rs:10:14
[INFO] [stdout]    |
[INFO] [stdout] 5  | use podesta::events;
[INFO] [stdout]    |              ^^^^^^ private module
[INFO] [stdout]    |
[INFO] [stdout] note: the module `events` is defined here
[INFO] [stdout]   --> /opt/rustwide/workdir/src/lib.rs:22:1
[INFO] [stdout]    |
[INFO] [stdout] 22 | mod events;
[INFO] [stdout]    | ^^^^^^^^^^
[INFO] [stdout] 
[INFO] [stdout] error: aborting due to previous error
[INFO] [stdout] 
[INFO] [stdout] For more information about this error, try `rustc --explain E0603`.
[INFO] [stdout] Couldn't compile the test.
[INFO] [stdout] ---- src/libdata.rs - libdata (line 6) stdout ----
[INFO] [stdout] error[E0432]: unresolved import `podesta::parser`
[INFO] [stdout]  --> src/libdata.rs:7:5
[INFO] [stdout]   |
[INFO] [stdout] 4 | use podesta::parser;
[INFO] [stdout]   |     ^^^^^^^^^^^^^^^ no `parser` in the root
[INFO] [stdout] 
[INFO] [stdout] error[E0603]: module `events` is private
[INFO] [stdout]   --> src/libdata.rs:8:14
[INFO] [stdout]    |
[INFO] [stdout] 5  | use podesta::events;
[INFO] [stdout]    |              ^^^^^^ private module
[INFO] [stdout]    |
[INFO] [stdout] note: the module `events` is defined here
[INFO] [stdout]   --> /opt/rustwide/workdir/src/lib.rs:22:1
[INFO] [stdout]    |
[INFO] [stdout] 22 | mod events;
[INFO] [stdout]    | ^^^^^^^^^^
[INFO] [stdout] 
[INFO] [stdout] error: aborting due to 2 previous errors
[INFO] [stdout] 
[INFO] [stdout] Some errors have detailed explanations: E0432, E0603.
[INFO] [stdout] For more information about an error, try `rustc --explain E0432`.
[INFO] [stdout] Couldn't compile the test.
[INFO] [stdout] ---- src/people.rs - people::Hero::step (line 215) stdout ----
[INFO] [stdout] error: expected identifier, found `"George"`
[INFO] [stdout]  --> src/people.rs:218:5
[INFO] [stdout]   |
[INFO] [stdout] 5 | let h = people::Hero::new {
[INFO] [stdout]   |         ----------------- while parsing this struct
[INFO] [stdout] 6 |     "George",
[INFO] [stdout]   |     ^^^^^^^^ expected identifier
[INFO] [stdout] 
[INFO] [stdout] error: expected identifier, found `1`
[INFO] [stdout]  --> src/people.rs:219:5
[INFO] [stdout]   |
[INFO] [stdout] 5 | let h = people::Hero::new {
[INFO] [stdout]   |         ----------------- while parsing this struct
[INFO] [stdout] 6 |     "George",
[INFO] [stdout] 7 |     1,
[INFO] [stdout]   |     ^ expected identifier
[INFO] [stdout] 
[INFO] [stdout] error: expected one of `,`, `:`, or `}`, found `::`
[INFO] [stdout]  --> src/people.rs:220:11
[INFO] [stdout]   |
[INFO] [stdout] 5 | let h = people::Hero::new {
[INFO] [stdout]   |         ----------------- while parsing this struct
[INFO] [stdout] ...
[INFO] [stdout] 8 |     people::Race::Human,
[INFO] [stdout]   |           ^^ expected one of `,`, `:`, or `}`
[INFO] [stdout] 
[INFO] [stdout] error: expected one of `,`, `:`, or `}`, found `::`
[INFO] [stdout]  --> src/people.rs:221:11
[INFO] [stdout]   |
[INFO] [stdout] 5 | let h = people::Hero::new {
[INFO] [stdout]   |         ----------------- while parsing this struct
[INFO] [stdout] ...
[INFO] [stdout] 9 |     people::Class::default()
[INFO] [stdout]   |           ^^ expected one of `,`, `:`, or `}`
[INFO] [stdout] 
[INFO] [stdout] error[E0603]: module `people` is private
[INFO] [stdout]   --> src/people.rs:216:14
[INFO] [stdout]    |
[INFO] [stdout] 4  | use podesta::people;
[INFO] [stdout]    |              ^^^^^^ private module
[INFO] [stdout]    |
[INFO] [stdout] note: the module `people` is defined here
[INFO] [stdout]   --> /opt/rustwide/workdir/src/lib.rs:19:1
[INFO] [stdout]    |
[INFO] [stdout] 19 | mod people;
[INFO] [stdout]    | ^^^^^^^^^^
[INFO] [stdout] 
[INFO] [stdout] error: aborting due to 5 previous errors
[INFO] [stdout] 
[INFO] [stdout] For more information about this error, try `rustc --explain E0603`.
[INFO] [stdout] Couldn't compile the test.
[INFO] [stdout] ---- src/prompts.rs - prompts::prechoose (line 181) stdout ----
[INFO] [stdout] error: expected `;`, found `assert_eq`
[INFO] [stdout]  --> src/prompts.rs:185:50
[INFO] [stdout]   |
[INFO] [stdout] 7 | assert_eq!(prompts::prechoose(a, Some(3)), Ok(2))
[INFO] [stdout]   |                                                  ^ help: add `;` here
[INFO] [stdout] 8 | // automatically choose when given a single-item array
[INFO] [stdout] 9 | assert_eq!(prompts::prechoose(b, None), Ok(0))
[INFO] [stdout]   | --------- unexpected token
[INFO] [stdout] 
[INFO] [stdout] error[E0603]: module `prompts` is private
[INFO] [stdout]   --> src/prompts.rs:182:14
[INFO] [stdout]    |
[INFO] [stdout] 4  | use podesta::prompts;
[INFO] [stdout]    |              ^^^^^^^ private module
[INFO] [stdout]    |
[INFO] [stdout] note: the module `prompts` is defined here
[INFO] [stdout]   --> /opt/rustwide/workdir/src/lib.rs:21:1
[INFO] [stdout]    |
[INFO] [stdout] 21 | mod prompts;
[INFO] [stdout]    | ^^^^^^^^^^^
[INFO] [stdout] 
[INFO] [stdout] error: aborting due to 2 previous errors
[INFO] [stdout] 
[INFO] [stdout] For more information about this error, try `rustc --explain E0603`.
[INFO] [stdout] Couldn't compile the test.
[INFO] [stdout] ---- src/libdata.rs - libdata::load_rbs (line 274) stdout ----
[INFO] [stdout] error: expected `;`, found keyword `let`
[INFO] [stdout]  --> src/libdata.rs:279:43
[INFO] [stdout]   |
[INFO] [stdout] 8 | parser::save_rbs(&man, "foo.rbs").unwrap()
[INFO] [stdout]   |                                           ^ help: add `;` here
[INFO] [stdout] 9 | let man = parser::load_rbs("foo.rbs").unwrap();
[INFO] [stdout]   | --- unexpected token
[INFO] [stdout] 
[INFO] [stdout] error[E0432]: unresolved import `podesta::parser`
[INFO] [stdout]  --> src/libdata.rs:275:5
[INFO] [stdout]   |
[INFO] [stdout] 4 | use podesta::parser;
[INFO] [stdout]   |     ^^^^^^^^^^^^^^^ no `parser` in the root
[INFO] [stdout] 
[INFO] [stdout] error[E0061]: this function takes 2 arguments but 4 arguments were supplied
[INFO] [stdout]    --> src/libdata.rs:277:11
[INFO] [stdout]     |
[INFO] [stdout] 6   | let man = Manager::new("regions.json",
[INFO] [stdout]     |           ^^^^^^^^^^^^ -------------- expected `&PathList`, found `&str`
[INFO] [stdout] 7   |     "buildings.json", "events.json", false);
[INFO] [stdout]     |     ----------------  ------------- unexpected argument of type `&'static str`
[INFO] [stdout]     |     |
[INFO] [stdout]     |     unexpected argument of type `&'static str`
[INFO] [stdout]     |
[INFO] [stdout]     = note: expected reference `&PathList`
[INFO] [stdout]                found reference `&'static str`
[INFO] [stdout] note: associated function defined here
[INFO] [stdout]    --> /opt/rustwide/workdir/src/manager.rs:146:12
[INFO] [stdout]     |
[INFO] [stdout] 146 |     pub fn new(pl: &libdata::PathList, verb: bool) -> Self {
[INFO] [stdout]     |            ^^^
[INFO] [stdout] help: remove the extra arguments
[INFO] [stdout]     |
[INFO] [stdout] 6   - let man = Manager::new("regions.json",
[INFO] [stdout] 6   + let man = Manager::new(/* &PathList */, false);
[INFO] [stdout]     |
[INFO] [stdout] 
[INFO] [stdout] error: aborting due to 3 previous errors
[INFO] [stdout] 
[INFO] [stdout] Some errors have detailed explanations: E0061, E0432.
[INFO] [stdout] For more information about an error, try `rustc --explain E0061`.
[INFO] [stdout] Couldn't compile the test.
[INFO] [stdout] ---- src/libdata.rs - libdata::save_rbs (line 253) stdout ----
[INFO] [stdout] error[E0432]: unresolved import `podesta::parser`
[INFO] [stdout]  --> src/libdata.rs:254:5
[INFO] [stdout]   |
[INFO] [stdout] 4 | use podesta::parser;
[INFO] [stdout]   |     ^^^^^^^^^^^^^^^ no `parser` in the root
[INFO] [stdout] 
[INFO] [stdout] error[E0061]: this function takes 2 arguments but 4 arguments were supplied
[INFO] [stdout]    --> src/libdata.rs:256:11
[INFO] [stdout]     |
[INFO] [stdout] 6   | let man = Manager::new("regions.json",
[INFO] [stdout]     |           ^^^^^^^^^^^^ -------------- expected `&PathList`, found `&str`
[INFO] [stdout] 7   |     "buildings.json", "events.json", false);
[INFO] [stdout]     |     ----------------  ------------- unexpected argument of type `&'static str`
[INFO] [stdout]     |     |
[INFO] [stdout]     |     unexpected argument of type `&'static str`
[INFO] [stdout]     |
[INFO] [stdout]     = note: expected reference `&PathList`
[INFO] [stdout]                found reference `&'static str`
[INFO] [stdout] note: associated function defined here
[INFO] [stdout]    --> /opt/rustwide/workdir/src/manager.rs:146:12
[INFO] [stdout]     |
[INFO] [stdout] 146 |     pub fn new(pl: &libdata::PathList, verb: bool) -> Self {
[INFO] [stdout]     |            ^^^
[INFO] [stdout] help: remove the extra arguments
[INFO] [stdout]     |
[INFO] [stdout] 6   - let man = Manager::new("regions.json",
[INFO] [stdout] 6   + let man = Manager::new(/* &PathList */, false);
[INFO] [stdout]     |
[INFO] [stdout] 
[INFO] [stdout] error: aborting due to 2 previous errors
[INFO] [stdout] 
[INFO] [stdout] Some errors have detailed explanations: E0061, E0432.
[INFO] [stdout] For more information about an error, try `rustc --explain E0061`.
[INFO] [stdout] Couldn't compile the test.
[INFO] [stdout] 
[INFO] [stdout] failures:
[INFO] [stdout]     src/effects.rs - effects::EffectStep (line 190)
[INFO] [stdout]     src/events.rs - events (line 6)
[INFO] [stdout]     src/libdata.rs - libdata (line 6)
[INFO] [stdout]     src/libdata.rs - libdata::load_rbs (line 274)
[INFO] [stdout]     src/libdata.rs - libdata::save_rbs (line 253)
[INFO] [stdout]     src/people.rs - people::Activity::autopsy (line 149)
[INFO] [stdout]     src/people.rs - people::Hero::make_governor (line 320)
[INFO] [stdout]     src/people.rs - people::Hero::step (line 215)
[INFO] [stdout]     src/prompts.rs - prompts::prechoose (line 181)
[INFO] [stdout] 
[INFO] [stdout] test result: FAILED. 0 passed; 9 failed; 0 ignored; 0 measured; 0 filtered out; finished in 0.11s
[INFO] [stdout] 
[INFO] [stderr] error: doctest failed, to rerun pass `--doc`
[INFO] running `Command { std: "docker" "inspect" "e99c09cc26278eb97b4d134506d2430d299350d7c9da3f5007d4820994b01589", kill_on_drop: false }`
[INFO] running `Command { std: "docker" "rm" "-f" "e99c09cc26278eb97b4d134506d2430d299350d7c9da3f5007d4820994b01589", kill_on_drop: false }`
[INFO] [stdout] e99c09cc26278eb97b4d134506d2430d299350d7c9da3f5007d4820994b01589
