[INFO] cloning repository https://github.com/alanbriolat/AdventOfCode2021
[INFO] running `Command { std: "git" "-c" "credential.helper=" "-c" "credential.helper=/workspace/cargo-home/bin/git-credential-null" "clone" "--bare" "https://github.com/alanbriolat/AdventOfCode2021" "/workspace/cache/git-repos/https%3A%2F%2Fgithub.com%2Falanbriolat%2FAdventOfCode2021", kill_on_drop: false }`
[INFO] [stderr] Cloning into bare repository '/workspace/cache/git-repos/https%3A%2F%2Fgithub.com%2Falanbriolat%2FAdventOfCode2021'...
[INFO] running `Command { std: "git" "rev-parse" "HEAD", kill_on_drop: false }`
[INFO] [stdout] f6b9a8a315fda06f54bc3e24951c718f55000208
[INFO] testing alanbriolat/AdventOfCode2021 against beta-2023-04-20 for beta-1.70-1
[INFO] running `Command { std: "git" "clone" "/workspace/cache/git-repos/https%3A%2F%2Fgithub.com%2Falanbriolat%2FAdventOfCode2021" "/workspace/builds/worker-2-tc2/source", kill_on_drop: false }`
[INFO] [stderr] Cloning into '/workspace/builds/worker-2-tc2/source'...
[INFO] [stderr] done.
[INFO] validating manifest of git repo https://github.com/alanbriolat/AdventOfCode2021 on toolchain beta-2023-04-20
[INFO] running `Command { std: CARGO_HOME="/workspace/cargo-home" RUSTUP_HOME="/workspace/rustup-home" "/workspace/cargo-home/bin/cargo" "+beta-2023-04-20" "metadata" "--manifest-path" "Cargo.toml" "--no-deps", kill_on_drop: false }`
[INFO] started tweaking git repo https://github.com/alanbriolat/AdventOfCode2021
[INFO] finished tweaking git repo https://github.com/alanbriolat/AdventOfCode2021
[INFO] tweaked toml for git repo https://github.com/alanbriolat/AdventOfCode2021 written to /workspace/builds/worker-2-tc2/source/Cargo.toml
[INFO] crate git repo https://github.com/alanbriolat/AdventOfCode2021 already has a lockfile, it will not be regenerated
[INFO] running `Command { std: CARGO_HOME="/workspace/cargo-home" RUSTUP_HOME="/workspace/rustup-home" "/workspace/cargo-home/bin/cargo" "+beta-2023-04-20" "fetch" "--manifest-path" "Cargo.toml", kill_on_drop: false }`
[INFO] [stderr]     Blocking waiting for file lock on package cache
[INFO] [stderr]  Downloading crates ...
[INFO] [stderr]   Downloaded indoc v1.0.3
[INFO] [stderr]   Downloaded bitvec v1.0.0-rc1
[INFO] running `Command { std: "docker" "create" "-v" "/var/lib/crater-agent-workspace/builds/worker-2-tc2/target:/opt/rustwide/target:rw,Z" "-v" "/var/lib/crater-agent-workspace/builds/worker-2-tc2/source:/opt/rustwide/workdir:ro,Z" "-v" "/var/lib/crater-agent-workspace/cargo-home:/opt/rustwide/cargo-home:ro,Z" "-v" "/var/lib/crater-agent-workspace/rustup-home:/opt/rustwide/rustup-home:ro,Z" "-e" "SOURCE_DIR=/opt/rustwide/workdir" "-e" "CARGO_TARGET_DIR=/opt/rustwide/target" "-e" "CARGO_HOME=/opt/rustwide/cargo-home" "-e" "RUSTUP_HOME=/opt/rustwide/rustup-home" "-w" "/opt/rustwide/workdir" "-m" "1610612736" "--user" "0:0" "--network" "none" "ghcr.io/rust-lang/crates-build-env/linux@sha256:5ff2268d62e97bff2cde7d5815dd6ed5b47097566f13b8d0ca110b04b60e07ed" "/opt/rustwide/cargo-home/bin/cargo" "+beta-2023-04-20" "metadata" "--no-deps" "--format-version=1", kill_on_drop: false }`
[INFO] [stdout] 89905a7828823a183eecf1f6af02255fe5c0a77a4437ffdf1dc71653acff1fad
[INFO] running `Command { std: "docker" "start" "-a" "89905a7828823a183eecf1f6af02255fe5c0a77a4437ffdf1dc71653acff1fad", kill_on_drop: false }`
[INFO] running `Command { std: "docker" "inspect" "89905a7828823a183eecf1f6af02255fe5c0a77a4437ffdf1dc71653acff1fad", kill_on_drop: false }`
[INFO] running `Command { std: "docker" "rm" "-f" "89905a7828823a183eecf1f6af02255fe5c0a77a4437ffdf1dc71653acff1fad", kill_on_drop: false }`
[INFO] [stdout] 89905a7828823a183eecf1f6af02255fe5c0a77a4437ffdf1dc71653acff1fad
[INFO] running `Command { std: "docker" "create" "-v" "/var/lib/crater-agent-workspace/builds/worker-2-tc2/target:/opt/rustwide/target:rw,Z" "-v" "/var/lib/crater-agent-workspace/builds/worker-2-tc2/source:/opt/rustwide/workdir:ro,Z" "-v" "/var/lib/crater-agent-workspace/cargo-home:/opt/rustwide/cargo-home:ro,Z" "-v" "/var/lib/crater-agent-workspace/rustup-home:/opt/rustwide/rustup-home:ro,Z" "-e" "SOURCE_DIR=/opt/rustwide/workdir" "-e" "CARGO_TARGET_DIR=/opt/rustwide/target" "-e" "CARGO_INCREMENTAL=0" "-e" "RUST_BACKTRACE=full" "-e" "RUSTFLAGS=--cap-lints=warn" "-e" "RUSTDOCFLAGS=--cap-lints=warn" "-e" "CARGO_HOME=/opt/rustwide/cargo-home" "-e" "RUSTUP_HOME=/opt/rustwide/rustup-home" "-w" "/opt/rustwide/workdir" "-m" "1610612736" "--user" "0:0" "--network" "none" "ghcr.io/rust-lang/crates-build-env/linux@sha256:5ff2268d62e97bff2cde7d5815dd6ed5b47097566f13b8d0ca110b04b60e07ed" "/opt/rustwide/cargo-home/bin/cargo" "+beta-2023-04-20" "build" "--frozen" "--message-format=json", kill_on_drop: false }`
[INFO] [stdout] fa4ec36192cb3c0c348c0c9c7de1b846279372fc0fb6308ba195f594b6b38f41
[INFO] running `Command { std: "docker" "start" "-a" "fa4ec36192cb3c0c348c0c9c7de1b846279372fc0fb6308ba195f594b6b38f41", kill_on_drop: false }`
[INFO] [stderr]    Compiling num-traits v0.2.14
[INFO] [stderr]    Compiling num-integer v0.1.44
[INFO] [stderr]    Compiling num-bigint v0.4.3
[INFO] [stderr]    Compiling syn v1.0.82
[INFO] [stderr]    Compiling num-iter v0.1.42
[INFO] [stderr]    Compiling num-rational v0.4.0
[INFO] [stderr]    Compiling radium v0.7.0
[INFO] [stderr]    Compiling tap v1.0.1
[INFO] [stderr]    Compiling wyz v0.5.0
[INFO] [stderr]    Compiling funty v2.0.0
[INFO] [stderr]    Compiling either v1.6.1
[INFO] [stderr]    Compiling itertools v0.10.1
[INFO] [stderr]    Compiling bitvec v1.0.0-rc1
[INFO] [stderr]    Compiling num-complex v0.4.0
[INFO] [stderr]    Compiling thiserror-impl v1.0.30
[INFO] [stderr]    Compiling num v0.4.0
[INFO] [stderr]    Compiling thiserror v1.0.30
[INFO] [stderr]    Compiling aoc2021 v0.1.0 (/opt/rustwide/workdir)
[INFO] [stdout] warning: a method with this name may be added to the standard library in the future
[INFO] [stdout]   --> src/solutions/day07.rs:29:31
[INFO] [stdout]    |
[INFO] [stdout] 29 |     let mean_floor: i64 = sum.div_floor(&(crabs.len() as i64));
[INFO] [stdout]    |                               ^^^^^^^^^
[INFO] [stdout]    |
[INFO] [stdout]    = warning: once this associated item is added to the standard library, the ambiguity may cause an error or change in behavior!
[INFO] [stdout]    = note: for more information, see issue #48919 <https://github.com/rust-lang/rust/issues/48919>
[INFO] [stdout]    = help: call with fully qualified syntax `num::Integer::div_floor(...)` to keep using the current method
[INFO] [stdout]    = note: `#[warn(unstable_name_collisions)]` on by default
[INFO] [stdout] 
[INFO] [stdout] 
[INFO] [stdout] warning: a method with this name may be added to the standard library in the future
[INFO] [stdout]   --> src/solutions/day07.rs:30:30
[INFO] [stdout]    |
[INFO] [stdout] 30 |     let mean_ceil: i64 = sum.div_ceil(&(crabs.len() as i64));
[INFO] [stdout]    |                              ^^^^^^^^
[INFO] [stdout]    |
[INFO] [stdout]    = warning: once this associated item is added to the standard library, the ambiguity may cause an error or change in behavior!
[INFO] [stdout]    = note: for more information, see issue #48919 <https://github.com/rust-lang/rust/issues/48919>
[INFO] [stdout]    = help: call with fully qualified syntax `num::Integer::div_ceil(...)` to keep using the current method
[INFO] [stdout] 
[INFO] [stdout] 
[INFO] [stdout] warning: 2 warnings emitted
[INFO] [stdout] 
[INFO] [stdout] 
[INFO] [stderr]     Finished dev [unoptimized + debuginfo] target(s) in 14.42s
[INFO] running `Command { std: "docker" "inspect" "fa4ec36192cb3c0c348c0c9c7de1b846279372fc0fb6308ba195f594b6b38f41", kill_on_drop: false }`
[INFO] running `Command { std: "docker" "rm" "-f" "fa4ec36192cb3c0c348c0c9c7de1b846279372fc0fb6308ba195f594b6b38f41", kill_on_drop: false }`
[INFO] [stdout] fa4ec36192cb3c0c348c0c9c7de1b846279372fc0fb6308ba195f594b6b38f41
[INFO] running `Command { std: "docker" "create" "-v" "/var/lib/crater-agent-workspace/builds/worker-2-tc2/target:/opt/rustwide/target:rw,Z" "-v" "/var/lib/crater-agent-workspace/builds/worker-2-tc2/source:/opt/rustwide/workdir:ro,Z" "-v" "/var/lib/crater-agent-workspace/cargo-home:/opt/rustwide/cargo-home:ro,Z" "-v" "/var/lib/crater-agent-workspace/rustup-home:/opt/rustwide/rustup-home:ro,Z" "-e" "SOURCE_DIR=/opt/rustwide/workdir" "-e" "CARGO_TARGET_DIR=/opt/rustwide/target" "-e" "CARGO_INCREMENTAL=0" "-e" "RUST_BACKTRACE=full" "-e" "RUSTFLAGS=--cap-lints=warn" "-e" "RUSTDOCFLAGS=--cap-lints=warn" "-e" "CARGO_HOME=/opt/rustwide/cargo-home" "-e" "RUSTUP_HOME=/opt/rustwide/rustup-home" "-w" "/opt/rustwide/workdir" "-m" "1610612736" "--user" "0:0" "--network" "none" "ghcr.io/rust-lang/crates-build-env/linux@sha256:5ff2268d62e97bff2cde7d5815dd6ed5b47097566f13b8d0ca110b04b60e07ed" "/opt/rustwide/cargo-home/bin/cargo" "+beta-2023-04-20" "test" "--frozen" "--no-run" "--message-format=json", kill_on_drop: false }`
[INFO] [stdout] ea7386dd670833b36c4012985638946513fffbb6ff5a0dd3f3e44aa6f2fc3b30
[INFO] running `Command { std: "docker" "start" "-a" "ea7386dd670833b36c4012985638946513fffbb6ff5a0dd3f3e44aa6f2fc3b30", kill_on_drop: false }`
[INFO] [stderr]    Compiling num-traits v0.2.14
[INFO] [stderr]    Compiling serde v1.0.130
[INFO] [stderr]    Compiling crossbeam-utils v0.8.5
[INFO] [stderr]    Compiling semver v1.0.4
[INFO] [stderr]    Compiling memoffset v0.6.4
[INFO] [stderr]    Compiling libc v0.2.108
[INFO] [stderr]    Compiling crossbeam-epoch v0.9.5
[INFO] [stderr]    Compiling ryu v1.0.6
[INFO] [stderr]    Compiling memchr v2.4.1
[INFO] [stderr]    Compiling rayon-core v1.9.1
[INFO] [stderr]    Compiling rustc_version v0.4.0
[INFO] [stderr]    Compiling serde_json v1.0.72
[INFO] [stderr]    Compiling crossbeam-channel v0.5.1
[INFO] [stderr]    Compiling cast v0.2.7
[INFO] [stderr]    Compiling num_cpus v1.13.0
[INFO] [stderr]    Compiling crossbeam-deque v0.8.1
[INFO] [stderr]    Compiling rayon v1.5.1
[INFO] [stderr]    Compiling regex-automata v0.1.10
[INFO] [stderr]    Compiling num-integer v0.1.44
[INFO] [stderr]    Compiling plotters-backend v0.3.2
[INFO] [stderr]    Compiling unicode-width v0.1.9
[INFO] [stderr]    Compiling textwrap v0.11.0
[INFO] [stderr]    Compiling num-complex v0.4.0
[INFO] [stderr]    Compiling num-bigint v0.4.3
[INFO] [stderr]    Compiling plotters-svg v0.3.1
[INFO] [stderr]    Compiling num-iter v0.1.42
[INFO] [stderr]    Compiling csv-core v0.1.10
[INFO] [stderr]    Compiling same-file v1.0.6
[INFO] [stderr]    Compiling half v1.8.2
[INFO] [stderr]    Compiling walkdir v2.3.2
[INFO] [stderr]    Compiling plotters v0.3.1
[INFO] [stderr]    Compiling serde_derive v1.0.130
[INFO] [stderr]    Compiling criterion-plot v0.4.4
[INFO] [stderr]    Compiling clap v2.34.0
[INFO] [stderr]    Compiling atty v0.2.14
[INFO] [stderr]    Compiling unindent v0.1.7
[INFO] [stderr]    Compiling num-rational v0.4.0
[INFO] [stderr]    Compiling oorandom v11.1.3
[INFO] [stderr]    Compiling bstr v0.2.17
[INFO] [stderr]    Compiling num v0.4.0
[INFO] [stderr]    Compiling serde_cbor v0.11.2
[INFO] [stderr]    Compiling indoc v1.0.3
[INFO] [stderr]    Compiling csv v1.1.6
[INFO] [stderr]    Compiling aoc2021 v0.1.0 (/opt/rustwide/workdir)
[INFO] [stdout] warning: a method with this name may be added to the standard library in the future
[INFO] [stdout]   --> src/solutions/day07.rs:29:31
[INFO] [stdout]    |
[INFO] [stdout] 29 |     let mean_floor: i64 = sum.div_floor(&(crabs.len() as i64));
[INFO] [stdout]    |                               ^^^^^^^^^
[INFO] [stdout]    |
[INFO] [stdout]    = warning: once this associated item is added to the standard library, the ambiguity may cause an error or change in behavior!
[INFO] [stdout]    = note: for more information, see issue #48919 <https://github.com/rust-lang/rust/issues/48919>
[INFO] [stdout]    = help: call with fully qualified syntax `num::Integer::div_floor(...)` to keep using the current method
[INFO] [stdout]    = note: `#[warn(unstable_name_collisions)]` on by default
[INFO] [stdout] 
[INFO] [stdout] 
[INFO] [stdout] warning: a method with this name may be added to the standard library in the future
[INFO] [stdout]   --> src/solutions/day07.rs:30:30
[INFO] [stdout]    |
[INFO] [stdout] 30 |     let mean_ceil: i64 = sum.div_ceil(&(crabs.len() as i64));
[INFO] [stdout]    |                              ^^^^^^^^
[INFO] [stdout]    |
[INFO] [stdout]    = warning: once this associated item is added to the standard library, the ambiguity may cause an error or change in behavior!
[INFO] [stdout]    = note: for more information, see issue #48919 <https://github.com/rust-lang/rust/issues/48919>
[INFO] [stdout]    = help: call with fully qualified syntax `num::Integer::div_ceil(...)` to keep using the current method
[INFO] [stdout] 
[INFO] [stdout] 
[INFO] [stderr]    Compiling tinytemplate v1.2.1
[INFO] [stderr]    Compiling criterion v0.3.5
[INFO] [stdout] warning: 2 warnings emitted
[INFO] [stdout] 
[INFO] [stdout] 
[INFO] [stdout] warning: a method with this name may be added to the standard library in the future
[INFO] [stdout]   --> src/solutions/day07.rs:29:31
[INFO] [stdout]    |
[INFO] [stdout] 29 |     let mean_floor: i64 = sum.div_floor(&(crabs.len() as i64));
[INFO] [stdout]    |                               ^^^^^^^^^
[INFO] [stdout]    |
[INFO] [stdout]    = warning: once this associated item is added to the standard library, the ambiguity may cause an error or change in behavior!
[INFO] [stdout]    = note: for more information, see issue #48919 <https://github.com/rust-lang/rust/issues/48919>
[INFO] [stdout]    = help: call with fully qualified syntax `num::Integer::div_floor(...)` to keep using the current method
[INFO] [stdout]    = note: `#[warn(unstable_name_collisions)]` on by default
[INFO] [stdout] 
[INFO] [stdout] 
[INFO] [stdout] warning: a method with this name may be added to the standard library in the future
[INFO] [stdout]   --> src/solutions/day07.rs:30:30
[INFO] [stdout]    |
[INFO] [stdout] 30 |     let mean_ceil: i64 = sum.div_ceil(&(crabs.len() as i64));
[INFO] [stdout]    |                              ^^^^^^^^
[INFO] [stdout]    |
[INFO] [stdout]    = warning: once this associated item is added to the standard library, the ambiguity may cause an error or change in behavior!
[INFO] [stdout]    = note: for more information, see issue #48919 <https://github.com/rust-lang/rust/issues/48919>
[INFO] [stdout]    = help: call with fully qualified syntax `num::Integer::div_ceil(...)` to keep using the current method
[INFO] [stdout] 
[INFO] [stdout] 
[INFO] [stdout] warning: 2 warnings emitted
[INFO] [stdout] 
[INFO] [stdout] 
[INFO] [stderr]     Finished test [unoptimized + debuginfo] target(s) in 44.30s
[INFO] [stderr] warning: the following packages contain code that will be rejected by a future version of Rust: criterion v0.3.5
[INFO] [stderr]     Blocking waiting for file lock on package cache
[INFO] [stderr] note: to see what the problems were, use the option `--future-incompat-report`, or run `cargo report future-incompatibilities --id 1`
[INFO] running `Command { std: "docker" "inspect" "ea7386dd670833b36c4012985638946513fffbb6ff5a0dd3f3e44aa6f2fc3b30", kill_on_drop: false }`
[INFO] running `Command { std: "docker" "rm" "-f" "ea7386dd670833b36c4012985638946513fffbb6ff5a0dd3f3e44aa6f2fc3b30", kill_on_drop: false }`
[INFO] [stdout] ea7386dd670833b36c4012985638946513fffbb6ff5a0dd3f3e44aa6f2fc3b30
[INFO] running `Command { std: "docker" "create" "-v" "/var/lib/crater-agent-workspace/builds/worker-2-tc2/target:/opt/rustwide/target:rw,Z" "-v" "/var/lib/crater-agent-workspace/builds/worker-2-tc2/source:/opt/rustwide/workdir:ro,Z" "-v" "/var/lib/crater-agent-workspace/cargo-home:/opt/rustwide/cargo-home:ro,Z" "-v" "/var/lib/crater-agent-workspace/rustup-home:/opt/rustwide/rustup-home:ro,Z" "-e" "SOURCE_DIR=/opt/rustwide/workdir" "-e" "CARGO_TARGET_DIR=/opt/rustwide/target" "-e" "CARGO_INCREMENTAL=0" "-e" "RUST_BACKTRACE=full" "-e" "RUSTFLAGS=--cap-lints=warn" "-e" "RUSTDOCFLAGS=--cap-lints=warn" "-e" "CARGO_HOME=/opt/rustwide/cargo-home" "-e" "RUSTUP_HOME=/opt/rustwide/rustup-home" "-w" "/opt/rustwide/workdir" "-m" "1610612736" "--user" "0:0" "--network" "none" "ghcr.io/rust-lang/crates-build-env/linux@sha256:5ff2268d62e97bff2cde7d5815dd6ed5b47097566f13b8d0ca110b04b60e07ed" "/opt/rustwide/cargo-home/bin/cargo" "+beta-2023-04-20" "test" "--frozen", kill_on_drop: false }`
[INFO] [stdout] ea86afc16238c07ff4ca40172a37348f6da6f1cbc3d502a50a1f7aa10d1de81b
[INFO] running `Command { std: "docker" "start" "-a" "ea86afc16238c07ff4ca40172a37348f6da6f1cbc3d502a50a1f7aa10d1de81b", kill_on_drop: false }`
[INFO] [stderr] warning: a method with this name may be added to the standard library in the future
[INFO] [stderr]   --> src/solutions/day07.rs:29:31
[INFO] [stderr]    |
[INFO] [stderr] 29 |     let mean_floor: i64 = sum.div_floor(&(crabs.len() as i64));
[INFO] [stderr]    |                               ^^^^^^^^^
[INFO] [stderr]    |
[INFO] [stderr]    = warning: once this associated item is added to the standard library, the ambiguity may cause an error or change in behavior!
[INFO] [stderr]    = note: for more information, see issue #48919 <https://github.com/rust-lang/rust/issues/48919>
[INFO] [stderr]    = help: call with fully qualified syntax `num::Integer::div_floor(...)` to keep using the current method
[INFO] [stderr]    = note: `#[warn(unstable_name_collisions)]` on by default
[INFO] [stderr] 
[INFO] [stderr] warning: a method with this name may be added to the standard library in the future
[INFO] [stderr]   --> src/solutions/day07.rs:30:30
[INFO] [stderr]    |
[INFO] [stderr] 30 |     let mean_ceil: i64 = sum.div_ceil(&(crabs.len() as i64));
[INFO] [stderr]    |                              ^^^^^^^^
[INFO] [stderr]    |
[INFO] [stderr]    = warning: once this associated item is added to the standard library, the ambiguity may cause an error or change in behavior!
[INFO] [stderr]    = note: for more information, see issue #48919 <https://github.com/rust-lang/rust/issues/48919>
[INFO] [stderr]    = help: call with fully qualified syntax `num::Integer::div_ceil(...)` to keep using the current method
[INFO] [stderr] 
[INFO] [stderr] warning: `aoc2021` (lib) generated 2 warnings
[INFO] [stderr] warning: `aoc2021` (lib test) generated 2 warnings (2 duplicates)
[INFO] [stderr]     Finished test [unoptimized + debuginfo] target(s) in 0.09s
[INFO] [stderr] warning: the following packages contain code that will be rejected by a future version of Rust: criterion v0.3.5
[INFO] [stderr] note: to see what the problems were, use the option `--future-incompat-report`, or run `cargo report future-incompatibilities --id 1`
[INFO] [stderr]      Running unittests src/lib.rs (/opt/rustwide/target/debug/deps/aoc2021-9508e6e9a9433f0c)
[INFO] [stdout] 
[INFO] [stdout] running 37 tests
[INFO] [stdout] test solutions::day01::tests::test_part1 ... ok
[INFO] [stdout] test solutions::day01::tests::test_part2 ... ok
[INFO] [stdout] test solutions::day02::tests::test_part1 ... ok
[INFO] [stdout] test solutions::day02::tests::test_part2 ... ok
[INFO] [stdout] test solutions::day03::tests::test_part1 ... ok
[INFO] [stdout] test solutions::day03::tests::test_part2 ... ok
[INFO] [stdout] test grid::tests::test_extent_2d ... ok
[INFO] [stdout] test solutions::day07::tests::test_part2 ... ok
[INFO] [stdout] test solutions::day08::tests::test_part1 ... ok
[INFO] [stdout] test solutions::day06::tests::test_part1 ... ok
[INFO] [stdout] test solutions::day06::tests::test_part2 ... ok
[INFO] [stdout] test solutions::day07::tests::test_part1 ... ok
[INFO] [stdout] test solutions::day04::tests::test_part1 ... ok
[INFO] [stdout] test solutions::day08::tests::test_part2 ... ok
[INFO] [stdout] test solutions::day10::tests::test_part1 ... ok
[INFO] [stdout] test solutions::day09::tests::test_part1 ... ok
[INFO] [stdout] test solutions::day04::tests::test_part2 ... ok
[INFO] [stdout] test solutions::day10::tests::test_part2 ... ok
[INFO] [stdout] test solutions::day13::tests::test_part1 ... ok
[INFO] [stdout] test solutions::day13::tests::test_part2 ... ok
[INFO] [stdout] test solutions::day09::tests::test_part2 ... ok
[INFO] [stdout] test solutions::day14::tests::test_part1 ... ok
[INFO] [stdout] test solutions::day11::tests::test_part1 ... ok
[INFO] [stdout] test solutions::day14::tests::test_part2 ... FAILED
[INFO] [stdout] test solutions::day16::tests::test_parser_basics ... ok
[INFO] [stdout] test solutions::day16::tests::test_parser_sub_packet_count ... ok
[INFO] [stdout] test solutions::day16::tests::test_parser_sub_packet_length ... ok
[INFO] [stdout] test solutions::day16::tests::test_part1 ... ok
[INFO] [stdout] test solutions::day16::tests::test_part2 ... ok
[INFO] [stdout] test vector::tests::test_vector_basics ... ok
[INFO] [stdout] test solutions::day12::tests::test_part1 ... ok
[INFO] [stdout] test solutions::day05::tests::test_part1 ... ok
[INFO] [stdout] test solutions::day15::tests::test_part1 ... ok
[INFO] [stdout] test solutions::day11::tests::test_part2 ... ok
[INFO] [stdout] test solutions::day05::tests::test_part2 ... ok
[INFO] [stdout] test solutions::day12::tests::test_part2 ... ok
[INFO] [stdout] test solutions::day15::tests::test_part2 ... ok
[INFO] [stdout] 
[INFO] [stdout] failures:
[INFO] [stdout] 
[INFO] [stdout] ---- solutions::day14::tests::test_part2 stdout ----
[INFO] [stdout] thread 'solutions::day14::tests::test_part2' panicked at 'called `Result::unwrap()` on an `Err` value: Other("not implemented")', src/solutions/day14.rs:78:64
[INFO] [stdout] stack backtrace:
[INFO] [stdout]    0:     0x55ce542cad9a - std::backtrace_rs::backtrace::libunwind::trace::h2f05d0192276a8f6
[INFO] [stdout]                                at /rustc/1b7dd2252b99671ce5d1cb9664c5f8636329436d/library/std/src/../../backtrace/src/backtrace/libunwind.rs:93:5
[INFO] [stdout]    1:     0x55ce542cad9a - std::backtrace_rs::backtrace::trace_unsynchronized::hedc23dff7a1af150
[INFO] [stdout]                                at /rustc/1b7dd2252b99671ce5d1cb9664c5f8636329436d/library/std/src/../../backtrace/src/backtrace/mod.rs:66:5
[INFO] [stdout]    2:     0x55ce542cad9a - std::sys_common::backtrace::_print_fmt::h17541ef7592f3ce2
[INFO] [stdout]                                at /rustc/1b7dd2252b99671ce5d1cb9664c5f8636329436d/library/std/src/sys_common/backtrace.rs:65:5
[INFO] [stdout]    3:     0x55ce542cad9a - <std::sys_common::backtrace::_print::DisplayBacktrace as core::fmt::Display>::fmt::h20f75df5ab0c0792
[INFO] [stdout]                                at /rustc/1b7dd2252b99671ce5d1cb9664c5f8636329436d/library/std/src/sys_common/backtrace.rs:44:22
[INFO] [stdout]    4:     0x55ce542ef46f - core::fmt::write::h78109e6f466b3af6
[INFO] [stdout]                                at /rustc/1b7dd2252b99671ce5d1cb9664c5f8636329436d/library/core/src/fmt/mod.rs:1254:17
[INFO] [stdout]    5:     0x55ce542c80e5 - std::io::Write::write_fmt::hd24bfb68a1b35a25
[INFO] [stdout]                                at /rustc/1b7dd2252b99671ce5d1cb9664c5f8636329436d/library/std/src/io/mod.rs:1698:15
[INFO] [stdout]    6:     0x55ce542cab65 - std::sys_common::backtrace::_print::h8dac57a9f8fbf9a5
[INFO] [stdout]                                at /rustc/1b7dd2252b99671ce5d1cb9664c5f8636329436d/library/std/src/sys_common/backtrace.rs:47:5
[INFO] [stdout]    7:     0x55ce542cab65 - std::sys_common::backtrace::print::hf9ecbf41d1aa712f
[INFO] [stdout]                                at /rustc/1b7dd2252b99671ce5d1cb9664c5f8636329436d/library/std/src/sys_common/backtrace.rs:34:9
[INFO] [stdout]    8:     0x55ce542cc81e - std::panicking::default_hook::{{closure}}::h04c07acfc84ca028
[INFO] [stdout]                                at /rustc/1b7dd2252b99671ce5d1cb9664c5f8636329436d/library/std/src/panicking.rs:269:22
[INFO] [stdout]    9:     0x55ce542cc551 - std::panicking::default_hook::h01f6bb23e1eceb2c
[INFO] [stdout]                                at /rustc/1b7dd2252b99671ce5d1cb9664c5f8636329436d/library/std/src/panicking.rs:285:9
[INFO] [stdout]   10:     0x55ce54298f2b - <alloc::boxed::Box<F,A> as core::ops::function::Fn<Args>>::call::h87fe9f7b2fd49e4c
[INFO] [stdout]                                at /rustc/1b7dd2252b99671ce5d1cb9664c5f8636329436d/library/alloc/src/boxed.rs:1987:9
[INFO] [stdout]   11:     0x55ce54298f2b - test::test_main::{{closure}}::he94d679243a7531b
[INFO] [stdout]                                at /rustc/1b7dd2252b99671ce5d1cb9664c5f8636329436d/library/test/src/lib.rs:134:21
[INFO] [stdout]   12:     0x55ce542ccf04 - <alloc::boxed::Box<F,A> as core::ops::function::Fn<Args>>::call::h3f2d6d8b14c4769f
[INFO] [stdout]                                at /rustc/1b7dd2252b99671ce5d1cb9664c5f8636329436d/library/alloc/src/boxed.rs:1987:9
[INFO] [stdout]   13:     0x55ce542ccf04 - std::panicking::rust_panic_with_hook::h2bb3722bbaf2f6df
[INFO] [stdout]                                at /rustc/1b7dd2252b99671ce5d1cb9664c5f8636329436d/library/std/src/panicking.rs:695:13
[INFO] [stdout]   14:     0x55ce542ccc79 - std::panicking::begin_panic_handler::{{closure}}::h91bc7f36a4be011b
[INFO] [stdout]                                at /rustc/1b7dd2252b99671ce5d1cb9664c5f8636329436d/library/std/src/panicking.rs:582:13
[INFO] [stdout]   15:     0x55ce542cb206 - std::sys_common::backtrace::__rust_end_short_backtrace::h8b3d3717114f9e59
[INFO] [stdout]                                at /rustc/1b7dd2252b99671ce5d1cb9664c5f8636329436d/library/std/src/sys_common/backtrace.rs:150:18
[INFO] [stdout]   16:     0x55ce542cc9d2 - rust_begin_unwind
[INFO] [stdout]                                at /rustc/1b7dd2252b99671ce5d1cb9664c5f8636329436d/library/std/src/panicking.rs:578:5
[INFO] [stdout]   17:     0x55ce541b0ba3 - core::panicking::panic_fmt::hfd368e3fbdabea26
[INFO] [stdout]                                at /rustc/1b7dd2252b99671ce5d1cb9664c5f8636329436d/library/core/src/panicking.rs:67:14
[INFO] [stdout]   18:     0x55ce541b10e3 - core::result::unwrap_failed::he54eb4b2f125b26f
[INFO] [stdout]                                at /rustc/1b7dd2252b99671ce5d1cb9664c5f8636329436d/library/core/src/result.rs:1687:5
[INFO] [stdout]   19:     0x55ce5423b572 - core::result::Result<T,E>::unwrap::h1a56ed5c3cc97252
[INFO] [stdout]                                at /rustc/1b7dd2252b99671ce5d1cb9664c5f8636329436d/library/core/src/result.rs:1089:23
[INFO] [stdout]   20:     0x55ce541f1097 - aoc2021::solutions::day14::tests::test_part2::h09fc53c52fed493f
[INFO] [stdout]                                at /opt/rustwide/workdir/src/solutions/day14.rs:78:20
[INFO] [stdout]   21:     0x55ce541f1027 - aoc2021::solutions::day14::tests::test_part2::{{closure}}::h1c436437ea566974
[INFO] [stdout]                                at /opt/rustwide/workdir/src/solutions/day14.rs:77:21
[INFO] [stdout]   22:     0x55ce541fefd5 - core::ops::function::FnOnce::call_once::hb8e067a0e95e2fef
[INFO] [stdout]                                at /rustc/1b7dd2252b99671ce5d1cb9664c5f8636329436d/library/core/src/ops/function.rs:250:5
[INFO] [stdout]   23:     0x55ce5429ddff - core::ops::function::FnOnce::call_once::ha6a70e79f7481a7e
[INFO] [stdout]                                at /rustc/1b7dd2252b99671ce5d1cb9664c5f8636329436d/library/core/src/ops/function.rs:250:5
[INFO] [stdout]   24:     0x55ce5429ddff - test::__rust_begin_short_backtrace::hce33033019b61e69
[INFO] [stdout]                                at /rustc/1b7dd2252b99671ce5d1cb9664c5f8636329436d/library/test/src/lib.rs:655:18
[INFO] [stdout]   25:     0x55ce5426b5ec - test::run_test::{{closure}}::h858d3528838ae3e5
[INFO] [stdout]                                at /rustc/1b7dd2252b99671ce5d1cb9664c5f8636329436d/library/test/src/lib.rs:646:30
[INFO] [stdout]   26:     0x55ce5426b5ec - core::ops::function::FnOnce::call_once{{vtable.shim}}::he8ac2b00f01ae79e
[INFO] [stdout]                                at /rustc/1b7dd2252b99671ce5d1cb9664c5f8636329436d/library/core/src/ops/function.rs:250:5
[INFO] [stdout]   27:     0x55ce5429ced6 - <alloc::boxed::Box<F,A> as core::ops::function::FnOnce<Args>>::call_once::h8093d25b522725ef
[INFO] [stdout]                                at /rustc/1b7dd2252b99671ce5d1cb9664c5f8636329436d/library/alloc/src/boxed.rs:1973:9
[INFO] [stdout]   28:     0x55ce5429ced6 - <core::panic::unwind_safe::AssertUnwindSafe<F> as core::ops::function::FnOnce<()>>::call_once::h5c334c204e4a3913
[INFO] [stdout]                                at /rustc/1b7dd2252b99671ce5d1cb9664c5f8636329436d/library/core/src/panic/unwind_safe.rs:271:9
[INFO] [stdout]   29:     0x55ce5429ced6 - std::panicking::try::do_call::ha8b740c7b9478074
[INFO] [stdout]                                at /rustc/1b7dd2252b99671ce5d1cb9664c5f8636329436d/library/std/src/panicking.rs:485:40
[INFO] [stdout]   30:     0x55ce5429ced6 - std::panicking::try::h5d34f63d0e41b64e
[INFO] [stdout]                                at /rustc/1b7dd2252b99671ce5d1cb9664c5f8636329436d/library/std/src/panicking.rs:449:19
[INFO] [stdout]   31:     0x55ce5429ced6 - std::panic::catch_unwind::hcfbb511e1aa7fc67
[INFO] [stdout]                                at /rustc/1b7dd2252b99671ce5d1cb9664c5f8636329436d/library/std/src/panic.rs:140:14
[INFO] [stdout]   32:     0x55ce5429ced6 - test::run_test_in_process::h9abda90f802eaf21
[INFO] [stdout]                                at /rustc/1b7dd2252b99671ce5d1cb9664c5f8636329436d/library/test/src/lib.rs:678:27
[INFO] [stdout]   33:     0x55ce5429ced6 - test::run_test::run_test_inner::{{closure}}::h0f058de91f6c6edf
[INFO] [stdout]                                at /rustc/1b7dd2252b99671ce5d1cb9664c5f8636329436d/library/test/src/lib.rs:572:39
[INFO] [stdout]   34:     0x55ce54265df5 - test::run_test::run_test_inner::{{closure}}::h5ca48a4c59c6c1fb
[INFO] [stdout]                                at /rustc/1b7dd2252b99671ce5d1cb9664c5f8636329436d/library/test/src/lib.rs:599:37
[INFO] [stdout]   35:     0x55ce54265df5 - std::sys_common::backtrace::__rust_begin_short_backtrace::h32bd51e1495d4a33
[INFO] [stdout]                                at /rustc/1b7dd2252b99671ce5d1cb9664c5f8636329436d/library/std/src/sys_common/backtrace.rs:134:18
[INFO] [stdout]   36:     0x55ce5426b331 - std::thread::Builder::spawn_unchecked_::{{closure}}::{{closure}}::hc086fae9b128b2db
[INFO] [stdout]                                at /rustc/1b7dd2252b99671ce5d1cb9664c5f8636329436d/library/std/src/thread/mod.rs:526:17
[INFO] [stdout]   37:     0x55ce5426b331 - <core::panic::unwind_safe::AssertUnwindSafe<F> as core::ops::function::FnOnce<()>>::call_once::hb66571888d270d43
[INFO] [stdout]                                at /rustc/1b7dd2252b99671ce5d1cb9664c5f8636329436d/library/core/src/panic/unwind_safe.rs:271:9
[INFO] [stdout]   38:     0x55ce5426b331 - std::panicking::try::do_call::h4fa2ef4f6e51fecf
[INFO] [stdout]                                at /rustc/1b7dd2252b99671ce5d1cb9664c5f8636329436d/library/std/src/panicking.rs:485:40
[INFO] [stdout]   39:     0x55ce5426b331 - std::panicking::try::h1e9e22b8584489b5
[INFO] [stdout]                                at /rustc/1b7dd2252b99671ce5d1cb9664c5f8636329436d/library/std/src/panicking.rs:449:19
[INFO] [stdout]   40:     0x55ce5426b331 - std::panic::catch_unwind::h44698a3de0e0769e
[INFO] [stdout]                                at /rustc/1b7dd2252b99671ce5d1cb9664c5f8636329436d/library/std/src/panic.rs:140:14
[INFO] [stdout]   41:     0x55ce5426b331 - std::thread::Builder::spawn_unchecked_::{{closure}}::h50153abde3fe239e
[INFO] [stdout]                                at /rustc/1b7dd2252b99671ce5d1cb9664c5f8636329436d/library/std/src/thread/mod.rs:525:30
[INFO] [stdout]   42:     0x55ce5426b331 - core::ops::function::FnOnce::call_once{{vtable.shim}}::hbe5bbf6f38394364
[INFO] [stdout]                                at /rustc/1b7dd2252b99671ce5d1cb9664c5f8636329436d/library/core/src/ops/function.rs:250:5
[INFO] [stdout]   43:     0x55ce542d1405 - <alloc::boxed::Box<F,A> as core::ops::function::FnOnce<Args>>::call_once::h0d83cb2920a49046
[INFO] [stdout]                                at /rustc/1b7dd2252b99671ce5d1cb9664c5f8636329436d/library/alloc/src/boxed.rs:1973:9
[INFO] [stdout]   44:     0x55ce542d1405 - <alloc::boxed::Box<F,A> as core::ops::function::FnOnce<Args>>::call_once::hbe0a008aa7d9ef59
[INFO] [stdout]                                at /rustc/1b7dd2252b99671ce5d1cb9664c5f8636329436d/library/alloc/src/boxed.rs:1973:9
[INFO] [stdout]   45:     0x55ce542d1405 - std::sys::unix::thread::Thread::new::thread_start::h3a466996bdf6b1f9
[INFO] [stdout]                                at /rustc/1b7dd2252b99671ce5d1cb9664c5f8636329436d/library/std/src/sys/unix/thread.rs:108:17
[INFO] [stdout]   46:     0x7f4dc2022b43 - <unknown>
[INFO] [stdout]   47:     0x7f4dc20b3bb4 - __clone
[INFO] [stdout]   48:                0x0 - <unknown>
[INFO] [stdout] 
[INFO] [stdout] 
[INFO] [stdout] failures:
[INFO] [stdout]     solutions::day14::tests::test_part2
[INFO] [stdout] 
[INFO] [stdout] test result: FAILED. 36 passed; 1 failed; 0 ignored; 0 measured; 0 filtered out; finished in 3.20s
[INFO] [stdout] 
[INFO] [stderr] error: test failed, to rerun pass `--lib`
[INFO] running `Command { std: "docker" "inspect" "ea86afc16238c07ff4ca40172a37348f6da6f1cbc3d502a50a1f7aa10d1de81b", kill_on_drop: false }`
[INFO] running `Command { std: "docker" "rm" "-f" "ea86afc16238c07ff4ca40172a37348f6da6f1cbc3d502a50a1f7aa10d1de81b", kill_on_drop: false }`
[INFO] [stdout] ea86afc16238c07ff4ca40172a37348f6da6f1cbc3d502a50a1f7aa10d1de81b
