[INFO] cloning repository https://github.com/agabani/rust-actix-web-template
[INFO] running `Command { std: "git" "-c" "credential.helper=" "-c" "credential.helper=/workspace/cargo-home/bin/git-credential-null" "clone" "--bare" "https://github.com/agabani/rust-actix-web-template" "/workspace/cache/git-repos/https%3A%2F%2Fgithub.com%2Fagabani%2Frust-actix-web-template", kill_on_drop: false }`
[INFO] [stderr] Cloning into bare repository '/workspace/cache/git-repos/https%3A%2F%2Fgithub.com%2Fagabani%2Frust-actix-web-template'...
[INFO] running `Command { std: "git" "rev-parse" "HEAD", kill_on_drop: false }`
[INFO] [stdout] 8afc2c7267daa53e6afba5bb7d10723252312c67
[INFO] testing agabani/rust-actix-web-template against 1.69.0 for beta-1.70-1
[INFO] running `Command { std: "git" "clone" "/workspace/cache/git-repos/https%3A%2F%2Fgithub.com%2Fagabani%2Frust-actix-web-template" "/workspace/builds/worker-7-tc1/source", kill_on_drop: false }`
[INFO] [stderr] Cloning into '/workspace/builds/worker-7-tc1/source'...
[INFO] [stderr] done.
[INFO] validating manifest of git repo https://github.com/agabani/rust-actix-web-template on toolchain 1.69.0
[INFO] running `Command { std: CARGO_HOME="/workspace/cargo-home" RUSTUP_HOME="/workspace/rustup-home" "/workspace/cargo-home/bin/cargo" "+1.69.0" "metadata" "--manifest-path" "Cargo.toml" "--no-deps", kill_on_drop: false }`
[INFO] started tweaking git repo https://github.com/agabani/rust-actix-web-template
[INFO] finished tweaking git repo https://github.com/agabani/rust-actix-web-template
[INFO] tweaked toml for git repo https://github.com/agabani/rust-actix-web-template written to /workspace/builds/worker-7-tc1/source/Cargo.toml
[INFO] crate git repo https://github.com/agabani/rust-actix-web-template already has a lockfile, it will not be regenerated
[INFO] running `Command { std: CARGO_HOME="/workspace/cargo-home" RUSTUP_HOME="/workspace/rustup-home" "/workspace/cargo-home/bin/cargo" "+1.69.0" "fetch" "--manifest-path" "Cargo.toml", kill_on_drop: false }`
[INFO] [stderr]  Downloading crates ...
[INFO] [stderr]   Downloaded actix-web-codegen v0.5.0-rc.2
[INFO] [stderr]   Downloaded actix-router v0.5.0-rc.3
[INFO] [stderr]   Downloaded actix-http v3.0.0-rc.2
[INFO] [stderr]   Downloaded actix-web v4.0.0-rc.3
[INFO] [stderr]   Downloaded tracing-bunyan-formatter v0.3.2
[INFO] [stderr]   Downloaded actix-web-prom v0.6.0-rc.2
[INFO] running `Command { std: "docker" "create" "-v" "/var/lib/crater-agent-workspace/builds/worker-7-tc1/target:/opt/rustwide/target:rw,Z" "-v" "/var/lib/crater-agent-workspace/builds/worker-7-tc1/source:/opt/rustwide/workdir:ro,Z" "-v" "/var/lib/crater-agent-workspace/cargo-home:/opt/rustwide/cargo-home:ro,Z" "-v" "/var/lib/crater-agent-workspace/rustup-home:/opt/rustwide/rustup-home:ro,Z" "-e" "SOURCE_DIR=/opt/rustwide/workdir" "-e" "CARGO_TARGET_DIR=/opt/rustwide/target" "-e" "CARGO_HOME=/opt/rustwide/cargo-home" "-e" "RUSTUP_HOME=/opt/rustwide/rustup-home" "-w" "/opt/rustwide/workdir" "-m" "1610612736" "--user" "0:0" "--network" "none" "ghcr.io/rust-lang/crates-build-env/linux@sha256:5ff2268d62e97bff2cde7d5815dd6ed5b47097566f13b8d0ca110b04b60e07ed" "/opt/rustwide/cargo-home/bin/cargo" "+1.69.0" "metadata" "--no-deps" "--format-version=1", kill_on_drop: false }`
[INFO] [stdout] 7dde904b78c5b64c80643fbbb00c03d0dee5df210026a083cb3c055785f7865b
[INFO] running `Command { std: "docker" "start" "-a" "7dde904b78c5b64c80643fbbb00c03d0dee5df210026a083cb3c055785f7865b", kill_on_drop: false }`
[INFO] running `Command { std: "docker" "inspect" "7dde904b78c5b64c80643fbbb00c03d0dee5df210026a083cb3c055785f7865b", kill_on_drop: false }`
[INFO] running `Command { std: "docker" "rm" "-f" "7dde904b78c5b64c80643fbbb00c03d0dee5df210026a083cb3c055785f7865b", kill_on_drop: false }`
[INFO] [stdout] 7dde904b78c5b64c80643fbbb00c03d0dee5df210026a083cb3c055785f7865b
[INFO] running `Command { std: "docker" "create" "-v" "/var/lib/crater-agent-workspace/builds/worker-7-tc1/target:/opt/rustwide/target:rw,Z" "-v" "/var/lib/crater-agent-workspace/builds/worker-7-tc1/source:/opt/rustwide/workdir:ro,Z" "-v" "/var/lib/crater-agent-workspace/cargo-home:/opt/rustwide/cargo-home:ro,Z" "-v" "/var/lib/crater-agent-workspace/rustup-home:/opt/rustwide/rustup-home:ro,Z" "-e" "SOURCE_DIR=/opt/rustwide/workdir" "-e" "CARGO_TARGET_DIR=/opt/rustwide/target" "-e" "CARGO_INCREMENTAL=0" "-e" "RUST_BACKTRACE=full" "-e" "RUSTFLAGS=--cap-lints=warn" "-e" "RUSTDOCFLAGS=--cap-lints=warn" "-e" "CARGO_HOME=/opt/rustwide/cargo-home" "-e" "RUSTUP_HOME=/opt/rustwide/rustup-home" "-w" "/opt/rustwide/workdir" "-m" "1610612736" "--user" "0:0" "--network" "none" "ghcr.io/rust-lang/crates-build-env/linux@sha256:5ff2268d62e97bff2cde7d5815dd6ed5b47097566f13b8d0ca110b04b60e07ed" "/opt/rustwide/cargo-home/bin/cargo" "+1.69.0" "build" "--frozen" "--message-format=json", kill_on_drop: false }`
[INFO] [stdout] 96c893ac1308533e9d4c58856d41f5a41bbe4df20d0b8b0ee34d7f874c33425a
[INFO] running `Command { std: "docker" "start" "-a" "96c893ac1308533e9d4c58856d41f5a41bbe4df20d0b8b0ee34d7f874c33425a", kill_on_drop: false }`
[INFO] [stderr]     Blocking waiting for file lock on package cache
[INFO] [stderr]    Compiling libc v0.2.117
[INFO] [stderr]    Compiling proc-macro2 v1.0.36
[INFO] [stderr]    Compiling unicode-xid v0.2.2
[INFO] [stderr]    Compiling syn v1.0.86
[INFO] [stderr]    Compiling memchr v2.4.1
[INFO] [stderr]    Compiling version_check v0.9.4
[INFO] [stderr]    Compiling log v0.4.14
[INFO] [stderr]    Compiling pin-project-lite v0.2.8
[INFO] [stderr]    Compiling smallvec v1.8.0
[INFO] [stderr]    Compiling itoa v1.0.1
[INFO] [stderr]    Compiling bytes v1.1.0
[INFO] [stderr]    Compiling parking_lot_core v0.8.5
[INFO] [stderr]    Compiling futures-core v0.3.21
[INFO] [stderr]    Compiling once_cell v1.9.0
[INFO] [stderr]    Compiling instant v0.1.12
[INFO] [stderr]    Compiling scopeguard v1.1.0
[INFO] [stderr]    Compiling serde_derive v1.0.136
[INFO] [stderr]    Compiling regex-syntax v0.6.25
[INFO] [stderr]    Compiling quote v1.0.15
[INFO] [stderr]    Compiling lock_api v0.4.6
[INFO] [stderr]    Compiling serde v1.0.136
[INFO] [stderr]    Compiling jobserver v0.1.24
[INFO] [stderr]    Compiling typenum v1.15.0
[INFO] [stderr]    Compiling aho-corasick v0.7.18
[INFO] [stderr]    Compiling parking_lot v0.11.2
[INFO] [stderr]    Compiling cc v1.0.72
[INFO] [stderr]    Compiling mio v0.7.14
[INFO] [stderr]    Compiling signal-hook-registry v1.4.0
[INFO] [stderr]    Compiling generic-array v0.14.5
[INFO] [stderr]    Compiling tracing-core v0.1.22
[INFO] [stderr]    Compiling futures-task v0.3.21
[INFO] [stderr]    Compiling tokio v1.16.1
[INFO] [stderr]    Compiling futures-util v0.3.21
[INFO] [stderr]    Compiling zstd-sys v1.6.3+zstd.1.5.2
[INFO] [stderr]    Compiling regex v1.5.4
[INFO] [stderr]    Compiling ryu v1.0.9
[INFO] [stderr]    Compiling fnv v1.0.7
[INFO] [stderr]    Compiling getrandom v0.2.4
[INFO] [stderr]    Compiling futures-sink v0.3.21
[INFO] [stderr]    Compiling percent-encoding v2.1.0
[INFO] [stderr]    Compiling http v0.2.6
[INFO] [stderr]    Compiling miniz_oxide v0.4.4
[INFO] [stderr]    Compiling indexmap v1.8.0
[INFO] [stderr]    Compiling zstd-safe v4.1.4+zstd.1.5.2
[INFO] [stderr]    Compiling matches v0.1.9
[INFO] [stderr]    Compiling crc32fast v1.3.2
[INFO] [stderr]    Compiling serde_json v1.0.79
[INFO] [stderr]    Compiling tinyvec_macros v0.1.0
[INFO] [stderr]    Compiling local-waker v0.1.2
[INFO] [stderr]    Compiling alloc-no-stdlib v2.0.3
[INFO] [stderr]    Compiling tinyvec v1.5.1
[INFO] [stderr]    Compiling alloc-stdlib v0.2.1
[INFO] [stderr]    Compiling block-buffer v0.10.2
[INFO] [stderr]    Compiling crypto-common v0.1.2
[INFO] [stderr]    Compiling rand_core v0.6.3
[INFO] [stderr]    Compiling bytestring v1.0.0
[INFO] [stderr]    Compiling ahash v0.7.6
[INFO] [stderr]    Compiling num-traits v0.2.14
[INFO] [stderr]    Compiling paste v1.0.6
[INFO] [stderr]    Compiling time-macros v0.2.3
[INFO] [stderr]    Compiling encoding_rs v0.8.30
[INFO] [stderr]    Compiling httparse v1.6.0
[INFO] [stderr]    Compiling hashbrown v0.11.2
[INFO] [stderr]    Compiling tokio-util v0.6.9
[INFO] [stderr]    Compiling ppv-lite86 v0.2.16
[INFO] [stderr]    Compiling adler v1.0.2
[INFO] [stderr]    Compiling num_threads v0.1.3
[INFO] [stderr]    Compiling rand_chacha v0.3.1
[INFO] [stderr]    Compiling actix-service v2.0.2
[INFO] [stderr]    Compiling time v0.3.7
[INFO] [stderr]    Compiling unicode-normalization v0.1.19
[INFO] [stderr]    Compiling digest v0.10.2
[INFO] [stderr]    Compiling brotli-decompressor v2.3.2
[INFO] [stderr]    Compiling actix-utils v3.0.0
[INFO] [stderr]    Compiling form_urlencoded v1.0.1
[INFO] [stderr]    Compiling cookie v0.16.0
[INFO] [stderr]    Compiling unicode-bidi v0.3.7
[INFO] [stderr]    Compiling lexical-core v0.7.6
[INFO] [stderr]    Compiling cpufeatures v0.2.1
[INFO] [stderr]    Compiling convert_case v0.4.0
[INFO] [stderr]    Compiling slab v0.4.5
[INFO] [stderr]    Compiling firestorm v0.5.0
[INFO] [stderr]    Compiling idna v0.2.3
[INFO] [stderr]    Compiling sha-1 v0.10.0
[INFO] [stderr]    Compiling brotli v3.3.3
[INFO] [stderr]    Compiling flate2 v1.0.22
[INFO] [stderr]    Compiling tracing-attributes v0.1.19
[INFO] [stderr]    Compiling actix-macros v0.2.3
[INFO] [stderr]    Compiling thiserror-impl v1.0.30
[INFO] [stderr]    Compiling derive_more v0.99.17
[INFO] [stderr]    Compiling actix-rt v2.6.0
[INFO] [stderr]    Compiling rand v0.8.4
[INFO] [stderr]    Compiling tracing v0.1.30
[INFO] [stderr]    Compiling h2 v0.3.11
[INFO] [stderr]    Compiling actix-codec v0.4.2
[INFO] [stderr]    Compiling local-channel v0.1.2
[INFO] [stderr]    Compiling regex-automata v0.1.10
[INFO] [stderr]    Compiling socket2 v0.4.4
[INFO] [stderr]    Compiling mio v0.8.0
[INFO] [stderr]    Compiling num_cpus v1.13.1
[INFO] [stderr]    Compiling nom v5.1.2
[INFO] [stderr]    Compiling base64 v0.13.0
[INFO] [stderr]    Compiling prometheus v0.13.0
[INFO] [stderr]    Compiling language-tags v0.3.2
[INFO] [stderr]    Compiling mime v0.3.16
[INFO] [stderr]    Compiling arrayvec v0.5.2
[INFO] [stderr]    Compiling static_assertions v1.1.0
[INFO] [stderr]    Compiling httpdate v1.0.2
[INFO] [stderr]    Compiling matchers v0.1.0
[INFO] [stderr]    Compiling actix-server v2.0.0
[INFO] [stderr]    Compiling thiserror v1.0.30
[INFO] [stderr]    Compiling num-traits v0.1.43
[INFO] [stderr]    Compiling url v2.2.2
[INFO] [stderr]    Compiling pin-project-internal v1.0.10
[INFO] [stderr]    Compiling tracing-log v0.1.2
[INFO] [stderr]    Compiling thread_local v1.1.4
[INFO] [stderr]    Compiling sharded-slab v0.1.4
[INFO] [stderr]    Compiling serde v0.8.23
[INFO] [stderr]    Compiling linked-hash-map v0.5.4
[INFO] [stderr]    Compiling ansi_term v0.12.1
[INFO] [stderr]    Compiling yaml-rust v0.4.5
[INFO] [stderr]    Compiling pin-project v1.0.10
[INFO] [stderr]    Compiling tracing-subscriber v0.3.8
[INFO] [stderr]    Compiling gethostname v0.2.2
[INFO] [stderr]    Compiling rust-ini v0.13.0
[INFO] [stderr]    Compiling tracing-futures v0.2.5
[INFO] [stderr]    Compiling serde-hjson v0.9.1
[INFO] [stderr]    Compiling actix-router v0.5.0-rc.3
[INFO] [stderr]    Compiling serde_urlencoded v0.7.1
[INFO] [stderr]    Compiling toml v0.5.8
[INFO] [stderr]    Compiling actix-web-codegen v0.5.0-rc.2
[INFO] [stderr]    Compiling tracing-bunyan-formatter v0.3.2
[INFO] [stderr]    Compiling config v0.11.0
[INFO] [stderr]    Compiling zstd v0.10.0+zstd.1.5.2
[INFO] [stderr]    Compiling actix-http v3.0.0-rc.2
[INFO] [stderr]    Compiling actix-web v4.0.0-rc.3
[INFO] [stderr]    Compiling actix-web-prom v0.6.0-rc.2
[INFO] [stderr]    Compiling template-web v0.1.0 (/opt/rustwide/workdir/crates/template-web)
[INFO] [stderr]     Finished dev [unoptimized + debuginfo] target(s) in 2m 24s
[INFO] [stderr] warning: the following packages contain code that will be rejected by a future version of Rust: nom v5.1.2
[INFO] [stderr] note: to see what the problems were, use the option `--future-incompat-report`, or run `cargo report future-incompatibilities --id 1`
[INFO] running `Command { std: "docker" "inspect" "96c893ac1308533e9d4c58856d41f5a41bbe4df20d0b8b0ee34d7f874c33425a", kill_on_drop: false }`
[INFO] running `Command { std: "docker" "rm" "-f" "96c893ac1308533e9d4c58856d41f5a41bbe4df20d0b8b0ee34d7f874c33425a", kill_on_drop: false }`
[INFO] [stdout] 96c893ac1308533e9d4c58856d41f5a41bbe4df20d0b8b0ee34d7f874c33425a
[INFO] running `Command { std: "docker" "create" "-v" "/var/lib/crater-agent-workspace/builds/worker-7-tc1/target:/opt/rustwide/target:rw,Z" "-v" "/var/lib/crater-agent-workspace/builds/worker-7-tc1/source:/opt/rustwide/workdir:ro,Z" "-v" "/var/lib/crater-agent-workspace/cargo-home:/opt/rustwide/cargo-home:ro,Z" "-v" "/var/lib/crater-agent-workspace/rustup-home:/opt/rustwide/rustup-home:ro,Z" "-e" "SOURCE_DIR=/opt/rustwide/workdir" "-e" "CARGO_TARGET_DIR=/opt/rustwide/target" "-e" "CARGO_INCREMENTAL=0" "-e" "RUST_BACKTRACE=full" "-e" "RUSTFLAGS=--cap-lints=warn" "-e" "RUSTDOCFLAGS=--cap-lints=warn" "-e" "CARGO_HOME=/opt/rustwide/cargo-home" "-e" "RUSTUP_HOME=/opt/rustwide/rustup-home" "-w" "/opt/rustwide/workdir" "-m" "1610612736" "--user" "0:0" "--network" "none" "ghcr.io/rust-lang/crates-build-env/linux@sha256:5ff2268d62e97bff2cde7d5815dd6ed5b47097566f13b8d0ca110b04b60e07ed" "/opt/rustwide/cargo-home/bin/cargo" "+1.69.0" "test" "--frozen" "--no-run" "--message-format=json", kill_on_drop: false }`
[INFO] [stdout] 5cec11323e96d1b403f82cc1a443e75700808f3eedd09489208c038efb197545
[INFO] running `Command { std: "docker" "start" "-a" "5cec11323e96d1b403f82cc1a443e75700808f3eedd09489208c038efb197545", kill_on_drop: false }`
[INFO] [stderr]    Compiling pkg-config v0.3.24
[INFO] [stderr]    Compiling foreign-types-shared v0.1.1
[INFO] [stderr]    Compiling openssl v0.10.38
[INFO] [stderr]    Compiling native-tls v0.2.8
[INFO] [stderr]    Compiling futures-channel v0.3.21
[INFO] [stderr]    Compiling try-lock v0.2.3
[INFO] [stderr]    Compiling openssl-probe v0.1.5
[INFO] [stderr]    Compiling http-body v0.4.4
[INFO] [stderr]    Compiling foreign-types v0.3.2
[INFO] [stderr]    Compiling want v0.3.0
[INFO] [stderr]    Compiling tower-service v0.3.1
[INFO] [stderr]    Compiling ipnet v2.3.1
[INFO] [stderr]    Compiling openssl-sys v0.9.72
[INFO] [stderr]    Compiling hyper v0.14.17
[INFO] [stderr]    Compiling tokio-native-tls v0.3.0
[INFO] [stderr]    Compiling hyper-tls v0.5.0
[INFO] [stderr]    Compiling reqwest v0.11.9
[INFO] [stderr]    Compiling template-web v0.1.0 (/opt/rustwide/workdir/crates/template-web)
[INFO] [stderr]     Finished test [unoptimized + debuginfo] target(s) in 16.07s
[INFO] [stderr] warning: the following packages contain code that will be rejected by a future version of Rust: nom v5.1.2
[INFO] [stderr] note: to see what the problems were, use the option `--future-incompat-report`, or run `cargo report future-incompatibilities --id 1`
[INFO] running `Command { std: "docker" "inspect" "5cec11323e96d1b403f82cc1a443e75700808f3eedd09489208c038efb197545", kill_on_drop: false }`
[INFO] running `Command { std: "docker" "rm" "-f" "5cec11323e96d1b403f82cc1a443e75700808f3eedd09489208c038efb197545", kill_on_drop: false }`
[INFO] [stdout] 5cec11323e96d1b403f82cc1a443e75700808f3eedd09489208c038efb197545
[INFO] running `Command { std: "docker" "create" "-v" "/var/lib/crater-agent-workspace/builds/worker-7-tc1/target:/opt/rustwide/target:rw,Z" "-v" "/var/lib/crater-agent-workspace/builds/worker-7-tc1/source:/opt/rustwide/workdir:ro,Z" "-v" "/var/lib/crater-agent-workspace/cargo-home:/opt/rustwide/cargo-home:ro,Z" "-v" "/var/lib/crater-agent-workspace/rustup-home:/opt/rustwide/rustup-home:ro,Z" "-e" "SOURCE_DIR=/opt/rustwide/workdir" "-e" "CARGO_TARGET_DIR=/opt/rustwide/target" "-e" "CARGO_INCREMENTAL=0" "-e" "RUST_BACKTRACE=full" "-e" "RUSTFLAGS=--cap-lints=warn" "-e" "RUSTDOCFLAGS=--cap-lints=warn" "-e" "CARGO_HOME=/opt/rustwide/cargo-home" "-e" "RUSTUP_HOME=/opt/rustwide/rustup-home" "-w" "/opt/rustwide/workdir" "-m" "1610612736" "--user" "0:0" "--network" "none" "ghcr.io/rust-lang/crates-build-env/linux@sha256:5ff2268d62e97bff2cde7d5815dd6ed5b47097566f13b8d0ca110b04b60e07ed" "/opt/rustwide/cargo-home/bin/cargo" "+1.69.0" "test" "--frozen", kill_on_drop: false }`
[INFO] [stdout] 5f638c2b7ee0c857f3e7f0d6a103f619363902b3c01dc114dfe484d355004db1
[INFO] running `Command { std: "docker" "start" "-a" "5f638c2b7ee0c857f3e7f0d6a103f619363902b3c01dc114dfe484d355004db1", kill_on_drop: false }`
[INFO] [stderr]     Blocking waiting for file lock on package cache
[INFO] [stderr]     Finished test [unoptimized + debuginfo] target(s) in 0.96s
[INFO] [stderr] warning: the following packages contain code that will be rejected by a future version of Rust: nom v5.1.2
[INFO] [stderr] note: to see what the problems were, use the option `--future-incompat-report`, or run `cargo report future-incompatibilities --id 1`
[INFO] [stderr]      Running unittests src/lib.rs (/opt/rustwide/target/debug/deps/template_web-a3d646dec934a3e5)
[INFO] [stderr]      Running unittests src/main.rs (/opt/rustwide/target/debug/deps/template_web-fab4121276450ded)
[INFO] [stdout] 
[INFO] [stdout] running 0 tests
[INFO] [stdout] 
[INFO] [stdout] test result: ok. 0 passed; 0 failed; 0 ignored; 0 measured; 0 filtered out; finished in 0.00s
[INFO] [stdout] 
[INFO] [stdout] 
[INFO] [stdout] running 0 tests
[INFO] [stdout] 
[INFO] [stdout] test result: ok. 0 passed; 0 failed; 0 ignored; 0 measured; 0 filtered out; finished in 0.00s
[INFO] [stdout] 
[INFO] [stderr]    Doc-tests template-web
[INFO] [stdout] 
[INFO] [stdout] running 4 tests
[INFO] [stdout] test src/tracing.rs - tracing::configure (line 27) ... FAILED
[INFO] [stdout] test src/tracing.rs - tracing::Result<T,E>::trace_err (line 71) ... ok
[INFO] [stdout] test src/tracing.rs - tracing::Result<T,E>::trace_err (line 64) ... ok
[INFO] [stdout] test src/tracing.rs - tracing::init (line 11) ... ok
[INFO] [stdout] 
[INFO] [stdout] failures:
[INFO] [stdout] 
[INFO] [stdout] ---- src/tracing.rs - tracing::configure (line 27) stdout ----
[INFO] [stdout] error: linking with `cc` failed: exit status: 1
[INFO] [stdout]   |
[INFO] [stdout]   = note: LC_ALL="C" PATH="/opt/rustwide/rustup-home/toolchains/1.69.0-x86_64-unknown-linux-gnu/lib/rustlib/x86_64-unknown-linux-gnu/bin:/opt/rustwide/cargo-home/bin:/usr/local/sbin:/usr/local/bin:/usr/sbin:/usr/bin:/sbin:/bin" VSLANG="1033" "cc" "-m64" "/tmp/rustcl1kams/symbols.o" "/tmp/rustdoctestB11TeE/rust_out.rust_out.5bfee551-cgu.0.rcgu.o" "/tmp/rustdoctestB11TeE/rust_out.j00p4ncf7xg64kg.rcgu.o" "-Wl,--as-needed" "-L" "/opt/rustwide/target/debug/deps" "-L" "/opt/rustwide/target/debug/deps" "-L" "/opt/rustwide/target/debug/build/zstd-sys-6af98f980c3ca235/out" "-L" "/opt/rustwide/rustup-home/toolchains/1.69.0-x86_64-unknown-linux-gnu/lib/rustlib/x86_64-unknown-linux-gnu/lib" "-Wl,-Bstatic" "/opt/rustwide/target/debug/deps/libtemplate_web-de6e6dcd028297dc.rlib" "/opt/rustwide/target/debug/deps/libtracing_bunyan_formatter-a9c19df9c4c72957.rlib" "/opt/rustwide/target/debug/deps/libgethostname-2fb7ba3f44a40fb5.rlib" "/opt/rustwide/target/debug/deps/libtracing_subscriber-b199a2d1d7d0f328.rlib" "/opt/rustwide/target/debug/deps/libthread_local-8fcce3aeb099d8b0.rlib" "/opt/rustwide/target/debug/deps/libsharded_slab-24ee8a9fa7a57bac.rlib" "/opt/rustwide/target/debug/deps/libansi_term-d7fe617575af129f.rlib" "/opt/rustwide/target/debug/deps/libmatchers-719a0c3f01be9e00.rlib" "/opt/rustwide/target/debug/deps/libregex_automata-3411ed18aca9eefd.rlib" "/opt/rustwide/target/debug/deps/libtracing_log-05ab457c84a237ff.rlib" "/opt/rustwide/target/debug/deps/libactix_web_prom-a3b715f472bd69ab.rlib" "/opt/rustwide/target/debug/deps/libprometheus-53b0407bf743769c.rlib" "/opt/rustwide/target/debug/deps/libthiserror-eb30eb50204cb18a.rlib" "/opt/rustwide/target/debug/deps/libactix_web-37a30853e4147f01.rlib" "/opt/rustwide/target/debug/deps/libcookie-1eafed274c6493a3.rlib" "/opt/rustwide/target/debug/deps/libtime-e7621591f9378d7b.rlib" "/opt/rustwide/target/debug/deps/liburl-b1155ae290215edc.rlib" "/opt/rustwide/target/debug/deps/libidna-1646dda896d6f6be.rlib" "/opt/rustwide/target/debug/deps/libunicode_normalization-7f857835ddcdc9d8.rlib" "/opt/rustwide/target/debug/deps/libtinyvec-5ce4c57de87c62bc.rlib" "/opt/rustwide/target/debug/deps/libtinyvec_macros-5ffb2ea8a2d866f2.rlib" "/opt/rustwide/target/debug/deps/libunicode_bidi-6d874a42ec63c633.rlib" "/opt/rustwide/target/debug/deps/libserde_urlencoded-ad6a06941a7c0791.rlib" "/opt/rustwide/target/debug/deps/libform_urlencoded-0fe912f6e457e008.rlib" "/opt/rustwide/target/debug/deps/libmatches-278cbf5ab72c0d9c.rlib" "/opt/rustwide/target/debug/deps/libactix_server-225d5171d47523ce.rlib" "/opt/rustwide/target/debug/deps/libnum_cpus-d8cdde9a34a2c105.rlib" "/opt/rustwide/target/debug/deps/libsocket2-1398200e84d8c7ba.rlib" "/opt/rustwide/target/debug/deps/libmio-f4b09180a9cd2d0f.rlib" "/opt/rustwide/target/debug/deps/libactix_router-5436df9d19b8f774.rlib" "/opt/rustwide/target/debug/deps/libfirestorm-9bdae2a510fc97e2.rlib" "/opt/rustwide/target/debug/deps/libactix_http-1c06be4bfe22f3cb.rlib" "/opt/rustwide/target/debug/deps/libbase64-007e7c1fbda2b30a.rlib" "/opt/rustwide/target/debug/deps/librand-ec44227813e005e9.rlib" "/opt/rustwide/target/debug/deps/librand_chacha-e66b2055ab8e115a.rlib" "/opt/rustwide/target/debug/deps/libppv_lite86-663deac31cfbfc11.rlib" "/opt/rustwide/target/debug/deps/librand_core-7ea2a7fe0709f346.rlib" "/opt/rustwide/target/debug/deps/libhttparse-58c93047b9cae116.rlib" "/opt/rustwide/target/debug/deps/libbrotli-94298475c4b6179c.rlib" "/opt/rustwide/target/debug/deps/libbrotli_decompressor-c81b19532e898358.rlib" "/opt/rustwide/target/debug/deps/liballoc_stdlib-82a86bd8af4677a6.rlib" "/opt/rustwide/target/debug/deps/liballoc_no_stdlib-e7cde35ff748eb68.rlib" "/opt/rustwide/target/debug/deps/libhttpdate-fbb447b85a38529c.rlib" "/opt/rustwide/target/debug/deps/libsha1-5f8966cdbc1bc605.rlib" "/opt/rustwide/target/debug/deps/libcpufeatures-95359a6f6f2254d9.rlib" "/opt/rustwide/target/debug/deps/libdigest-97a8f56a8c1527a2.rlib" "/opt/rustwide/target/debug/deps/libblock_buffer-8f80afc380778065.rlib" "/opt/rustwide/target/debug/deps/libcrypto_common-f6ca6b145bb83764.rlib" "/opt/rustwide/target/debug/deps/libgeneric_array-7b00f3595c790dda.rlib" "/opt/rustwide/target/debug/deps/libtypenum-9f315a73fa1c732e.rlib" "/opt/rustwide/target/debug/deps/liblocal_channel-b0c2d38ac2bbe1e0.rlib" "/opt/rustwide/target/debug/deps/libbytestring-c71c9601b14f6996.rlib" "/opt/rustwide/target/debug/deps/libencoding_rs-af556d50a21beb08.rlib" "/opt/rustwide/target/debug/deps/liblanguage_tags-8d18f3c1a6407e66.rlib" "/opt/rustwide/target/debug/deps/libmime-2a4c3a9a364f5972.rlib" "/opt/rustwide/target/debug/deps/libpercent_encoding-5186c2668f567217.rlib" "/opt/rustwide/target/debug/deps/libh2-e9f21878d34f42f3.rlib" "/opt/rustwide/target/debug/deps/libtracing-fdc04bd881eb4bf7.rlib" "/opt/rustwide/target/debug/deps/libtracing_core-e5d8febceb544da9.rlib" "/opt/rustwide/target/debug/deps/libindexmap-03f53d8fb576efdb.rlib" "/opt/rustwide/target/debug/deps/libhashbrown-9a1f5d949d76c1be.rlib" "/opt/rustwide/target/debug/deps/libslab-12e6a36b9d82f440.rlib" "/opt/rustwide/target/debug/deps/libfutures_util-a04c4aa214562e33.rlib" "/opt/rustwide/target/debug/deps/libfutures_task-6f83558bc90305b9.rlib" "/opt/rustwide/target/debug/deps/libpin_utils-0d8eaf4ac0fcb221.rlib" "/opt/rustwide/target/debug/deps/libahash-f021488483436ac5.rlib" "/opt/rustwide/target/debug/deps/libgetrandom-e41b4086efbb8eee.rlib" "/opt/rustwide/target/debug/deps/libzstd-d4b1859f599a7688.rlib" "/opt/rustwide/target/debug/deps/libzstd_safe-58104b315f9191d2.rlib" "/opt/rustwide/target/debug/deps/libzstd_sys-a10abf3bbc22af3d.rlib" "/opt/rustwide/target/debug/deps/libflate2-a6602751f3f22cc4.rlib" "/opt/rustwide/target/debug/deps/libminiz_oxide-6a85a01ec27e2a37.rlib" "/opt/rustwide/target/debug/deps/libadler-478247d24f5486f3.rlib" "/opt/rustwide/target/debug/deps/libcrc32fast-104e9b895f0c2d44.rlib" "/opt/rustwide/target/debug/deps/libactix_service-c5c0074ad5555961.rlib" "/opt/rustwide/target/debug/deps/libactix_codec-e0c98873865c0a9c.rlib" "/opt/rustwide/target/debug/deps/libtokio_util-f735b7c4c396ef83.rlib" "/opt/rustwide/target/debug/deps/libfutures_sink-4aec2d803aa18c12.rlib" "/opt/rustwide/target/debug/deps/libactix_utils-d78fc0e076303f20.rlib" "/opt/rustwide/target/debug/deps/liblocal_waker-8eb7da8fdb30b538.rlib" "/opt/rustwide/target/debug/deps/libactix_rt-0a2b481ddd6a7af1.rlib" "/opt/rustwide/target/debug/deps/libtokio-313f47d263189d14.rlib" "/opt/rustwide/target/debug/deps/libsignal_hook_registry-bfa13d5ba5e30c45.rlib" "/opt/rustwide/target/debug/deps/libonce_cell-695bc870d798ec64.rlib" "/opt/rustwide/target/debug/deps/libmio-8cef7d02f1f58df8.rlib" "/opt/rustwide/target/debug/deps/liblog-50c946da9511fc97.rlib" "/opt/rustwide/target/debug/deps/libparking_lot-b490ce7348b007bb.rlib" "/opt/rustwide/target/debug/deps/libparking_lot_core-6e398d2077ae3155.rlib" "/opt/rustwide/target/debug/deps/liblibc-c36adf3b87db6810.rlib" "/opt/rustwide/target/debug/deps/libsmallvec-3007f843720fad13.rlib" "/opt/rustwide/target/debug/deps/liblock_api-f2e09a29edd3ec78.rlib" "/opt/rustwide/target/debug/deps/libscopeguard-f471875f675163b5.rlib" "/opt/rustwide/target/debug/deps/libinstant-1bfa666718b38be4.rlib" "/opt/rustwide/target/debug/deps/libpin_project_lite-bd79cb6e272ecc3a.rlib" "/opt/rustwide/target/debug/deps/libfutures_core-64eaaeb4b64b7eca.rlib" "/opt/rustwide/target/debug/deps/libhttp-1c6909ab5f1d2320.rlib" "/opt/rustwide/target/debug/deps/libbytes-0b539a5c776b0476.rlib" "/opt/rustwide/target/debug/deps/libfnv-41a559218f992797.rlib" "/opt/rustwide/target/debug/deps/libconfig-4b38f3c881a349d1.rlib" "/opt/rustwide/target/debug/deps/libini-164272f1171013d2.rlib" "/opt/rustwide/target/debug/deps/libserde_hjson-2765fd139b63c968.rlib" "/opt/rustwide/target/debug/deps/libserde-2775c6863c57fc4d.rlib" "/opt/rustwide/target/debug/deps/libregex-03b8c867a5969403.rlib" "/opt/rustwide/target/debug/deps/libaho_corasick-df03092b955c1beb.rlib" "/opt/rustwide/target/debug/deps/libregex_syntax-26ab266b6768fe31.rlib" "/opt/rustwide/target/debug/deps/libnum_traits-8565f2281f7568f8.rlib" "/opt/rustwide/target/debug/deps/libnum_traits-2c8497aa4c636c1a.rlib" "/opt/rustwide/target/debug/deps/libyaml_rust-5e9222be3a383a7c.rlib" "/opt/rustwide/target/debug/deps/liblinked_hash_map-052b3caf2e22fc3a.rlib" "/opt/rustwide/target/debug/deps/libserde_json-3e83f7d5f911202d.rlib" "/opt/rustwide/target/debug/deps/libitoa-6d400cb71048bb7c.rlib" "/opt/rustwide/target/debug/deps/libtoml-6261e86141c1fd40.rlib" "/opt/rustwide/target/debug/deps/liblazy_static-a15e1ed0a3c31761.rlib" "/opt/rustwide/target/debug/deps/libnom-69b72b5d495149c0.rlib" "/opt/rustwide/target/debug/deps/liblexical_core-1fbf484d70b08b2e.rlib" "/opt/rustwide/target/debug/deps/libbitflags-82cc2d155c6eb112.rlib" "/opt/rustwide/target/debug/deps/libryu-2a5efb018e77d146.rlib" "/opt/rustwide/target/debug/deps/libstatic_assertions-9a9c2cb46fa7a0a6.rlib" "/opt/rustwide/target/debug/deps/libarrayvec-026b3659407be0be.rlib" "/opt/rustwide/target/debug/deps/libcfg_if-e5e118dd7d121aaa.rlib" "/opt/rustwide/target/debug/deps/libmemchr-5970b4db8c8e9468.rlib" "/opt/rustwide/target/debug/deps/libserde-5b7905f7f4314cb2.rlib" "/opt/rustwide/rustup-home/toolchains/1.69.0-x86_64-unknown-linux-gnu/lib/rustlib/x86_64-unknown-linux-gnu/lib/libstd-89bc084783fdc439.rlib" "/opt/rustwide/rustup-home/toolchains/1.69.0-x86_64-unknown-linux-gnu/lib/rustlib/x86_64-unknown-linux-gnu/lib/libpanic_unwind-8bee4b287d4367c1.rlib" "/opt/rustwide/rustup-home/toolchains/1.69.0-x86_64-unknown-linux-gnu/lib/rustlib/x86_64-unknown-linux-gnu/lib/libobject-d61707aed80694c0.rlib" "/opt/rustwide/rustup-home/toolchains/1.69.0-x86_64-unknown-linux-gnu/lib/rustlib/x86_64-unknown-linux-gnu/lib/libmemchr-d85366256f22345b.rlib" "/opt/rustwide/rustup-home/toolchains/1.69.0-x86_64-unknown-linux-gnu/lib/rustlib/x86_64-unknown-linux-gnu/lib/libaddr2line-96069b86b8a8cae9.rlib" "/opt/rustwide/rustup-home/toolchains/1.69.0-x86_64-unknown-linux-gnu/lib/rustlib/x86_64-unknown-linux-gnu/lib/libgimli-d19d53abf68dfa6c.rlib" "/opt/rustwide/rustup-home/toolchains/1.69.0-x86_64-unknown-linux-gnu/lib/rustlib/x86_64-unknown-linux-gnu/lib/librustc_demangle-787cbccd19d64ac6.rlib" "/opt/rustwide/rustup-home/toolchains/1.69.0-x86_64-unknown-linux-gnu/lib/rustlib/x86_64-unknown-linux-gnu/lib/libstd_detect-b3837a36b830e0d0.rlib" "/opt/rustwide/rustup-home/toolchains/1.69.0-x86_64-unknown-linux-gnu/lib/rustlib/x86_64-unknown-linux-gnu/lib/libhashbrown-e3deb0e7e3f04966.rlib" "/opt/rustwide/rustup-home/toolchains/1.69.0-x86_64-unknown-linux-gnu/lib/rustlib/x86_64-unknown-linux-gnu/lib/libminiz_oxide-dabbb79c9815def4.rlib" "/opt/rustwide/rustup-home/toolchains/1.69.0-x86_64-unknown-linux-gnu/lib/rustlib/x86_64-unknown-linux-gnu/lib/libadler-305b01f34c9409f2.rlib" "/opt/rustwide/rustup-home/toolchains/1.69.0-x86_64-unknown-linux-gnu/lib/rustlib/x86_64-unknown-linux-gnu/lib/librustc_std_workspace_alloc-f833521df6074e73.rlib" "/opt/rustwide/rustup-home/toolchains/1.69.0-x86_64-unknown-linux-gnu/lib/rustlib/x86_64-unknown-linux-gnu/lib/libunwind-9ac333113350d171.rlib" "/opt/rustwide/rustup-home/toolchains/1.69.0-x86_64-unknown-linux-gnu/lib/rustlib/x86_64-unknown-linux-gnu/lib/libcfg_if-1c126114322d0eee.rlib" "/opt/rustwide/rustup-home/toolchains/1.69.0-x86_64-unknown-linux-gnu/lib/rustlib/x86_64-unknown-linux-gnu/lib/liblibc-bad9164fdeeecf92.rlib" "/opt/rustwide/rustup-home/toolchains/1.69.0-x86_64-unknown-linux-gnu/lib/rustlib/x86_64-unknown-linux-gnu/lib/liballoc-f9374b1e480fa681.rlib" "/opt/rustwide/rustup-home/toolchains/1.69.0-x86_64-unknown-linux-gnu/lib/rustlib/x86_64-unknown-linux-gnu/lib/librustc_std_workspace_core-207f06e41d9603af.rlib" "/opt/rustwide/rustup-home/toolchains/1.69.0-x86_64-unknown-linux-gnu/lib/rustlib/x86_64-unknown-linux-gnu/lib/libcore-7e2768e66e984e85.rlib" "/opt/rustwide/rustup-home/toolchains/1.69.0-x86_64-unknown-linux-gnu/lib/rustlib/x86_64-unknown-linux-gnu/lib/libcompiler_builtins-957b4aff41f8cd46.rlib" "-Wl,-Bdynamic" "-lgcc_s" "-lutil" "-lrt" "-lpthread" "-lm" "-ldl" "-lc" "-Wl,--eh-frame-hdr" "-Wl,-z,noexecstack" "-L" "/opt/rustwide/rustup-home/toolchains/1.69.0-x86_64-unknown-linux-gnu/lib/rustlib/x86_64-unknown-linux-gnu/lib" "-o" "/tmp/rustdoctestB11TeE/rust_out" "-Wl,--gc-sections" "-pie" "-Wl,-z,relro,-z,now" "-nodefaultlibs"
[INFO] [stdout]   = note: collect2: fatal error: ld terminated with signal 9 [Killed]
[INFO] [stdout]           compilation terminated.
[INFO] [stdout]           
[INFO] [stdout] 
[INFO] [stdout] error: aborting due to previous error
[INFO] [stdout] 
[INFO] [stdout] Couldn't compile the test.
[INFO] [stdout] 
[INFO] [stdout] failures:
[INFO] [stdout]     src/tracing.rs - tracing::configure (line 27)
[INFO] [stdout] 
[INFO] [stdout] test result: FAILED. 3 passed; 1 failed; 0 ignored; 0 measured; 0 filtered out; finished in 8.10s
[INFO] [stdout] 
[INFO] [stderr] error: doctest failed, to rerun pass `--doc`
[INFO] running `Command { std: "docker" "inspect" "5f638c2b7ee0c857f3e7f0d6a103f619363902b3c01dc114dfe484d355004db1", kill_on_drop: false }`
[INFO] running `Command { std: "docker" "rm" "-f" "5f638c2b7ee0c857f3e7f0d6a103f619363902b3c01dc114dfe484d355004db1", kill_on_drop: false }`
[INFO] [stdout] 5f638c2b7ee0c857f3e7f0d6a103f619363902b3c01dc114dfe484d355004db1
