[INFO] cloning repository https://github.com/agabani/crg
[INFO] running `Command { std: "git" "-c" "credential.helper=" "-c" "credential.helper=/workspace/cargo-home/bin/git-credential-null" "clone" "--bare" "https://github.com/agabani/crg" "/workspace/cache/git-repos/https%3A%2F%2Fgithub.com%2Fagabani%2Fcrg", kill_on_drop: false }`
[INFO] [stderr] Cloning into bare repository '/workspace/cache/git-repos/https%3A%2F%2Fgithub.com%2Fagabani%2Fcrg'...
[INFO] running `Command { std: "git" "rev-parse" "HEAD", kill_on_drop: false }`
[INFO] [stdout] 5a3b75096cd25d8581b2e4ea8df5fc73c4f450a4
[INFO] testing agabani/crg against beta-2023-04-20 for beta-1.70-1
[INFO] running `Command { std: "git" "clone" "/workspace/cache/git-repos/https%3A%2F%2Fgithub.com%2Fagabani%2Fcrg" "/workspace/builds/worker-6-tc2/source", kill_on_drop: false }`
[INFO] [stderr] Cloning into '/workspace/builds/worker-6-tc2/source'...
[INFO] [stderr] done.
[INFO] validating manifest of git repo https://github.com/agabani/crg on toolchain beta-2023-04-20
[INFO] running `Command { std: CARGO_HOME="/workspace/cargo-home" RUSTUP_HOME="/workspace/rustup-home" "/workspace/cargo-home/bin/cargo" "+beta-2023-04-20" "metadata" "--manifest-path" "Cargo.toml" "--no-deps", kill_on_drop: false }`
[INFO] started tweaking git repo https://github.com/agabani/crg
[INFO] finished tweaking git repo https://github.com/agabani/crg
[INFO] tweaked toml for git repo https://github.com/agabani/crg written to /workspace/builds/worker-6-tc2/source/Cargo.toml
[INFO] crate git repo https://github.com/agabani/crg already has a lockfile, it will not be regenerated
[INFO] running `Command { std: CARGO_HOME="/workspace/cargo-home" RUSTUP_HOME="/workspace/rustup-home" "/workspace/cargo-home/bin/cargo" "+beta-2023-04-20" "fetch" "--manifest-path" "Cargo.toml", kill_on_drop: false }`
[INFO] [stderr]     Updating crates.io index
[INFO] [stderr]  Downloading crates ...
[INFO] [stderr]   Downloaded config v0.13.1
[INFO] [stderr]   Downloaded rustls v0.20.5
[INFO] [stderr]   Downloaded openssl-sys v0.9.73
[INFO] [stderr]   Downloaded tracing-bunyan-formatter v0.3.2
[INFO] running `Command { std: "docker" "create" "-v" "/var/lib/crater-agent-workspace/builds/worker-6-tc2/target:/opt/rustwide/target:rw,Z" "-v" "/var/lib/crater-agent-workspace/builds/worker-6-tc2/source:/opt/rustwide/workdir:ro,Z" "-v" "/var/lib/crater-agent-workspace/cargo-home:/opt/rustwide/cargo-home:ro,Z" "-v" "/var/lib/crater-agent-workspace/rustup-home:/opt/rustwide/rustup-home:ro,Z" "-e" "SOURCE_DIR=/opt/rustwide/workdir" "-e" "CARGO_TARGET_DIR=/opt/rustwide/target" "-e" "CARGO_HOME=/opt/rustwide/cargo-home" "-e" "RUSTUP_HOME=/opt/rustwide/rustup-home" "-w" "/opt/rustwide/workdir" "-m" "1610612736" "--user" "0:0" "--network" "none" "ghcr.io/rust-lang/crates-build-env/linux@sha256:5ff2268d62e97bff2cde7d5815dd6ed5b47097566f13b8d0ca110b04b60e07ed" "/opt/rustwide/cargo-home/bin/cargo" "+beta-2023-04-20" "metadata" "--no-deps" "--format-version=1", kill_on_drop: false }`
[INFO] [stdout] fcf543b1e2cc1d7093f3b08607db125bbf3e502d0020d4f4cec8ea5ed4bf6979
[INFO] running `Command { std: "docker" "start" "-a" "fcf543b1e2cc1d7093f3b08607db125bbf3e502d0020d4f4cec8ea5ed4bf6979", kill_on_drop: false }`
[INFO] running `Command { std: "docker" "inspect" "fcf543b1e2cc1d7093f3b08607db125bbf3e502d0020d4f4cec8ea5ed4bf6979", kill_on_drop: false }`
[INFO] running `Command { std: "docker" "rm" "-f" "fcf543b1e2cc1d7093f3b08607db125bbf3e502d0020d4f4cec8ea5ed4bf6979", kill_on_drop: false }`
[INFO] [stdout] fcf543b1e2cc1d7093f3b08607db125bbf3e502d0020d4f4cec8ea5ed4bf6979
[INFO] running `Command { std: "docker" "create" "-v" "/var/lib/crater-agent-workspace/builds/worker-6-tc2/target:/opt/rustwide/target:rw,Z" "-v" "/var/lib/crater-agent-workspace/builds/worker-6-tc2/source:/opt/rustwide/workdir:ro,Z" "-v" "/var/lib/crater-agent-workspace/cargo-home:/opt/rustwide/cargo-home:ro,Z" "-v" "/var/lib/crater-agent-workspace/rustup-home:/opt/rustwide/rustup-home:ro,Z" "-e" "SOURCE_DIR=/opt/rustwide/workdir" "-e" "CARGO_TARGET_DIR=/opt/rustwide/target" "-e" "CARGO_INCREMENTAL=0" "-e" "RUST_BACKTRACE=full" "-e" "RUSTFLAGS=--cap-lints=warn" "-e" "RUSTDOCFLAGS=--cap-lints=warn" "-e" "CARGO_HOME=/opt/rustwide/cargo-home" "-e" "RUSTUP_HOME=/opt/rustwide/rustup-home" "-w" "/opt/rustwide/workdir" "-m" "1610612736" "--user" "0:0" "--network" "none" "ghcr.io/rust-lang/crates-build-env/linux@sha256:5ff2268d62e97bff2cde7d5815dd6ed5b47097566f13b8d0ca110b04b60e07ed" "/opt/rustwide/cargo-home/bin/cargo" "+beta-2023-04-20" "build" "--frozen" "--message-format=json", kill_on_drop: false }`
[INFO] [stdout] 5eab1361fd62ab425a6b87c04d745cb32e145a8f701f199b275f7e3a8a606227
[INFO] running `Command { std: "docker" "start" "-a" "5eab1361fd62ab425a6b87c04d745cb32e145a8f701f199b275f7e3a8a606227", kill_on_drop: false }`
[INFO] [stderr]    Compiling libc v0.2.126
[INFO] [stderr]    Compiling proc-macro2 v1.0.39
[INFO] [stderr]    Compiling unicode-ident v1.0.0
[INFO] [stderr]    Compiling syn v1.0.95
[INFO] [stderr]    Compiling log v0.4.17
[INFO] [stderr]    Compiling once_cell v1.10.0
[INFO] [stderr]    Compiling memchr v2.5.0
[INFO] [stderr]    Compiling pin-project-lite v0.2.9
[INFO] [stderr]    Compiling autocfg v1.1.0
[INFO] [stderr]    Compiling itoa v1.0.2
[INFO] [stderr]    Compiling futures-core v0.3.21
[INFO] [stderr]    Compiling parking_lot_core v0.9.3
[INFO] [stderr]    Compiling tracing-core v0.1.26
[INFO] [stderr]    Compiling serde_derive v1.0.137
[INFO] [stderr]    Compiling lock_api v0.4.7
[INFO] [stderr]    Compiling scopeguard v1.1.0
[INFO] [stderr]    Compiling serde v1.0.137
[INFO] [stderr]    Compiling futures-task v0.3.21
[INFO] [stderr]    Compiling quote v1.0.18
[INFO] [stderr]    Compiling jobserver v0.1.24
[INFO] [stderr]    Compiling cc v1.0.73
[INFO] [stderr]    Compiling socket2 v0.4.4
[INFO] [stderr]    Compiling signal-hook-registry v1.4.0
[INFO] [stderr]    Compiling mio v0.8.3
[INFO] [stderr]    Compiling getrandom v0.2.6
[INFO] [stderr]    Compiling parking_lot v0.12.0
[INFO] [stderr]    Compiling futures-util v0.3.21
[INFO] [stderr]    Compiling tokio v1.18.2
[INFO] [stderr]    Compiling http v0.2.7
[INFO] [stderr]    Compiling generic-array v0.14.5
[INFO] [stderr]    Compiling futures-sink v0.3.21
[INFO] [stderr]    Compiling slab v0.4.6
[INFO] [stderr]    Compiling indexmap v1.8.1
[INFO] [stderr]    Compiling ahash v0.7.6
[INFO] [stderr]    Compiling aho-corasick v0.7.18
[INFO] [stderr]    Compiling ring v0.16.20
[INFO] [stderr]    Compiling zstd-sys v1.6.3+zstd.1.5.2
[INFO] [stderr]    Compiling ucd-trie v0.1.3
[INFO] [stderr]    Compiling spin v0.5.2
[INFO] [stderr]    Compiling hashbrown v0.11.2
[INFO] [stderr]    Compiling untrusted v0.7.1
[INFO] [stderr]    Compiling httparse v1.7.1
[INFO] [stderr]    Compiling regex v1.5.5
[INFO] [stderr]    Compiling pest v2.1.3
[INFO] [stderr]    Compiling zstd-safe v4.1.6+zstd.1.5.2
[INFO] [stderr]    Compiling serde_json v1.0.81
[INFO] [stderr]    Compiling alloc-no-stdlib v2.0.3
[INFO] [stderr]    Compiling crc32fast v1.3.2
[INFO] [stderr]    Compiling local-waker v0.1.3
[INFO] [stderr]    Compiling ryu v1.0.10
[INFO] [stderr]    Compiling maplit v1.0.2
[INFO] [stderr]    Compiling pest_meta v2.1.3
[INFO] [stderr]    Compiling alloc-stdlib v0.2.1
[INFO] [stderr]    Compiling tinyvec v1.6.0
[INFO] [stderr]    Compiling crypto-common v0.1.3
[INFO] [stderr]    Compiling block-buffer v0.10.2
[INFO] [stderr]    Compiling rand_core v0.6.3
[INFO] [stderr]    Compiling bytestring v1.0.0
[INFO] [stderr]    Compiling rustls v0.20.5
[INFO] [stderr]    Compiling time-macros v0.2.4
[INFO] [stderr]    Compiling encoding_rs v0.8.31
[INFO] [stderr]    Compiling paste v1.0.7
[INFO] [stderr]    Compiling futures-channel v0.3.21
[INFO] [stderr]    Compiling num_threads v0.1.6
[INFO] [stderr]    Compiling actix-service v2.0.2
[INFO] [stderr]    Compiling miniz_oxide v0.5.1
[INFO] [stderr]    Compiling rand_chacha v0.3.1
[INFO] [stderr]    Compiling unicode-normalization v0.1.19
[INFO] [stderr]    Compiling time v0.3.9
[INFO] [stderr]    Compiling sct v0.7.0
[INFO] [stderr]    Compiling webpki v0.22.0
[INFO] [stderr]    Compiling pest_generator v2.1.3
[INFO] [stderr]    Compiling digest v0.10.3
[INFO] [stderr]    Compiling brotli-decompressor v2.3.2
[INFO] [stderr]    Compiling actix-utils v3.0.0
[INFO] [stderr]    Compiling hashbrown v0.12.1
[INFO] [stderr]    Compiling cookie v0.16.0
[INFO] [stderr]    Compiling async-trait v0.1.53
[INFO] [stderr]    Compiling firestorm v0.5.0
[INFO] [stderr]    Compiling dlv-list v0.3.0
[INFO] [stderr]    Compiling unicode-bidi v0.3.8
[INFO] [stderr]    Compiling tracing-attributes v0.1.21
[INFO] [stderr]    Compiling futures-macro v0.3.21
[INFO] [stderr]    Compiling actix-macros v0.2.3
[INFO] [stderr]    Compiling cpufeatures v0.2.2
[INFO] [stderr]    Compiling convert_case v0.4.0
[INFO] [stderr]    Compiling want v0.3.0
[INFO] [stderr]    Compiling brotli v3.3.4
[INFO] [stderr]    Compiling derive_more v0.99.17
[INFO] [stderr]    Compiling actix-rt v2.7.0
[INFO] [stderr]    Compiling sha-1 v0.10.0
[INFO] [stderr]    Compiling ordered-multimap v0.4.3
[INFO] [stderr]    Compiling idna v0.2.3
[INFO] [stderr]    Compiling pest_derive v2.1.0
[INFO] [stderr]    Compiling tracing v0.1.34
[INFO] [stderr]    Compiling tokio-util v0.7.2
[INFO] [stderr]    Compiling pin-project-internal v1.0.10
[INFO] [stderr]    Compiling flate2 v1.0.23
[INFO] [stderr]    Compiling actix-codec v0.5.0
[INFO] [stderr]    Compiling rand v0.8.5
[INFO] [stderr]    Compiling h2 v0.3.13
[INFO] [stderr]    Compiling local-channel v0.1.3
[INFO] [stderr]    Compiling http-body v0.4.4
[INFO] [stderr]    Compiling rustls-pemfile v1.0.0
[INFO] [stderr]    Compiling num_cpus v1.13.1
[INFO] [stderr]    Compiling tracing-log v0.1.3
[INFO] [stderr]    Compiling thread_local v1.1.4
[INFO] [stderr]    Compiling openssl-probe v0.1.5
[INFO] [stderr]    Compiling language-tags v0.3.2
[INFO] [stderr]    Compiling linked-hash-map v0.5.4
[INFO] [stderr]    Compiling minimal-lexical v0.2.1
[INFO] [stderr]    Compiling yaml-rust v0.4.5
[INFO] [stderr]    Compiling nom v7.1.1
[INFO] [stderr]    Compiling rustls-native-certs v0.6.2
[INFO] [stderr]    Compiling tracing-subscriber v0.3.11
[INFO] [stderr]    Compiling tokio-rustls v0.23.4
[INFO] [stderr]    Compiling actix-server v2.1.1
[INFO] [stderr]    Compiling pin-project v1.0.10
[INFO] [stderr]    Compiling hyper v0.14.18
[INFO] [stderr]    Compiling url v2.2.2
[INFO] [stderr]    Compiling actix-router v0.5.0
[INFO] [stderr]    Compiling serde_urlencoded v0.7.1
[INFO] [stderr]    Compiling json5 v0.4.1
[INFO] [stderr]    Compiling toml v0.5.9
[INFO] [stderr]    Compiling actix-web-codegen v4.0.0
[INFO] [stderr]    Compiling ron v0.7.0
[INFO] [stderr]    Compiling rust-ini v0.18.0
[INFO] [stderr]    Compiling gethostname v0.2.3
[INFO] [stderr]    Compiling pathdiff v0.2.1
[INFO] [stderr]    Compiling tracing-bunyan-formatter v0.3.2
[INFO] [stderr]    Compiling tracing-futures v0.2.5
[INFO] [stderr]    Compiling hyper-rustls v0.23.0
[INFO] [stderr]    Compiling config v0.13.1
[INFO] [stderr]    Compiling zstd v0.10.2+zstd.1.5.2
[INFO] [stderr]    Compiling actix-http v3.0.4
[INFO] [stderr]    Compiling actix-web v4.0.1
[INFO] [stderr]    Compiling crg v0.1.0 (/opt/rustwide/workdir/packages/crg)
[INFO] [stderr]     Finished dev [unoptimized + debuginfo] target(s) in 44.73s
[INFO] running `Command { std: "docker" "inspect" "5eab1361fd62ab425a6b87c04d745cb32e145a8f701f199b275f7e3a8a606227", kill_on_drop: false }`
[INFO] running `Command { std: "docker" "rm" "-f" "5eab1361fd62ab425a6b87c04d745cb32e145a8f701f199b275f7e3a8a606227", kill_on_drop: false }`
[INFO] [stdout] 5eab1361fd62ab425a6b87c04d745cb32e145a8f701f199b275f7e3a8a606227
[INFO] running `Command { std: "docker" "create" "-v" "/var/lib/crater-agent-workspace/builds/worker-6-tc2/target:/opt/rustwide/target:rw,Z" "-v" "/var/lib/crater-agent-workspace/builds/worker-6-tc2/source:/opt/rustwide/workdir:ro,Z" "-v" "/var/lib/crater-agent-workspace/cargo-home:/opt/rustwide/cargo-home:ro,Z" "-v" "/var/lib/crater-agent-workspace/rustup-home:/opt/rustwide/rustup-home:ro,Z" "-e" "SOURCE_DIR=/opt/rustwide/workdir" "-e" "CARGO_TARGET_DIR=/opt/rustwide/target" "-e" "CARGO_INCREMENTAL=0" "-e" "RUST_BACKTRACE=full" "-e" "RUSTFLAGS=--cap-lints=warn" "-e" "RUSTDOCFLAGS=--cap-lints=warn" "-e" "CARGO_HOME=/opt/rustwide/cargo-home" "-e" "RUSTUP_HOME=/opt/rustwide/rustup-home" "-w" "/opt/rustwide/workdir" "-m" "1610612736" "--user" "0:0" "--network" "none" "ghcr.io/rust-lang/crates-build-env/linux@sha256:5ff2268d62e97bff2cde7d5815dd6ed5b47097566f13b8d0ca110b04b60e07ed" "/opt/rustwide/cargo-home/bin/cargo" "+beta-2023-04-20" "test" "--frozen" "--no-run" "--message-format=json", kill_on_drop: false }`
[INFO] [stdout] 040d824591143db38d904e3a85a03a2f69207af561873de2e88042c3aeb2c7dd
[INFO] running `Command { std: "docker" "start" "-a" "040d824591143db38d904e3a85a03a2f69207af561873de2e88042c3aeb2c7dd", kill_on_drop: false }`
[INFO] [stderr]    Compiling pkg-config v0.3.25
[INFO] [stderr]    Compiling foreign-types-shared v0.1.1
[INFO] [stderr]    Compiling openssl v0.10.40
[INFO] [stderr]    Compiling openssl-macros v0.1.0
[INFO] [stderr]    Compiling native-tls v0.2.10
[INFO] [stderr]    Compiling ipnet v2.5.0
[INFO] [stderr]    Compiling foreign-types v0.3.2
[INFO] [stderr]    Compiling openssl-sys v0.9.73
[INFO] [stderr]    Compiling tokio-native-tls v0.3.0
[INFO] [stderr]    Compiling hyper-tls v0.5.0
[INFO] [stderr]    Compiling reqwest v0.11.10
[INFO] [stderr]    Compiling crg v0.1.0 (/opt/rustwide/workdir/packages/crg)
[INFO] [stderr]     Finished test [unoptimized + debuginfo] target(s) in 13.57s
[INFO] running `Command { std: "docker" "inspect" "040d824591143db38d904e3a85a03a2f69207af561873de2e88042c3aeb2c7dd", kill_on_drop: false }`
[INFO] running `Command { std: "docker" "rm" "-f" "040d824591143db38d904e3a85a03a2f69207af561873de2e88042c3aeb2c7dd", kill_on_drop: false }`
[INFO] [stdout] 040d824591143db38d904e3a85a03a2f69207af561873de2e88042c3aeb2c7dd
[INFO] running `Command { std: "docker" "create" "-v" "/var/lib/crater-agent-workspace/builds/worker-6-tc2/target:/opt/rustwide/target:rw,Z" "-v" "/var/lib/crater-agent-workspace/builds/worker-6-tc2/source:/opt/rustwide/workdir:ro,Z" "-v" "/var/lib/crater-agent-workspace/cargo-home:/opt/rustwide/cargo-home:ro,Z" "-v" "/var/lib/crater-agent-workspace/rustup-home:/opt/rustwide/rustup-home:ro,Z" "-e" "SOURCE_DIR=/opt/rustwide/workdir" "-e" "CARGO_TARGET_DIR=/opt/rustwide/target" "-e" "CARGO_INCREMENTAL=0" "-e" "RUST_BACKTRACE=full" "-e" "RUSTFLAGS=--cap-lints=warn" "-e" "RUSTDOCFLAGS=--cap-lints=warn" "-e" "CARGO_HOME=/opt/rustwide/cargo-home" "-e" "RUSTUP_HOME=/opt/rustwide/rustup-home" "-w" "/opt/rustwide/workdir" "-m" "1610612736" "--user" "0:0" "--network" "none" "ghcr.io/rust-lang/crates-build-env/linux@sha256:5ff2268d62e97bff2cde7d5815dd6ed5b47097566f13b8d0ca110b04b60e07ed" "/opt/rustwide/cargo-home/bin/cargo" "+beta-2023-04-20" "test" "--frozen", kill_on_drop: false }`
[INFO] [stdout] 9235ae49e369e7fe0882c45cb3f71aa3fa4055aa1ac14dc54a1f8089e30377c0
[INFO] running `Command { std: "docker" "start" "-a" "9235ae49e369e7fe0882c45cb3f71aa3fa4055aa1ac14dc54a1f8089e30377c0", kill_on_drop: false }`
[INFO] [stderr]     Finished test [unoptimized + debuginfo] target(s) in 0.18s
[INFO] [stderr]      Running unittests src/lib.rs (/opt/rustwide/target/debug/deps/crg-4facea324d53112d)
[INFO] [stdout] 
[INFO] [stdout] running 0 tests
[INFO] [stdout] 
[INFO] [stdout] test result: ok. 0 passed; 0 failed; 0 ignored; 0 measured; 0 filtered out; finished in 0.00s
[INFO] [stdout] 
[INFO] [stderr]      Running unittests src/main.rs (/opt/rustwide/target/debug/deps/crg-14d6d826371e5747)
[INFO] [stdout] 
[INFO] [stdout] running 0 tests
[INFO] [stdout] 
[INFO] [stdout] test result: ok. 0 passed; 0 failed; 0 ignored; 0 measured; 0 filtered out; finished in 0.00s
[INFO] [stdout] 
[INFO] [stderr]      Running tests/crg.rs (/opt/rustwide/target/debug/deps/crg-83e4de28482dd26d)
[INFO] [stdout] 
[INFO] [stdout] running 2 tests
[INFO] [stdout] test health_check_liveness_works ... ok
[INFO] [stdout] test health_check_readiness_works ... ok
[INFO] [stdout] 
[INFO] [stdout] test result: ok. 2 passed; 0 failed; 0 ignored; 0 measured; 0 filtered out; finished in 0.20s
[INFO] [stdout] 
[INFO] [stderr]    Doc-tests crg
[INFO] [stdout] 
[INFO] [stdout] running 4 tests
[INFO] [stdout] test src/tracing.rs - tracing::Result<T,E>::trace_err (line 70) ... FAILED
[INFO] [stdout] test src/tracing.rs - tracing::configure (line 27) ... FAILED
[INFO] [stdout] test src/tracing.rs - tracing::Result<T,E>::trace_err (line 63) ... ok
[INFO] [stdout] test src/tracing.rs - tracing::init (line 11) ... ok
[INFO] [stdout] 
[INFO] [stdout] failures:
[INFO] [stdout] 
[INFO] [stdout] ---- src/tracing.rs - tracing::Result<T,E>::trace_err (line 70) stdout ----
[INFO] [stdout] error: linking with `cc` failed: exit status: 1
[INFO] [stdout]   |
[INFO] [stdout]   = note: LC_ALL="C" PATH="/opt/rustwide/rustup-home/toolchains/beta-2023-04-20-x86_64-unknown-linux-gnu/lib/rustlib/x86_64-unknown-linux-gnu/bin:/opt/rustwide/cargo-home/bin:/usr/local/sbin:/usr/local/bin:/usr/sbin:/usr/bin:/sbin:/bin" VSLANG="1033" "cc" "-m64" "/tmp/rustcSDUD67/symbols.o" "/tmp/rustdoctestIQZRAo/rust_out.rust_out.c38b68ff-cgu.0.rcgu.o" "/tmp/rustdoctestIQZRAo/rust_out.38a7fyhsvjn6z0qy.rcgu.o" "-Wl,--as-needed" "-L" "/opt/rustwide/target/debug/deps" "-L" "/opt/rustwide/target/debug/deps" "-L" "/opt/rustwide/target/debug/build/ring-deb32dd282ca64f3/out" "-L" "/opt/rustwide/target/debug/build/zstd-sys-6cdcaa06621d69b9/out" "-L" "/opt/rustwide/rustup-home/toolchains/beta-2023-04-20-x86_64-unknown-linux-gnu/lib/rustlib/x86_64-unknown-linux-gnu/lib" "-Wl,-Bstatic" "/opt/rustwide/target/debug/deps/libcrg-50a2cc66766b03dd.rlib" "/opt/rustwide/target/debug/deps/libhyper_rustls-bd0f0a004dd6f473.rlib" "/opt/rustwide/target/debug/deps/librustls_native_certs-6db85f5e9966c1fe.rlib" "/opt/rustwide/target/debug/deps/librustls_pemfile-4330a4efda84c27a.rlib" "/opt/rustwide/target/debug/deps/libopenssl_probe-361016bdcb077fee.rlib" "/opt/rustwide/target/debug/deps/libtokio_rustls-c58772c03781f7a1.rlib" "/opt/rustwide/target/debug/deps/librustls-d5b082bce1c0cfed.rlib" "/opt/rustwide/target/debug/deps/libsct-ed9b0113e1efafb8.rlib" "/opt/rustwide/target/debug/deps/libwebpki-194862326eb975bf.rlib" "/opt/rustwide/target/debug/deps/libring-877dc21b36da64d7.rlib" "/opt/rustwide/target/debug/deps/libspin-0ce7eed86e654be1.rlib" "/opt/rustwide/target/debug/deps/libuntrusted-299fbcd347deffe0.rlib" "/opt/rustwide/target/debug/deps/libtracing_bunyan_formatter-3f869416d968e21e.rlib" "/opt/rustwide/target/debug/deps/libgethostname-3155056d807d8ecc.rlib" "/opt/rustwide/target/debug/deps/libtracing_subscriber-469f1d576d0690df.rlib" "/opt/rustwide/target/debug/deps/libsharded_slab-4503bbac24f85b71.rlib" "/opt/rustwide/target/debug/deps/libmatchers-d81847edcc935f63.rlib" "/opt/rustwide/target/debug/deps/libregex_automata-2f9edfead0c05b8d.rlib" "/opt/rustwide/target/debug/deps/libansi_term-cf230369650aa732.rlib" "/opt/rustwide/target/debug/deps/libthread_local-4bcf805d7bb89374.rlib" "/opt/rustwide/target/debug/deps/libtracing_log-6dbcd7f292152b8f.rlib" "/opt/rustwide/target/debug/deps/libhyper-3c0ea62e127d50b4.rlib" "/opt/rustwide/target/debug/deps/libwant-da5c43323d9bf88d.rlib" "/opt/rustwide/target/debug/deps/libtry_lock-9f7beed53871ae63.rlib" "/opt/rustwide/target/debug/deps/libtower_service-6f9cbeafd8b373de.rlib" "/opt/rustwide/target/debug/deps/libfutures_channel-088ddced82bf7515.rlib" "/opt/rustwide/target/debug/deps/libhttp_body-5bc49c6cee0cbbcf.rlib" "/opt/rustwide/target/debug/deps/libactix_web-bc3c5bef645ae80b.rlib" "/opt/rustwide/target/debug/deps/libcookie-9c1356aee652bdfc.rlib" "/opt/rustwide/target/debug/deps/libtime-f469527e87e678f7.rlib" "/opt/rustwide/target/debug/deps/liburl-d3773f15e5d53292.rlib" "/opt/rustwide/target/debug/deps/libidna-8f40f297c1571e67.rlib" "/opt/rustwide/target/debug/deps/libunicode_normalization-ea5268e6466f33de.rlib" "/opt/rustwide/target/debug/deps/libtinyvec-4ebd66a73cc74e35.rlib" "/opt/rustwide/target/debug/deps/libtinyvec_macros-c8728763a1cfbcab.rlib" "/opt/rustwide/target/debug/deps/libunicode_bidi-064678f529798c53.rlib" "/opt/rustwide/target/debug/deps/libserde_urlencoded-f179ba94d97f66d2.rlib" "/opt/rustwide/target/debug/deps/libform_urlencoded-a5e98da7c1c4a0eb.rlib" "/opt/rustwide/target/debug/deps/libmatches-bfb4602457f1458f.rlib" "/opt/rustwide/target/debug/deps/libactix_server-3383fb7fb0299b85.rlib" "/opt/rustwide/target/debug/deps/libnum_cpus-cb01e376d739746d.rlib" "/opt/rustwide/target/debug/deps/libactix_router-c772e50bedd7a015.rlib" "/opt/rustwide/target/debug/deps/libregex-39870132b06f53d4.rlib" "/opt/rustwide/target/debug/deps/libaho_corasick-d0383d27b8594374.rlib" "/opt/rustwide/target/debug/deps/libregex_syntax-fd0c3ba7c22fa1f4.rlib" "/opt/rustwide/target/debug/deps/libfirestorm-32dbfc811be4a63f.rlib" "/opt/rustwide/target/debug/deps/libactix_http-6986bb8c2e835f6d.rlib" "/opt/rustwide/target/debug/deps/librand-467fc36be7e9f816.rlib" "/opt/rustwide/target/debug/deps/librand_chacha-a4b705b33c47cb0c.rlib" "/opt/rustwide/target/debug/deps/libppv_lite86-0fa3e45be755835a.rlib" "/opt/rustwide/target/debug/deps/librand_core-c35ca9820f4d772c.rlib" "/opt/rustwide/target/debug/deps/libhttparse-07bc4070ad8579b2.rlib" "/opt/rustwide/target/debug/deps/libbrotli-20ca110aca3227a6.rlib" "/opt/rustwide/target/debug/deps/libbrotli_decompressor-f273f1a80228c2b4.rlib" "/opt/rustwide/target/debug/deps/liballoc_stdlib-0596e8a6af30c3f3.rlib" "/opt/rustwide/target/debug/deps/liballoc_no_stdlib-394b41666b4a7459.rlib" "/opt/rustwide/target/debug/deps/libhttpdate-591d2bbb0f7914fc.rlib" "/opt/rustwide/target/debug/deps/libsha1-a4b615d9adc73605.rlib" "/opt/rustwide/target/debug/deps/libcpufeatures-351ccc13a33081d4.rlib" "/opt/rustwide/target/debug/deps/libdigest-35f2749c4b740182.rlib" "/opt/rustwide/target/debug/deps/libblock_buffer-ceecd8d73fd64637.rlib" "/opt/rustwide/target/debug/deps/libcrypto_common-e79aff0d151dee22.rlib" "/opt/rustwide/target/debug/deps/libgeneric_array-5476c5aa279dce6a.rlib" "/opt/rustwide/target/debug/deps/libtypenum-f068cdcc1d945756.rlib" "/opt/rustwide/target/debug/deps/liblocal_channel-c3aaf111eadb4a6a.rlib" "/opt/rustwide/target/debug/deps/libbytestring-c5aeca0c4eec74eb.rlib" "/opt/rustwide/target/debug/deps/libencoding_rs-f492db31e71be9dd.rlib" "/opt/rustwide/target/debug/deps/liblanguage_tags-215e6eaf9b62f53d.rlib" "/opt/rustwide/target/debug/deps/libmime-6adaefd5c465bdcc.rlib" "/opt/rustwide/target/debug/deps/libpercent_encoding-8c83310236959ef9.rlib" "/opt/rustwide/target/debug/deps/libh2-5a804b5b1445831f.rlib" "/opt/rustwide/target/debug/deps/libindexmap-70040e2d69d3798a.rlib" "/opt/rustwide/target/debug/deps/libhashbrown-743e8c262a81811e.rlib" "/opt/rustwide/target/debug/deps/libfutures_util-6a88a877856112bc.rlib" "/opt/rustwide/target/debug/deps/libslab-e8ae452aba6ff62c.rlib" "/opt/rustwide/target/debug/deps/libfutures_task-cbab94a1bc1cf455.rlib" "/opt/rustwide/target/debug/deps/libpin_utils-501725f4e360d46d.rlib" "/opt/rustwide/target/debug/deps/libzstd-f425d40035b6650d.rlib" "/opt/rustwide/target/debug/deps/libzstd_safe-a16537f55ccd3f06.rlib" "/opt/rustwide/target/debug/deps/libzstd_sys-3a6e794af2be2959.rlib" "/opt/rustwide/target/debug/deps/libflate2-683bf67cbd8e3d5e.rlib" "/opt/rustwide/target/debug/deps/libminiz_oxide-c40dd260d3466551.rlib" "/opt/rustwide/target/debug/deps/libadler-92f8db84032ff960.rlib" "/opt/rustwide/target/debug/deps/libcrc32fast-fc15e7c737c5fb18.rlib" "/opt/rustwide/target/debug/deps/libactix_service-1a4121e98f8fd2ce.rlib" "/opt/rustwide/target/debug/deps/libactix_codec-76818f038a0b05dd.rlib" "/opt/rustwide/target/debug/deps/libtokio_util-bdb0648273444eb2.rlib" "/opt/rustwide/target/debug/deps/libtracing-ef9646976baf106f.rlib" "/opt/rustwide/target/debug/deps/libtracing_core-b26ebeb1da0c2ec2.rlib" "/opt/rustwide/target/debug/deps/libfutures_sink-2ae458a46da8d250.rlib" "/opt/rustwide/target/debug/deps/libactix_utils-ae9f3553dfa1fe72.rlib" "/opt/rustwide/target/debug/deps/liblocal_waker-be6d100f38c14537.rlib" "/opt/rustwide/target/debug/deps/libactix_rt-18124e3bf81433b1.rlib" "/opt/rustwide/target/debug/deps/libtokio-bd1801ec38bc3594.rlib" "/opt/rustwide/target/debug/deps/libsignal_hook_registry-abfbc88e40743cf4.rlib" "/opt/rustwide/target/debug/deps/libsocket2-9360096d237248d9.rlib" "/opt/rustwide/target/debug/deps/libmio-a80eba97e4651136.rlib" "/opt/rustwide/target/debug/deps/liblog-a3fff25330ec687e.rlib" "/opt/rustwide/target/debug/deps/libparking_lot-34b3b8108016c7be.rlib" "/opt/rustwide/target/debug/deps/libparking_lot_core-4a7b12c9ba88c133.rlib" "/opt/rustwide/target/debug/deps/libsmallvec-9a9406f60e570d53.rlib" "/opt/rustwide/target/debug/deps/liblock_api-7b509a0395e80754.rlib" "/opt/rustwide/target/debug/deps/libscopeguard-54ff2283d814f48f.rlib" "/opt/rustwide/target/debug/deps/libpin_project_lite-3a747526c5b5aadd.rlib" "/opt/rustwide/target/debug/deps/libfutures_core-6eb40deea68a95e1.rlib" "/opt/rustwide/target/debug/deps/libhttp-ac767ef4b594b98e.rlib" "/opt/rustwide/target/debug/deps/libbytes-44851e2768c88cca.rlib" "/opt/rustwide/target/debug/deps/libfnv-bb690c336855f248.rlib" "/opt/rustwide/target/debug/deps/libconfig-8b9edc0676bbf346.rlib" "/opt/rustwide/target/debug/deps/libpathdiff-2c0582b45212c2ee.rlib" "/opt/rustwide/target/debug/deps/libjson5-5602395e3ae2e007.rlib" "/opt/rustwide/target/debug/deps/libpest-faccf00187586be1.rlib" "/opt/rustwide/target/debug/deps/libucd_trie-ae77ff5e94b6d71d.rlib" "/opt/rustwide/target/debug/deps/libron-07cc6a7c5e6e9b6a.rlib" "/opt/rustwide/target/debug/deps/libbase64-bff61f2d1660603b.rlib" "/opt/rustwide/target/debug/deps/libbitflags-610a73087f46ba3b.rlib" "/opt/rustwide/target/debug/deps/libserde_json-9251596040d6a348.rlib" "/opt/rustwide/target/debug/deps/libryu-b6066a43c71a16c7.rlib" "/opt/rustwide/target/debug/deps/libitoa-eba8a7c1b401c7ca.rlib" "/opt/rustwide/target/debug/deps/libtoml-1635e5d83595680b.rlib" "/opt/rustwide/target/debug/deps/libnom-e7bb46ca1a4f4dfb.rlib" "/opt/rustwide/target/debug/deps/libmemchr-f4ebff342237ab92.rlib" "/opt/rustwide/target/debug/deps/libini-a16d7ff2739af8bd.rlib" "/opt/rustwide/target/debug/deps/libordered_multimap-2db05f09300714b2.rlib" "/opt/rustwide/target/debug/deps/libhashbrown-9e8ef44bdbf9b0ba.rlib" "/opt/rustwide/target/debug/deps/libahash-ffbfa223e47c6ae7.rlib" "/opt/rustwide/target/debug/deps/libgetrandom-2e7bb50c7da72936.rlib" "/opt/rustwide/target/debug/deps/liblibc-633699dc5f0d7a64.rlib" "/opt/rustwide/target/debug/deps/libonce_cell-2001554701dc9572.rlib" "/opt/rustwide/target/debug/deps/libdlv_list-226fde4bc96abc2d.rlib" "/opt/rustwide/target/debug/deps/libcfg_if-97437e183f3ae6e4.rlib" "/opt/rustwide/target/debug/deps/libyaml_rust-fb062838ce04b5b9.rlib" "/opt/rustwide/target/debug/deps/liblinked_hash_map-2d73749d53e508e5.rlib" "/opt/rustwide/target/debug/deps/liblazy_static-86422d76b8bd90ed.rlib" "/opt/rustwide/target/debug/deps/libserde-98aeeeacc1dcb380.rlib" "/opt/rustwide/rustup-home/toolchains/beta-2023-04-20-x86_64-unknown-linux-gnu/lib/rustlib/x86_64-unknown-linux-gnu/lib/libstd-0e29cc23c5e02021.rlib" "/opt/rustwide/rustup-home/toolchains/beta-2023-04-20-x86_64-unknown-linux-gnu/lib/rustlib/x86_64-unknown-linux-gnu/lib/libpanic_unwind-d903621768a861d9.rlib" "/opt/rustwide/rustup-home/toolchains/beta-2023-04-20-x86_64-unknown-linux-gnu/lib/rustlib/x86_64-unknown-linux-gnu/lib/libobject-6d0225e655f31c13.rlib" "/opt/rustwide/rustup-home/toolchains/beta-2023-04-20-x86_64-unknown-linux-gnu/lib/rustlib/x86_64-unknown-linux-gnu/lib/libmemchr-9dbaf4eac7eaa079.rlib" "/opt/rustwide/rustup-home/toolchains/beta-2023-04-20-x86_64-unknown-linux-gnu/lib/rustlib/x86_64-unknown-linux-gnu/lib/libaddr2line-27f05b3d42a66dd0.rlib" "/opt/rustwide/rustup-home/toolchains/beta-2023-04-20-x86_64-unknown-linux-gnu/lib/rustlib/x86_64-unknown-linux-gnu/lib/libgimli-4d73f1030321c9a2.rlib" "/opt/rustwide/rustup-home/toolchains/beta-2023-04-20-x86_64-unknown-linux-gnu/lib/rustlib/x86_64-unknown-linux-gnu/lib/librustc_demangle-2846c9e58abd0acb.rlib" "/opt/rustwide/rustup-home/toolchains/beta-2023-04-20-x86_64-unknown-linux-gnu/lib/rustlib/x86_64-unknown-linux-gnu/lib/libstd_detect-a53d0f50415947be.rlib" "/opt/rustwide/rustup-home/toolchains/beta-2023-04-20-x86_64-unknown-linux-gnu/lib/rustlib/x86_64-unknown-linux-gnu/lib/libhashbrown-d48e4b6abc25b9dc.rlib" "/opt/rustwide/rustup-home/toolchains/beta-2023-04-20-x86_64-unknown-linux-gnu/lib/rustlib/x86_64-unknown-linux-gnu/lib/libminiz_oxide-2991859439ef1207.rlib" "/opt/rustwide/rustup-home/toolchains/beta-2023-04-20-x86_64-unknown-linux-gnu/lib/rustlib/x86_64-unknown-linux-gnu/lib/libadler-8a687517e4221bae.rlib" "/opt/rustwide/rustup-home/toolchains/beta-2023-04-20-x86_64-unknown-linux-gnu/lib/rustlib/x86_64-unknown-linux-gnu/lib/librustc_std_workspace_alloc-e07b554f6a67f5b3.rlib" "/opt/rustwide/rustup-home/toolchains/beta-2023-04-20-x86_64-unknown-linux-gnu/lib/rustlib/x86_64-unknown-linux-gnu/lib/libunwind-b68238b7c3c619dd.rlib" "/opt/rustwide/rustup-home/toolchains/beta-2023-04-20-x86_64-unknown-linux-gnu/lib/rustlib/x86_64-unknown-linux-gnu/lib/libcfg_if-d5e213e896c017e4.rlib" "/opt/rustwide/rustup-home/toolchains/beta-2023-04-20-x86_64-unknown-linux-gnu/lib/rustlib/x86_64-unknown-linux-gnu/lib/liblibc-0211a3b2e61d8689.rlib" "/opt/rustwide/rustup-home/toolchains/beta-2023-04-20-x86_64-unknown-linux-gnu/lib/rustlib/x86_64-unknown-linux-gnu/lib/liballoc-b371f055239ba51f.rlib" "/opt/rustwide/rustup-home/toolchains/beta-2023-04-20-x86_64-unknown-linux-gnu/lib/rustlib/x86_64-unknown-linux-gnu/lib/librustc_std_workspace_core-e60518d2760eb01e.rlib" "/opt/rustwide/rustup-home/toolchains/beta-2023-04-20-x86_64-unknown-linux-gnu/lib/rustlib/x86_64-unknown-linux-gnu/lib/libcore-1ad943f92a4b1081.rlib" "/opt/rustwide/rustup-home/toolchains/beta-2023-04-20-x86_64-unknown-linux-gnu/lib/rustlib/x86_64-unknown-linux-gnu/lib/libcompiler_builtins-f0d6e4d0fc1e80b4.rlib" "-Wl,-Bdynamic" "-lgcc_s" "-lutil" "-lrt" "-lpthread" "-lm" "-ldl" "-lc" "-Wl,--eh-frame-hdr" "-Wl,-z,noexecstack" "-L" "/opt/rustwide/rustup-home/toolchains/beta-2023-04-20-x86_64-unknown-linux-gnu/lib/rustlib/x86_64-unknown-linux-gnu/lib" "-o" "/tmp/rustdoctestIQZRAo/rust_out" "-Wl,--gc-sections" "-pie" "-Wl,-z,relro,-z,now" "-nodefaultlibs"
[INFO] [stdout]   = note: collect2: fatal error: ld terminated with signal 9 [Killed]
[INFO] [stdout]           compilation terminated.
[INFO] [stdout]           
[INFO] [stdout] 
[INFO] [stdout] error: aborting due to previous error
[INFO] [stdout] 
[INFO] [stdout] Couldn't compile the test.
[INFO] [stdout] ---- src/tracing.rs - tracing::configure (line 27) stdout ----
[INFO] [stdout] error: linking with `cc` failed: exit status: 1
[INFO] [stdout]   |
[INFO] [stdout]   = note: LC_ALL="C" PATH="/opt/rustwide/rustup-home/toolchains/beta-2023-04-20-x86_64-unknown-linux-gnu/lib/rustlib/x86_64-unknown-linux-gnu/bin:/opt/rustwide/cargo-home/bin:/usr/local/sbin:/usr/local/bin:/usr/sbin:/usr/bin:/sbin:/bin" VSLANG="1033" "cc" "-m64" "/tmp/rustcQhuMwz/symbols.o" "/tmp/rustdoctestj3B0tl/rust_out.rust_out.c38b68ff-cgu.0.rcgu.o" "/tmp/rustdoctestj3B0tl/rust_out.38a7fyhsvjn6z0qy.rcgu.o" "-Wl,--as-needed" "-L" "/opt/rustwide/target/debug/deps" "-L" "/opt/rustwide/target/debug/deps" "-L" "/opt/rustwide/target/debug/build/ring-deb32dd282ca64f3/out" "-L" "/opt/rustwide/target/debug/build/zstd-sys-6cdcaa06621d69b9/out" "-L" "/opt/rustwide/rustup-home/toolchains/beta-2023-04-20-x86_64-unknown-linux-gnu/lib/rustlib/x86_64-unknown-linux-gnu/lib" "-Wl,-Bstatic" "/opt/rustwide/target/debug/deps/libcrg-50a2cc66766b03dd.rlib" "/opt/rustwide/target/debug/deps/libhyper_rustls-bd0f0a004dd6f473.rlib" "/opt/rustwide/target/debug/deps/librustls_native_certs-6db85f5e9966c1fe.rlib" "/opt/rustwide/target/debug/deps/librustls_pemfile-4330a4efda84c27a.rlib" "/opt/rustwide/target/debug/deps/libopenssl_probe-361016bdcb077fee.rlib" "/opt/rustwide/target/debug/deps/libtokio_rustls-c58772c03781f7a1.rlib" "/opt/rustwide/target/debug/deps/librustls-d5b082bce1c0cfed.rlib" "/opt/rustwide/target/debug/deps/libsct-ed9b0113e1efafb8.rlib" "/opt/rustwide/target/debug/deps/libwebpki-194862326eb975bf.rlib" "/opt/rustwide/target/debug/deps/libring-877dc21b36da64d7.rlib" "/opt/rustwide/target/debug/deps/libspin-0ce7eed86e654be1.rlib" "/opt/rustwide/target/debug/deps/libuntrusted-299fbcd347deffe0.rlib" "/opt/rustwide/target/debug/deps/libtracing_bunyan_formatter-3f869416d968e21e.rlib" "/opt/rustwide/target/debug/deps/libgethostname-3155056d807d8ecc.rlib" "/opt/rustwide/target/debug/deps/libtracing_subscriber-469f1d576d0690df.rlib" "/opt/rustwide/target/debug/deps/libsharded_slab-4503bbac24f85b71.rlib" "/opt/rustwide/target/debug/deps/libmatchers-d81847edcc935f63.rlib" "/opt/rustwide/target/debug/deps/libregex_automata-2f9edfead0c05b8d.rlib" "/opt/rustwide/target/debug/deps/libansi_term-cf230369650aa732.rlib" "/opt/rustwide/target/debug/deps/libthread_local-4bcf805d7bb89374.rlib" "/opt/rustwide/target/debug/deps/libtracing_log-6dbcd7f292152b8f.rlib" "/opt/rustwide/target/debug/deps/libhyper-3c0ea62e127d50b4.rlib" "/opt/rustwide/target/debug/deps/libwant-da5c43323d9bf88d.rlib" "/opt/rustwide/target/debug/deps/libtry_lock-9f7beed53871ae63.rlib" "/opt/rustwide/target/debug/deps/libtower_service-6f9cbeafd8b373de.rlib" "/opt/rustwide/target/debug/deps/libfutures_channel-088ddced82bf7515.rlib" "/opt/rustwide/target/debug/deps/libhttp_body-5bc49c6cee0cbbcf.rlib" "/opt/rustwide/target/debug/deps/libactix_web-bc3c5bef645ae80b.rlib" "/opt/rustwide/target/debug/deps/libcookie-9c1356aee652bdfc.rlib" "/opt/rustwide/target/debug/deps/libtime-f469527e87e678f7.rlib" "/opt/rustwide/target/debug/deps/liburl-d3773f15e5d53292.rlib" "/opt/rustwide/target/debug/deps/libidna-8f40f297c1571e67.rlib" "/opt/rustwide/target/debug/deps/libunicode_normalization-ea5268e6466f33de.rlib" "/opt/rustwide/target/debug/deps/libtinyvec-4ebd66a73cc74e35.rlib" "/opt/rustwide/target/debug/deps/libtinyvec_macros-c8728763a1cfbcab.rlib" "/opt/rustwide/target/debug/deps/libunicode_bidi-064678f529798c53.rlib" "/opt/rustwide/target/debug/deps/libserde_urlencoded-f179ba94d97f66d2.rlib" "/opt/rustwide/target/debug/deps/libform_urlencoded-a5e98da7c1c4a0eb.rlib" "/opt/rustwide/target/debug/deps/libmatches-bfb4602457f1458f.rlib" "/opt/rustwide/target/debug/deps/libactix_server-3383fb7fb0299b85.rlib" "/opt/rustwide/target/debug/deps/libnum_cpus-cb01e376d739746d.rlib" "/opt/rustwide/target/debug/deps/libactix_router-c772e50bedd7a015.rlib" "/opt/rustwide/target/debug/deps/libregex-39870132b06f53d4.rlib" "/opt/rustwide/target/debug/deps/libaho_corasick-d0383d27b8594374.rlib" "/opt/rustwide/target/debug/deps/libregex_syntax-fd0c3ba7c22fa1f4.rlib" "/opt/rustwide/target/debug/deps/libfirestorm-32dbfc811be4a63f.rlib" "/opt/rustwide/target/debug/deps/libactix_http-6986bb8c2e835f6d.rlib" "/opt/rustwide/target/debug/deps/librand-467fc36be7e9f816.rlib" "/opt/rustwide/target/debug/deps/librand_chacha-a4b705b33c47cb0c.rlib" "/opt/rustwide/target/debug/deps/libppv_lite86-0fa3e45be755835a.rlib" "/opt/rustwide/target/debug/deps/librand_core-c35ca9820f4d772c.rlib" "/opt/rustwide/target/debug/deps/libhttparse-07bc4070ad8579b2.rlib" "/opt/rustwide/target/debug/deps/libbrotli-20ca110aca3227a6.rlib" "/opt/rustwide/target/debug/deps/libbrotli_decompressor-f273f1a80228c2b4.rlib" "/opt/rustwide/target/debug/deps/liballoc_stdlib-0596e8a6af30c3f3.rlib" "/opt/rustwide/target/debug/deps/liballoc_no_stdlib-394b41666b4a7459.rlib" "/opt/rustwide/target/debug/deps/libhttpdate-591d2bbb0f7914fc.rlib" "/opt/rustwide/target/debug/deps/libsha1-a4b615d9adc73605.rlib" "/opt/rustwide/target/debug/deps/libcpufeatures-351ccc13a33081d4.rlib" "/opt/rustwide/target/debug/deps/libdigest-35f2749c4b740182.rlib" "/opt/rustwide/target/debug/deps/libblock_buffer-ceecd8d73fd64637.rlib" "/opt/rustwide/target/debug/deps/libcrypto_common-e79aff0d151dee22.rlib" "/opt/rustwide/target/debug/deps/libgeneric_array-5476c5aa279dce6a.rlib" "/opt/rustwide/target/debug/deps/libtypenum-f068cdcc1d945756.rlib" "/opt/rustwide/target/debug/deps/liblocal_channel-c3aaf111eadb4a6a.rlib" "/opt/rustwide/target/debug/deps/libbytestring-c5aeca0c4eec74eb.rlib" "/opt/rustwide/target/debug/deps/libencoding_rs-f492db31e71be9dd.rlib" "/opt/rustwide/target/debug/deps/liblanguage_tags-215e6eaf9b62f53d.rlib" "/opt/rustwide/target/debug/deps/libmime-6adaefd5c465bdcc.rlib" "/opt/rustwide/target/debug/deps/libpercent_encoding-8c83310236959ef9.rlib" "/opt/rustwide/target/debug/deps/libh2-5a804b5b1445831f.rlib" "/opt/rustwide/target/debug/deps/libindexmap-70040e2d69d3798a.rlib" "/opt/rustwide/target/debug/deps/libhashbrown-743e8c262a81811e.rlib" "/opt/rustwide/target/debug/deps/libfutures_util-6a88a877856112bc.rlib" "/opt/rustwide/target/debug/deps/libslab-e8ae452aba6ff62c.rlib" "/opt/rustwide/target/debug/deps/libfutures_task-cbab94a1bc1cf455.rlib" "/opt/rustwide/target/debug/deps/libpin_utils-501725f4e360d46d.rlib" "/opt/rustwide/target/debug/deps/libzstd-f425d40035b6650d.rlib" "/opt/rustwide/target/debug/deps/libzstd_safe-a16537f55ccd3f06.rlib" "/opt/rustwide/target/debug/deps/libzstd_sys-3a6e794af2be2959.rlib" "/opt/rustwide/target/debug/deps/libflate2-683bf67cbd8e3d5e.rlib" "/opt/rustwide/target/debug/deps/libminiz_oxide-c40dd260d3466551.rlib" "/opt/rustwide/target/debug/deps/libadler-92f8db84032ff960.rlib" "/opt/rustwide/target/debug/deps/libcrc32fast-fc15e7c737c5fb18.rlib" "/opt/rustwide/target/debug/deps/libactix_service-1a4121e98f8fd2ce.rlib" "/opt/rustwide/target/debug/deps/libactix_codec-76818f038a0b05dd.rlib" "/opt/rustwide/target/debug/deps/libtokio_util-bdb0648273444eb2.rlib" "/opt/rustwide/target/debug/deps/libtracing-ef9646976baf106f.rlib" "/opt/rustwide/target/debug/deps/libtracing_core-b26ebeb1da0c2ec2.rlib" "/opt/rustwide/target/debug/deps/libfutures_sink-2ae458a46da8d250.rlib" "/opt/rustwide/target/debug/deps/libactix_utils-ae9f3553dfa1fe72.rlib" "/opt/rustwide/target/debug/deps/liblocal_waker-be6d100f38c14537.rlib" "/opt/rustwide/target/debug/deps/libactix_rt-18124e3bf81433b1.rlib" "/opt/rustwide/target/debug/deps/libtokio-bd1801ec38bc3594.rlib" "/opt/rustwide/target/debug/deps/libsignal_hook_registry-abfbc88e40743cf4.rlib" "/opt/rustwide/target/debug/deps/libsocket2-9360096d237248d9.rlib" "/opt/rustwide/target/debug/deps/libmio-a80eba97e4651136.rlib" "/opt/rustwide/target/debug/deps/liblog-a3fff25330ec687e.rlib" "/opt/rustwide/target/debug/deps/libparking_lot-34b3b8108016c7be.rlib" "/opt/rustwide/target/debug/deps/libparking_lot_core-4a7b12c9ba88c133.rlib" "/opt/rustwide/target/debug/deps/libsmallvec-9a9406f60e570d53.rlib" "/opt/rustwide/target/debug/deps/liblock_api-7b509a0395e80754.rlib" "/opt/rustwide/target/debug/deps/libscopeguard-54ff2283d814f48f.rlib" "/opt/rustwide/target/debug/deps/libpin_project_lite-3a747526c5b5aadd.rlib" "/opt/rustwide/target/debug/deps/libfutures_core-6eb40deea68a95e1.rlib" "/opt/rustwide/target/debug/deps/libhttp-ac767ef4b594b98e.rlib" "/opt/rustwide/target/debug/deps/libbytes-44851e2768c88cca.rlib" "/opt/rustwide/target/debug/deps/libfnv-bb690c336855f248.rlib" "/opt/rustwide/target/debug/deps/libconfig-8b9edc0676bbf346.rlib" "/opt/rustwide/target/debug/deps/libpathdiff-2c0582b45212c2ee.rlib" "/opt/rustwide/target/debug/deps/libjson5-5602395e3ae2e007.rlib" "/opt/rustwide/target/debug/deps/libpest-faccf00187586be1.rlib" "/opt/rustwide/target/debug/deps/libucd_trie-ae77ff5e94b6d71d.rlib" "/opt/rustwide/target/debug/deps/libron-07cc6a7c5e6e9b6a.rlib" "/opt/rustwide/target/debug/deps/libbase64-bff61f2d1660603b.rlib" "/opt/rustwide/target/debug/deps/libbitflags-610a73087f46ba3b.rlib" "/opt/rustwide/target/debug/deps/libserde_json-9251596040d6a348.rlib" "/opt/rustwide/target/debug/deps/libryu-b6066a43c71a16c7.rlib" "/opt/rustwide/target/debug/deps/libitoa-eba8a7c1b401c7ca.rlib" "/opt/rustwide/target/debug/deps/libtoml-1635e5d83595680b.rlib" "/opt/rustwide/target/debug/deps/libnom-e7bb46ca1a4f4dfb.rlib" "/opt/rustwide/target/debug/deps/libmemchr-f4ebff342237ab92.rlib" "/opt/rustwide/target/debug/deps/libini-a16d7ff2739af8bd.rlib" "/opt/rustwide/target/debug/deps/libordered_multimap-2db05f09300714b2.rlib" "/opt/rustwide/target/debug/deps/libhashbrown-9e8ef44bdbf9b0ba.rlib" "/opt/rustwide/target/debug/deps/libahash-ffbfa223e47c6ae7.rlib" "/opt/rustwide/target/debug/deps/libgetrandom-2e7bb50c7da72936.rlib" "/opt/rustwide/target/debug/deps/liblibc-633699dc5f0d7a64.rlib" "/opt/rustwide/target/debug/deps/libonce_cell-2001554701dc9572.rlib" "/opt/rustwide/target/debug/deps/libdlv_list-226fde4bc96abc2d.rlib" "/opt/rustwide/target/debug/deps/libcfg_if-97437e183f3ae6e4.rlib" "/opt/rustwide/target/debug/deps/libyaml_rust-fb062838ce04b5b9.rlib" "/opt/rustwide/target/debug/deps/liblinked_hash_map-2d73749d53e508e5.rlib" "/opt/rustwide/target/debug/deps/liblazy_static-86422d76b8bd90ed.rlib" "/opt/rustwide/target/debug/deps/libserde-98aeeeacc1dcb380.rlib" "/opt/rustwide/rustup-home/toolchains/beta-2023-04-20-x86_64-unknown-linux-gnu/lib/rustlib/x86_64-unknown-linux-gnu/lib/libstd-0e29cc23c5e02021.rlib" "/opt/rustwide/rustup-home/toolchains/beta-2023-04-20-x86_64-unknown-linux-gnu/lib/rustlib/x86_64-unknown-linux-gnu/lib/libpanic_unwind-d903621768a861d9.rlib" "/opt/rustwide/rustup-home/toolchains/beta-2023-04-20-x86_64-unknown-linux-gnu/lib/rustlib/x86_64-unknown-linux-gnu/lib/libobject-6d0225e655f31c13.rlib" "/opt/rustwide/rustup-home/toolchains/beta-2023-04-20-x86_64-unknown-linux-gnu/lib/rustlib/x86_64-unknown-linux-gnu/lib/libmemchr-9dbaf4eac7eaa079.rlib" "/opt/rustwide/rustup-home/toolchains/beta-2023-04-20-x86_64-unknown-linux-gnu/lib/rustlib/x86_64-unknown-linux-gnu/lib/libaddr2line-27f05b3d42a66dd0.rlib" "/opt/rustwide/rustup-home/toolchains/beta-2023-04-20-x86_64-unknown-linux-gnu/lib/rustlib/x86_64-unknown-linux-gnu/lib/libgimli-4d73f1030321c9a2.rlib" "/opt/rustwide/rustup-home/toolchains/beta-2023-04-20-x86_64-unknown-linux-gnu/lib/rustlib/x86_64-unknown-linux-gnu/lib/librustc_demangle-2846c9e58abd0acb.rlib" "/opt/rustwide/rustup-home/toolchains/beta-2023-04-20-x86_64-unknown-linux-gnu/lib/rustlib/x86_64-unknown-linux-gnu/lib/libstd_detect-a53d0f50415947be.rlib" "/opt/rustwide/rustup-home/toolchains/beta-2023-04-20-x86_64-unknown-linux-gnu/lib/rustlib/x86_64-unknown-linux-gnu/lib/libhashbrown-d48e4b6abc25b9dc.rlib" "/opt/rustwide/rustup-home/toolchains/beta-2023-04-20-x86_64-unknown-linux-gnu/lib/rustlib/x86_64-unknown-linux-gnu/lib/libminiz_oxide-2991859439ef1207.rlib" "/opt/rustwide/rustup-home/toolchains/beta-2023-04-20-x86_64-unknown-linux-gnu/lib/rustlib/x86_64-unknown-linux-gnu/lib/libadler-8a687517e4221bae.rlib" "/opt/rustwide/rustup-home/toolchains/beta-2023-04-20-x86_64-unknown-linux-gnu/lib/rustlib/x86_64-unknown-linux-gnu/lib/librustc_std_workspace_alloc-e07b554f6a67f5b3.rlib" "/opt/rustwide/rustup-home/toolchains/beta-2023-04-20-x86_64-unknown-linux-gnu/lib/rustlib/x86_64-unknown-linux-gnu/lib/libunwind-b68238b7c3c619dd.rlib" "/opt/rustwide/rustup-home/toolchains/beta-2023-04-20-x86_64-unknown-linux-gnu/lib/rustlib/x86_64-unknown-linux-gnu/lib/libcfg_if-d5e213e896c017e4.rlib" "/opt/rustwide/rustup-home/toolchains/beta-2023-04-20-x86_64-unknown-linux-gnu/lib/rustlib/x86_64-unknown-linux-gnu/lib/liblibc-0211a3b2e61d8689.rlib" "/opt/rustwide/rustup-home/toolchains/beta-2023-04-20-x86_64-unknown-linux-gnu/lib/rustlib/x86_64-unknown-linux-gnu/lib/liballoc-b371f055239ba51f.rlib" "/opt/rustwide/rustup-home/toolchains/beta-2023-04-20-x86_64-unknown-linux-gnu/lib/rustlib/x86_64-unknown-linux-gnu/lib/librustc_std_workspace_core-e60518d2760eb01e.rlib" "/opt/rustwide/rustup-home/toolchains/beta-2023-04-20-x86_64-unknown-linux-gnu/lib/rustlib/x86_64-unknown-linux-gnu/lib/libcore-1ad943f92a4b1081.rlib" "/opt/rustwide/rustup-home/toolchains/beta-2023-04-20-x86_64-unknown-linux-gnu/lib/rustlib/x86_64-unknown-linux-gnu/lib/libcompiler_builtins-f0d6e4d0fc1e80b4.rlib" "-Wl,-Bdynamic" "-lgcc_s" "-lutil" "-lrt" "-lpthread" "-lm" "-ldl" "-lc" "-Wl,--eh-frame-hdr" "-Wl,-z,noexecstack" "-L" "/opt/rustwide/rustup-home/toolchains/beta-2023-04-20-x86_64-unknown-linux-gnu/lib/rustlib/x86_64-unknown-linux-gnu/lib" "-o" "/tmp/rustdoctestj3B0tl/rust_out" "-Wl,--gc-sections" "-pie" "-Wl,-z,relro,-z,now" "-nodefaultlibs"
[INFO] [stdout]   = note: collect2: fatal error: ld terminated with signal 9 [Killed]
[INFO] [stdout]           compilation terminated.
[INFO] [stdout]           
[INFO] [stdout] 
[INFO] [stdout] error: aborting due to previous error
[INFO] [stdout] 
[INFO] [stdout] Couldn't compile the test.
[INFO] [stdout] 
[INFO] [stdout] failures:
[INFO] [stdout]     src/tracing.rs - tracing::Result<T,E>::trace_err (line 70)
[INFO] [stdout]     src/tracing.rs - tracing::configure (line 27)
[INFO] [stdout] 
[INFO] [stdout] test result: FAILED. 2 passed; 2 failed; 0 ignored; 0 measured; 0 filtered out; finished in 5.74s
[INFO] [stdout] 
[INFO] [stderr] error: doctest failed, to rerun pass `--doc`
[INFO] running `Command { std: "docker" "inspect" "9235ae49e369e7fe0882c45cb3f71aa3fa4055aa1ac14dc54a1f8089e30377c0", kill_on_drop: false }`
[INFO] running `Command { std: "docker" "rm" "-f" "9235ae49e369e7fe0882c45cb3f71aa3fa4055aa1ac14dc54a1f8089e30377c0", kill_on_drop: false }`
[INFO] [stdout] 9235ae49e369e7fe0882c45cb3f71aa3fa4055aa1ac14dc54a1f8089e30377c0
