[INFO] cloning repository https://github.com/afiore/rmqfwd
[INFO] running `Command { std: "git" "-c" "credential.helper=" "-c" "credential.helper=/workspace/cargo-home/bin/git-credential-null" "clone" "--bare" "https://github.com/afiore/rmqfwd" "/workspace/cache/git-repos/https%3A%2F%2Fgithub.com%2Fafiore%2Frmqfwd", kill_on_drop: false }`
[INFO] [stderr] Cloning into bare repository '/workspace/cache/git-repos/https%3A%2F%2Fgithub.com%2Fafiore%2Frmqfwd'...
[INFO] running `Command { std: "git" "rev-parse" "HEAD", kill_on_drop: false }`
[INFO] [stdout] c7008709e0fdce48901bbf3c99283401c59a13bd
[INFO] testing afiore/rmqfwd against 1.69.0 for beta-1.70-1
[INFO] running `Command { std: "git" "clone" "/workspace/cache/git-repos/https%3A%2F%2Fgithub.com%2Fafiore%2Frmqfwd" "/workspace/builds/worker-0-tc1/source", kill_on_drop: false }`
[INFO] [stderr] Cloning into '/workspace/builds/worker-0-tc1/source'...
[INFO] [stderr] done.
[INFO] validating manifest of git repo https://github.com/afiore/rmqfwd on toolchain 1.69.0
[INFO] running `Command { std: CARGO_HOME="/workspace/cargo-home" RUSTUP_HOME="/workspace/rustup-home" "/workspace/cargo-home/bin/cargo" "+1.69.0" "metadata" "--manifest-path" "Cargo.toml" "--no-deps", kill_on_drop: false }`
[INFO] started tweaking git repo https://github.com/afiore/rmqfwd
[INFO] finished tweaking git repo https://github.com/afiore/rmqfwd
[INFO] tweaked toml for git repo https://github.com/afiore/rmqfwd written to /workspace/builds/worker-0-tc1/source/Cargo.toml
[INFO] crate git repo https://github.com/afiore/rmqfwd already has a lockfile, it will not be regenerated
[INFO] running `Command { std: CARGO_HOME="/workspace/cargo-home" RUSTUP_HOME="/workspace/rustup-home" "/workspace/cargo-home/bin/cargo" "+1.69.0" "fetch" "--manifest-path" "Cargo.toml", kill_on_drop: false }`
[INFO] [stderr]  Downloading crates ...
[INFO] [stderr]   Downloaded termcolor v1.0.3
[INFO] [stderr]   Downloaded serde v1.0.72
[INFO] [stderr]   Downloaded matches v0.1.7
[INFO] [stderr]   Downloaded toml v0.5.0
[INFO] [stderr]   Downloaded ctor v0.1.9
[INFO] [stderr]   Downloaded tokio-threadpool v0.1.5
[INFO] [stderr]   Downloaded tokio-reactor v0.1.3
[INFO] [stderr]   Downloaded tokio-executor v0.1.3
[INFO] [stderr]   Downloaded structopt v0.2.14
[INFO] [stderr]   Downloaded structopt-derive v0.2.14
[INFO] [stderr]   Downloaded cc v1.0.20
[INFO] [stderr]   Downloaded serde_derive v1.0.72
[INFO] [stderr]   Downloaded ryu v0.2.4
[INFO] [stderr]   Downloaded hyper v0.12.11
[INFO] [stderr]   Downloaded regex-syntax v0.6.2
[INFO] [stderr]   Downloaded futures v0.1.23
[INFO] [stderr]   Downloaded amq-protocol-codegen v1.1.0
[INFO] [stderr]   Downloaded amq-protocol-types v1.1.0
[INFO] [stderr]   Downloaded amq-protocol v1.1.0
[INFO] [stderr]   Downloaded sasl v0.4.2
[INFO] [stderr]   Downloaded lapin-async v0.15.0
[INFO] [stderr]   Downloaded lapin-futures v0.15.0
[INFO] running `Command { std: "docker" "create" "-v" "/var/lib/crater-agent-workspace/builds/worker-0-tc1/target:/opt/rustwide/target:rw,Z" "-v" "/var/lib/crater-agent-workspace/builds/worker-0-tc1/source:/opt/rustwide/workdir:ro,Z" "-v" "/var/lib/crater-agent-workspace/cargo-home:/opt/rustwide/cargo-home:ro,Z" "-v" "/var/lib/crater-agent-workspace/rustup-home:/opt/rustwide/rustup-home:ro,Z" "-e" "SOURCE_DIR=/opt/rustwide/workdir" "-e" "CARGO_TARGET_DIR=/opt/rustwide/target" "-e" "CARGO_HOME=/opt/rustwide/cargo-home" "-e" "RUSTUP_HOME=/opt/rustwide/rustup-home" "-w" "/opt/rustwide/workdir" "-m" "1610612736" "--user" "0:0" "--network" "none" "ghcr.io/rust-lang/crates-build-env/linux@sha256:5ff2268d62e97bff2cde7d5815dd6ed5b47097566f13b8d0ca110b04b60e07ed" "/opt/rustwide/cargo-home/bin/cargo" "+1.69.0" "metadata" "--no-deps" "--format-version=1", kill_on_drop: false }`
[INFO] [stdout] 5ad34da9834b613767f6a599c8b1721a3705794724f832199de9c3c1777ff11d
[INFO] running `Command { std: "docker" "start" "-a" "5ad34da9834b613767f6a599c8b1721a3705794724f832199de9c3c1777ff11d", kill_on_drop: false }`
[INFO] running `Command { std: "docker" "inspect" "5ad34da9834b613767f6a599c8b1721a3705794724f832199de9c3c1777ff11d", kill_on_drop: false }`
[INFO] running `Command { std: "docker" "rm" "-f" "5ad34da9834b613767f6a599c8b1721a3705794724f832199de9c3c1777ff11d", kill_on_drop: false }`
[INFO] [stdout] 5ad34da9834b613767f6a599c8b1721a3705794724f832199de9c3c1777ff11d
[INFO] running `Command { std: "docker" "create" "-v" "/var/lib/crater-agent-workspace/builds/worker-0-tc1/target:/opt/rustwide/target:rw,Z" "-v" "/var/lib/crater-agent-workspace/builds/worker-0-tc1/source:/opt/rustwide/workdir:ro,Z" "-v" "/var/lib/crater-agent-workspace/cargo-home:/opt/rustwide/cargo-home:ro,Z" "-v" "/var/lib/crater-agent-workspace/rustup-home:/opt/rustwide/rustup-home:ro,Z" "-e" "SOURCE_DIR=/opt/rustwide/workdir" "-e" "CARGO_TARGET_DIR=/opt/rustwide/target" "-e" "CARGO_INCREMENTAL=0" "-e" "RUST_BACKTRACE=full" "-e" "RUSTFLAGS=--cap-lints=warn" "-e" "RUSTDOCFLAGS=--cap-lints=warn" "-e" "CARGO_HOME=/opt/rustwide/cargo-home" "-e" "RUSTUP_HOME=/opt/rustwide/rustup-home" "-w" "/opt/rustwide/workdir" "-m" "1610612736" "--user" "0:0" "--network" "none" "ghcr.io/rust-lang/crates-build-env/linux@sha256:5ff2268d62e97bff2cde7d5815dd6ed5b47097566f13b8d0ca110b04b60e07ed" "/opt/rustwide/cargo-home/bin/cargo" "+1.69.0" "build" "--frozen" "--message-format=json", kill_on_drop: false }`
[INFO] [stdout] 33ef0280b17544239e28387ef86e7796b234cf944e63ec6391bc449c047750c6
[INFO] running `Command { std: "docker" "start" "-a" "33ef0280b17544239e28387ef86e7796b234cf944e63ec6391bc449c047750c6", kill_on_drop: false }`
[INFO] [stderr]    Compiling libc v0.2.43
[INFO] [stderr]    Compiling cfg-if v0.1.5
[INFO] [stderr]    Compiling proc-macro2 v0.4.27
[INFO] [stderr]    Compiling unicode-xid v0.1.0
[INFO] [stderr]    Compiling version_check v0.1.4
[INFO] [stderr]    Compiling futures v0.1.23
[INFO] [stderr]    Compiling byteorder v1.2.4
[INFO] [stderr]    Compiling memchr v2.1.3
[INFO] [stderr]    Compiling serde v1.0.72
[INFO] [stderr]    Compiling itoa v0.4.2
[INFO] [stderr]    Compiling ryu v0.2.4
[INFO] [stderr]    Compiling ucd-trie v0.1.1
[INFO] [stderr]    Compiling maplit v1.0.1
[INFO] [stderr]    Compiling ucd-util v0.1.1
[INFO] [stderr]    Compiling regex v1.1.0
[INFO] [stderr]    Compiling quick-error v1.2.2
[INFO] [stderr]    Compiling log v0.4.4
[INFO] [stderr]    Compiling utf8-ranges v1.0.2
[INFO] [stderr]    Compiling same-file v1.0.4
[INFO] [stderr]    Compiling slab v0.4.1
[INFO] [stderr]    Compiling cookie-factory v0.2.4
[INFO] [stderr]    Compiling pest v2.1.0
[INFO] [stderr]    Compiling regex-syntax v0.6.2
[INFO] [stderr]    Compiling walkdir v2.2.7
[INFO] [stderr]    Compiling cc v1.0.20
[INFO] [stderr]    Compiling lazy_static v1.1.0
[INFO] [stderr]    Compiling nodrop v0.1.12
[INFO] [stderr]    Compiling crossbeam-utils v0.3.2
[INFO] [stderr]    Compiling matches v0.1.7
[INFO] [stderr]    Compiling arrayvec v0.4.7
[INFO] [stderr]    Compiling memoffset v0.2.1
[INFO] [stderr]    Compiling iovec v0.1.2
[INFO] [stderr]    Compiling net2 v0.2.33
[INFO] [stderr]    Compiling lazycell v0.6.0
[INFO] [stderr]    Compiling scopeguard v0.3.3
[INFO] [stderr]    Compiling bytes v0.4.9
[INFO] [stderr]    Compiling unicode-bidi v0.3.4
[INFO] [stderr]    Compiling num_cpus v1.8.0
[INFO] [stderr]    Compiling unicode-normalization v0.1.7
[INFO] [stderr]    Compiling failure_derive v0.1.2
[INFO] [stderr]    Compiling rand v0.4.3
[INFO] [stderr]    Compiling safemem v0.2.0
[INFO] [stderr]    Compiling quote v0.6.12
[INFO] [stderr]    Compiling thread_local v0.3.6
[INFO] [stderr]    Compiling pest_meta v2.1.0
[INFO] [stderr]    Compiling aho-corasick v0.6.9
[INFO] [stderr]    Compiling syn v0.15.26
[INFO] [stderr]    Compiling syn v0.14.9
[INFO] [stderr]    Compiling tokio-io v0.1.7
[INFO] [stderr]    Compiling tokio-executor v0.1.3
[INFO] [stderr]    Compiling nom v4.0.0
[INFO] [stderr]    Compiling backtrace-sys v0.1.24
[INFO] [stderr]    Compiling crossbeam-epoch v0.4.3
[INFO] [stderr]    Compiling mio v0.6.15
[INFO] [stderr]    Compiling num-traits v0.2.5
[INFO] [stderr]    Compiling percent-encoding v1.0.1
[INFO] [stderr]    Compiling crossbeam-deque v0.3.1
[INFO] [stderr]    Compiling tokio-codec v0.1.0
[INFO] [stderr]    Compiling rustc-demangle v0.1.9
[INFO] [stderr]    Compiling idna v0.1.5
[INFO] [stderr]    Compiling tokio-reactor v0.1.3
[INFO] [stderr]    Compiling tokio-threadpool v0.1.5
[INFO] [stderr]    Compiling tokio-timer v0.2.5
[INFO] [stderr]    Compiling base64 v0.9.2
[INFO] [stderr]    Compiling atty v0.2.11
[INFO] [stderr]    Compiling num-integer v0.1.39
[INFO] [stderr]    Compiling unicode-width v0.1.5
[INFO] [stderr]    Compiling httparse v1.3.2
[INFO] [stderr]    Compiling fnv v1.0.6
[INFO] [stderr]    Compiling unicode-segmentation v1.2.1
[INFO] [stderr]    Compiling url v1.7.1
[INFO] [stderr]    Compiling http v0.1.13
[INFO] [stderr]    Compiling tokio-fs v0.1.3
[INFO] [stderr]    Compiling backtrace v0.3.9
[INFO] [stderr]    Compiling textwrap v0.10.0
[INFO] [stderr]    Compiling sasl v0.4.2
[INFO] [stderr]    Compiling heck v0.3.1
[INFO] [stderr]    Compiling tokio-udp v0.1.1
[INFO] [stderr]    Compiling tokio-tcp v0.1.1
[INFO] [stderr]    Compiling time v0.1.40
[INFO] [stderr]    Compiling strsim v0.7.0
[INFO] [stderr]    Compiling string v0.1.1
[INFO] [stderr]    Compiling try-lock v0.2.2
[INFO] [stderr]    Compiling synstructure v0.9.0
[INFO] [stderr]    Compiling bitflags v1.0.4
[INFO] [stderr]    Compiling indexmap v1.0.1
[INFO] [stderr]    Compiling ansi_term v0.11.0
[INFO] [stderr]    Compiling vec_map v0.8.1
[INFO] [stderr]    Compiling want v0.0.6
[INFO] [stderr]    Compiling tokio v0.1.7
[INFO] [stderr]    Compiling clap v2.32.0
[INFO] [stderr]    Compiling serde_json v1.0.26
[INFO] [stderr]    Compiling futures-cpupool v0.1.8
[INFO] [stderr]    Compiling humantime v1.1.1
[INFO] [stderr]    Compiling termcolor v1.0.3
[INFO] [stderr]    Compiling pest_generator v2.1.0
[INFO] [stderr]    Compiling toml v0.5.0
[INFO] [stderr]    Compiling try_from v0.3.2
[INFO] [stderr]    Compiling env_logger v0.6.0
[INFO] [stderr]    Compiling chrono v0.4.6
[INFO] [stderr]    Compiling h2 v0.1.12
[INFO] [stderr]    Compiling serde_derive v1.0.72
[INFO] [stderr]    Compiling pest_derive v2.1.0
[INFO] [stderr]    Compiling structopt-derive v0.2.14
[INFO] [stderr]    Compiling failure v0.1.2
[INFO] [stderr]    Compiling handlebars v1.1.0
[INFO] [stderr]    Compiling hyper v0.12.11
[INFO] [stderr]    Compiling structopt v0.2.14
[INFO] [stderr]    Compiling amq-protocol-types v1.1.0
[INFO] [stderr]    Compiling amq-protocol-codegen v1.1.0
[INFO] [stderr]    Compiling amq-protocol v1.1.0
[INFO] [stderr]    Compiling lapin-async v0.15.0
[INFO] [stderr]    Compiling lapin-futures v0.15.0
[INFO] [stderr]    Compiling rmqfwd v0.3.2 (/opt/rustwide/workdir)
[INFO] [stdout] warning: trait objects without an explicit `dyn` are deprecated
[INFO] [stdout]   --> src/es/mod.rs:18:21
[INFO] [stdout]    |
[INFO] [stdout] 18 | pub type Task = Box<Future<Item = (), Error = Error> + Send>;
[INFO] [stdout]    |                     ^^^^^^^^^^^^^^^^^^^^^^^^^^^^^^^^^^^^^^^
[INFO] [stdout]    |
[INFO] [stdout]    = warning: this is accepted in the current edition (Rust 2015) but is a hard error in Rust 2021!
[INFO] [stdout]    = note: for more information, see <https://doc.rust-lang.org/nightly/edition-guide/rust-2021/warnings-promoted-to-error.html>
[INFO] [stdout]    = note: `#[warn(bare_trait_objects)]` on by default
[INFO] [stdout] help: use `dyn`
[INFO] [stdout]    |
[INFO] [stdout] 18 | pub type Task = Box<dyn Future<Item = (), Error = Error> + Send>;
[INFO] [stdout]    |                     +++
[INFO] [stdout] 
[INFO] [stdout] 
[INFO] [stdout] warning: trait objects without an explicit `dyn` are deprecated
[INFO] [stdout]   --> src/es/mod.rs:19:28
[INFO] [stdout]    |
[INFO] [stdout] 19 | pub type IoFuture<A> = Box<Future<Item = A, Error = Error> + Send>;
[INFO] [stdout]    |                            ^^^^^^^^^^^^^^^^^^^^^^^^^^^^^^^^^^^^^^
[INFO] [stdout]    |
[INFO] [stdout]    = warning: this is accepted in the current edition (Rust 2015) but is a hard error in Rust 2021!
[INFO] [stdout]    = note: for more information, see <https://doc.rust-lang.org/nightly/edition-guide/rust-2021/warnings-promoted-to-error.html>
[INFO] [stdout] help: use `dyn`
[INFO] [stdout]    |
[INFO] [stdout] 19 | pub type IoFuture<A> = Box<dyn Future<Item = A, Error = Error> + Send>;
[INFO] [stdout]    |                            +++
[INFO] [stdout] 
[INFO] [stdout] 
[INFO] [stdout] warning: trait objects without an explicit `dyn` are deprecated
[INFO] [stdout]   --> src/es/http.rs:28:10
[INFO] [stdout]    |
[INFO] [stdout] 28 | ) -> Box<Future<Item = (), Error = Error> + Send> {
[INFO] [stdout]    |          ^^^^^^^^^^^^^^^^^^^^^^^^^^^^^^^^^^^^^^^
[INFO] [stdout]    |
[INFO] [stdout]    = warning: this is accepted in the current edition (Rust 2015) but is a hard error in Rust 2021!
[INFO] [stdout]    = note: for more information, see <https://doc.rust-lang.org/nightly/edition-guide/rust-2021/warnings-promoted-to-error.html>
[INFO] [stdout] help: use `dyn`
[INFO] [stdout]    |
[INFO] [stdout] 28 | ) -> Box<dyn Future<Item = (), Error = Error> + Send> {
[INFO] [stdout]    |          +++
[INFO] [stdout] 
[INFO] [stdout] 
[INFO] [stdout] warning: trait objects without an explicit `dyn` are deprecated
[INFO] [stdout]   --> src/es/http.rs:38:10
[INFO] [stdout]    |
[INFO] [stdout] 38 | ) -> Box<Future<Item = bool, Error = Error> + Send> {
[INFO] [stdout]    |          ^^^^^^^^^^^^^^^^^^^^^^^^^^^^^^^^^^^^^^^^^
[INFO] [stdout]    |
[INFO] [stdout]    = warning: this is accepted in the current edition (Rust 2015) but is a hard error in Rust 2021!
[INFO] [stdout]    = note: for more information, see <https://doc.rust-lang.org/nightly/edition-guide/rust-2021/warnings-promoted-to-error.html>
[INFO] [stdout] help: use `dyn`
[INFO] [stdout]    |
[INFO] [stdout] 38 | ) -> Box<dyn Future<Item = bool, Error = Error> + Send> {
[INFO] [stdout]    |          +++
[INFO] [stdout] 
[INFO] [stdout] 
[INFO] [stdout] warning: trait objects without an explicit `dyn` are deprecated
[INFO] [stdout]   --> src/es/http.rs:45:10
[INFO] [stdout]    |
[INFO] [stdout] 45 | ) -> Box<Future<Item = Option<A>, Error = Error> + Send> {
[INFO] [stdout]    |          ^^^^^^^^^^^^^^^^^^^^^^^^^^^^^^^^^^^^^^^^^^^^^^
[INFO] [stdout]    |
[INFO] [stdout]    = warning: this is accepted in the current edition (Rust 2015) but is a hard error in Rust 2021!
[INFO] [stdout]    = note: for more information, see <https://doc.rust-lang.org/nightly/edition-guide/rust-2021/warnings-promoted-to-error.html>
[INFO] [stdout] help: use `dyn`
[INFO] [stdout]    |
[INFO] [stdout] 45 | ) -> Box<dyn Future<Item = Option<A>, Error = Error> + Send> {
[INFO] [stdout]    |          +++
[INFO] [stdout] 
[INFO] [stdout] 
[INFO] [stdout] warning: trait objects without an explicit `dyn` are deprecated
[INFO] [stdout]   --> src/es/http.rs:56:10
[INFO] [stdout]    |
[INFO] [stdout] 56 | ) -> Box<Future<Item = A, Error = Error> + Send> {
[INFO] [stdout]    |          ^^^^^^^^^^^^^^^^^^^^^^^^^^^^^^^^^^^^^^
[INFO] [stdout]    |
[INFO] [stdout]    = warning: this is accepted in the current edition (Rust 2015) but is a hard error in Rust 2021!
[INFO] [stdout]    = note: for more information, see <https://doc.rust-lang.org/nightly/edition-guide/rust-2021/warnings-promoted-to-error.html>
[INFO] [stdout] help: use `dyn`
[INFO] [stdout]    |
[INFO] [stdout] 56 | ) -> Box<dyn Future<Item = A, Error = Error> + Send> {
[INFO] [stdout]    |          +++
[INFO] [stdout] 
[INFO] [stdout] 
[INFO] [stdout] warning: trait objects without an explicit `dyn` are deprecated
[INFO] [stdout]   --> src/es/http.rs:67:10
[INFO] [stdout]    |
[INFO] [stdout] 67 | ) -> Box<Future<Item = A, Error = Error> + Send>
[INFO] [stdout]    |          ^^^^^^^^^^^^^^^^^^^^^^^^^^^^^^^^^^^^^^
[INFO] [stdout]    |
[INFO] [stdout]    = warning: this is accepted in the current edition (Rust 2015) but is a hard error in Rust 2021!
[INFO] [stdout]    = note: for more information, see <https://doc.rust-lang.org/nightly/edition-guide/rust-2021/warnings-promoted-to-error.html>
[INFO] [stdout] help: use `dyn`
[INFO] [stdout]    |
[INFO] [stdout] 67 | ) -> Box<dyn Future<Item = A, Error = Error> + Send>
[INFO] [stdout]    |          +++
[INFO] [stdout] 
[INFO] [stdout] 
[INFO] [stdout] warning: trait objects without an explicit `dyn` are deprecated
[INFO] [stdout]   --> src/fs.rs:18:14
[INFO] [stdout]    |
[INFO] [stdout] 18 |     ) -> Box<Future<Item = (), Error = Error> + Send>;
[INFO] [stdout]    |              ^^^^^^^^^^^^^^^^^^^^^^^^^^^^^^^^^^^^^^^
[INFO] [stdout]    |
[INFO] [stdout]    = warning: this is accepted in the current edition (Rust 2015) but is a hard error in Rust 2021!
[INFO] [stdout]    = note: for more information, see <https://doc.rust-lang.org/nightly/edition-guide/rust-2021/warnings-promoted-to-error.html>
[INFO] [stdout] help: use `dyn`
[INFO] [stdout]    |
[INFO] [stdout] 18 |     ) -> Box<dyn Future<Item = (), Error = Error> + Send>;
[INFO] [stdout]    |              +++
[INFO] [stdout] 
[INFO] [stdout] 
[INFO] [stdout] warning: trait objects without an explicit `dyn` are deprecated
[INFO] [stdout]   --> src/fs.rs:41:14
[INFO] [stdout]    |
[INFO] [stdout] 41 |     ) -> Box<Future<Item = (), Error = Error> + Send> {
[INFO] [stdout]    |              ^^^^^^^^^^^^^^^^^^^^^^^^^^^^^^^^^^^^^^^
[INFO] [stdout]    |
[INFO] [stdout]    = warning: this is accepted in the current edition (Rust 2015) but is a hard error in Rust 2021!
[INFO] [stdout]    = note: for more information, see <https://doc.rust-lang.org/nightly/edition-guide/rust-2021/warnings-promoted-to-error.html>
[INFO] [stdout] help: use `dyn`
[INFO] [stdout]    |
[INFO] [stdout] 41 |     ) -> Box<dyn Future<Item = (), Error = Error> + Send> {
[INFO] [stdout]    |              +++
[INFO] [stdout] 
[INFO] [stdout] 
[INFO] [stdout] warning: trait objects without an explicit `dyn` are deprecated
[INFO] [stdout]   --> src/http.rs:14:27
[INFO] [stdout]    |
[INFO] [stdout] 14 | type FutureResponse = Box<Future<Item = Response<Body>, Error = Error> + Send>;
[INFO] [stdout]    |                           ^^^^^^^^^^^^^^^^^^^^^^^^^^^^^^^^^^^^^^^^^^^^^^^^^^^
[INFO] [stdout]    |
[INFO] [stdout]    = warning: this is accepted in the current edition (Rust 2015) but is a hard error in Rust 2021!
[INFO] [stdout]    = note: for more information, see <https://doc.rust-lang.org/nightly/edition-guide/rust-2021/warnings-promoted-to-error.html>
[INFO] [stdout] help: use `dyn`
[INFO] [stdout]    |
[INFO] [stdout] 14 | type FutureResponse = Box<dyn Future<Item = Response<Body>, Error = Error> + Send>;
[INFO] [stdout]    |                           +++
[INFO] [stdout] 
[INFO] [stdout] 
[INFO] [stdout] warning: trait objects without an explicit `dyn` are deprecated
[INFO] [stdout]   --> src/http.rs:19:10
[INFO] [stdout]    |
[INFO] [stdout] 19 | ) -> Box<Future<Item = Response<Body>, Error = Error> + Send> {
[INFO] [stdout]    |          ^^^^^^^^^^^^^^^^^^^^^^^^^^^^^^^^^^^^^^^^^^^^^^^^^^^
[INFO] [stdout]    |
[INFO] [stdout]    = warning: this is accepted in the current edition (Rust 2015) but is a hard error in Rust 2021!
[INFO] [stdout]    = note: for more information, see <https://doc.rust-lang.org/nightly/edition-guide/rust-2021/warnings-promoted-to-error.html>
[INFO] [stdout] help: use `dyn`
[INFO] [stdout]    |
[INFO] [stdout] 19 | ) -> Box<dyn Future<Item = Response<Body>, Error = Error> + Send> {
[INFO] [stdout]    |          +++
[INFO] [stdout] 
[INFO] [stdout] 
[INFO] [stdout] warning: trait objects without an explicit `dyn` are deprecated
[INFO] [stdout]    --> src/rmq.rs:332:10
[INFO] [stdout]     |
[INFO] [stdout] 332 | ) -> Box<Future<Item = Client<TcpStream>, Error = failure::Error> + Send + 'static> {
[INFO] [stdout]     |          ^^^^^^^^^^^^^^^^^^^^^^^^^^^^^^^^^^^^^^^^^^^^^^^^^^^^^^^^^^^^^^^^^^^^^^^^^
[INFO] [stdout]     |
[INFO] [stdout]     = warning: this is accepted in the current edition (Rust 2015) but is a hard error in Rust 2021!
[INFO] [stdout]     = note: for more information, see <https://doc.rust-lang.org/nightly/edition-guide/rust-2021/warnings-promoted-to-error.html>
[INFO] [stdout] help: use `dyn`
[INFO] [stdout]     |
[INFO] [stdout] 332 | ) -> Box<dyn Future<Item = Client<TcpStream>, Error = failure::Error> + Send + 'static> {
[INFO] [stdout]     |          +++
[INFO] [stdout] 
[INFO] [stdout] 
[INFO] [stdout] warning: trait objects without an explicit `dyn` are deprecated
[INFO] [stdout]    --> src/rmq.rs:375:10
[INFO] [stdout]     |
[INFO] [stdout] 375 | ) -> Box<Future<Item = Channel<TcpStream>, Error = failure::Error> + Send + 'static> {
[INFO] [stdout]     |          ^^^^^^^^^^^^^^^^^^^^^^^^^^^^^^^^^^^^^^^^^^^^^^^^^^^^^^^^^^^^^^^^^^^^^^^^^^
[INFO] [stdout]     |
[INFO] [stdout]     = warning: this is accepted in the current edition (Rust 2015) but is a hard error in Rust 2021!
[INFO] [stdout]     = note: for more information, see <https://doc.rust-lang.org/nightly/edition-guide/rust-2021/warnings-promoted-to-error.html>
[INFO] [stdout] help: use `dyn`
[INFO] [stdout]     |
[INFO] [stdout] 375 | ) -> Box<dyn Future<Item = Channel<TcpStream>, Error = failure::Error> + Send + 'static> {
[INFO] [stdout]     |          +++
[INFO] [stdout] 
[INFO] [stdout] 
[INFO] [stdout] warning: trait objects without an explicit `dyn` are deprecated
[INFO] [stdout]    --> src/rmq.rs:405:10
[INFO] [stdout]     |
[INFO] [stdout] 405 | ) -> Box<Future<Item = (), Error = failure::Error> + Send + 'static>
[INFO] [stdout]     |          ^^^^^^^^^^^^^^^^^^^^^^^^^^^^^^^^^^^^^^^^^^^^^^^^^^^^^^^^^^
[INFO] [stdout]     |
[INFO] [stdout]     = warning: this is accepted in the current edition (Rust 2015) but is a hard error in Rust 2021!
[INFO] [stdout]     = note: for more information, see <https://doc.rust-lang.org/nightly/edition-guide/rust-2021/warnings-promoted-to-error.html>
[INFO] [stdout] help: use `dyn`
[INFO] [stdout]     |
[INFO] [stdout] 405 | ) -> Box<dyn Future<Item = (), Error = failure::Error> + Send + 'static>
[INFO] [stdout]     |          +++
[INFO] [stdout] 
[INFO] [stdout] 
[INFO] [stdout] warning: trait objects without an explicit `dyn` are deprecated
[INFO] [stdout]    --> src/rmq.rs:440:10
[INFO] [stdout]     |
[INFO] [stdout] 440 | ) -> Box<Future<Item = (), Error = failure::Error> + Send> {
[INFO] [stdout]     |          ^^^^^^^^^^^^^^^^^^^^^^^^^^^^^^^^^^^^^^^^^^^^^^^^
[INFO] [stdout]     |
[INFO] [stdout]     = warning: this is accepted in the current edition (Rust 2015) but is a hard error in Rust 2021!
[INFO] [stdout]     = note: for more information, see <https://doc.rust-lang.org/nightly/edition-guide/rust-2021/warnings-promoted-to-error.html>
[INFO] [stdout] help: use `dyn`
[INFO] [stdout]     |
[INFO] [stdout] 440 | ) -> Box<dyn Future<Item = (), Error = failure::Error> + Send> {
[INFO] [stdout]     |          +++
[INFO] [stdout] 
[INFO] [stdout] 
[INFO] [stdout] warning: trait objects without an explicit `dyn` are deprecated
[INFO] [stdout]    --> src/rmq.rs:348:21
[INFO] [stdout]     |
[INFO] [stdout] 348 |                     Future<Item = Client<TcpStream>, Error = failure::Error> + Send + 'static,
[INFO] [stdout]     |                     ^^^^^^^^^^^^^^^^^^^^^^^^^^^^^^^^^^^^^^^^^^^^^^^^^^^^^^^^^^^^^^^^^^^^^^^^^
[INFO] [stdout]     |
[INFO] [stdout]     = warning: this is accepted in the current edition (Rust 2015) but is a hard error in Rust 2021!
[INFO] [stdout]     = note: for more information, see <https://doc.rust-lang.org/nightly/edition-guide/rust-2021/warnings-promoted-to-error.html>
[INFO] [stdout] help: use `dyn`
[INFO] [stdout]     |
[INFO] [stdout] 348 |                     dyn Future<Item = Client<TcpStream>, Error = failure::Error> + Send + 'static,
[INFO] [stdout]     |                     +++
[INFO] [stdout] 
[INFO] [stdout] 
[INFO] [stdout] warning: function `head` is never used
[INFO] [stdout]   --> src/es/http.rs:95:12
[INFO] [stdout]    |
[INFO] [stdout] 95 |     pub fn head(url: &Url) -> Request<Body> {
[INFO] [stdout]    |            ^^^^
[INFO] [stdout]    |
[INFO] [stdout]    = note: `#[warn(dead_code)]` on by default
[INFO] [stdout] 
[INFO] [stdout] 
[INFO] [stdout] warning: function `delete` is never used
[INFO] [stdout]   --> src/es/http.rs:98:12
[INFO] [stdout]    |
[INFO] [stdout] 98 |     pub fn delete(url: &Url) -> Request<Body> {
[INFO] [stdout]    |            ^^^^^^
[INFO] [stdout] 
[INFO] [stdout] 
[INFO] [stdout] warning: 18 warnings emitted
[INFO] [stdout] 
[INFO] [stdout] 
[INFO] [stderr]     Finished dev [unoptimized + debuginfo] target(s) in 24.38s
[INFO] [stderr] warning: the following packages contain code that will be rejected by a future version of Rust: nom v4.0.0, syn v0.14.9
[INFO] [stderr] note: to see what the problems were, use the option `--future-incompat-report`, or run `cargo report future-incompatibilities --id 1`
[INFO] running `Command { std: "docker" "inspect" "33ef0280b17544239e28387ef86e7796b234cf944e63ec6391bc449c047750c6", kill_on_drop: false }`
[INFO] running `Command { std: "docker" "rm" "-f" "33ef0280b17544239e28387ef86e7796b234cf944e63ec6391bc449c047750c6", kill_on_drop: false }`
[INFO] [stdout] 33ef0280b17544239e28387ef86e7796b234cf944e63ec6391bc449c047750c6
[INFO] running `Command { std: "docker" "create" "-v" "/var/lib/crater-agent-workspace/builds/worker-0-tc1/target:/opt/rustwide/target:rw,Z" "-v" "/var/lib/crater-agent-workspace/builds/worker-0-tc1/source:/opt/rustwide/workdir:ro,Z" "-v" "/var/lib/crater-agent-workspace/cargo-home:/opt/rustwide/cargo-home:ro,Z" "-v" "/var/lib/crater-agent-workspace/rustup-home:/opt/rustwide/rustup-home:ro,Z" "-e" "SOURCE_DIR=/opt/rustwide/workdir" "-e" "CARGO_TARGET_DIR=/opt/rustwide/target" "-e" "CARGO_INCREMENTAL=0" "-e" "RUST_BACKTRACE=full" "-e" "RUSTFLAGS=--cap-lints=warn" "-e" "RUSTDOCFLAGS=--cap-lints=warn" "-e" "CARGO_HOME=/opt/rustwide/cargo-home" "-e" "RUSTUP_HOME=/opt/rustwide/rustup-home" "-w" "/opt/rustwide/workdir" "-m" "1610612736" "--user" "0:0" "--network" "none" "ghcr.io/rust-lang/crates-build-env/linux@sha256:5ff2268d62e97bff2cde7d5815dd6ed5b47097566f13b8d0ca110b04b60e07ed" "/opt/rustwide/cargo-home/bin/cargo" "+1.69.0" "test" "--frozen" "--no-run" "--message-format=json", kill_on_drop: false }`
[INFO] [stdout] f78c224e7028d9a700d0d8ab0b635f6198a36a7c9cfb859dc2744fd6b98ec5bd
[INFO] running `Command { std: "docker" "start" "-a" "f78c224e7028d9a700d0d8ab0b635f6198a36a7c9cfb859dc2744fd6b98ec5bd", kill_on_drop: false }`
[INFO] [stderr]    Compiling difference v2.0.0
[INFO] [stderr]    Compiling remove_dir_all v0.5.1
[INFO] [stdout] warning: trait objects without an explicit `dyn` are deprecated
[INFO] [stdout]   --> src/es/mod.rs:18:21
[INFO] [stdout]    |
[INFO] [stdout] 18 | pub type Task = Box<Future<Item = (), Error = Error> + Send>;
[INFO] [stdout]    |                     ^^^^^^^^^^^^^^^^^^^^^^^^^^^^^^^^^^^^^^^
[INFO] [stdout]    |
[INFO] [stdout]    = warning: this is accepted in the current edition (Rust 2015) but is a hard error in Rust 2021!
[INFO] [stdout]    = note: for more information, see <https://doc.rust-lang.org/nightly/edition-guide/rust-2021/warnings-promoted-to-error.html>
[INFO] [stdout]    = note: `#[warn(bare_trait_objects)]` on by default
[INFO] [stdout] help: use `dyn`
[INFO] [stdout]    |
[INFO] [stdout] 18 | pub type Task = Box<dyn Future<Item = (), Error = Error> + Send>;
[INFO] [stdout]    |                     +++
[INFO] [stdout] 
[INFO] [stdout] 
[INFO] [stdout] warning: trait objects without an explicit `dyn` are deprecated
[INFO] [stdout]   --> src/es/mod.rs:19:28
[INFO] [stdout]    |
[INFO] [stdout] 19 | pub type IoFuture<A> = Box<Future<Item = A, Error = Error> + Send>;
[INFO] [stdout]    |                            ^^^^^^^^^^^^^^^^^^^^^^^^^^^^^^^^^^^^^^
[INFO] [stdout]    |
[INFO] [stdout]    = warning: this is accepted in the current edition (Rust 2015) but is a hard error in Rust 2021!
[INFO] [stdout]    = note: for more information, see <https://doc.rust-lang.org/nightly/edition-guide/rust-2021/warnings-promoted-to-error.html>
[INFO] [stdout] help: use `dyn`
[INFO] [stdout]    |
[INFO] [stdout] 19 | pub type IoFuture<A> = Box<dyn Future<Item = A, Error = Error> + Send>;
[INFO] [stdout]    |                            +++
[INFO] [stdout] 
[INFO] [stdout] 
[INFO] [stdout] warning: trait objects without an explicit `dyn` are deprecated
[INFO] [stdout]   --> src/es/http.rs:28:10
[INFO] [stdout]    |
[INFO] [stdout] 28 | ) -> Box<Future<Item = (), Error = Error> + Send> {
[INFO] [stdout]    |          ^^^^^^^^^^^^^^^^^^^^^^^^^^^^^^^^^^^^^^^
[INFO] [stdout]    |
[INFO] [stdout]    = warning: this is accepted in the current edition (Rust 2015) but is a hard error in Rust 2021!
[INFO] [stdout]    = note: for more information, see <https://doc.rust-lang.org/nightly/edition-guide/rust-2021/warnings-promoted-to-error.html>
[INFO] [stdout] help: use `dyn`
[INFO] [stdout]    |
[INFO] [stdout] 28 | ) -> Box<dyn Future<Item = (), Error = Error> + Send> {
[INFO] [stdout]    |          +++
[INFO] [stdout] 
[INFO] [stdout] 
[INFO] [stdout] warning: trait objects without an explicit `dyn` are deprecated
[INFO] [stdout]   --> src/es/http.rs:38:10
[INFO] [stdout]    |
[INFO] [stdout] 38 | ) -> Box<Future<Item = bool, Error = Error> + Send> {
[INFO] [stdout]    |          ^^^^^^^^^^^^^^^^^^^^^^^^^^^^^^^^^^^^^^^^^
[INFO] [stdout]    |
[INFO] [stdout]    = warning: this is accepted in the current edition (Rust 2015) but is a hard error in Rust 2021!
[INFO] [stdout]    = note: for more information, see <https://doc.rust-lang.org/nightly/edition-guide/rust-2021/warnings-promoted-to-error.html>
[INFO] [stdout] help: use `dyn`
[INFO] [stdout]    |
[INFO] [stdout] 38 | ) -> Box<dyn Future<Item = bool, Error = Error> + Send> {
[INFO] [stdout]    |          +++
[INFO] [stdout] 
[INFO] [stdout] 
[INFO] [stdout] warning: trait objects without an explicit `dyn` are deprecated
[INFO] [stdout]   --> src/es/http.rs:45:10
[INFO] [stdout]    |
[INFO] [stdout] 45 | ) -> Box<Future<Item = Option<A>, Error = Error> + Send> {
[INFO] [stdout]    |          ^^^^^^^^^^^^^^^^^^^^^^^^^^^^^^^^^^^^^^^^^^^^^^
[INFO] [stdout]    |
[INFO] [stdout]    = warning: this is accepted in the current edition (Rust 2015) but is a hard error in Rust 2021!
[INFO] [stdout]    = note: for more information, see <https://doc.rust-lang.org/nightly/edition-guide/rust-2021/warnings-promoted-to-error.html>
[INFO] [stdout] help: use `dyn`
[INFO] [stdout]    |
[INFO] [stdout] 45 | ) -> Box<dyn Future<Item = Option<A>, Error = Error> + Send> {
[INFO] [stdout]    |          +++
[INFO] [stdout] 
[INFO] [stdout] 
[INFO] [stdout] warning: trait objects without an explicit `dyn` are deprecated
[INFO] [stdout]   --> src/es/http.rs:56:10
[INFO] [stdout]    |
[INFO] [stdout] 56 | ) -> Box<Future<Item = A, Error = Error> + Send> {
[INFO] [stdout]    |          ^^^^^^^^^^^^^^^^^^^^^^^^^^^^^^^^^^^^^^
[INFO] [stdout]    |
[INFO] [stdout]    = warning: this is accepted in the current edition (Rust 2015) but is a hard error in Rust 2021!
[INFO] [stdout]    = note: for more information, see <https://doc.rust-lang.org/nightly/edition-guide/rust-2021/warnings-promoted-to-error.html>
[INFO] [stdout] help: use `dyn`
[INFO] [stdout]    |
[INFO] [stdout] 56 | ) -> Box<dyn Future<Item = A, Error = Error> + Send> {
[INFO] [stdout]    |          +++
[INFO] [stdout] 
[INFO] [stdout] 
[INFO] [stdout] warning: trait objects without an explicit `dyn` are deprecated
[INFO] [stdout]   --> src/es/http.rs:67:10
[INFO] [stdout]    |
[INFO] [stdout] 67 | ) -> Box<Future<Item = A, Error = Error> + Send>
[INFO] [stdout]    |          ^^^^^^^^^^^^^^^^^^^^^^^^^^^^^^^^^^^^^^
[INFO] [stdout]    |
[INFO] [stdout]    = warning: this is accepted in the current edition (Rust 2015) but is a hard error in Rust 2021!
[INFO] [stdout]    = note: for more information, see <https://doc.rust-lang.org/nightly/edition-guide/rust-2021/warnings-promoted-to-error.html>
[INFO] [stdout] help: use `dyn`
[INFO] [stdout]    |
[INFO] [stdout] 67 | ) -> Box<dyn Future<Item = A, Error = Error> + Send>
[INFO] [stdout]    |          +++
[INFO] [stdout] 
[INFO] [stdout] 
[INFO] [stdout] warning: trait objects without an explicit `dyn` are deprecated
[INFO] [stdout]   --> src/fs.rs:18:14
[INFO] [stdout]    |
[INFO] [stdout] 18 |     ) -> Box<Future<Item = (), Error = Error> + Send>;
[INFO] [stdout]    |              ^^^^^^^^^^^^^^^^^^^^^^^^^^^^^^^^^^^^^^^
[INFO] [stdout]    |
[INFO] [stdout]    = warning: this is accepted in the current edition (Rust 2015) but is a hard error in Rust 2021!
[INFO] [stdout]    = note: for more information, see <https://doc.rust-lang.org/nightly/edition-guide/rust-2021/warnings-promoted-to-error.html>
[INFO] [stdout] help: use `dyn`
[INFO] [stdout]    |
[INFO] [stdout] 18 |     ) -> Box<dyn Future<Item = (), Error = Error> + Send>;
[INFO] [stdout]    |              +++
[INFO] [stdout] 
[INFO] [stdout] 
[INFO] [stdout] warning: trait objects without an explicit `dyn` are deprecated
[INFO] [stdout]   --> src/fs.rs:41:14
[INFO] [stdout]    |
[INFO] [stdout] 41 |     ) -> Box<Future<Item = (), Error = Error> + Send> {
[INFO] [stdout]    |              ^^^^^^^^^^^^^^^^^^^^^^^^^^^^^^^^^^^^^^^
[INFO] [stdout]    |
[INFO] [stdout]    = warning: this is accepted in the current edition (Rust 2015) but is a hard error in Rust 2021!
[INFO] [stdout]    = note: for more information, see <https://doc.rust-lang.org/nightly/edition-guide/rust-2021/warnings-promoted-to-error.html>
[INFO] [stdout] help: use `dyn`
[INFO] [stdout]    |
[INFO] [stdout] 41 |     ) -> Box<dyn Future<Item = (), Error = Error> + Send> {
[INFO] [stdout]    |              +++
[INFO] [stdout] 
[INFO] [stdout] 
[INFO] [stdout] warning: trait objects without an explicit `dyn` are deprecated
[INFO] [stdout]   --> src/http.rs:14:27
[INFO] [stdout]    |
[INFO] [stdout] 14 | type FutureResponse = Box<Future<Item = Response<Body>, Error = Error> + Send>;
[INFO] [stdout]    |                           ^^^^^^^^^^^^^^^^^^^^^^^^^^^^^^^^^^^^^^^^^^^^^^^^^^^
[INFO] [stdout]    |
[INFO] [stdout]    = warning: this is accepted in the current edition (Rust 2015) but is a hard error in Rust 2021!
[INFO] [stdout]    = note: for more information, see <https://doc.rust-lang.org/nightly/edition-guide/rust-2021/warnings-promoted-to-error.html>
[INFO] [stdout] help: use `dyn`
[INFO] [stdout]    |
[INFO] [stdout] 14 | type FutureResponse = Box<dyn Future<Item = Response<Body>, Error = Error> + Send>;
[INFO] [stdout]    |                           +++
[INFO] [stdout] 
[INFO] [stdout] 
[INFO] [stdout] warning: trait objects without an explicit `dyn` are deprecated
[INFO] [stdout]   --> src/http.rs:19:10
[INFO] [stdout]    |
[INFO] [stdout] 19 | ) -> Box<Future<Item = Response<Body>, Error = Error> + Send> {
[INFO] [stdout]    |          ^^^^^^^^^^^^^^^^^^^^^^^^^^^^^^^^^^^^^^^^^^^^^^^^^^^
[INFO] [stdout]    |
[INFO] [stdout]    = warning: this is accepted in the current edition (Rust 2015) but is a hard error in Rust 2021!
[INFO] [stdout]    = note: for more information, see <https://doc.rust-lang.org/nightly/edition-guide/rust-2021/warnings-promoted-to-error.html>
[INFO] [stdout] help: use `dyn`
[INFO] [stdout]    |
[INFO] [stdout] 19 | ) -> Box<dyn Future<Item = Response<Body>, Error = Error> + Send> {
[INFO] [stdout]    |          +++
[INFO] [stdout] 
[INFO] [stdout] 
[INFO] [stdout] warning: trait objects without an explicit `dyn` are deprecated
[INFO] [stdout]    --> src/rmq.rs:332:10
[INFO] [stdout]     |
[INFO] [stdout] 332 | ) -> Box<Future<Item = Client<TcpStream>, Error = failure::Error> + Send + 'static> {
[INFO] [stdout]     |          ^^^^^^^^^^^^^^^^^^^^^^^^^^^^^^^^^^^^^^^^^^^^^^^^^^^^^^^^^^^^^^^^^^^^^^^^^
[INFO] [stdout]     |
[INFO] [stdout]     = warning: this is accepted in the current edition (Rust 2015) but is a hard error in Rust 2021!
[INFO] [stdout]     = note: for more information, see <https://doc.rust-lang.org/nightly/edition-guide/rust-2021/warnings-promoted-to-error.html>
[INFO] [stdout] help: use `dyn`
[INFO] [stdout]     |
[INFO] [stdout] 332 | ) -> Box<dyn Future<Item = Client<TcpStream>, Error = failure::Error> + Send + 'static> {
[INFO] [stdout]     |          +++
[INFO] [stdout] 
[INFO] [stdout] 
[INFO] [stdout] warning: trait objects without an explicit `dyn` are deprecated
[INFO] [stdout]    --> src/rmq.rs:375:10
[INFO] [stdout]     |
[INFO] [stdout] 375 | ) -> Box<Future<Item = Channel<TcpStream>, Error = failure::Error> + Send + 'static> {
[INFO] [stdout]     |          ^^^^^^^^^^^^^^^^^^^^^^^^^^^^^^^^^^^^^^^^^^^^^^^^^^^^^^^^^^^^^^^^^^^^^^^^^^
[INFO] [stdout]     |
[INFO] [stdout]     = warning: this is accepted in the current edition (Rust 2015) but is a hard error in Rust 2021!
[INFO] [stdout]     = note: for more information, see <https://doc.rust-lang.org/nightly/edition-guide/rust-2021/warnings-promoted-to-error.html>
[INFO] [stdout] help: use `dyn`
[INFO] [stdout]     |
[INFO] [stdout] 375 | ) -> Box<dyn Future<Item = Channel<TcpStream>, Error = failure::Error> + Send + 'static> {
[INFO] [stdout]     |          +++
[INFO] [stdout] 
[INFO] [stdout] 
[INFO] [stdout] warning: trait objects without an explicit `dyn` are deprecated
[INFO] [stdout]    --> src/rmq.rs:405:10
[INFO] [stdout]     |
[INFO] [stdout] 405 | ) -> Box<Future<Item = (), Error = failure::Error> + Send + 'static>
[INFO] [stdout]     |          ^^^^^^^^^^^^^^^^^^^^^^^^^^^^^^^^^^^^^^^^^^^^^^^^^^^^^^^^^^
[INFO] [stdout]     |
[INFO] [stdout]     = warning: this is accepted in the current edition (Rust 2015) but is a hard error in Rust 2021!
[INFO] [stdout]     = note: for more information, see <https://doc.rust-lang.org/nightly/edition-guide/rust-2021/warnings-promoted-to-error.html>
[INFO] [stdout] help: use `dyn`
[INFO] [stdout]     |
[INFO] [stdout] 405 | ) -> Box<dyn Future<Item = (), Error = failure::Error> + Send + 'static>
[INFO] [stdout]     |          +++
[INFO] [stdout] 
[INFO] [stdout] 
[INFO] [stdout] warning: trait objects without an explicit `dyn` are deprecated
[INFO] [stdout]    --> src/rmq.rs:440:10
[INFO] [stdout]     |
[INFO] [stdout] 440 | ) -> Box<Future<Item = (), Error = failure::Error> + Send> {
[INFO] [stdout]     |          ^^^^^^^^^^^^^^^^^^^^^^^^^^^^^^^^^^^^^^^^^^^^^^^^
[INFO] [stdout]     |
[INFO] [stdout]     = warning: this is accepted in the current edition (Rust 2015) but is a hard error in Rust 2021!
[INFO] [stdout]     = note: for more information, see <https://doc.rust-lang.org/nightly/edition-guide/rust-2021/warnings-promoted-to-error.html>
[INFO] [stdout] help: use `dyn`
[INFO] [stdout]     |
[INFO] [stdout] 440 | ) -> Box<dyn Future<Item = (), Error = failure::Error> + Send> {
[INFO] [stdout]     |          +++
[INFO] [stdout] 
[INFO] [stdout] 
[INFO] [stdout] warning: trait objects without an explicit `dyn` are deprecated
[INFO] [stdout]    --> src/rmq.rs:348:21
[INFO] [stdout]     |
[INFO] [stdout] 348 |                     Future<Item = Client<TcpStream>, Error = failure::Error> + Send + 'static,
[INFO] [stdout]     |                     ^^^^^^^^^^^^^^^^^^^^^^^^^^^^^^^^^^^^^^^^^^^^^^^^^^^^^^^^^^^^^^^^^^^^^^^^^
[INFO] [stdout]     |
[INFO] [stdout]     = warning: this is accepted in the current edition (Rust 2015) but is a hard error in Rust 2021!
[INFO] [stdout]     = note: for more information, see <https://doc.rust-lang.org/nightly/edition-guide/rust-2021/warnings-promoted-to-error.html>
[INFO] [stdout] help: use `dyn`
[INFO] [stdout]     |
[INFO] [stdout] 348 |                     dyn Future<Item = Client<TcpStream>, Error = failure::Error> + Send + 'static,
[INFO] [stdout]     |                     +++
[INFO] [stdout] 
[INFO] [stdout] 
[INFO] [stdout] warning: function `head` is never used
[INFO] [stdout]   --> src/es/http.rs:95:12
[INFO] [stdout]    |
[INFO] [stdout] 95 |     pub fn head(url: &Url) -> Request<Body> {
[INFO] [stdout]    |            ^^^^
[INFO] [stdout]    |
[INFO] [stdout]    = note: `#[warn(dead_code)]` on by default
[INFO] [stdout] 
[INFO] [stdout] 
[INFO] [stdout] warning: function `delete` is never used
[INFO] [stdout]   --> src/es/http.rs:98:12
[INFO] [stdout]    |
[INFO] [stdout] 98 |     pub fn delete(url: &Url) -> Request<Body> {
[INFO] [stdout]    |            ^^^^^^
[INFO] [stdout] 
[INFO] [stdout] 
[INFO] [stdout] warning: 18 warnings emitted
[INFO] [stdout] 
[INFO] [stdout] 
[INFO] [stderr]    Compiling tempdir v0.3.7
[INFO] [stderr]    Compiling pretty_assertions v0.6.1
[INFO] [stderr]    Compiling rmqfwd v0.3.2 (/opt/rustwide/workdir)
[INFO] [stdout] warning: trait objects without an explicit `dyn` are deprecated
[INFO] [stdout]   --> src/es/mod.rs:18:21
[INFO] [stdout]    |
[INFO] [stdout] 18 | pub type Task = Box<Future<Item = (), Error = Error> + Send>;
[INFO] [stdout]    |                     ^^^^^^^^^^^^^^^^^^^^^^^^^^^^^^^^^^^^^^^
[INFO] [stdout]    |
[INFO] [stdout]    = warning: this is accepted in the current edition (Rust 2015) but is a hard error in Rust 2021!
[INFO] [stdout]    = note: for more information, see <https://doc.rust-lang.org/nightly/edition-guide/rust-2021/warnings-promoted-to-error.html>
[INFO] [stdout]    = note: `#[warn(bare_trait_objects)]` on by default
[INFO] [stdout] help: use `dyn`
[INFO] [stdout]    |
[INFO] [stdout] 18 | pub type Task = Box<dyn Future<Item = (), Error = Error> + Send>;
[INFO] [stdout]    |                     +++
[INFO] [stdout] 
[INFO] [stdout] 
[INFO] [stdout] warning: trait objects without an explicit `dyn` are deprecated
[INFO] [stdout]   --> src/es/mod.rs:19:28
[INFO] [stdout]    |
[INFO] [stdout] 19 | pub type IoFuture<A> = Box<Future<Item = A, Error = Error> + Send>;
[INFO] [stdout]    |                            ^^^^^^^^^^^^^^^^^^^^^^^^^^^^^^^^^^^^^^
[INFO] [stdout]    |
[INFO] [stdout]    = warning: this is accepted in the current edition (Rust 2015) but is a hard error in Rust 2021!
[INFO] [stdout]    = note: for more information, see <https://doc.rust-lang.org/nightly/edition-guide/rust-2021/warnings-promoted-to-error.html>
[INFO] [stdout] help: use `dyn`
[INFO] [stdout]    |
[INFO] [stdout] 19 | pub type IoFuture<A> = Box<dyn Future<Item = A, Error = Error> + Send>;
[INFO] [stdout]    |                            +++
[INFO] [stdout] 
[INFO] [stdout] 
[INFO] [stdout] warning: trait objects without an explicit `dyn` are deprecated
[INFO] [stdout]   --> src/es/http.rs:28:10
[INFO] [stdout]    |
[INFO] [stdout] 28 | ) -> Box<Future<Item = (), Error = Error> + Send> {
[INFO] [stdout]    |          ^^^^^^^^^^^^^^^^^^^^^^^^^^^^^^^^^^^^^^^
[INFO] [stdout]    |
[INFO] [stdout]    = warning: this is accepted in the current edition (Rust 2015) but is a hard error in Rust 2021!
[INFO] [stdout]    = note: for more information, see <https://doc.rust-lang.org/nightly/edition-guide/rust-2021/warnings-promoted-to-error.html>
[INFO] [stdout] help: use `dyn`
[INFO] [stdout]    |
[INFO] [stdout] 28 | ) -> Box<dyn Future<Item = (), Error = Error> + Send> {
[INFO] [stdout]    |          +++
[INFO] [stdout] 
[INFO] [stdout] 
[INFO] [stdout] warning: trait objects without an explicit `dyn` are deprecated
[INFO] [stdout]   --> src/es/http.rs:38:10
[INFO] [stdout]    |
[INFO] [stdout] 38 | ) -> Box<Future<Item = bool, Error = Error> + Send> {
[INFO] [stdout]    |          ^^^^^^^^^^^^^^^^^^^^^^^^^^^^^^^^^^^^^^^^^
[INFO] [stdout]    |
[INFO] [stdout]    = warning: this is accepted in the current edition (Rust 2015) but is a hard error in Rust 2021!
[INFO] [stdout]    = note: for more information, see <https://doc.rust-lang.org/nightly/edition-guide/rust-2021/warnings-promoted-to-error.html>
[INFO] [stdout] help: use `dyn`
[INFO] [stdout]    |
[INFO] [stdout] 38 | ) -> Box<dyn Future<Item = bool, Error = Error> + Send> {
[INFO] [stdout]    |          +++
[INFO] [stdout] 
[INFO] [stdout] 
[INFO] [stdout] warning: trait objects without an explicit `dyn` are deprecated
[INFO] [stdout]   --> src/es/http.rs:45:10
[INFO] [stdout]    |
[INFO] [stdout] 45 | ) -> Box<Future<Item = Option<A>, Error = Error> + Send> {
[INFO] [stdout]    |          ^^^^^^^^^^^^^^^^^^^^^^^^^^^^^^^^^^^^^^^^^^^^^^
[INFO] [stdout]    |
[INFO] [stdout]    = warning: this is accepted in the current edition (Rust 2015) but is a hard error in Rust 2021!
[INFO] [stdout]    = note: for more information, see <https://doc.rust-lang.org/nightly/edition-guide/rust-2021/warnings-promoted-to-error.html>
[INFO] [stdout] help: use `dyn`
[INFO] [stdout]    |
[INFO] [stdout] 45 | ) -> Box<dyn Future<Item = Option<A>, Error = Error> + Send> {
[INFO] [stdout]    |          +++
[INFO] [stdout] 
[INFO] [stdout] 
[INFO] [stdout] warning: trait objects without an explicit `dyn` are deprecated
[INFO] [stdout]   --> src/es/http.rs:56:10
[INFO] [stdout]    |
[INFO] [stdout] 56 | ) -> Box<Future<Item = A, Error = Error> + Send> {
[INFO] [stdout]    |          ^^^^^^^^^^^^^^^^^^^^^^^^^^^^^^^^^^^^^^
[INFO] [stdout]    |
[INFO] [stdout]    = warning: this is accepted in the current edition (Rust 2015) but is a hard error in Rust 2021!
[INFO] [stdout]    = note: for more information, see <https://doc.rust-lang.org/nightly/edition-guide/rust-2021/warnings-promoted-to-error.html>
[INFO] [stdout] help: use `dyn`
[INFO] [stdout]    |
[INFO] [stdout] 56 | ) -> Box<dyn Future<Item = A, Error = Error> + Send> {
[INFO] [stdout]    |          +++
[INFO] [stdout] 
[INFO] [stdout] 
[INFO] [stdout] warning: trait objects without an explicit `dyn` are deprecated
[INFO] [stdout]   --> src/es/http.rs:67:10
[INFO] [stdout]    |
[INFO] [stdout] 67 | ) -> Box<Future<Item = A, Error = Error> + Send>
[INFO] [stdout]    |          ^^^^^^^^^^^^^^^^^^^^^^^^^^^^^^^^^^^^^^
[INFO] [stdout]    |
[INFO] [stdout]    = warning: this is accepted in the current edition (Rust 2015) but is a hard error in Rust 2021!
[INFO] [stdout]    = note: for more information, see <https://doc.rust-lang.org/nightly/edition-guide/rust-2021/warnings-promoted-to-error.html>
[INFO] [stdout] help: use `dyn`
[INFO] [stdout]    |
[INFO] [stdout] 67 | ) -> Box<dyn Future<Item = A, Error = Error> + Send>
[INFO] [stdout]    |          +++
[INFO] [stdout] 
[INFO] [stdout] 
[INFO] [stdout] warning: trait objects without an explicit `dyn` are deprecated
[INFO] [stdout]   --> src/fs.rs:18:14
[INFO] [stdout]    |
[INFO] [stdout] 18 |     ) -> Box<Future<Item = (), Error = Error> + Send>;
[INFO] [stdout]    |              ^^^^^^^^^^^^^^^^^^^^^^^^^^^^^^^^^^^^^^^
[INFO] [stdout]    |
[INFO] [stdout]    = warning: this is accepted in the current edition (Rust 2015) but is a hard error in Rust 2021!
[INFO] [stdout]    = note: for more information, see <https://doc.rust-lang.org/nightly/edition-guide/rust-2021/warnings-promoted-to-error.html>
[INFO] [stdout] help: use `dyn`
[INFO] [stdout]    |
[INFO] [stdout] 18 |     ) -> Box<dyn Future<Item = (), Error = Error> + Send>;
[INFO] [stdout]    |              +++
[INFO] [stdout] 
[INFO] [stdout] 
[INFO] [stdout] warning: trait objects without an explicit `dyn` are deprecated
[INFO] [stdout]   --> src/fs.rs:41:14
[INFO] [stdout]    |
[INFO] [stdout] 41 |     ) -> Box<Future<Item = (), Error = Error> + Send> {
[INFO] [stdout]    |              ^^^^^^^^^^^^^^^^^^^^^^^^^^^^^^^^^^^^^^^
[INFO] [stdout]    |
[INFO] [stdout]    = warning: this is accepted in the current edition (Rust 2015) but is a hard error in Rust 2021!
[INFO] [stdout]    = note: for more information, see <https://doc.rust-lang.org/nightly/edition-guide/rust-2021/warnings-promoted-to-error.html>
[INFO] [stdout] help: use `dyn`
[INFO] [stdout]    |
[INFO] [stdout] 41 |     ) -> Box<dyn Future<Item = (), Error = Error> + Send> {
[INFO] [stdout]    |              +++
[INFO] [stdout] 
[INFO] [stdout] 
[INFO] [stdout] warning: trait objects without an explicit `dyn` are deprecated
[INFO] [stdout]   --> src/http.rs:14:27
[INFO] [stdout]    |
[INFO] [stdout] 14 | type FutureResponse = Box<Future<Item = Response<Body>, Error = Error> + Send>;
[INFO] [stdout]    |                           ^^^^^^^^^^^^^^^^^^^^^^^^^^^^^^^^^^^^^^^^^^^^^^^^^^^
[INFO] [stdout]    |
[INFO] [stdout]    = warning: this is accepted in the current edition (Rust 2015) but is a hard error in Rust 2021!
[INFO] [stdout]    = note: for more information, see <https://doc.rust-lang.org/nightly/edition-guide/rust-2021/warnings-promoted-to-error.html>
[INFO] [stdout] help: use `dyn`
[INFO] [stdout]    |
[INFO] [stdout] 14 | type FutureResponse = Box<dyn Future<Item = Response<Body>, Error = Error> + Send>;
[INFO] [stdout]    |                           +++
[INFO] [stdout] 
[INFO] [stdout] 
[INFO] [stdout] warning: trait objects without an explicit `dyn` are deprecated
[INFO] [stdout]   --> src/http.rs:19:10
[INFO] [stdout]    |
[INFO] [stdout] 19 | ) -> Box<Future<Item = Response<Body>, Error = Error> + Send> {
[INFO] [stdout]    |          ^^^^^^^^^^^^^^^^^^^^^^^^^^^^^^^^^^^^^^^^^^^^^^^^^^^
[INFO] [stdout]    |
[INFO] [stdout]    = warning: this is accepted in the current edition (Rust 2015) but is a hard error in Rust 2021!
[INFO] [stdout]    = note: for more information, see <https://doc.rust-lang.org/nightly/edition-guide/rust-2021/warnings-promoted-to-error.html>
[INFO] [stdout] help: use `dyn`
[INFO] [stdout]    |
[INFO] [stdout] 19 | ) -> Box<dyn Future<Item = Response<Body>, Error = Error> + Send> {
[INFO] [stdout]    |          +++
[INFO] [stdout] 
[INFO] [stdout] 
[INFO] [stdout] warning: trait objects without an explicit `dyn` are deprecated
[INFO] [stdout]    --> src/rmq.rs:332:10
[INFO] [stdout]     |
[INFO] [stdout] 332 | ) -> Box<Future<Item = Client<TcpStream>, Error = failure::Error> + Send + 'static> {
[INFO] [stdout]     |          ^^^^^^^^^^^^^^^^^^^^^^^^^^^^^^^^^^^^^^^^^^^^^^^^^^^^^^^^^^^^^^^^^^^^^^^^^
[INFO] [stdout]     |
[INFO] [stdout]     = warning: this is accepted in the current edition (Rust 2015) but is a hard error in Rust 2021!
[INFO] [stdout]     = note: for more information, see <https://doc.rust-lang.org/nightly/edition-guide/rust-2021/warnings-promoted-to-error.html>
[INFO] [stdout] help: use `dyn`
[INFO] [stdout]     |
[INFO] [stdout] 332 | ) -> Box<dyn Future<Item = Client<TcpStream>, Error = failure::Error> + Send + 'static> {
[INFO] [stdout]     |          +++
[INFO] [stdout] 
[INFO] [stdout] 
[INFO] [stdout] warning: trait objects without an explicit `dyn` are deprecated
[INFO] [stdout]    --> src/rmq.rs:375:10
[INFO] [stdout]     |
[INFO] [stdout] 375 | ) -> Box<Future<Item = Channel<TcpStream>, Error = failure::Error> + Send + 'static> {
[INFO] [stdout]     |          ^^^^^^^^^^^^^^^^^^^^^^^^^^^^^^^^^^^^^^^^^^^^^^^^^^^^^^^^^^^^^^^^^^^^^^^^^^
[INFO] [stdout]     |
[INFO] [stdout]     = warning: this is accepted in the current edition (Rust 2015) but is a hard error in Rust 2021!
[INFO] [stdout]     = note: for more information, see <https://doc.rust-lang.org/nightly/edition-guide/rust-2021/warnings-promoted-to-error.html>
[INFO] [stdout] help: use `dyn`
[INFO] [stdout]     |
[INFO] [stdout] 375 | ) -> Box<dyn Future<Item = Channel<TcpStream>, Error = failure::Error> + Send + 'static> {
[INFO] [stdout]     |          +++
[INFO] [stdout] 
[INFO] [stdout] 
[INFO] [stdout] warning: trait objects without an explicit `dyn` are deprecated
[INFO] [stdout]    --> src/rmq.rs:405:10
[INFO] [stdout]     |
[INFO] [stdout] 405 | ) -> Box<Future<Item = (), Error = failure::Error> + Send + 'static>
[INFO] [stdout]     |          ^^^^^^^^^^^^^^^^^^^^^^^^^^^^^^^^^^^^^^^^^^^^^^^^^^^^^^^^^^
[INFO] [stdout]     |
[INFO] [stdout]     = warning: this is accepted in the current edition (Rust 2015) but is a hard error in Rust 2021!
[INFO] [stdout]     = note: for more information, see <https://doc.rust-lang.org/nightly/edition-guide/rust-2021/warnings-promoted-to-error.html>
[INFO] [stdout] help: use `dyn`
[INFO] [stdout]     |
[INFO] [stdout] 405 | ) -> Box<dyn Future<Item = (), Error = failure::Error> + Send + 'static>
[INFO] [stdout]     |          +++
[INFO] [stdout] 
[INFO] [stdout] 
[INFO] [stdout] warning: trait objects without an explicit `dyn` are deprecated
[INFO] [stdout]    --> src/rmq.rs:440:10
[INFO] [stdout]     |
[INFO] [stdout] 440 | ) -> Box<Future<Item = (), Error = failure::Error> + Send> {
[INFO] [stdout]     |          ^^^^^^^^^^^^^^^^^^^^^^^^^^^^^^^^^^^^^^^^^^^^^^^^
[INFO] [stdout]     |
[INFO] [stdout]     = warning: this is accepted in the current edition (Rust 2015) but is a hard error in Rust 2021!
[INFO] [stdout]     = note: for more information, see <https://doc.rust-lang.org/nightly/edition-guide/rust-2021/warnings-promoted-to-error.html>
[INFO] [stdout] help: use `dyn`
[INFO] [stdout]     |
[INFO] [stdout] 440 | ) -> Box<dyn Future<Item = (), Error = failure::Error> + Send> {
[INFO] [stdout]     |          +++
[INFO] [stdout] 
[INFO] [stdout] 
[INFO] [stdout] warning: trait objects without an explicit `dyn` are deprecated
[INFO] [stdout]    --> src/rmq.rs:348:21
[INFO] [stdout]     |
[INFO] [stdout] 348 |                     Future<Item = Client<TcpStream>, Error = failure::Error> + Send + 'static,
[INFO] [stdout]     |                     ^^^^^^^^^^^^^^^^^^^^^^^^^^^^^^^^^^^^^^^^^^^^^^^^^^^^^^^^^^^^^^^^^^^^^^^^^
[INFO] [stdout]     |
[INFO] [stdout]     = warning: this is accepted in the current edition (Rust 2015) but is a hard error in Rust 2021!
[INFO] [stdout]     = note: for more information, see <https://doc.rust-lang.org/nightly/edition-guide/rust-2021/warnings-promoted-to-error.html>
[INFO] [stdout] help: use `dyn`
[INFO] [stdout]     |
[INFO] [stdout] 348 |                     dyn Future<Item = Client<TcpStream>, Error = failure::Error> + Send + 'static,
[INFO] [stdout]     |                     +++
[INFO] [stdout] 
[INFO] [stdout] 
[INFO] [stdout] warning: 16 warnings emitted
[INFO] [stdout] 
[INFO] [stdout] 
[INFO] [stderr]     Finished test [unoptimized + debuginfo] target(s) in 5.40s
[INFO] [stderr] warning: the following packages contain code that will be rejected by a future version of Rust: nom v4.0.0, syn v0.14.9
[INFO] [stderr] note: to see what the problems were, use the option `--future-incompat-report`, or run `cargo report future-incompatibilities --id 1`
[INFO] running `Command { std: "docker" "inspect" "f78c224e7028d9a700d0d8ab0b635f6198a36a7c9cfb859dc2744fd6b98ec5bd", kill_on_drop: false }`
[INFO] running `Command { std: "docker" "rm" "-f" "f78c224e7028d9a700d0d8ab0b635f6198a36a7c9cfb859dc2744fd6b98ec5bd", kill_on_drop: false }`
[INFO] [stdout] f78c224e7028d9a700d0d8ab0b635f6198a36a7c9cfb859dc2744fd6b98ec5bd
[INFO] running `Command { std: "docker" "create" "-v" "/var/lib/crater-agent-workspace/builds/worker-0-tc1/target:/opt/rustwide/target:rw,Z" "-v" "/var/lib/crater-agent-workspace/builds/worker-0-tc1/source:/opt/rustwide/workdir:ro,Z" "-v" "/var/lib/crater-agent-workspace/cargo-home:/opt/rustwide/cargo-home:ro,Z" "-v" "/var/lib/crater-agent-workspace/rustup-home:/opt/rustwide/rustup-home:ro,Z" "-e" "SOURCE_DIR=/opt/rustwide/workdir" "-e" "CARGO_TARGET_DIR=/opt/rustwide/target" "-e" "CARGO_INCREMENTAL=0" "-e" "RUST_BACKTRACE=full" "-e" "RUSTFLAGS=--cap-lints=warn" "-e" "RUSTDOCFLAGS=--cap-lints=warn" "-e" "CARGO_HOME=/opt/rustwide/cargo-home" "-e" "RUSTUP_HOME=/opt/rustwide/rustup-home" "-w" "/opt/rustwide/workdir" "-m" "1610612736" "--user" "0:0" "--network" "none" "ghcr.io/rust-lang/crates-build-env/linux@sha256:5ff2268d62e97bff2cde7d5815dd6ed5b47097566f13b8d0ca110b04b60e07ed" "/opt/rustwide/cargo-home/bin/cargo" "+1.69.0" "test" "--frozen", kill_on_drop: false }`
[INFO] [stdout] 43d42f12a43336d6fc016f1c6affc8156b26bbae6e955d9596ff45b528d1caa6
[INFO] running `Command { std: "docker" "start" "-a" "43d42f12a43336d6fc016f1c6affc8156b26bbae6e955d9596ff45b528d1caa6", kill_on_drop: false }`
[INFO] [stderr] warning: trait objects without an explicit `dyn` are deprecated
[INFO] [stderr]   --> src/es/mod.rs:18:21
[INFO] [stderr]    |
[INFO] [stderr] 18 | pub type Task = Box<Future<Item = (), Error = Error> + Send>;
[INFO] [stderr]    |                     ^^^^^^^^^^^^^^^^^^^^^^^^^^^^^^^^^^^^^^^
[INFO] [stderr]    |
[INFO] [stderr]    = warning: this is accepted in the current edition (Rust 2015) but is a hard error in Rust 2021!
[INFO] [stderr]    = note: for more information, see <https://doc.rust-lang.org/nightly/edition-guide/rust-2021/warnings-promoted-to-error.html>
[INFO] [stderr]    = note: `#[warn(bare_trait_objects)]` on by default
[INFO] [stderr] help: use `dyn`
[INFO] [stderr]    |
[INFO] [stderr] 18 | pub type Task = Box<dyn Future<Item = (), Error = Error> + Send>;
[INFO] [stderr]    |                     +++
[INFO] [stderr] 
[INFO] [stderr] warning: trait objects without an explicit `dyn` are deprecated
[INFO] [stderr]   --> src/es/mod.rs:19:28
[INFO] [stderr]    |
[INFO] [stderr] 19 | pub type IoFuture<A> = Box<Future<Item = A, Error = Error> + Send>;
[INFO] [stderr]    |                            ^^^^^^^^^^^^^^^^^^^^^^^^^^^^^^^^^^^^^^
[INFO] [stderr]    |
[INFO] [stderr]    = warning: this is accepted in the current edition (Rust 2015) but is a hard error in Rust 2021!
[INFO] [stderr]    = note: for more information, see <https://doc.rust-lang.org/nightly/edition-guide/rust-2021/warnings-promoted-to-error.html>
[INFO] [stderr] help: use `dyn`
[INFO] [stderr]    |
[INFO] [stderr] 19 | pub type IoFuture<A> = Box<dyn Future<Item = A, Error = Error> + Send>;
[INFO] [stderr]    |                            +++
[INFO] [stderr] 
[INFO] [stderr] warning: trait objects without an explicit `dyn` are deprecated
[INFO] [stderr]   --> src/es/http.rs:28:10
[INFO] [stderr]    |
[INFO] [stderr] 28 | ) -> Box<Future<Item = (), Error = Error> + Send> {
[INFO] [stderr]    |          ^^^^^^^^^^^^^^^^^^^^^^^^^^^^^^^^^^^^^^^
[INFO] [stderr]    |
[INFO] [stderr]    = warning: this is accepted in the current edition (Rust 2015) but is a hard error in Rust 2021!
[INFO] [stderr]    = note: for more information, see <https://doc.rust-lang.org/nightly/edition-guide/rust-2021/warnings-promoted-to-error.html>
[INFO] [stderr] help: use `dyn`
[INFO] [stderr]    |
[INFO] [stderr] 28 | ) -> Box<dyn Future<Item = (), Error = Error> + Send> {
[INFO] [stderr]    |          +++
[INFO] [stderr] 
[INFO] [stderr] warning: trait objects without an explicit `dyn` are deprecated
[INFO] [stderr]   --> src/es/http.rs:38:10
[INFO] [stderr]    |
[INFO] [stderr] 38 | ) -> Box<Future<Item = bool, Error = Error> + Send> {
[INFO] [stderr]    |          ^^^^^^^^^^^^^^^^^^^^^^^^^^^^^^^^^^^^^^^^^
[INFO] [stderr]    |
[INFO] [stderr]    = warning: this is accepted in the current edition (Rust 2015) but is a hard error in Rust 2021!
[INFO] [stderr]    = note: for more information, see <https://doc.rust-lang.org/nightly/edition-guide/rust-2021/warnings-promoted-to-error.html>
[INFO] [stderr] help: use `dyn`
[INFO] [stderr]    |
[INFO] [stderr] 38 | ) -> Box<dyn Future<Item = bool, Error = Error> + Send> {
[INFO] [stderr]    |          +++
[INFO] [stderr] 
[INFO] [stderr] warning: trait objects without an explicit `dyn` are deprecated
[INFO] [stderr]   --> src/es/http.rs:45:10
[INFO] [stderr]    |
[INFO] [stderr] 45 | ) -> Box<Future<Item = Option<A>, Error = Error> + Send> {
[INFO] [stderr]    |          ^^^^^^^^^^^^^^^^^^^^^^^^^^^^^^^^^^^^^^^^^^^^^^
[INFO] [stderr]    |
[INFO] [stderr]    = warning: this is accepted in the current edition (Rust 2015) but is a hard error in Rust 2021!
[INFO] [stderr]    = note: for more information, see <https://doc.rust-lang.org/nightly/edition-guide/rust-2021/warnings-promoted-to-error.html>
[INFO] [stderr] help: use `dyn`
[INFO] [stderr]    |
[INFO] [stderr] 45 | ) -> Box<dyn Future<Item = Option<A>, Error = Error> + Send> {
[INFO] [stderr]    |          +++
[INFO] [stderr] 
[INFO] [stderr] warning: trait objects without an explicit `dyn` are deprecated
[INFO] [stderr]   --> src/es/http.rs:56:10
[INFO] [stderr]    |
[INFO] [stderr] 56 | ) -> Box<Future<Item = A, Error = Error> + Send> {
[INFO] [stderr]    |          ^^^^^^^^^^^^^^^^^^^^^^^^^^^^^^^^^^^^^^
[INFO] [stderr]    |
[INFO] [stderr]    = warning: this is accepted in the current edition (Rust 2015) but is a hard error in Rust 2021!
[INFO] [stderr]    = note: for more information, see <https://doc.rust-lang.org/nightly/edition-guide/rust-2021/warnings-promoted-to-error.html>
[INFO] [stderr] help: use `dyn`
[INFO] [stderr]    |
[INFO] [stderr] 56 | ) -> Box<dyn Future<Item = A, Error = Error> + Send> {
[INFO] [stderr]    |          +++
[INFO] [stderr] 
[INFO] [stderr] warning: trait objects without an explicit `dyn` are deprecated
[INFO] [stderr]   --> src/es/http.rs:67:10
[INFO] [stderr]    |
[INFO] [stderr] 67 | ) -> Box<Future<Item = A, Error = Error> + Send>
[INFO] [stderr]    |          ^^^^^^^^^^^^^^^^^^^^^^^^^^^^^^^^^^^^^^
[INFO] [stderr]    |
[INFO] [stderr]    = warning: this is accepted in the current edition (Rust 2015) but is a hard error in Rust 2021!
[INFO] [stderr]    = note: for more information, see <https://doc.rust-lang.org/nightly/edition-guide/rust-2021/warnings-promoted-to-error.html>
[INFO] [stderr] help: use `dyn`
[INFO] [stderr]    |
[INFO] [stderr] 67 | ) -> Box<dyn Future<Item = A, Error = Error> + Send>
[INFO] [stderr]    |          +++
[INFO] [stderr] 
[INFO] [stderr] warning: trait objects without an explicit `dyn` are deprecated
[INFO] [stderr]   --> src/fs.rs:18:14
[INFO] [stderr]    |
[INFO] [stderr] 18 |     ) -> Box<Future<Item = (), Error = Error> + Send>;
[INFO] [stderr]    |              ^^^^^^^^^^^^^^^^^^^^^^^^^^^^^^^^^^^^^^^
[INFO] [stderr]    |
[INFO] [stderr]    = warning: this is accepted in the current edition (Rust 2015) but is a hard error in Rust 2021!
[INFO] [stderr]    = note: for more information, see <https://doc.rust-lang.org/nightly/edition-guide/rust-2021/warnings-promoted-to-error.html>
[INFO] [stderr] help: use `dyn`
[INFO] [stderr]    |
[INFO] [stderr] 18 |     ) -> Box<dyn Future<Item = (), Error = Error> + Send>;
[INFO] [stderr]    |              +++
[INFO] [stderr] 
[INFO] [stderr] warning: trait objects without an explicit `dyn` are deprecated
[INFO] [stderr]   --> src/fs.rs:41:14
[INFO] [stderr]    |
[INFO] [stderr] 41 |     ) -> Box<Future<Item = (), Error = Error> + Send> {
[INFO] [stderr]    |              ^^^^^^^^^^^^^^^^^^^^^^^^^^^^^^^^^^^^^^^
[INFO] [stderr]    |
[INFO] [stderr]    = warning: this is accepted in the current edition (Rust 2015) but is a hard error in Rust 2021!
[INFO] [stderr]    = note: for more information, see <https://doc.rust-lang.org/nightly/edition-guide/rust-2021/warnings-promoted-to-error.html>
[INFO] [stderr] help: use `dyn`
[INFO] [stderr]    |
[INFO] [stderr] 41 |     ) -> Box<dyn Future<Item = (), Error = Error> + Send> {
[INFO] [stderr]    |              +++
[INFO] [stderr] 
[INFO] [stderr] warning: trait objects without an explicit `dyn` are deprecated
[INFO] [stderr]   --> src/http.rs:14:27
[INFO] [stderr]    |
[INFO] [stderr] 14 | type FutureResponse = Box<Future<Item = Response<Body>, Error = Error> + Send>;
[INFO] [stderr]    |                           ^^^^^^^^^^^^^^^^^^^^^^^^^^^^^^^^^^^^^^^^^^^^^^^^^^^
[INFO] [stderr]    |
[INFO] [stderr]    = warning: this is accepted in the current edition (Rust 2015) but is a hard error in Rust 2021!
[INFO] [stderr]    = note: for more information, see <https://doc.rust-lang.org/nightly/edition-guide/rust-2021/warnings-promoted-to-error.html>
[INFO] [stderr] help: use `dyn`
[INFO] [stderr]    |
[INFO] [stderr] 14 | type FutureResponse = Box<dyn Future<Item = Response<Body>, Error = Error> + Send>;
[INFO] [stderr]    |                           +++
[INFO] [stderr] 
[INFO] [stderr] warning: trait objects without an explicit `dyn` are deprecated
[INFO] [stderr]   --> src/http.rs:19:10
[INFO] [stderr]    |
[INFO] [stderr] 19 | ) -> Box<Future<Item = Response<Body>, Error = Error> + Send> {
[INFO] [stderr]    |          ^^^^^^^^^^^^^^^^^^^^^^^^^^^^^^^^^^^^^^^^^^^^^^^^^^^
[INFO] [stderr]    |
[INFO] [stderr]    = warning: this is accepted in the current edition (Rust 2015) but is a hard error in Rust 2021!
[INFO] [stderr]    = note: for more information, see <https://doc.rust-lang.org/nightly/edition-guide/rust-2021/warnings-promoted-to-error.html>
[INFO] [stderr] help: use `dyn`
[INFO] [stderr]    |
[INFO] [stderr] 19 | ) -> Box<dyn Future<Item = Response<Body>, Error = Error> + Send> {
[INFO] [stderr]    |          +++
[INFO] [stderr] 
[INFO] [stderr] warning: trait objects without an explicit `dyn` are deprecated
[INFO] [stderr]    --> src/rmq.rs:332:10
[INFO] [stderr]     |
[INFO] [stderr] 332 | ) -> Box<Future<Item = Client<TcpStream>, Error = failure::Error> + Send + 'static> {
[INFO] [stderr]     |          ^^^^^^^^^^^^^^^^^^^^^^^^^^^^^^^^^^^^^^^^^^^^^^^^^^^^^^^^^^^^^^^^^^^^^^^^^
[INFO] [stderr]     |
[INFO] [stderr]     = warning: this is accepted in the current edition (Rust 2015) but is a hard error in Rust 2021!
[INFO] [stderr]     = note: for more information, see <https://doc.rust-lang.org/nightly/edition-guide/rust-2021/warnings-promoted-to-error.html>
[INFO] [stderr] help: use `dyn`
[INFO] [stderr]     |
[INFO] [stderr] 332 | ) -> Box<dyn Future<Item = Client<TcpStream>, Error = failure::Error> + Send + 'static> {
[INFO] [stderr]     |          +++
[INFO] [stderr] 
[INFO] [stderr] warning: trait objects without an explicit `dyn` are deprecated
[INFO] [stderr]    --> src/rmq.rs:375:10
[INFO] [stderr]     |
[INFO] [stderr] 375 | ) -> Box<Future<Item = Channel<TcpStream>, Error = failure::Error> + Send + 'static> {
[INFO] [stderr]     |          ^^^^^^^^^^^^^^^^^^^^^^^^^^^^^^^^^^^^^^^^^^^^^^^^^^^^^^^^^^^^^^^^^^^^^^^^^^
[INFO] [stderr]     |
[INFO] [stderr]     = warning: this is accepted in the current edition (Rust 2015) but is a hard error in Rust 2021!
[INFO] [stderr]     = note: for more information, see <https://doc.rust-lang.org/nightly/edition-guide/rust-2021/warnings-promoted-to-error.html>
[INFO] [stderr] help: use `dyn`
[INFO] [stderr]     |
[INFO] [stderr] 375 | ) -> Box<dyn Future<Item = Channel<TcpStream>, Error = failure::Error> + Send + 'static> {
[INFO] [stderr]     |          +++
[INFO] [stderr] 
[INFO] [stderr] warning: trait objects without an explicit `dyn` are deprecated
[INFO] [stderr]    --> src/rmq.rs:405:10
[INFO] [stderr]     |
[INFO] [stderr] 405 | ) -> Box<Future<Item = (), Error = failure::Error> + Send + 'static>
[INFO] [stderr]     |          ^^^^^^^^^^^^^^^^^^^^^^^^^^^^^^^^^^^^^^^^^^^^^^^^^^^^^^^^^^
[INFO] [stderr]     |
[INFO] [stderr]     = warning: this is accepted in the current edition (Rust 2015) but is a hard error in Rust 2021!
[INFO] [stderr]     = note: for more information, see <https://doc.rust-lang.org/nightly/edition-guide/rust-2021/warnings-promoted-to-error.html>
[INFO] [stderr] help: use `dyn`
[INFO] [stderr]     |
[INFO] [stderr] 405 | ) -> Box<dyn Future<Item = (), Error = failure::Error> + Send + 'static>
[INFO] [stderr]     |          +++
[INFO] [stderr] 
[INFO] [stderr] warning: trait objects without an explicit `dyn` are deprecated
[INFO] [stderr]    --> src/rmq.rs:440:10
[INFO] [stderr]     |
[INFO] [stderr] 440 | ) -> Box<Future<Item = (), Error = failure::Error> + Send> {
[INFO] [stderr]     |          ^^^^^^^^^^^^^^^^^^^^^^^^^^^^^^^^^^^^^^^^^^^^^^^^
[INFO] [stderr]     |
[INFO] [stderr]     = warning: this is accepted in the current edition (Rust 2015) but is a hard error in Rust 2021!
[INFO] [stderr]     = note: for more information, see <https://doc.rust-lang.org/nightly/edition-guide/rust-2021/warnings-promoted-to-error.html>
[INFO] [stderr] help: use `dyn`
[INFO] [stderr]     |
[INFO] [stderr] 440 | ) -> Box<dyn Future<Item = (), Error = failure::Error> + Send> {
[INFO] [stderr]     |          +++
[INFO] [stderr] 
[INFO] [stderr] warning: trait objects without an explicit `dyn` are deprecated
[INFO] [stderr]    --> src/rmq.rs:348:21
[INFO] [stderr]     |
[INFO] [stderr] 348 |                     Future<Item = Client<TcpStream>, Error = failure::Error> + Send + 'static,
[INFO] [stderr]     |                     ^^^^^^^^^^^^^^^^^^^^^^^^^^^^^^^^^^^^^^^^^^^^^^^^^^^^^^^^^^^^^^^^^^^^^^^^^
[INFO] [stderr]     |
[INFO] [stderr]     = warning: this is accepted in the current edition (Rust 2015) but is a hard error in Rust 2021!
[INFO] [stderr]     = note: for more information, see <https://doc.rust-lang.org/nightly/edition-guide/rust-2021/warnings-promoted-to-error.html>
[INFO] [stderr] help: use `dyn`
[INFO] [stderr]     |
[INFO] [stderr] 348 |                     dyn Future<Item = Client<TcpStream>, Error = failure::Error> + Send + 'static,
[INFO] [stderr]     |                     +++
[INFO] [stderr] 
[INFO] [stderr] warning: function `head` is never used
[INFO] [stderr]   --> src/es/http.rs:95:12
[INFO] [stderr]    |
[INFO] [stderr] 95 |     pub fn head(url: &Url) -> Request<Body> {
[INFO] [stderr]    |            ^^^^
[INFO] [stderr]    |
[INFO] [stderr]    = note: `#[warn(dead_code)]` on by default
[INFO] [stderr] 
[INFO] [stderr] warning: function `delete` is never used
[INFO] [stderr]   --> src/es/http.rs:98:12
[INFO] [stderr]    |
[INFO] [stderr] 98 |     pub fn delete(url: &Url) -> Request<Body> {
[INFO] [stderr]    |            ^^^^^^
[INFO] [stderr] 
[INFO] [stderr] warning: `rmqfwd` (lib) generated 18 warnings (run `cargo fix --lib -p rmqfwd` to apply 16 suggestions)
[INFO] [stderr] warning: `rmqfwd` (lib test) generated 16 warnings (16 duplicates)
[INFO] [stderr]     Finished test [unoptimized + debuginfo] target(s) in 0.08s
[INFO] [stderr] warning: the following packages contain code that will be rejected by a future version of Rust: nom v4.0.0, syn v0.14.9
[INFO] [stderr] note: to see what the problems were, use the option `--future-incompat-report`, or run `cargo report future-incompatibilities --id 1`
[INFO] [stderr]      Running unittests src/lib.rs (/opt/rustwide/target/debug/deps/rmqfwd-8d271bca85f8531c)
[INFO] [stdout] 
[INFO] [stdout] running 11 tests
[INFO] [stdout] test rmq::test_parse_direction_deliver_ok ... ok
[INFO] [stdout] test rmq::test_parse_direction_publish_ok ... ok
[INFO] [stdout] test fs::test::test_toml_config_from_string ... ok
[INFO] [stdout] test fs::test::test_toml_config_from_file ... ok
[INFO] [stdout] test rmq::test_parse_direction_err ... ok
[INFO] [stdout] test fs::test::test_fails_export_when_target_exists ... ok
[INFO] [stdout] test fs::test::test_exports_messages_when_target_does_not_exist ... ok
[INFO] [stdout] test fs::test::test_force_exports_messages_when_target_exist ... ok
[INFO] [stdout] test es::test::filter_by_time_range ... FAILED
[INFO] [stdout] test es::test::filter_by_exchange_routing_key_works ... FAILED
[INFO] [stdout] test es::test::filter_by_exchange_works ... FAILED
[INFO] [stdout] 
[INFO] [stdout] failures:
[INFO] [stdout] 
[INFO] [stdout] ---- es::test::filter_by_time_range stdout ----
[INFO] [stdout] thread 'es::test::filter_by_time_range' panicked at 'Couldn't initialise test message store: Error { kind: Closed, cause: None }
[INFO] [stdout] 
[INFO] [stdout] stack backtrace:
[INFO] [stdout]    0:     0x563ad0260b70 - <no info>
[INFO] [stdout]    1:     0x563ad025a908 - <no info>
[INFO] [stdout]    2:     0x563ad0258773 - <no info>
[INFO] [stdout]    3:     0x563ad02581a6 - <no info>
[INFO] [stdout]    4:     0x563acfd44c88 - <no info>
[INFO] [stdout]    5:     0x563acfd07fbd - <no info>
[INFO] [stdout]    6:     0x563acfd917e9 - <no info>
[INFO] [stdout]    7:     0x563acfd4a3dd - <no info>
[INFO] [stdout]    8:     0x563acfd77c45 - <no info>
[INFO] [stdout]    9:     0x563acfd4753d - <no info>
[INFO] [stdout]   10:     0x563acfd148cc - <no info>
[INFO] [stdout]   11:     0x563acfd86465 - <no info>
[INFO] [stdout]   12:     0x563acfe139bd - <no info>
[INFO] [stdout]   13:     0x563acfd15e8a - <no info>
[INFO] [stdout]   14:     0x563acfd865c5 - <no info>
[INFO] [stdout]   15:     0x563acfe13a1d - <no info>
[INFO] [stdout]   16:     0x563acfd0c85c - <no info>
[INFO] [stdout]   17:     0x563acfd86385 - <no info>
[INFO] [stdout]   18:     0x563acfe13a1d - <no info>
[INFO] [stdout]   19:     0x563acfd12886 - <no info>
[INFO] [stdout]   20:     0x563acfd18bc9 - <no info>
[INFO] [stdout]   21:     0x563ad0219c71 - <no info>
[INFO] [stdout]   22:     0x563ad00fbdde - <no info>
[INFO] [stdout]   23:     0x563ad00fc030 - <no info>
[INFO] [stdout]   24:     0x563ad00fdde9 - <no info>
[INFO] [stdout]   25:     0x563ad00fbecd - <no info>
[INFO] [stdout]   26:     0x563ad00fbd4a - <no info>
[INFO] [stdout]   27:     0x563ad01023f1 - <no info>
[INFO] [stdout]   28:     0x563ad0101fb5 - <no info>
[INFO] [stdout]   29:     0x563ad010d888 - <no info>
[INFO] [stdout]   30:     0x563ad00f7dd1 - <no info>
[INFO] [stdout]   31:     0x563ad00f6e71 - <no info>
[INFO] [stdout]   32:     0x563ad00f7d5a - <no info>
[INFO] [stdout]   33:     0x563ad00f6959 - <no info>
[INFO] [stdout]   34:     0x563ad010288d - <no info>
[INFO] [stdout]   35:     0x563ad0101a81 - <no info>
[INFO] [stdout]   36:     0x563ad0109398 - <no info>
[INFO] [stdout]   37:     0x563ad0108e3b - <no info>
[INFO] [stdout]   38:     0x563ad0108b3e - <no info>
[INFO] [stdout]   39:     0x563ad01083ec - <no info>
[INFO] [stdout]   40:     0x563ad0108203 - <no info>
[INFO] [stdout]   41:     0x563ad00c1c3b - <no info>
[INFO] [stdout]   42:     0x563ad00be84a - <no info>
[INFO] [stdout]   43:     0x563ad00c5e57 - <no info>
[INFO] [stdout]   44:     0x563ad00c59aa - <no info>
[INFO] [stdout]   45:     0x563ad00be60d - <no info>
[INFO] [stdout]   46:     0x563ad00c1c17 - <no info>
[INFO] [stdout]   47:     0x563ad00c215c - <no info>
[INFO] [stdout]   48:     0x563ad00c5fb7 - <no info>
[INFO] [stdout]   49:     0x563ad00c5a0a - <no info>
[INFO] [stdout]   50:     0x563ad00c2017 - <no info>
[INFO] [stdout]   51:     0x563ad00c1bce - <no info>
[INFO] [stdout]   52:     0x563ad00bd6bf - <no info>
[INFO] [stdout]   53:     0x563ad00c5ba0 - <no info>
[INFO] [stdout]   54:     0x563ad00c59da - <no info>
[INFO] [stdout]   55:     0x563ad00bd3d7 - <no info>
[INFO] [stdout]   56:     0x563ad00c1b7e - <no info>
[INFO] [stdout]   57:     0x563ad00f7ad7 - <no info>
[INFO] [stdout]   58:     0x563ad0107cf6 - <no info>
[INFO] [stdout]   59:     0x563ad010ac00 - <no info>
[INFO] [stdout]   60:     0x563ad00f40b7 - <no info>
[INFO] [stdout]   61:     0x563ad00f38ba - <no info>
[INFO] [stdout]   62:     0x563ad010aaad - <no info>
[INFO] [stdout]   63:     0x563ad0107c21 - <no info>
[INFO] [stdout]   64:     0x563ad00f3ca2 - <no info>
[INFO] [stdout]   65:     0x563ad00f3883 - <no info>
[INFO] [stdout]   66:     0x563ad0107ae1 - <no info>
[INFO] [stdout]   67:     0x563ad00f298f - <no info>
[INFO] [stdout]   68:     0x563ad0102608 - <no info>
[INFO] [stdout]   69:     0x563ad0105e65 - <no info>
[INFO] [stdout]   70:     0x563ad00f7e28 - <no info>
[INFO] [stdout]   71:     0x563ad00f6cce - <no info>
[INFO] [stdout]   72:     0x563ad00f7d5a - <no info>
[INFO] [stdout]   73:     0x563ad00f6b8d - <no info>
[INFO] [stdout]   74:     0x563ad01028c9 - <no info>
[INFO] [stdout]   75:     0x563ad0105c5e - <no info>
[INFO] [stdout]   76:     0x563ad010d6ae - <no info>
[INFO] [stdout]   77:     0x563ad02d0e92 - <no info>
[INFO] [stdout]   78:     0x7fc494d05b42 - <no info>
[INFO] [stdout]   79:     0x7fc494d96bb3 - <no info>
[INFO] [stdout]   80:                0x0 - <no info>', src/es/mod.rs:422:23
[INFO] [stdout] stack backtrace:
[INFO] [stdout]    0:     0x563ad02c9e8a - std::backtrace_rs::backtrace::libunwind::trace::ha9053a9a07ca49cb
[INFO] [stdout]                                at /rustc/84c898d65adf2f39a5a98507f1fe0ce10a2b8dbc/library/std/src/../../backtrace/src/backtrace/libunwind.rs:93:5
[INFO] [stdout]    1:     0x563ad02c9e8a - std::backtrace_rs::backtrace::trace_unsynchronized::h9c2852a457ad564e
[INFO] [stdout]                                at /rustc/84c898d65adf2f39a5a98507f1fe0ce10a2b8dbc/library/std/src/../../backtrace/src/backtrace/mod.rs:66:5
[INFO] [stdout]    2:     0x563ad02c9e8a - std::sys_common::backtrace::_print_fmt::h457936fbfaa0070f
[INFO] [stdout]                                at /rustc/84c898d65adf2f39a5a98507f1fe0ce10a2b8dbc/library/std/src/sys_common/backtrace.rs:65:5
[INFO] [stdout]    3:     0x563ad02c9e8a - <std::sys_common::backtrace::_print::DisplayBacktrace as core::fmt::Display>::fmt::h5779d7bf7f70cb0c
[INFO] [stdout]                                at /rustc/84c898d65adf2f39a5a98507f1fe0ce10a2b8dbc/library/std/src/sys_common/backtrace.rs:44:22
[INFO] [stdout]    4:     0x563ad02f2f3e - core::fmt::write::h5a4baaff1bcd3eb5
[INFO] [stdout]                                at /rustc/84c898d65adf2f39a5a98507f1fe0ce10a2b8dbc/library/core/src/fmt/mod.rs:1232:17
[INFO] [stdout]    5:     0x563ad02c69a5 - std::io::Write::write_fmt::h478f79c628ef31d1
[INFO] [stdout]                                at /rustc/84c898d65adf2f39a5a98507f1fe0ce10a2b8dbc/library/std/src/io/mod.rs:1684:15
[INFO] [stdout]    6:     0x563ad02c9c55 - std::sys_common::backtrace::_print::h5fcdc36060f177e8
[INFO] [stdout]                                at /rustc/84c898d65adf2f39a5a98507f1fe0ce10a2b8dbc/library/std/src/sys_common/backtrace.rs:47:5
[INFO] [stdout]    7:     0x563ad02c9c55 - std::sys_common::backtrace::print::h54ca9458b876c8bf
[INFO] [stdout]                                at /rustc/84c898d65adf2f39a5a98507f1fe0ce10a2b8dbc/library/std/src/sys_common/backtrace.rs:34:9
[INFO] [stdout]    8:     0x563ad02cba1f - std::panicking::default_hook::{{closure}}::hbe471161c7664ed6
[INFO] [stdout]                                at /rustc/84c898d65adf2f39a5a98507f1fe0ce10a2b8dbc/library/std/src/panicking.rs:271:22
[INFO] [stdout]    9:     0x563ad02cb6df - std::panicking::default_hook::ha3500da57aa4ac4f
[INFO] [stdout]                                at /rustc/84c898d65adf2f39a5a98507f1fe0ce10a2b8dbc/library/std/src/panicking.rs:287:9
[INFO] [stdout]   10:     0x563acfe525a7 - <alloc::boxed::Box<F,A> as core::ops::function::Fn<Args>>::call::hdf1b89dd137ece34
[INFO] [stdout]                                at /rustc/84c898d65adf2f39a5a98507f1fe0ce10a2b8dbc/library/alloc/src/boxed.rs:2001:9
[INFO] [stdout]   11:     0x563acfe525a7 - test::test_main::{{closure}}::h9081a79f20e75698
[INFO] [stdout]                                at /rustc/84c898d65adf2f39a5a98507f1fe0ce10a2b8dbc/library/test/src/lib.rs:135:21
[INFO] [stdout]   12:     0x563ad02cc14d - <alloc::boxed::Box<F,A> as core::ops::function::Fn<Args>>::call::h6507bddc3eebb4a5
[INFO] [stdout]                                at /rustc/84c898d65adf2f39a5a98507f1fe0ce10a2b8dbc/library/alloc/src/boxed.rs:2001:9
[INFO] [stdout]   13:     0x563ad02cc14d - std::panicking::rust_panic_with_hook::h50c09d000dc561d2
[INFO] [stdout]                                at /rustc/84c898d65adf2f39a5a98507f1fe0ce10a2b8dbc/library/std/src/panicking.rs:696:13
[INFO] [stdout]   14:     0x563ad02cbec9 - std::panicking::begin_panic_handler::{{closure}}::h9e2b2176e00e0d9c
[INFO] [stdout]                                at /rustc/84c898d65adf2f39a5a98507f1fe0ce10a2b8dbc/library/std/src/panicking.rs:583:13
[INFO] [stdout]   15:     0x563ad02ca2f6 - std::sys_common::backtrace::__rust_end_short_backtrace::h5739b8e512c09d02
[INFO] [stdout]                                at /rustc/84c898d65adf2f39a5a98507f1fe0ce10a2b8dbc/library/std/src/sys_common/backtrace.rs:150:18
[INFO] [stdout]   16:     0x563ad02cbbd2 - rust_begin_unwind
[INFO] [stdout]                                at /rustc/84c898d65adf2f39a5a98507f1fe0ce10a2b8dbc/library/std/src/panicking.rs:579:5
[INFO] [stdout]   17:     0x563acfc82763 - core::panicking::panic_fmt::hf33a1475b4dc5c3e
[INFO] [stdout]                                at /rustc/84c898d65adf2f39a5a98507f1fe0ce10a2b8dbc/library/core/src/panicking.rs:64:14
[INFO] [stdout]   18:     0x563acfdda9ab - rmqfwd::es::test::init_test_store::h9103ece2e5ade9b5
[INFO] [stdout]                                at /opt/rustwide/workdir/src/es/mod.rs:422:23
[INFO] [stdout]   19:     0x563acfddb2c7 - rmqfwd::es::test::assert_search_result_include::hb99023b889040862
[INFO] [stdout]                                at /opt/rustwide/workdir/src/es/mod.rs:498:21
[INFO] [stdout]   20:     0x563acfddc7cb - rmqfwd::es::test::filter_by_time_range::hb65f848d729b40f0
[INFO] [stdout]                                at /opt/rustwide/workdir/src/es/mod.rs:578:9
[INFO] [stdout]   21:     0x563acfddc0e7 - rmqfwd::es::test::filter_by_time_range::{{closure}}::heefd5c37528333ac
[INFO] [stdout]                                at /opt/rustwide/workdir/src/es/mod.rs:551:31
[INFO] [stdout]   22:     0x563acfd27035 - core::ops::function::FnOnce::call_once::h1515f92551614008
[INFO] [stdout]                                at /rustc/84c898d65adf2f39a5a98507f1fe0ce10a2b8dbc/library/core/src/ops/function.rs:250:5
[INFO] [stdout]   23:     0x563acfe5798f - core::ops::function::FnOnce::call_once::h7d969581be7d0075
[INFO] [stdout]                                at /rustc/84c898d65adf2f39a5a98507f1fe0ce10a2b8dbc/library/core/src/ops/function.rs:250:5
[INFO] [stdout]   24:     0x563acfe5798f - test::__rust_begin_short_backtrace::hca25a52684e56655
[INFO] [stdout]                                at /rustc/84c898d65adf2f39a5a98507f1fe0ce10a2b8dbc/library/test/src/lib.rs:656:18
[INFO] [stdout]   25:     0x563acfe28fac - test::run_test::{{closure}}::ha8ac744c4af1a4bb
[INFO] [stdout]                                at /rustc/84c898d65adf2f39a5a98507f1fe0ce10a2b8dbc/library/test/src/lib.rs:647:30
[INFO] [stdout]   26:     0x563acfe28fac - core::ops::function::FnOnce::call_once{{vtable.shim}}::h7b411a9ed45bdecf
[INFO] [stdout]                                at /rustc/84c898d65adf2f39a5a98507f1fe0ce10a2b8dbc/library/core/src/ops/function.rs:250:5
[INFO] [stdout]   27:     0x563acfe56956 - <alloc::boxed::Box<F,A> as core::ops::function::FnOnce<Args>>::call_once::hd05328869a8ed200
[INFO] [stdout]                                at /rustc/84c898d65adf2f39a5a98507f1fe0ce10a2b8dbc/library/alloc/src/boxed.rs:1987:9
[INFO] [stdout]   28:     0x563acfe56956 - <core::panic::unwind_safe::AssertUnwindSafe<F> as core::ops::function::FnOnce<()>>::call_once::h0c601ce20bd5b2be
[INFO] [stdout]                                at /rustc/84c898d65adf2f39a5a98507f1fe0ce10a2b8dbc/library/core/src/panic/unwind_safe.rs:271:9
[INFO] [stdout]   29:     0x563acfe56956 - std::panicking::try::do_call::ha4be5c164fe30854
[INFO] [stdout]                                at /rustc/84c898d65adf2f39a5a98507f1fe0ce10a2b8dbc/library/std/src/panicking.rs:487:40
[INFO] [stdout]   30:     0x563acfe56956 - std::panicking::try::h604546f3609af05f
[INFO] [stdout]                                at /rustc/84c898d65adf2f39a5a98507f1fe0ce10a2b8dbc/library/std/src/panicking.rs:451:19
[INFO] [stdout]   31:     0x563acfe56956 - std::panic::catch_unwind::h5bfa8afe44c9c2f9
[INFO] [stdout]                                at /rustc/84c898d65adf2f39a5a98507f1fe0ce10a2b8dbc/library/std/src/panic.rs:140:14
[INFO] [stdout]   32:     0x563acfe56956 - test::run_test_in_process::hd50dee55dd63e6aa
[INFO] [stdout]                                at /rustc/84c898d65adf2f39a5a98507f1fe0ce10a2b8dbc/library/test/src/lib.rs:679:27
[INFO] [stdout]   33:     0x563acfe56956 - test::run_test::run_test_inner::{{closure}}::h4aa0f433aa85cea8
[INFO] [stdout]                                at /rustc/84c898d65adf2f39a5a98507f1fe0ce10a2b8dbc/library/test/src/lib.rs:573:39
[INFO] [stdout]   34:     0x563acfe23621 - test::run_test::run_test_inner::{{closure}}::had56431adf24b4d6
[INFO] [stdout]                                at /rustc/84c898d65adf2f39a5a98507f1fe0ce10a2b8dbc/library/test/src/lib.rs:600:37
[INFO] [stdout]   35:     0x563acfe23621 - std::sys_common::backtrace::__rust_begin_short_backtrace::ha8d9890e0c73bf13
[INFO] [stdout]                                at /rustc/84c898d65adf2f39a5a98507f1fe0ce10a2b8dbc/library/std/src/sys_common/backtrace.rs:134:18
[INFO] [stdout]   36:     0x563acfe2903b - std::thread::Builder::spawn_unchecked_::{{closure}}::{{closure}}::h251832bcb4a95327
[INFO] [stdout]                                at /rustc/84c898d65adf2f39a5a98507f1fe0ce10a2b8dbc/library/std/src/thread/mod.rs:560:17
[INFO] [stdout]   37:     0x563acfe2903b - <core::panic::unwind_safe::AssertUnwindSafe<F> as core::ops::function::FnOnce<()>>::call_once::h8fdff598fa414831
[INFO] [stdout]                                at /rustc/84c898d65adf2f39a5a98507f1fe0ce10a2b8dbc/library/core/src/panic/unwind_safe.rs:271:9
[INFO] [stdout]   38:     0x563acfe2903b - std::panicking::try::do_call::h455dd2f7764a950f
[INFO] [stdout]                                at /rustc/84c898d65adf2f39a5a98507f1fe0ce10a2b8dbc/library/std/src/panicking.rs:487:40
[INFO] [stdout]   39:     0x563acfe2903b - std::panicking::try::had6f23b7b73ae72a
[INFO] [stdout]                                at /rustc/84c898d65adf2f39a5a98507f1fe0ce10a2b8dbc/library/std/src/panicking.rs:451:19
[INFO] [stdout]   40:     0x563acfe2903b - std::panic::catch_unwind::ha6a5ca3915b4dad0
[INFO] [stdout]                                at /rustc/84c898d65adf2f39a5a98507f1fe0ce10a2b8dbc/library/std/src/panic.rs:140:14
[INFO] [stdout]   41:     0x563acfe2903b - std::thread::Builder::spawn_unchecked_::{{closure}}::h883b72ef75da6231
[INFO] [stdout]                                at /rustc/84c898d65adf2f39a5a98507f1fe0ce10a2b8dbc/library/std/src/thread/mod.rs:559:30
[INFO] [stdout]   42:     0x563acfe2903b - core::ops::function::FnOnce::call_once{{vtable.shim}}::hb7dff73dc8bd2ccb
[INFO] [stdout]                                at /rustc/84c898d65adf2f39a5a98507f1fe0ce10a2b8dbc/library/core/src/ops/function.rs:250:5
[INFO] [stdout]   43:     0x563ad02d0e93 - <alloc::boxed::Box<F,A> as core::ops::function::FnOnce<Args>>::call_once::h39990b24eedef2ab
[INFO] [stdout]                                at /rustc/84c898d65adf2f39a5a98507f1fe0ce10a2b8dbc/library/alloc/src/boxed.rs:1987:9
[INFO] [stdout]   44:     0x563ad02d0e93 - <alloc::boxed::Box<F,A> as core::ops::function::FnOnce<Args>>::call_once::h01a027258444143b
[INFO] [stdout]                                at /rustc/84c898d65adf2f39a5a98507f1fe0ce10a2b8dbc/library/alloc/src/boxed.rs:1987:9
[INFO] [stdout]   45:     0x563ad02d0e93 - std::sys::unix::thread::Thread::new::thread_start::ha4f1cdd9c25884ba
[INFO] [stdout]                                at /rustc/84c898d65adf2f39a5a98507f1fe0ce10a2b8dbc/library/std/src/sys/unix/thread.rs:108:17
[INFO] [stdout]   46:     0x7fc494d05b43 - <unknown>
[INFO] [stdout]   47:     0x7fc494d96bb4 - __clone
[INFO] [stdout]   48:                0x0 - <unknown>
[INFO] [stdout] 
[INFO] [stdout] ---- es::test::filter_by_exchange_routing_key_works stdout ----
[INFO] [stdout] thread 'es::test::filter_by_exchange_routing_key_works' panicked at 'Couldn't initialise test message store: Error { kind: Closed, cause: None }
[INFO] [stdout] 
[INFO] [stdout] stack backtrace:
[INFO] [stdout]    0:     0x563ad0260b70 - <no info>
[INFO] [stdout]    1:     0x563ad025a908 - <no info>
[INFO] [stdout]    2:     0x563ad0258773 - <no info>
[INFO] [stdout]    3:     0x563ad02581a6 - <no info>
[INFO] [stdout]    4:     0x563acfd44c88 - <no info>
[INFO] [stdout]    5:     0x563acfd07fbd - <no info>
[INFO] [stdout]    6:     0x563acfd917e9 - <no info>
[INFO] [stdout]    7:     0x563acfd4a3dd - <no info>
[INFO] [stdout]    8:     0x563acfd77c45 - <no info>
[INFO] [stdout]    9:     0x563acfd4753d - <no info>
[INFO] [stdout]   10:     0x563acfd148cc - <no info>
[INFO] [stdout]   11:     0x563acfd86465 - <no info>
[INFO] [stdout]   12:     0x563acfe139bd - <no info>
[INFO] [stdout]   13:     0x563acfd15e8a - <no info>
[INFO] [stdout]   14:     0x563acfd865c5 - <no info>
[INFO] [stdout]   15:     0x563acfe13a1d - <no info>
[INFO] [stdout]   16:     0x563acfd0c85c - <no info>
[INFO] [stdout]   17:     0x563acfd86385 - <no info>
[INFO] [stdout]   18:     0x563acfe13a1d - <no info>
[INFO] [stdout]   19:     0x563acfd12886 - <no info>
[INFO] [stdout]   20:     0x563acfd18bc9 - <no info>
[INFO] [stdout]   21:     0x563ad0219c71 - <no info>
[INFO] [stdout]   22:     0x563ad00fbdde - <no info>
[INFO] [stdout]   23:     0x563ad00fc030 - <no info>
[INFO] [stdout]   24:     0x563ad00fdde9 - <no info>
[INFO] [stdout]   25:     0x563ad00fbecd - <no info>
[INFO] [stdout]   26:     0x563ad00fbd4a - <no info>
[INFO] [stdout]   27:     0x563ad01023f1 - <no info>
[INFO] [stdout]   28:     0x563ad0101fb5 - <no info>
[INFO] [stdout]   29:     0x563ad010d888 - <no info>
[INFO] [stdout]   30:     0x563ad00f7dd1 - <no info>
[INFO] [stdout]   31:     0x563ad00f6e71 - <no info>
[INFO] [stdout]   32:     0x563ad00f7d5a - <no info>
[INFO] [stdout]   33:     0x563ad00f6959 - <no info>
[INFO] [stdout]   34:     0x563ad010288d - <no info>
[INFO] [stdout]   35:     0x563ad0101a81 - <no info>
[INFO] [stdout]   36:     0x563ad0109398 - <no info>
[INFO] [stdout]   37:     0x563ad0108e3b - <no info>
[INFO] [stdout]   38:     0x563ad01087cd - <no info>
[INFO] [stdout]   39:     0x563ad01083d5 - <no info>
[INFO] [stdout]   40:     0x563ad0108203 - <no info>
[INFO] [stdout]   41:     0x563ad00c1c3b - <no info>
[INFO] [stdout]   42:     0x563ad00be84a - <no info>
[INFO] [stdout]   43:     0x563ad00c5e57 - <no info>
[INFO] [stdout]   44:     0x563ad00c59aa - <no info>
[INFO] [stdout]   45:     0x563ad00be60d - <no info>
[INFO] [stdout]   46:     0x563ad00c1c17 - <no info>
[INFO] [stdout]   47:     0x563ad00c215c - <no info>
[INFO] [stdout]   48:     0x563ad00c5fb7 - <no info>
[INFO] [stdout]   49:     0x563ad00c5a0a - <no info>
[INFO] [stdout]   50:     0x563ad00c2017 - <no info>
[INFO] [stdout]   51:     0x563ad00c1bce - <no info>
[INFO] [stdout]   52:     0x563ad00bd6bf - <no info>
[INFO] [stdout]   53:     0x563ad00c5ba0 - <no info>
[INFO] [stdout]   54:     0x563ad00c59da - <no info>
[INFO] [stdout]   55:     0x563ad00bd3d7 - <no info>
[INFO] [stdout]   56:     0x563ad00c1b7e - <no info>
[INFO] [stdout]   57:     0x563ad00f7ad7 - <no info>
[INFO] [stdout]   58:     0x563ad0107cf6 - <no info>
[INFO] [stdout]   59:     0x563ad010ac00 - <no info>
[INFO] [stdout]   60:     0x563ad00f40b7 - <no info>
[INFO] [stdout]   61:     0x563ad00f38ba - <no info>
[INFO] [stdout]   62:     0x563ad010aaad - <no info>
[INFO] [stdout]   63:     0x563ad0107c21 - <no info>
[INFO] [stdout]   64:     0x563ad00f3ca2 - <no info>
[INFO] [stdout]   65:     0x563ad00f3883 - <no info>
[INFO] [stdout]   66:     0x563ad0107ae1 - <no info>
[INFO] [stdout]   67:     0x563ad00f298f - <no info>
[INFO] [stdout]   68:     0x563ad0102608 - <no info>
[INFO] [stdout]   69:     0x563ad0105e65 - <no info>
[INFO] [stdout]   70:     0x563ad00f7e28 - <no info>
[INFO] [stdout]   71:     0x563ad00f6cce - <no info>
[INFO] [stdout]   72:     0x563ad00f7d5a - <no info>
[INFO] [stdout]   73:     0x563ad00f6b8d - <no info>
[INFO] [stdout]   74:     0x563ad01028c9 - <no info>
[INFO] [stdout]   75:     0x563ad0105c5e - <no info>
[INFO] [stdout]   76:     0x563ad010d6ae - <no info>
[INFO] [stdout]   77:     0x563ad02d0e92 - <no info>
[INFO] [stdout]   78:     0x7fc494d05b42 - <no info>
[INFO] [stdout]   79:     0x7fc494d96bb3 - <no info>
[INFO] [stdout]   80:                0x0 - <no info>', src/es/mod.rs:422:23
[INFO] [stdout] stack backtrace:
[INFO] [stdout]    0:     0x563ad02c9e8a - std::backtrace_rs::backtrace::libunwind::trace::ha9053a9a07ca49cb
[INFO] [stdout]                                at /rustc/84c898d65adf2f39a5a98507f1fe0ce10a2b8dbc/library/std/src/../../backtrace/src/backtrace/libunwind.rs:93:5
[INFO] [stdout]    1:     0x563ad02c9e8a - std::backtrace_rs::backtrace::trace_unsynchronized::h9c2852a457ad564e
[INFO] [stdout]                                at /rustc/84c898d65adf2f39a5a98507f1fe0ce10a2b8dbc/library/std/src/../../backtrace/src/backtrace/mod.rs:66:5
[INFO] [stdout]    2:     0x563ad02c9e8a - std::sys_common::backtrace::_print_fmt::h457936fbfaa0070f
[INFO] [stdout]                                at /rustc/84c898d65adf2f39a5a98507f1fe0ce10a2b8dbc/library/std/src/sys_common/backtrace.rs:65:5
[INFO] [stdout]    3:     0x563ad02c9e8a - <std::sys_common::backtrace::_print::DisplayBacktrace as core::fmt::Display>::fmt::h5779d7bf7f70cb0c
[INFO] [stdout]                                at /rustc/84c898d65adf2f39a5a98507f1fe0ce10a2b8dbc/library/std/src/sys_common/backtrace.rs:44:22
[INFO] [stdout]    4:     0x563ad02f2f3e - core::fmt::write::h5a4baaff1bcd3eb5
[INFO] [stdout]                                at /rustc/84c898d65adf2f39a5a98507f1fe0ce10a2b8dbc/library/core/src/fmt/mod.rs:1232:17
[INFO] [stdout]    5:     0x563ad02c69a5 - std::io::Write::write_fmt::h478f79c628ef31d1
[INFO] [stdout]                                at /rustc/84c898d65adf2f39a5a98507f1fe0ce10a2b8dbc/library/std/src/io/mod.rs:1684:15
[INFO] [stdout]    6:     0x563ad02c9c55 - std::sys_common::backtrace::_print::h5fcdc36060f177e8
[INFO] [stdout]                                at /rustc/84c898d65adf2f39a5a98507f1fe0ce10a2b8dbc/library/std/src/sys_common/backtrace.rs:47:5
[INFO] [stdout]    7:     0x563ad02c9c55 - std::sys_common::backtrace::print::h54ca9458b876c8bf
[INFO] [stdout]                                at /rustc/84c898d65adf2f39a5a98507f1fe0ce10a2b8dbc/library/std/src/sys_common/backtrace.rs:34:9
[INFO] [stdout]    8:     0x563ad02cba1f - std::panicking::default_hook::{{closure}}::hbe471161c7664ed6
[INFO] [stdout]                                at /rustc/84c898d65adf2f39a5a98507f1fe0ce10a2b8dbc/library/std/src/panicking.rs:271:22
[INFO] [stdout]    9:     0x563ad02cb6df - std::panicking::default_hook::ha3500da57aa4ac4f
[INFO] [stdout]                                at /rustc/84c898d65adf2f39a5a98507f1fe0ce10a2b8dbc/library/std/src/panicking.rs:287:9
[INFO] [stdout]   10:     0x563acfe525a7 - <alloc::boxed::Box<F,A> as core::ops::function::Fn<Args>>::call::hdf1b89dd137ece34
[INFO] [stdout]                                at /rustc/84c898d65adf2f39a5a98507f1fe0ce10a2b8dbc/library/alloc/src/boxed.rs:2001:9
[INFO] [stdout]   11:     0x563acfe525a7 - test::test_main::{{closure}}::h9081a79f20e75698
[INFO] [stdout]                                at /rustc/84c898d65adf2f39a5a98507f1fe0ce10a2b8dbc/library/test/src/lib.rs:135:21
[INFO] [stdout]   12:     0x563ad02cc14d - <alloc::boxed::Box<F,A> as core::ops::function::Fn<Args>>::call::h6507bddc3eebb4a5
[INFO] [stdout]                                at /rustc/84c898d65adf2f39a5a98507f1fe0ce10a2b8dbc/library/alloc/src/boxed.rs:2001:9
[INFO] [stdout]   13:     0x563ad02cc14d - std::panicking::rust_panic_with_hook::h50c09d000dc561d2
[INFO] [stdout]                                at /rustc/84c898d65adf2f39a5a98507f1fe0ce10a2b8dbc/library/std/src/panicking.rs:696:13
[INFO] [stdout]   14:     0x563ad02cbec9 - std::panicking::begin_panic_handler::{{closure}}::h9e2b2176e00e0d9c
[INFO] [stdout]                                at /rustc/84c898d65adf2f39a5a98507f1fe0ce10a2b8dbc/library/std/src/panicking.rs:583:13
[INFO] [stdout]   15:     0x563ad02ca2f6 - std::sys_common::backtrace::__rust_end_short_backtrace::h5739b8e512c09d02
[INFO] [stdout]                                at /rustc/84c898d65adf2f39a5a98507f1fe0ce10a2b8dbc/library/std/src/sys_common/backtrace.rs:150:18
[INFO] [stdout]   16:     0x563ad02cbbd2 - rust_begin_unwind
[INFO] [stdout]                                at /rustc/84c898d65adf2f39a5a98507f1fe0ce10a2b8dbc/library/std/src/panicking.rs:579:5
[INFO] [stdout]   17:     0x563acfc82763 - core::panicking::panic_fmt::hf33a1475b4dc5c3e
[INFO] [stdout]                                at /rustc/84c898d65adf2f39a5a98507f1fe0ce10a2b8dbc/library/core/src/panicking.rs:64:14
[INFO] [stdout]   18:     0x563acfdda9ab - rmqfwd::es::test::init_test_store::h9103ece2e5ade9b5
[INFO] [stdout]                                at /opt/rustwide/workdir/src/es/mod.rs:422:23
[INFO] [stdout]   19:     0x563acfddb2c7 - rmqfwd::es::test::assert_search_result_include::hb99023b889040862
[INFO] [stdout]                                at /opt/rustwide/workdir/src/es/mod.rs:498:21
[INFO] [stdout]   20:     0x563acfddc067 - rmqfwd::es::test::filter_by_exchange_routing_key_works::h140375dc6a73de47
[INFO] [stdout]                                at /opt/rustwide/workdir/src/es/mod.rs:547:9
[INFO] [stdout]   21:     0x563acfddbc77 - rmqfwd::es::test::filter_by_exchange_routing_key_works::{{closure}}::h577386ca761ab9c0
[INFO] [stdout]                                at /opt/rustwide/workdir/src/es/mod.rs:533:47
[INFO] [stdout]   22:     0x563acfd26fb5 - core::ops::function::FnOnce::call_once::h13bc9bbb48522d49
[INFO] [stdout]                                at /rustc/84c898d65adf2f39a5a98507f1fe0ce10a2b8dbc/library/core/src/ops/function.rs:250:5
[INFO] [stdout]   23:     0x563acfe5798f - core::ops::function::FnOnce::call_once::h7d969581be7d0075
[INFO] [stdout]                                at /rustc/84c898d65adf2f39a5a98507f1fe0ce10a2b8dbc/library/core/src/ops/function.rs:250:5
[INFO] [stdout]   24:     0x563acfe5798f - test::__rust_begin_short_backtrace::hca25a52684e56655
[INFO] [stdout]                                at /rustc/84c898d65adf2f39a5a98507f1fe0ce10a2b8dbc/library/test/src/lib.rs:656:18
[INFO] [stdout]   25:     0x563acfe28fac - test::run_test::{{closure}}::ha8ac744c4af1a4bb
[INFO] [stdout]                                at /rustc/84c898d65adf2f39a5a98507f1fe0ce10a2b8dbc/library/test/src/lib.rs:647:30
[INFO] [stdout]   26:     0x563acfe28fac - core::ops::function::FnOnce::call_once{{vtable.shim}}::h7b411a9ed45bdecf
[INFO] [stdout]                                at /rustc/84c898d65adf2f39a5a98507f1fe0ce10a2b8dbc/library/core/src/ops/function.rs:250:5
[INFO] [stdout]   27:     0x563acfe56956 - <alloc::boxed::Box<F,A> as core::ops::function::FnOnce<Args>>::call_once::hd05328869a8ed200
[INFO] [stdout]                                at /rustc/84c898d65adf2f39a5a98507f1fe0ce10a2b8dbc/library/alloc/src/boxed.rs:1987:9
[INFO] [stdout]   28:     0x563acfe56956 - <core::panic::unwind_safe::AssertUnwindSafe<F> as core::ops::function::FnOnce<()>>::call_once::h0c601ce20bd5b2be
[INFO] [stdout]                                at /rustc/84c898d65adf2f39a5a98507f1fe0ce10a2b8dbc/library/core/src/panic/unwind_safe.rs:271:9
[INFO] [stdout]   29:     0x563acfe56956 - std::panicking::try::do_call::ha4be5c164fe30854
[INFO] [stdout]                                at /rustc/84c898d65adf2f39a5a98507f1fe0ce10a2b8dbc/library/std/src/panicking.rs:487:40
[INFO] [stdout]   30:     0x563acfe56956 - std::panicking::try::h604546f3609af05f
[INFO] [stdout]                                at /rustc/84c898d65adf2f39a5a98507f1fe0ce10a2b8dbc/library/std/src/panicking.rs:451:19
[INFO] [stdout]   31:     0x563acfe56956 - std::panic::catch_unwind::h5bfa8afe44c9c2f9
[INFO] [stdout]                                at /rustc/84c898d65adf2f39a5a98507f1fe0ce10a2b8dbc/library/std/src/panic.rs:140:14
[INFO] [stdout]   32:     0x563acfe56956 - test::run_test_in_process::hd50dee55dd63e6aa
[INFO] [stdout]                                at /rustc/84c898d65adf2f39a5a98507f1fe0ce10a2b8dbc/library/test/src/lib.rs:679:27
[INFO] [stdout]   33:     0x563acfe56956 - test::run_test::run_test_inner::{{closure}}::h4aa0f433aa85cea8
[INFO] [stdout]                                at /rustc/84c898d65adf2f39a5a98507f1fe0ce10a2b8dbc/library/test/src/lib.rs:573:39
[INFO] [stdout]   34:     0x563acfe23621 - test::run_test::run_test_inner::{{closure}}::had56431adf24b4d6
[INFO] [stdout]                                at /rustc/84c898d65adf2f39a5a98507f1fe0ce10a2b8dbc/library/test/src/lib.rs:600:37
[INFO] [stdout]   35:     0x563acfe23621 - std::sys_common::backtrace::__rust_begin_short_backtrace::ha8d9890e0c73bf13
[INFO] [stdout]                                at /rustc/84c898d65adf2f39a5a98507f1fe0ce10a2b8dbc/library/std/src/sys_common/backtrace.rs:134:18
[INFO] [stdout]   36:     0x563acfe2903b - std::thread::Builder::spawn_unchecked_::{{closure}}::{{closure}}::h251832bcb4a95327
[INFO] [stdout]                                at /rustc/84c898d65adf2f39a5a98507f1fe0ce10a2b8dbc/library/std/src/thread/mod.rs:560:17
[INFO] [stdout]   37:     0x563acfe2903b - <core::panic::unwind_safe::AssertUnwindSafe<F> as core::ops::function::FnOnce<()>>::call_once::h8fdff598fa414831
[INFO] [stdout]                                at /rustc/84c898d65adf2f39a5a98507f1fe0ce10a2b8dbc/library/core/src/panic/unwind_safe.rs:271:9
[INFO] [stdout]   38:     0x563acfe2903b - std::panicking::try::do_call::h455dd2f7764a950f
[INFO] [stdout]                                at /rustc/84c898d65adf2f39a5a98507f1fe0ce10a2b8dbc/library/std/src/panicking.rs:487:40
[INFO] [stdout]   39:     0x563acfe2903b - std::panicking::try::had6f23b7b73ae72a
[INFO] [stdout]                                at /rustc/84c898d65adf2f39a5a98507f1fe0ce10a2b8dbc/library/std/src/panicking.rs:451:19
[INFO] [stdout]   40:     0x563acfe2903b - std::panic::catch_unwind::ha6a5ca3915b4dad0
[INFO] [stdout]                                at /rustc/84c898d65adf2f39a5a98507f1fe0ce10a2b8dbc/library/std/src/panic.rs:140:14
[INFO] [stdout]   41:     0x563acfe2903b - std::thread::Builder::spawn_unchecked_::{{closure}}::h883b72ef75da6231
[INFO] [stdout]                                at /rustc/84c898d65adf2f39a5a98507f1fe0ce10a2b8dbc/library/std/src/thread/mod.rs:559:30
[INFO] [stdout]   42:     0x563acfe2903b - core::ops::function::FnOnce::call_once{{vtable.shim}}::hb7dff73dc8bd2ccb
[INFO] [stdout]                                at /rustc/84c898d65adf2f39a5a98507f1fe0ce10a2b8dbc/library/core/src/ops/function.rs:250:5
[INFO] [stdout]   43:     0x563ad02d0e93 - <alloc::boxed::Box<F,A> as core::ops::function::FnOnce<Args>>::call_once::h39990b24eedef2ab
[INFO] [stdout]                                at /rustc/84c898d65adf2f39a5a98507f1fe0ce10a2b8dbc/library/alloc/src/boxed.rs:1987:9
[INFO] [stdout]   44:     0x563ad02d0e93 - <alloc::boxed::Box<F,A> as core::ops::function::FnOnce<Args>>::call_once::h01a027258444143b
[INFO] [stdout]                                at /rustc/84c898d65adf2f39a5a98507f1fe0ce10a2b8dbc/library/alloc/src/boxed.rs:1987:9
[INFO] [stdout]   45:     0x563ad02d0e93 - std::sys::unix::thread::Thread::new::thread_start::ha4f1cdd9c25884ba
[INFO] [stdout]                                at /rustc/84c898d65adf2f39a5a98507f1fe0ce10a2b8dbc/library/std/src/sys/unix/thread.rs:108:17
[INFO] [stdout]   46:     0x7fc494d05b43 - <unknown>
[INFO] [stdout]   47:     0x7fc494d96bb4 - __clone
[INFO] [stdout]   48:                0x0 - <unknown>
[INFO] [stdout] 
[INFO] [stdout] ---- es::test::filter_by_exchange_works stdout ----
[INFO] [stdout] thread 'es::test::filter_by_exchange_works' panicked at 'Couldn't initialise test message store: Error { kind: Closed, cause: None }
[INFO] [stdout] 
[INFO] [stdout] stack backtrace:
[INFO] [stdout]    0:     0x563ad0260b70 - <no info>
[INFO] [stdout]    1:     0x563ad025a908 - <no info>
[INFO] [stdout]    2:     0x563ad0258773 - <no info>
[INFO] [stdout]    3:     0x563ad02581a6 - <no info>
[INFO] [stdout]    4:     0x563acfd44c88 - <no info>
[INFO] [stdout]    5:     0x563acfd07fbd - <no info>
[INFO] [stdout]    6:     0x563acfd917e9 - <no info>
[INFO] [stdout]    7:     0x563acfd4a3dd - <no info>
[INFO] [stdout]    8:     0x563acfd77c45 - <no info>
[INFO] [stdout]    9:     0x563acfd4753d - <no info>
[INFO] [stdout]   10:     0x563acfd148cc - <no info>
[INFO] [stdout]   11:     0x563acfd86465 - <no info>
[INFO] [stdout]   12:     0x563acfe139bd - <no info>
[INFO] [stdout]   13:     0x563acfd15e8a - <no info>
[INFO] [stdout]   14:     0x563acfd865c5 - <no info>
[INFO] [stdout]   15:     0x563acfe13a1d - <no info>
[INFO] [stdout]   16:     0x563acfd0c85c - <no info>
[INFO] [stdout]   17:     0x563acfd86385 - <no info>
[INFO] [stdout]   18:     0x563acfe13a1d - <no info>
[INFO] [stdout]   19:     0x563acfd12886 - <no info>
[INFO] [stdout]   20:     0x563acfd18bc9 - <no info>
[INFO] [stdout]   21:     0x563ad0219c71 - <no info>
[INFO] [stdout]   22:     0x563ad00fbdde - <no info>
[INFO] [stdout]   23:     0x563ad00fc030 - <no info>
[INFO] [stdout]   24:     0x563ad00fdde9 - <no info>
[INFO] [stdout]   25:     0x563ad00fbecd - <no info>
[INFO] [stdout]   26:     0x563ad00fbd4a - <no info>
[INFO] [stdout]   27:     0x563ad01023f1 - <no info>
[INFO] [stdout]   28:     0x563ad0101fb5 - <no info>
[INFO] [stdout]   29:     0x563ad010d888 - <no info>
[INFO] [stdout]   30:     0x563ad00f7dd1 - <no info>
[INFO] [stdout]   31:     0x563ad00f6e71 - <no info>
[INFO] [stdout]   32:     0x563ad00f7d5a - <no info>
[INFO] [stdout]   33:     0x563ad00f6959 - <no info>
[INFO] [stdout]   34:     0x563ad010288d - <no info>
[INFO] [stdout]   35:     0x563ad0101a81 - <no info>
[INFO] [stdout]   36:     0x563ad0109398 - <no info>
[INFO] [stdout]   37:     0x563ad0108e3b - <no info>
[INFO] [stdout]   38:     0x563ad0108b3e - <no info>
[INFO] [stdout]   39:     0x563ad01083ec - <no info>
[INFO] [stdout]   40:     0x563ad0108203 - <no info>
[INFO] [stdout]   41:     0x563ad00c1c3b - <no info>
[INFO] [stdout]   42:     0x563ad00be84a - <no info>
[INFO] [stdout]   43:     0x563ad00c5e57 - <no info>
[INFO] [stdout]   44:     0x563ad00c59aa - <no info>
[INFO] [stdout]   45:     0x563ad00be60d - <no info>
[INFO] [stdout]   46:     0x563ad00c1c17 - <no info>
[INFO] [stdout]   47:     0x563ad00c215c - <no info>
[INFO] [stdout]   48:     0x563ad00c5fb7 - <no info>
[INFO] [stdout]   49:     0x563ad00c5a0a - <no info>
[INFO] [stdout]   50:     0x563ad00c2017 - <no info>
[INFO] [stdout]   51:     0x563ad00c1bce - <no info>
[INFO] [stdout]   52:     0x563ad00bd6bf - <no info>
[INFO] [stdout]   53:     0x563ad00c5ba0 - <no info>
[INFO] [stdout]   54:     0x563ad00c59da - <no info>
[INFO] [stdout]   55:     0x563ad00bd3d7 - <no info>
[INFO] [stdout]   56:     0x563ad00c1b7e - <no info>
[INFO] [stdout]   57:     0x563ad00f7ad7 - <no info>
[INFO] [stdout]   58:     0x563ad0107cf6 - <no info>
[INFO] [stdout]   59:     0x563ad010ac00 - <no info>
[INFO] [stdout]   60:     0x563ad00f40b7 - <no info>
[INFO] [stdout]   61:     0x563ad00f38ba - <no info>
[INFO] [stdout]   62:     0x563ad010aaad - <no info>
[INFO] [stdout]   63:     0x563ad0107c21 - <no info>
[INFO] [stdout]   64:     0x563ad00f3ca2 - <no info>
[INFO] [stdout]   65:     0x563ad00f3883 - <no info>
[INFO] [stdout]   66:     0x563ad0107ae1 - <no info>
[INFO] [stdout]   67:     0x563ad00f298f - <no info>
[INFO] [stdout]   68:     0x563ad0102608 - <no info>
[INFO] [stdout]   69:     0x563ad0105e65 - <no info>
[INFO] [stdout]   70:     0x563ad00f7e28 - <no info>
[INFO] [stdout]   71:     0x563ad00f6cce - <no info>
[INFO] [stdout]   72:     0x563ad00f7d5a - <no info>
[INFO] [stdout]   73:     0x563ad00f6b8d - <no info>
[INFO] [stdout]   74:     0x563ad01028c9 - <no info>
[INFO] [stdout]   75:     0x563ad0105c5e - <no info>
[INFO] [stdout]   76:     0x563ad010d6ae - <no info>
[INFO] [stdout]   77:     0x563ad02d0e92 - <no info>
[INFO] [stdout]   78:     0x7fc494d05b42 - <no info>
[INFO] [stdout]   79:     0x7fc494d96bb3 - <no info>
[INFO] [stdout]   80:                0x0 - <no info>', src/es/mod.rs:422:23
[INFO] [stdout] stack backtrace:
[INFO] [stdout]    0:     0x563ad02c9e8a - std::backtrace_rs::backtrace::libunwind::trace::ha9053a9a07ca49cb
[INFO] [stdout]                                at /rustc/84c898d65adf2f39a5a98507f1fe0ce10a2b8dbc/library/std/src/../../backtrace/src/backtrace/libunwind.rs:93:5
[INFO] [stdout]    1:     0x563ad02c9e8a - std::backtrace_rs::backtrace::trace_unsynchronized::h9c2852a457ad564e
[INFO] [stdout]                                at /rustc/84c898d65adf2f39a5a98507f1fe0ce10a2b8dbc/library/std/src/../../backtrace/src/backtrace/mod.rs:66:5
[INFO] [stdout]    2:     0x563ad02c9e8a - std::sys_common::backtrace::_print_fmt::h457936fbfaa0070f
[INFO] [stdout]                                at /rustc/84c898d65adf2f39a5a98507f1fe0ce10a2b8dbc/library/std/src/sys_common/backtrace.rs:65:5
[INFO] [stdout]    3:     0x563ad02c9e8a - <std::sys_common::backtrace::_print::DisplayBacktrace as core::fmt::Display>::fmt::h5779d7bf7f70cb0c
[INFO] [stdout]                                at /rustc/84c898d65adf2f39a5a98507f1fe0ce10a2b8dbc/library/std/src/sys_common/backtrace.rs:44:22
[INFO] [stdout]    4:     0x563ad02f2f3e - core::fmt::write::h5a4baaff1bcd3eb5
[INFO] [stdout]                                at /rustc/84c898d65adf2f39a5a98507f1fe0ce10a2b8dbc/library/core/src/fmt/mod.rs:1232:17
[INFO] [stdout]    5:     0x563ad02c69a5 - std::io::Write::write_fmt::h478f79c628ef31d1
[INFO] [stdout]                                at /rustc/84c898d65adf2f39a5a98507f1fe0ce10a2b8dbc/library/std/src/io/mod.rs:1684:15
[INFO] [stdout]    6:     0x563ad02c9c55 - std::sys_common::backtrace::_print::h5fcdc36060f177e8
[INFO] [stdout]                                at /rustc/84c898d65adf2f39a5a98507f1fe0ce10a2b8dbc/library/std/src/sys_common/backtrace.rs:47:5
[INFO] [stdout]    7:     0x563ad02c9c55 - std::sys_common::backtrace::print::h54ca9458b876c8bf
[INFO] [stdout]                                at /rustc/84c898d65adf2f39a5a98507f1fe0ce10a2b8dbc/library/std/src/sys_common/backtrace.rs:34:9
[INFO] [stdout]    8:     0x563ad02cba1f - std::panicking::default_hook::{{closure}}::hbe471161c7664ed6
[INFO] [stdout]                                at /rustc/84c898d65adf2f39a5a98507f1fe0ce10a2b8dbc/library/std/src/panicking.rs:271:22
[INFO] [stdout]    9:     0x563ad02cb6df - std::panicking::default_hook::ha3500da57aa4ac4f
[INFO] [stdout]                                at /rustc/84c898d65adf2f39a5a98507f1fe0ce10a2b8dbc/library/std/src/panicking.rs:287:9
[INFO] [stdout]   10:     0x563acfe525a7 - <alloc::boxed::Box<F,A> as core::ops::function::Fn<Args>>::call::hdf1b89dd137ece34
[INFO] [stdout]                                at /rustc/84c898d65adf2f39a5a98507f1fe0ce10a2b8dbc/library/alloc/src/boxed.rs:2001:9
[INFO] [stdout]   11:     0x563acfe525a7 - test::test_main::{{closure}}::h9081a79f20e75698
[INFO] [stdout]                                at /rustc/84c898d65adf2f39a5a98507f1fe0ce10a2b8dbc/library/test/src/lib.rs:135:21
[INFO] [stdout]   12:     0x563ad02cc14d - <alloc::boxed::Box<F,A> as core::ops::function::Fn<Args>>::call::h6507bddc3eebb4a5
[INFO] [stdout]                                at /rustc/84c898d65adf2f39a5a98507f1fe0ce10a2b8dbc/library/alloc/src/boxed.rs:2001:9
[INFO] [stdout]   13:     0x563ad02cc14d - std::panicking::rust_panic_with_hook::h50c09d000dc561d2
[INFO] [stdout]                                at /rustc/84c898d65adf2f39a5a98507f1fe0ce10a2b8dbc/library/std/src/panicking.rs:696:13
[INFO] [stdout]   14:     0x563ad02cbec9 - std::panicking::begin_panic_handler::{{closure}}::h9e2b2176e00e0d9c
[INFO] [stdout]                                at /rustc/84c898d65adf2f39a5a98507f1fe0ce10a2b8dbc/library/std/src/panicking.rs:583:13
[INFO] [stdout]   15:     0x563ad02ca2f6 - std::sys_common::backtrace::__rust_end_short_backtrace::h5739b8e512c09d02
[INFO] [stdout]                                at /rustc/84c898d65adf2f39a5a98507f1fe0ce10a2b8dbc/library/std/src/sys_common/backtrace.rs:150:18
[INFO] [stdout]   16:     0x563ad02cbbd2 - rust_begin_unwind
[INFO] [stdout]                                at /rustc/84c898d65adf2f39a5a98507f1fe0ce10a2b8dbc/library/std/src/panicking.rs:579:5
[INFO] [stdout]   17:     0x563acfc82763 - core::panicking::panic_fmt::hf33a1475b4dc5c3e
[INFO] [stdout]                                at /rustc/84c898d65adf2f39a5a98507f1fe0ce10a2b8dbc/library/core/src/panicking.rs:64:14
[INFO] [stdout]   18:     0x563acfdda9ab - rmqfwd::es::test::init_test_store::h9103ece2e5ade9b5
[INFO] [stdout]                                at /opt/rustwide/workdir/src/es/mod.rs:422:23
[INFO] [stdout]   19:     0x563acfddb2c7 - rmqfwd::es::test::assert_search_result_include::hb99023b889040862
[INFO] [stdout]                                at /opt/rustwide/workdir/src/es/mod.rs:498:21
[INFO] [stdout]   20:     0x563acfddbbf3 - rmqfwd::es::test::filter_by_exchange_works::hc4fcf44ee010d1e8
[INFO] [stdout]                                at /opt/rustwide/workdir/src/es/mod.rs:529:9
[INFO] [stdout]   21:     0x563acfddb837 - rmqfwd::es::test::filter_by_exchange_works::{{closure}}::h95e6e40856f53251
[INFO] [stdout]                                at /opt/rustwide/workdir/src/es/mod.rs:518:35
[INFO] [stdout]   22:     0x563acfd27225 - core::ops::function::FnOnce::call_once::h3531f060e4c94d4c
[INFO] [stdout]                                at /rustc/84c898d65adf2f39a5a98507f1fe0ce10a2b8dbc/library/core/src/ops/function.rs:250:5
[INFO] [stdout]   23:     0x563acfe5798f - core::ops::function::FnOnce::call_once::h7d969581be7d0075
[INFO] [stdout]                                at /rustc/84c898d65adf2f39a5a98507f1fe0ce10a2b8dbc/library/core/src/ops/function.rs:250:5
[INFO] [stdout]   24:     0x563acfe5798f - test::__rust_begin_short_backtrace::hca25a52684e56655
[INFO] [stdout]                                at /rustc/84c898d65adf2f39a5a98507f1fe0ce10a2b8dbc/library/test/src/lib.rs:656:18
[INFO] [stdout]   25:     0x563acfe28fac - test::run_test::{{closure}}::ha8ac744c4af1a4bb
[INFO] [stdout]                                at /rustc/84c898d65adf2f39a5a98507f1fe0ce10a2b8dbc/library/test/src/lib.rs:647:30
[INFO] [stdout]   26:     0x563acfe28fac - core::ops::function::FnOnce::call_once{{vtable.shim}}::h7b411a9ed45bdecf
[INFO] [stdout]                                at /rustc/84c898d65adf2f39a5a98507f1fe0ce10a2b8dbc/library/core/src/ops/function.rs:250:5
[INFO] [stdout]   27:     0x563acfe56956 - <alloc::boxed::Box<F,A> as core::ops::function::FnOnce<Args>>::call_once::hd05328869a8ed200
[INFO] [stdout]                                at /rustc/84c898d65adf2f39a5a98507f1fe0ce10a2b8dbc/library/alloc/src/boxed.rs:1987:9
[INFO] [stdout]   28:     0x563acfe56956 - <core::panic::unwind_safe::AssertUnwindSafe<F> as core::ops::function::FnOnce<()>>::call_once::h0c601ce20bd5b2be
[INFO] [stdout]                                at /rustc/84c898d65adf2f39a5a98507f1fe0ce10a2b8dbc/library/core/src/panic/unwind_safe.rs:271:9
[INFO] [stdout]   29:     0x563acfe56956 - std::panicking::try::do_call::ha4be5c164fe30854
[INFO] [stdout]                                at /rustc/84c898d65adf2f39a5a98507f1fe0ce10a2b8dbc/library/std/src/panicking.rs:487:40
[INFO] [stdout]   30:     0x563acfe56956 - std::panicking::try::h604546f3609af05f
[INFO] [stdout]                                at /rustc/84c898d65adf2f39a5a98507f1fe0ce10a2b8dbc/library/std/src/panicking.rs:451:19
[INFO] [stdout]   31:     0x563acfe56956 - std::panic::catch_unwind::h5bfa8afe44c9c2f9
[INFO] [stdout]                                at /rustc/84c898d65adf2f39a5a98507f1fe0ce10a2b8dbc/library/std/src/panic.rs:140:14
[INFO] [stdout]   32:     0x563acfe56956 - test::run_test_in_process::hd50dee55dd63e6aa
[INFO] [stdout]                                at /rustc/84c898d65adf2f39a5a98507f1fe0ce10a2b8dbc/library/test/src/lib.rs:679:27
[INFO] [stdout]   33:     0x563acfe56956 - test::run_test::run_test_inner::{{closure}}::h4aa0f433aa85cea8
[INFO] [stdout]                                at /rustc/84c898d65adf2f39a5a98507f1fe0ce10a2b8dbc/library/test/src/lib.rs:573:39
[INFO] [stdout]   34:     0x563acfe23621 - test::run_test::run_test_inner::{{closure}}::had56431adf24b4d6
[INFO] [stdout]                                at /rustc/84c898d65adf2f39a5a98507f1fe0ce10a2b8dbc/library/test/src/lib.rs:600:37
[INFO] [stdout]   35:     0x563acfe23621 - std::sys_common::backtrace::__rust_begin_short_backtrace::ha8d9890e0c73bf13
[INFO] [stdout]                                at /rustc/84c898d65adf2f39a5a98507f1fe0ce10a2b8dbc/library/std/src/sys_common/backtrace.rs:134:18
[INFO] [stdout]   36:     0x563acfe2903b - std::thread::Builder::spawn_unchecked_::{{closure}}::{{closure}}::h251832bcb4a95327
[INFO] [stdout]                                at /rustc/84c898d65adf2f39a5a98507f1fe0ce10a2b8dbc/library/std/src/thread/mod.rs:560:17
[INFO] [stdout]   37:     0x563acfe2903b - <core::panic::unwind_safe::AssertUnwindSafe<F> as core::ops::function::FnOnce<()>>::call_once::h8fdff598fa414831
[INFO] [stdout]                                at /rustc/84c898d65adf2f39a5a98507f1fe0ce10a2b8dbc/library/core/src/panic/unwind_safe.rs:271:9
[INFO] [stdout]   38:     0x563acfe2903b - std::panicking::try::do_call::h455dd2f7764a950f
[INFO] [stdout]                                at /rustc/84c898d65adf2f39a5a98507f1fe0ce10a2b8dbc/library/std/src/panicking.rs:487:40
[INFO] [stdout]   39:     0x563acfe2903b - std::panicking::try::had6f23b7b73ae72a
[INFO] [stdout]                                at /rustc/84c898d65adf2f39a5a98507f1fe0ce10a2b8dbc/library/std/src/panicking.rs:451:19
[INFO] [stdout]   40:     0x563acfe2903b - std::panic::catch_unwind::ha6a5ca3915b4dad0
[INFO] [stdout]                                at /rustc/84c898d65adf2f39a5a98507f1fe0ce10a2b8dbc/library/std/src/panic.rs:140:14
[INFO] [stdout]   41:     0x563acfe2903b - std::thread::Builder::spawn_unchecked_::{{closure}}::h883b72ef75da6231
[INFO] [stdout]                                at /rustc/84c898d65adf2f39a5a98507f1fe0ce10a2b8dbc/library/std/src/thread/mod.rs:559:30
[INFO] [stdout]   42:     0x563acfe2903b - core::ops::function::FnOnce::call_once{{vtable.shim}}::hb7dff73dc8bd2ccb
[INFO] [stdout]                                at /rustc/84c898d65adf2f39a5a98507f1fe0ce10a2b8dbc/library/core/src/ops/function.rs:250:5
[INFO] [stdout]   43:     0x563ad02d0e93 - <alloc::boxed::Box<F,A> as core::ops::function::FnOnce<Args>>::call_once::h39990b24eedef2ab
[INFO] [stdout]                                at /rustc/84c898d65adf2f39a5a98507f1fe0ce10a2b8dbc/library/alloc/src/boxed.rs:1987:9
[INFO] [stdout]   44:     0x563ad02d0e93 - <alloc::boxed::Box<F,A> as core::ops::function::FnOnce<Args>>::call_once::h01a027258444143b
[INFO] [stdout]                                at /rustc/84c898d65adf2f39a5a98507f1fe0ce10a2b8dbc/library/alloc/src/boxed.rs:1987:9
[INFO] [stdout]   45:     0x563ad02d0e93 - std::sys::unix::thread::Thread::new::thread_start::ha4f1cdd9c25884ba
[INFO] [stdout]                                at /rustc/84c898d65adf2f39a5a98507f1fe0ce10a2b8dbc/library/std/src/sys/unix/thread.rs:108:17
[INFO] [stdout]   46:     0x7fc494d05b43 - <unknown>
[INFO] [stdout]   47:     0x7fc494d96bb4 - __clone
[INFO] [stdout]   48:                0x0 - <unknown>
[INFO] [stdout] 
[INFO] [stdout] 
[INFO] [stdout] failures:
[INFO] [stdout]     es::test::filter_by_exchange_routing_key_works
[INFO] [stdout]     es::test::filter_by_exchange_works
[INFO] [stdout]     es::test::filter_by_time_range
[INFO] [stdout] 
[INFO] [stdout] test result: FAILED. 8 passed; 3 failed; 0 ignored; 0 measured; 0 filtered out; finished in 0.21s
[INFO] [stdout] 
[INFO] [stderr] error: test failed, to rerun pass `--lib`
[INFO] running `Command { std: "docker" "inspect" "43d42f12a43336d6fc016f1c6affc8156b26bbae6e955d9596ff45b528d1caa6", kill_on_drop: false }`
[INFO] running `Command { std: "docker" "rm" "-f" "43d42f12a43336d6fc016f1c6affc8156b26bbae6e955d9596ff45b528d1caa6", kill_on_drop: false }`
[INFO] [stdout] 43d42f12a43336d6fc016f1c6affc8156b26bbae6e955d9596ff45b528d1caa6
